[INFO] fetching crate depi 0.1.0...
[INFO] testing depi-0.1.0 against 1.100.0-beta.1+cargoflags=--release for beta-release-1.100-2
[INFO] extracting crate depi 0.1.0 into /workspace/builds/worker-7-tc2/source
[INFO] removed /workspace/builds/worker-7-tc2/source/.cargo/config
[INFO] removed /workspace/builds/worker-7-tc2/source/rust-toolchain
[INFO] started tweaking crates.io crate depi 0.1.0
[INFO] finished tweaking crates.io crate depi 0.1.0
[INFO] tweaked toml for crates.io crate depi 0.1.0 written to /workspace/builds/worker-7-tc2/source/Cargo.toml
[INFO] validating manifest of crates.io crate depi 0.1.0 on toolchain 1.100.0-beta.1
[INFO] running `Command { std: CARGO_HOME="/workspace/cargo-home" RUSTUP_HOME="/workspace/rustup-home" "/workspace/cargo-home/bin/cargo" "+1.100.0-beta.1" "metadata" "--manifest-path" "Cargo.toml" "--no-deps", kill_on_drop: false }`
[INFO] crate crates.io crate depi 0.1.0 already has a lockfile, it will not be regenerated
[INFO] running `Command { std: CARGO_HOME="/workspace/cargo-home" RUSTUP_HOME="/workspace/rustup-home" "/workspace/cargo-home/bin/cargo" "+1.100.0-beta.1" "fetch" "--manifest-path" "Cargo.toml", kill_on_drop: false }`
[INFO] [stderr] warning: Cargo.toml: the cargo feature `strip` has been stabilized in the 1.58 release and is no longer necessary to be listed in the manifest
[INFO] [stderr]   See https://doc.rust-lang.org/beta/cargo/reference/profiles.html#strip-option for more information about using this feature.
[INFO] [stderr] warning: `package.homepage` is redundant with `package.repository`
[INFO] [stderr]    --> Cargo.toml:95:12
[INFO] [stderr]     |
[INFO] [stderr]  95 | homepage = "https://github.com/Dirout/depi"
[INFO] [stderr]     |            ^^^^^^^^^^^^^^^^^^^^^^^^^^^^^^^^
[INFO] [stderr] ...
[INFO] [stderr] 100 | repository = "https://github.com/Dirout/depi"
[INFO] [stderr]     |              --------------------------------
[INFO] [stderr]     |
[INFO] [stderr]     = note: `cargo::redundant_homepage` is set to `warn` by default
[INFO] [stderr] help: consider removing `package.homepage`
[INFO] [stderr] warning: `depi` (manifest) generated 2 warnings
[INFO] running `Command { std: "docker" "create" "-v" "/var/lib/crater-agent-workspace/builds/worker-7-tc2/source:/opt/rustwide/workdir:ro,Z" "-v" "/var/lib/crater-agent-workspace/builds/worker-7-tc2/target:/opt/rustwide/target:rw,Z" "-v" "/var/lib/crater-agent-workspace/cargo-home:/opt/rustwide/cargo-home:ro,Z" "-v" "/var/lib/crater-agent-workspace/rustup-home:/opt/rustwide/rustup-home:ro,Z" "-m" "1610612736" "--network" "none" "ghcr.io/rust-lang/crates-build-env/linux@sha256:77db811e55d90add9212f6832c23229e3de5f1c1f9905e8cb07319ea15df73ac" "sleep" "infinity", kill_on_drop: false }`
[INFO] [stdout] ef791b3e755996b150a2c2f15a66ccf5e87cb9fc8f64370fca2759e856ed8e30
[INFO] running `Command { std: "docker" "start" "ef791b3e755996b150a2c2f15a66ccf5e87cb9fc8f64370fca2759e856ed8e30", kill_on_drop: false }`
[INFO] running `Command { std: "docker" "inspect" "ef791b3e755996b150a2c2f15a66ccf5e87cb9fc8f64370fca2759e856ed8e30", kill_on_drop: false }`
[INFO] running `Command { std: "docker" "exec" "-e" "SOURCE_DIR=/opt/rustwide/workdir" "-e" "CARGO_HOME=/opt/rustwide/cargo-home" "-e" "RUSTUP_HOME=/opt/rustwide/rustup-home" "-e" "CARGO_TARGET_DIR=/opt/rustwide/target" "-w" "/opt/rustwide/workdir" "--user" "0:0" "ef791b3e755996b150a2c2f15a66ccf5e87cb9fc8f64370fca2759e856ed8e30" "/opt/rustwide/cargo-home/bin/cargo" "+1.100.0-beta.1" "metadata" "--no-deps" "--format-version=1", kill_on_drop: false }`
[INFO] running `Command { std: "docker" "inspect" "ef791b3e755996b150a2c2f15a66ccf5e87cb9fc8f64370fca2759e856ed8e30", kill_on_drop: false }`
[INFO] running `Command { std: "docker" "exec" "-e" "SOURCE_DIR=/opt/rustwide/workdir" "-e" "CARGO_HOME=/opt/rustwide/cargo-home" "-e" "RUSTUP_HOME=/opt/rustwide/rustup-home" "-e" "CARGO_TARGET_DIR=/opt/rustwide/target" "-e" "CARGO_INCREMENTAL=0" "-e" "RUST_BACKTRACE=full" "-e" "RUSTFLAGS=--cap-lints=warn" "-e" "RUSTDOCFLAGS=--cap-lints=warn" "-w" "/opt/rustwide/workdir" "--user" "0:0" "ef791b3e755996b150a2c2f15a66ccf5e87cb9fc8f64370fca2759e856ed8e30" "/opt/rustwide/cargo-home/bin/cargo" "+1.100.0-beta.1" "build" "--frozen" "--message-format=json" "--release", kill_on_drop: false }`
[INFO] [stderr] warning: Cargo.toml: the cargo feature `strip` has been stabilized in the 1.58 release and is no longer necessary to be listed in the manifest
[INFO] [stderr]   See https://doc.rust-lang.org/beta/cargo/reference/profiles.html#strip-option for more information about using this feature.
[INFO] [stderr] warning: `package.homepage` is redundant with `package.repository`
[INFO] [stderr]    --> Cargo.toml:95:12
[INFO] [stderr]     |
[INFO] [stderr]  95 | homepage = "https://github.com/Dirout/depi"
[INFO] [stderr]     |            ^^^^^^^^^^^^^^^^^^^^^^^^^^^^^^^^
[INFO] [stderr] ...
[INFO] [stderr] 100 | repository = "https://github.com/Dirout/depi"
[INFO] [stderr]     |              --------------------------------
[INFO] [stderr]     |
[INFO] [stderr]     = note: `cargo::redundant_homepage` is set to `warn` by default
[INFO] [stderr] help: consider removing `package.homepage`
[INFO] [stderr] warning: `depi` (manifest) generated 2 warnings
[INFO] [stderr]    Compiling libc v0.2.121
[INFO] [stderr]    Compiling autocfg v1.1.0
[INFO] [stderr]    Compiling cfg-if v1.0.0
[INFO] [stderr]    Compiling proc-macro2 v1.0.36
[INFO] [stderr]    Compiling unicode-xid v0.2.2
[INFO] [stderr]    Compiling syn v1.0.90
[INFO] [stderr]    Compiling version_check v0.9.4
[INFO] [stderr]    Compiling memchr v2.4.1
[INFO] [stderr]    Compiling spin v0.5.2
[INFO] [stderr]    Compiling once_cell v1.10.0
[INFO] [stderr]    Compiling log v0.4.16
[INFO] [stderr]    Compiling typenum v1.15.0
[INFO] [stderr]    Compiling smallvec v1.8.0
[INFO] [stderr]    Compiling pin-project-lite v0.2.8
[INFO] [stderr]    Compiling futures-core v0.3.21
[INFO] [stderr]    Compiling scopeguard v1.1.0
[INFO] [stderr]    Compiling futures-sink v0.3.21
[INFO] [stderr]    Compiling bytes v1.1.0
[INFO] [stderr]    Compiling futures-task v0.3.21
[INFO] [stderr]    Compiling futures-channel v0.3.21
[INFO] [stderr]    Compiling futures-io v0.3.21
[INFO] [stderr]    Compiling lazy_static v1.4.0
[INFO] [stderr]    Compiling futures-util v0.3.21
[INFO] [stderr]    Compiling itoa v1.0.1
[INFO] [stderr]    Compiling pin-utils v0.1.0
[INFO] [stderr]    Compiling slab v0.4.6
[INFO] [stderr]    Compiling ppv-lite86 v0.2.16
[INFO] [stderr]    Compiling subtle v2.4.1
[INFO] [stderr]    Compiling libm v0.2.2
[INFO] [stderr]    Compiling pkg-config v0.3.25
[INFO] [stderr]    Compiling serde_derive v1.0.136
[INFO] [stderr]    Compiling parking_lot_core v0.9.2
[INFO] [stderr]    Compiling serde v1.0.136
[INFO] [stderr]    Compiling byteorder v1.4.3
[INFO] [stderr]    Compiling generic-array v0.14.5
[INFO] [stderr]    Compiling adler v1.0.2
[INFO] [stderr]    Compiling bitflags v1.3.2
[INFO] [stderr]    Compiling getrandom v0.1.16
[INFO] [stderr]    Compiling base64 v0.13.0
[INFO] [stderr]    Compiling cpufeatures v0.2.2
[INFO] [stderr]    Compiling const-oid v0.6.2
[INFO] [stderr]    Compiling autocfg v0.1.8
[INFO] [stderr]    Compiling base64ct v1.1.1
[INFO] [stderr]    Compiling tracing-core v0.1.24
[INFO] [stderr]    Compiling time-macros v0.2.4
[INFO] [stderr]    Compiling getrandom v0.2.6
[INFO] [stderr]    Compiling num_cpus v1.13.1
[INFO] [stderr]    Compiling signal-hook-registry v1.4.0
[INFO] [stderr]    Compiling jobserver v0.1.24
[INFO] [stderr]    Compiling lock_api v0.4.7
[INFO] [stderr]    Compiling cc v1.0.73
[INFO] [stderr]    Compiling rand_core v0.6.3
[INFO] [stderr]    Compiling num-integer v0.1.44
[INFO] [stderr]    Compiling num-traits v0.2.14
[INFO] [stderr]    Compiling mio v0.8.2
[INFO] [stderr]    Compiling quote v1.0.17
[INFO] [stderr]    Compiling rand_chacha v0.3.1
[INFO] [stderr]    Compiling parking_lot v0.12.0
[INFO] [stderr]    Compiling socket2 v0.4.4
[INFO] [stderr]    Compiling rand v0.8.5
[INFO] [stderr]    Compiling miniz_oxide v0.4.4
[INFO] [stderr]    Compiling num-iter v0.1.42
[INFO] [stderr]    Compiling openssl-src v111.18.0+1.1.1n
[INFO] [stderr]    Compiling crypto-common v0.1.3
[INFO] [stderr]    Compiling block-buffer v0.10.2
[INFO] [stderr]    Compiling rand_core v0.5.1
[INFO] [stderr]    Compiling digest v0.9.0
[INFO] [stderr]    Compiling crypto-bigint v0.2.11
[INFO] [stderr]    Compiling quickcheck v1.0.3
[INFO] [stderr]    Compiling digest v0.10.3
[INFO] [stderr]    Compiling num-bigint v0.4.3
[INFO] [stderr]    Compiling num-bigint-dig v0.7.0
[INFO] [stderr]    Compiling pem-rfc7468 v0.2.4
[INFO] [stderr]    Compiling num_threads v0.1.5
[INFO] [stderr]    Compiling keccak v0.1.0
[INFO] [stderr]    Compiling arrayref v0.3.6
[INFO] [stderr]    Compiling opaque-debug v0.3.0
[INFO] [stderr]    Compiling rand_chacha v0.2.2
[INFO] [stderr]    Compiling block-buffer v0.9.0
[INFO] [stderr]    Compiling cipher v0.3.0
[INFO] [stderr]    Compiling gimli v0.26.1
[INFO] [stderr]    Compiling convert_case v0.4.0
[INFO] [stderr]    Compiling signature v1.5.0
[INFO] [stderr]    Compiling ed25519 v1.4.1
[INFO] [stderr]    Compiling ctr v0.8.0
[INFO] [stderr]    Compiling rand v0.7.3
[INFO] [stderr]    Compiling der v0.4.5
[INFO] [stderr]    Compiling sha2 v0.9.9
[INFO] [stderr]    Compiling object v0.27.1
[INFO] [stderr]    Compiling crossbeam-utils v0.8.8
[INFO] [stderr]    Compiling rustc-demangle v0.1.21
[INFO] [stderr]    Compiling aes v0.7.5
[INFO] [stderr]    Compiling sha3 v0.10.1
[INFO] [stderr]    Compiling sha-1 v0.10.0
[INFO] [stderr]    Compiling sha2 v0.10.2
[INFO] [stderr]    Compiling spki v0.4.1
[INFO] [stderr]    Compiling foreign-types-shared v0.1.1
[INFO] [stderr]    Compiling tinyvec_macros v0.1.0
[INFO] [stderr]    Compiling matches v0.1.9
[INFO] [stderr]    Compiling hex v0.4.3
[INFO] [stderr]    Compiling openssl v0.10.38
[INFO] [stderr]    Compiling tinyvec v1.5.1
[INFO] [stderr]    Compiling openssl-sys v0.9.72
[INFO] [stderr]    Compiling backtrace v0.3.64
[INFO] [stderr]    Compiling foreign-types v0.3.2
[INFO] [stderr]    Compiling aho-corasick v0.7.18
[INFO] [stderr]    Compiling ahash v0.7.6
[INFO] [stderr]    Compiling native-tls v0.2.10
[INFO] [stderr]    Compiling regex-syntax v0.6.25
[INFO] [stderr]    Compiling percent-encoding v2.1.0
[INFO] [stderr]    Compiling addr2line v0.17.0
[INFO] [stderr]    Compiling form_urlencoded v1.0.1
[INFO] [stderr]    Compiling unicode-bidi v0.3.7
[INFO] [stderr]    Compiling openssl-probe v0.1.5
[INFO] [stderr]    Compiling time v0.3.9
[INFO] [stderr]    Compiling ident_case v1.0.1
[INFO] [stderr]    Compiling strsim v0.10.0
[INFO] [stderr]    Compiling semver v1.0.7
[INFO] [stderr]    Compiling fnv v1.0.7
[INFO] [stderr]    Compiling caret v0.1.1
[INFO] [stderr]    Compiling http v0.2.6
[INFO] [stderr]    Compiling hashbrown v0.11.2
[INFO] [stderr]    Compiling unicode-normalization v0.1.19
[INFO] [stderr]    Compiling ring v0.16.20
[INFO] [stderr]    Compiling dirs-sys v0.3.7
[INFO] [stderr]    Compiling crc32fast v1.3.2
[INFO] [stderr]    Compiling idna v0.2.3
[INFO] [stderr]    Compiling async-trait v0.1.53
[INFO] [stderr]    Compiling proc-macro-hack v0.5.19
[INFO] [stderr]    Compiling siphasher v0.3.10
[INFO] [stderr]    Compiling ryu v1.0.9
[INFO] [stderr]    Compiling url v2.2.2
[INFO] [stderr]    Compiling phf_shared v0.10.0
[INFO] [stderr]    Compiling rustc_version v0.4.0
[INFO] [stderr]    Compiling unicase v2.6.0
[INFO] [stderr]    Compiling httparse v1.6.0
[INFO] [stderr]    Compiling serde_json v1.0.79
[INFO] [stderr]    Compiling either v1.6.1
[INFO] [stderr]    Compiling anyhow v1.0.56
[INFO] [stderr]    Compiling phf_generator v0.10.0
[INFO] [stderr]    Compiling regex v1.5.5
[INFO] [stderr]    Compiling zstd-sys v1.6.3+zstd.1.5.2
[INFO] [stderr]    Compiling async_executors v0.4.2
[INFO] [stderr]    Compiling indexmap v1.8.1
[INFO] [stderr]    Compiling synstructure v0.12.6
[INFO] [stderr]    Compiling darling_core v0.12.4
[INFO] [stderr]    Compiling dirs-sys-next v0.1.2
[INFO] [stderr]    Compiling static_assertions v1.1.0
[INFO] [stderr]    Compiling untrusted v0.7.1
[INFO] [stderr]    Compiling dirs-next v2.0.0
[INFO] [stderr]    Compiling hmac v0.12.1
[INFO] [stderr]    Compiling tor-basic-utils v0.2.0
[INFO] [stderr]    Compiling memoffset v0.6.5
[INFO] [stderr]    Compiling atomic v0.5.1
[INFO] [stderr]    Compiling crossbeam-queue v0.3.5
[INFO] [stderr]    Compiling httpdate v1.0.2
[INFO] [stderr]    Compiling hkdf v0.12.3
[INFO] [stderr]    Compiling shellexpand-fork v2.1.1
[INFO] [stderr]    Compiling flate2 v1.0.22
[INFO] [stderr]    Compiling directories v4.0.1
[INFO] [stderr]    Compiling lzma-sys v0.1.17
[INFO] [stderr]    Compiling crossbeam-epoch v0.9.8
[INFO] [stderr]    Compiling rand v0.4.6
[INFO] [stderr]    Compiling coarsetime v0.1.22
[INFO] [stderr]    Compiling proc-macro-error-attr v1.0.4
[INFO] [stderr]    Compiling remove_dir_all v0.5.3
[INFO] [stderr]    Compiling weak-table v0.3.2
[INFO] [stderr]    Compiling zstd-safe v4.1.4+zstd.1.5.2
[INFO] [stderr]    Compiling sanitize-filename v0.3.0
[INFO] [stderr]    Compiling tempdir v0.3.7
[INFO] [stderr]    Compiling fslock v0.2.1
[INFO] [stderr]    Compiling proc-macro-error v1.0.4
[INFO] [stderr]    Compiling quick-error v1.2.3
[INFO] [stderr]    Compiling vcpkg v0.2.15
[INFO] [stderr]    Compiling humantime v2.1.0
[INFO] [stderr]    Compiling rayon-core v1.9.1
[INFO] [stderr]    Compiling tls-api-test v0.7.0
[INFO] [stderr]    Compiling try-lock v0.2.3
[INFO] [stderr]    Compiling humantime v1.3.0
[INFO] [stderr]    Compiling want v0.3.0
[INFO] [stderr]    Compiling mime_guess v2.0.4
[INFO] [stderr]    Compiling http-body v0.4.4
[INFO] [stderr]    Compiling pem v0.8.3
[INFO] [stderr]    Compiling tokio v1.17.0
[INFO] [stderr]    Compiling itertools v0.10.3
[INFO] [stderr]    Compiling atty v0.2.14
[INFO] [stderr]    Compiling void v1.0.2
[INFO] [stderr]    Compiling termcolor v1.1.3
[INFO] [stderr]    Compiling mime v0.3.16
[INFO] [stderr]    Compiling retain_mut v0.1.7
[INFO] [stderr]    Compiling adler32 v1.2.0
[INFO] [stderr]    Compiling tower-service v0.3.1
[INFO] [stderr]    Compiling env_logger v0.5.13
[INFO] [stderr]    Compiling test-cert-gen v0.7.0
[INFO] [stderr]    Compiling xz2 v0.1.6
[INFO] [stderr]    Compiling crossbeam-deque v0.8.1
[INFO] [stderr]    Compiling crossbeam-channel v0.5.4
[INFO] [stderr]    Compiling rayon v1.5.1
[INFO] [stderr]    Compiling signal-hook v0.3.13
[INFO] [stderr]    Compiling bounded-vec-deque v0.1.1
[INFO] [stderr]    Compiling retry-error v0.1.1
[INFO] [stderr]    Compiling data-encoding v2.3.2
[INFO] [stderr]    Compiling parking_lot_core v0.8.5
[INFO] [stderr]    Compiling untrusted v0.6.2
[INFO] [stderr]    Compiling downcast-rs v1.2.0
[INFO] [stderr]    Compiling dyn-clone v1.0.5
[INFO] [stderr]    Compiling toml v0.5.8
[INFO] [stderr]    Compiling deflate v1.0.0
[INFO] [stderr]    Compiling libsqlite3-sys v0.24.2
[INFO] [stderr]    Compiling hashlink v0.7.0
[INFO] [stderr]    Compiling spin v0.9.2
[INFO] [stderr]    Compiling nanorand v0.7.0
[INFO] [stderr]    Compiling num-rational v0.4.0
[INFO] [stderr]    Compiling terminal_size v0.1.17
[INFO] [stderr]    Compiling instant v0.1.12
[INFO] [stderr]    Compiling unsigned-varint v0.5.1
[INFO] [stderr]    Compiling bytemuck v1.9.1
[INFO] [stderr]    Compiling fallible-iterator v0.2.0
[INFO] [stderr]    Compiling fallible-streaming-iterator v0.1.9
[INFO] [stderr]    Compiling weezl v0.1.5
[INFO] [stderr]    Compiling rustls v0.20.4
[INFO] [stderr]    Compiling inflate v0.4.5
[INFO] [stderr]    Compiling libmimalloc-sys v0.1.24
[INFO] [stderr]    Compiling threadpool v1.8.1
[INFO] [stderr]    Compiling mio v0.7.14
[INFO] [stderr]    Compiling memmap2 v0.5.3
[INFO] [stderr]    Compiling miniz_oxide v0.5.1
[INFO] [stderr]    Compiling webpki v0.22.0
[INFO] [stderr]    Compiling lebe v0.5.1
[INFO] [stderr]    Compiling same-file v1.0.6
[INFO] [stderr]    Compiling jpeg-decoder v0.1.22
[INFO] [stderr]    Compiling unsigned-varint v0.7.1
[INFO] [stderr]    Compiling bs58 v0.4.0
[INFO] [stderr]    Compiling color_quant v1.1.0
[INFO] [stderr]    Compiling event-listener v2.5.2
[INFO] [stderr]    Compiling half v1.8.2
[INFO] [stderr]    Compiling encoding_rs v0.8.30
[INFO] [stderr]    Compiling bit_field v0.10.1
[INFO] [stderr]    Compiling base-x v0.2.8
[INFO] [stderr]    Compiling gif v0.11.3
[INFO] [stderr]    Compiling walkdir v2.3.2
[INFO] [stderr]    Compiling png v0.17.5
[INFO] [stderr]    Compiling signal-hook-mio v0.2.3
[INFO] [stderr]    Compiling parking_lot v0.11.2
[INFO] [stderr]    Compiling rgb v0.8.32
[INFO] [stderr]    Compiling dirs v4.0.0
[INFO] [stderr]    Compiling os_str_bytes v6.0.0
[INFO] [stderr]    Compiling time v0.1.43
[INFO] [stderr]    Compiling tiff v0.7.1
[INFO] [stderr]    Compiling fastrand v1.7.0
[INFO] [stderr]    Compiling scoped_threadpool v0.1.9
[INFO] [stderr]    Compiling unicode-width v0.1.9
[INFO] [stderr]    Compiling textwrap v0.15.0
[INFO] [stderr]    Compiling tempfile v3.3.0
[INFO] [stderr]    Compiling jpeg-decoder v0.2.4
[INFO] [stderr]    Compiling chrono v0.4.19
[INFO] [stderr]    Compiling ansi_colours v1.1.1
[INFO] [stderr]    Compiling crossterm v0.22.1
[INFO] [stderr]    Compiling console v0.15.0
[INFO] [stderr]    Compiling ipnet v2.4.0
[INFO] [stderr]    Compiling clap v3.1.8
[INFO] [stderr]    Compiling argfile v0.1.4
[INFO] [stderr]    Compiling urlencoding v2.1.0
[INFO] [stderr]    Compiling wild v2.1.0-alpha.2
[INFO] [stderr] warning: libmimalloc-sys@0.1.24: In file included from c_src/mimalloc/src/static.c:25:
[INFO] [stderr] warning: libmimalloc-sys@0.1.24: c_src/mimalloc/src/os.c: In function 'mi_os_resetx':
[INFO] [stderr] warning: libmimalloc-sys@0.1.24: c_src/mimalloc/src/os.c:993:35: error: implicit declaration of function 'ATOMIC_VAR_INIT'; did you mean 'ATOMIC_FLAG_INIT'? [-Wimplicit-function-declaration]
[INFO] [stderr] warning: libmimalloc-sys@0.1.24:   993 |   static _Atomic(size_t) advice = ATOMIC_VAR_INIT(MADV_FREE);
[INFO] [stderr] warning: libmimalloc-sys@0.1.24:       |                                   ^~~~~~~~~~~~~~~
[INFO] [stderr] warning: libmimalloc-sys@0.1.24:       |                                   ATOMIC_FLAG_INIT
[INFO] [stderr] warning: libmimalloc-sys@0.1.24: c_src/mimalloc/src/os.c:993:35: error: initializer element is not constant
[INFO] [stderr] warning: libmimalloc-sys@0.1.24: In file included from c_src/mimalloc/src/static.c:38:
[INFO] [stderr] warning: libmimalloc-sys@0.1.24: c_src/mimalloc/src/init.c: At top level:
[INFO] [stderr] warning: libmimalloc-sys@0.1.24: c_src/mimalloc/src/init.c:28:3: error: initializer element is not constant
[INFO] [stderr] warning: libmimalloc-sys@0.1.24:    28 |   ATOMIC_VAR_INIT(0), // xthread_free
[INFO] [stderr] warning: libmimalloc-sys@0.1.24:       |   ^~~~~~~~~~~~~~~
[INFO] [stderr] warning: libmimalloc-sys@0.1.24: c_src/mimalloc/src/init.c:28:3: note: (near initialization for '_mi_page_empty.xthread_free')
[INFO] [stderr] warning: libmimalloc-sys@0.1.24: c_src/mimalloc/src/init.c:29:3: error: initializer element is not constant
[INFO] [stderr] warning: libmimalloc-sys@0.1.24:    29 |   ATOMIC_VAR_INIT(0), // xheap
[INFO] [stderr] warning: libmimalloc-sys@0.1.24:       |   ^~~~~~~~~~~~~~~
[INFO] [stderr] warning: libmimalloc-sys@0.1.24: c_src/mimalloc/src/init.c:29:3: note: (near initialization for '_mi_page_empty.xheap')
[INFO] [stderr] warning: libmimalloc-sys@0.1.24: c_src/mimalloc/src/init.c:94:3: error: initialization of 'mi_block_t *' {aka 'struct mi_block_s *'} from 'int' makes pointer from integer without a cast [-Wint-conversion]
[INFO] [stderr] warning: libmimalloc-sys@0.1.24:    94 |   ATOMIC_VAR_INIT(NULL),
[INFO] [stderr] warning: libmimalloc-sys@0.1.24:       |   ^~~~~~~~~~~~~~~
[INFO] [stderr] warning: libmimalloc-sys@0.1.24: c_src/mimalloc/src/init.c:94:3: note: (near initialization for '_mi_heap_empty.thread_delayed_free')
[INFO] [stderr] warning: libmimalloc-sys@0.1.24: c_src/mimalloc/src/init.c:94:3: error: initializer element is not constant
[INFO] [stderr] warning: libmimalloc-sys@0.1.24: c_src/mimalloc/src/init.c:94:3: note: (near initialization for '_mi_heap_empty.thread_delayed_free')
[INFO] [stderr] warning: libmimalloc-sys@0.1.24: c_src/mimalloc/src/init.c:126:3: error: initialization of 'mi_block_t *' {aka 'struct mi_block_s *'} from 'int' makes pointer from integer without a cast [-Wint-conversion]
[INFO] [stderr] warning: libmimalloc-sys@0.1.24:   126 |   ATOMIC_VAR_INIT(NULL),
[INFO] [stderr] warning: libmimalloc-sys@0.1.24:       |   ^~~~~~~~~~~~~~~
[INFO] [stderr] warning: libmimalloc-sys@0.1.24: c_src/mimalloc/src/init.c:126:3: note: (near initialization for '_mi_heap_main.thread_delayed_free')
[INFO] [stderr] warning: libmimalloc-sys@0.1.24: c_src/mimalloc/src/init.c:126:3: error: initializer element is not constant
[INFO] [stderr] warning: libmimalloc-sys@0.1.24: c_src/mimalloc/src/init.c:126:3: note: (near initialization for '_mi_heap_main.thread_delayed_free')
[INFO] [stderr] warning: libmimalloc-sys@0.1.24: c_src/mimalloc/src/init.c:328:39: error: initializer element is not constant
[INFO] [stderr] warning: libmimalloc-sys@0.1.24:   328 | static _Atomic(size_t) thread_count = ATOMIC_VAR_INIT(1);
[INFO] [stderr] warning: libmimalloc-sys@0.1.24:       |                                       ^~~~~~~~~~~~~~~
[INFO] [stderr] error: failed to run custom build command for `libmimalloc-sys v0.1.24`
[INFO] [stderr] note: To improve backtraces for build dependencies, set the CARGO_PROFILE_RELEASE_BUILD_OVERRIDE_DEBUG=true environment variable to enable debug information generation.
[INFO] [stderr] 
[INFO] [stderr] Caused by:
[INFO] [stderr]   process didn't exit successfully: `/opt/rustwide/target/release/build/libmimalloc-sys/76ac1a50dff961a7/out/build_script_build` (exit status: 1)
[INFO] [stderr]   --- stdout
[INFO] [stderr]   OPT_LEVEL = Some("3")
[INFO] [stderr]   TARGET = Some("x86_64-unknown-linux-gnu")
[INFO] [stderr]   HOST = Some("x86_64-unknown-linux-gnu")
[INFO] [stderr]   CC_x86_64-unknown-linux-gnu = None
[INFO] [stderr]   CC_x86_64_unknown_linux_gnu = None
[INFO] [stderr]   HOST_CC = None
[INFO] [stderr]   CC = None
[INFO] [stderr]   CFLAGS_x86_64-unknown-linux-gnu = None
[INFO] [stderr]   CFLAGS_x86_64_unknown_linux_gnu = None
[INFO] [stderr]   HOST_CFLAGS = None
[INFO] [stderr]   CFLAGS = None
[INFO] [stderr]   CRATE_CC_NO_DEFAULTS = None
[INFO] [stderr]   DEBUG = Some("false")
[INFO] [stderr]   CARGO_CFG_TARGET_FEATURE = Some("fxsr,sse,sse2")
[INFO] [stderr]   CC_x86_64-unknown-linux-gnu = None
[INFO] [stderr]   CC_x86_64_unknown_linux_gnu = None
[INFO] [stderr]   HOST_CC = None
[INFO] [stderr]   CC = None
[INFO] [stderr]   CFLAGS_x86_64-unknown-linux-gnu = None
[INFO] [stderr]   CFLAGS_x86_64_unknown_linux_gnu = None
[INFO] [stderr]   HOST_CFLAGS = None
[INFO] [stderr]   CFLAGS = None
[INFO] [stderr]   CRATE_CC_NO_DEFAULTS = None
[INFO] [stderr]   CARGO_CFG_TARGET_FEATURE = Some("fxsr,sse,sse2")
[INFO] [stderr]   running: "cc" "-O3" "-ffunction-sections" "-fdata-sections" "-fPIC" "-m64" "-I" "c_src/mimalloc/include" "-I" "c_src/mimalloc/src" "-Wall" "-Wextra" "-ftls-model=initial-exec" "-DMI_DEBUG=0" "-o" "/opt/rustwide/target/release/build/libmimalloc-sys/c41279336f0ef364/out/c_src/mimalloc/src/static.o" "-c" "c_src/mimalloc/src/static.c"
[INFO] [stderr]   cargo:warning=In file included from c_src/mimalloc/src/static.c:25:
[INFO] [stderr]   cargo:warning=c_src/mimalloc/src/os.c: In function 'mi_os_resetx':
[INFO] [stderr]   cargo:warning=c_src/mimalloc/src/os.c:993:35: error: implicit declaration of function 'ATOMIC_VAR_INIT'; did you mean 'ATOMIC_FLAG_INIT'? [-Wimplicit-function-declaration]
[INFO] [stderr]   cargo:warning=  993 |   static _Atomic(size_t) advice = ATOMIC_VAR_INIT(MADV_FREE);
[INFO] [stderr]   cargo:warning=      |                                   ^~~~~~~~~~~~~~~
[INFO] [stderr]   cargo:warning=      |                                   ATOMIC_FLAG_INIT
[INFO] [stderr]   cargo:warning=c_src/mimalloc/src/os.c:993:35: error: initializer element is not constant
[INFO] [stderr]   cargo:warning=In file included from c_src/mimalloc/src/static.c:38:
[INFO] [stderr]   cargo:warning=c_src/mimalloc/src/init.c: At top level:
[INFO] [stderr]   cargo:warning=c_src/mimalloc/src/init.c:28:3: error: initializer element is not constant
[INFO] [stderr]   cargo:warning=   28 |   ATOMIC_VAR_INIT(0), // xthread_free
[INFO] [stderr]   cargo:warning=      |   ^~~~~~~~~~~~~~~
[INFO] [stderr]   cargo:warning=c_src/mimalloc/src/init.c:28:3: note: (near initialization for '_mi_page_empty.xthread_free')
[INFO] [stderr]   cargo:warning=c_src/mimalloc/src/init.c:29:3: error: initializer element is not constant
[INFO] [stderr]   cargo:warning=   29 |   ATOMIC_VAR_INIT(0), // xheap
[INFO] [stderr]   cargo:warning=      |   ^~~~~~~~~~~~~~~
[INFO] [stderr]   cargo:warning=c_src/mimalloc/src/init.c:29:3: note: (near initialization for '_mi_page_empty.xheap')
[INFO] [stderr]   cargo:warning=c_src/mimalloc/src/init.c:94:3: error: initialization of 'mi_block_t *' {aka 'struct mi_block_s *'} from 'int' makes pointer from integer without a cast [-Wint-conversion]
[INFO] [stderr]   cargo:warning=   94 |   ATOMIC_VAR_INIT(NULL),
[INFO] [stderr]   cargo:warning=      |   ^~~~~~~~~~~~~~~
[INFO] [stderr]   cargo:warning=c_src/mimalloc/src/init.c:94:3: note: (near initialization for '_mi_heap_empty.thread_delayed_free')
[INFO] [stderr]   cargo:warning=c_src/mimalloc/src/init.c:94:3: error: initializer element is not constant
[INFO] [stderr]   cargo:warning=c_src/mimalloc/src/init.c:94:3: note: (near initialization for '_mi_heap_empty.thread_delayed_free')
[INFO] [stderr]   cargo:warning=c_src/mimalloc/src/init.c:126:3: error: initialization of 'mi_block_t *' {aka 'struct mi_block_s *'} from 'int' makes pointer from integer without a cast [-Wint-conversion]
[INFO] [stderr]   cargo:warning=  126 |   ATOMIC_VAR_INIT(NULL),
[INFO] [stderr]   cargo:warning=      |   ^~~~~~~~~~~~~~~
[INFO] [stderr]   cargo:warning=c_src/mimalloc/src/init.c:126:3: note: (near initialization for '_mi_heap_main.thread_delayed_free')
[INFO] [stderr]   cargo:warning=c_src/mimalloc/src/init.c:126:3: error: initializer element is not constant
[INFO] [stderr]   cargo:warning=c_src/mimalloc/src/init.c:126:3: note: (near initialization for '_mi_heap_main.thread_delayed_free')
[INFO] [stderr]   cargo:warning=c_src/mimalloc/src/init.c:328:39: error: initializer element is not constant
[INFO] [stderr]   cargo:warning=  328 | static _Atomic(size_t) thread_count = ATOMIC_VAR_INIT(1);
[INFO] [stderr]   cargo:warning=      |                                       ^~~~~~~~~~~~~~~
[INFO] [stderr]   exit status: 1
[INFO] [stderr] 
[INFO] [stderr]   --- stderr
[INFO] [stderr] 
[INFO] [stderr] 
[INFO] [stderr]   error occurred: Command "cc" "-O3" "-ffunction-sections" "-fdata-sections" "-fPIC" "-m64" "-I" "c_src/mimalloc/include" "-I" "c_src/mimalloc/src" "-Wall" "-Wextra" "-ftls-model=initial-exec" "-DMI_DEBUG=0" "-o" "/opt/rustwide/target/release/build/libmimalloc-sys/c41279336f0ef364/out/c_src/mimalloc/src/static.o" "-c" "c_src/mimalloc/src/static.c" with args "cc" did not execute successfully (status code exit status: 1).
[INFO] [stderr] 
[INFO] [stderr] 
[INFO] [stderr] warning: build failed, waiting for other jobs to finish...
[INFO] running `Command { std: "docker" "inspect" "ef791b3e755996b150a2c2f15a66ccf5e87cb9fc8f64370fca2759e856ed8e30", kill_on_drop: false }`
[INFO] running `Command { std: "docker" "rm" "-f" "ef791b3e755996b150a2c2f15a66ccf5e87cb9fc8f64370fca2759e856ed8e30", kill_on_drop: false }`
[INFO] [stdout] ef791b3e755996b150a2c2f15a66ccf5e87cb9fc8f64370fca2759e856ed8e30
