[INFO] fetching crate dengjen-tts-python 2.1.1...
[INFO] testing dengjen-tts-python-2.1.1 against 1.99.0-beta.8+cargoflags=--release for beta-release-1.100-2
[INFO] extracting crate dengjen-tts-python 2.1.1 into /workspace/builds/worker-2-tc1/source
[INFO] started tweaking crates.io crate dengjen-tts-python 2.1.1
[INFO] finished tweaking crates.io crate dengjen-tts-python 2.1.1
[INFO] tweaked toml for crates.io crate dengjen-tts-python 2.1.1 written to /workspace/builds/worker-2-tc1/source/Cargo.toml
[INFO] validating manifest of crates.io crate dengjen-tts-python 2.1.1 on toolchain 1.99.0-beta.8
[INFO] running `Command { std: CARGO_HOME="/workspace/cargo-home" RUSTUP_HOME="/workspace/rustup-home" "/workspace/cargo-home/bin/cargo" "+1.99.0-beta.8" "metadata" "--manifest-path" "Cargo.toml" "--no-deps", kill_on_drop: false }`
[INFO] crate crates.io crate dengjen-tts-python 2.1.1 already has a lockfile, it will not be regenerated
[INFO] running `Command { std: CARGO_HOME="/workspace/cargo-home" RUSTUP_HOME="/workspace/rustup-home" "/workspace/cargo-home/bin/cargo" "+1.99.0-beta.8" "fetch" "--manifest-path" "Cargo.toml", kill_on_drop: false }`
[INFO] [stderr]     Updating crates.io index
[INFO] [stderr]  Downloading crates ...
[INFO] [stderr]   Downloaded workspace-hack v0.1.0
[INFO] [stderr]   Downloaded hmac-sha256 v1.1.14
[INFO] [stderr]   Downloaded ort-sys v2.0.0-rc.13
[INFO] [stderr]   Downloaded bytecheck v0.8.3
[INFO] [stderr]   Downloaded rancor v0.1.3
[INFO] [stderr]   Downloaded ptr_meta v0.3.2
[INFO] [stderr]   Downloaded munge_macro v0.4.7
[INFO] [stderr]   Downloaded bytecheck_derive v0.8.3
[INFO] [stderr]   Downloaded munge v0.4.7
[INFO] [stderr]   Downloaded byteorder v0.5.3
[INFO] [stderr]   Downloaded dengjen-espeak-phonemizer v2.1.1
[INFO] [stderr]   Downloaded dengjen-tts-core v2.1.1
[INFO] [stderr]   Downloaded rend v0.5.4
[INFO] [stderr]   Downloaded dengjen-audio-ops v2.1.1
[INFO] [stderr]   Downloaded ptr_meta_derive v0.3.2
[INFO] [stderr]   Downloaded jpreprocess-window v0.15.0
[INFO] [stderr]   Downloaded unicode-blocks v0.1.10
[INFO] [stderr]   Downloaded jpreprocess-jpcommon v0.15.0
[INFO] [stderr]   Downloaded libtqsm v0.6.1
[INFO] [stderr]   Downloaded jpreprocess v0.15.0
[INFO] [stderr]   Downloaded riff-wave v0.1.3
[INFO] [stderr]   Downloaded rkyv_derive v0.8.18
[INFO] [stderr]   Downloaded dengjen-tts-piper v2.1.1
[INFO] [stderr]   Downloaded ffi-support v0.4.4
[INFO] [stderr]   Downloaded dengjen-tts-melotts v2.1.1
[INFO] [stderr]   Downloaded dengjen-tts-kokoro v2.1.1
[INFO] [stderr]   Downloaded jlabel v0.1.10
[INFO] [stderr]   Downloaded jpreprocess-dictionary v0.15.0
[INFO] [stderr]   Downloaded dengjen-sonic-sys v2.1.1
[INFO] [stderr]   Downloaded jpreprocess-njd v0.15.0
[INFO] [stderr]   Downloaded jpreprocess-core v0.15.0
[INFO] [stderr]   Downloaded dengjen-tts v2.1.1
[INFO] [stderr]   Downloaded serde_yaml_ng v0.10.0
[INFO] [stderr]   Downloaded kanaria v0.2.0
[INFO] [stderr]   Downloaded uuid v1.27.0
[INFO] [stderr]   Downloaded daachorse v2.1.1
[INFO] [stderr]   Downloaded lindera v3.0.7
[INFO] [stderr]   Downloaded lindera-dictionary v3.0.7
[INFO] [stderr]   Downloaded lzma-rust2 v0.15.8
[INFO] [stderr]   Downloaded ort v2.0.0-rc.13
[INFO] [stderr]   Downloaded rkyv v0.8.18
[INFO] [stderr]   Downloaded dengjen-tashkeel v1.6.6
[INFO] [stderr]   Downloaded dengjen-espeak-rs-sys v0.2.7
[INFO] running `Command { std: "docker" "create" "-v" "/var/lib/crater-agent-workspace/builds/worker-2-tc1/source:/opt/rustwide/workdir:ro,Z" "-v" "/var/lib/crater-agent-workspace/builds/worker-2-tc1/target:/opt/rustwide/target:rw,Z" "-v" "/var/lib/crater-agent-workspace/cargo-home:/opt/rustwide/cargo-home:ro,Z" "-v" "/var/lib/crater-agent-workspace/rustup-home:/opt/rustwide/rustup-home:ro,Z" "-m" "1610612736" "--network" "none" "ghcr.io/rust-lang/crates-build-env/linux@sha256:77db811e55d90add9212f6832c23229e3de5f1c1f9905e8cb07319ea15df73ac" "sleep" "infinity", kill_on_drop: false }`
[INFO] [stdout] 56339b113428f94b865fab9bd35826eeb0ce06ed2682010e4f4e6f0928505cec
[INFO] running `Command { std: "docker" "start" "56339b113428f94b865fab9bd35826eeb0ce06ed2682010e4f4e6f0928505cec", kill_on_drop: false }`
[INFO] running `Command { std: "docker" "inspect" "56339b113428f94b865fab9bd35826eeb0ce06ed2682010e4f4e6f0928505cec", kill_on_drop: false }`
[INFO] running `Command { std: "docker" "exec" "-e" "SOURCE_DIR=/opt/rustwide/workdir" "-e" "CARGO_HOME=/opt/rustwide/cargo-home" "-e" "RUSTUP_HOME=/opt/rustwide/rustup-home" "-e" "CARGO_TARGET_DIR=/opt/rustwide/target" "-w" "/opt/rustwide/workdir" "--user" "0:0" "56339b113428f94b865fab9bd35826eeb0ce06ed2682010e4f4e6f0928505cec" "/opt/rustwide/cargo-home/bin/cargo" "+1.99.0-beta.8" "metadata" "--no-deps" "--format-version=1", kill_on_drop: false }`
[INFO] running `Command { std: "docker" "inspect" "56339b113428f94b865fab9bd35826eeb0ce06ed2682010e4f4e6f0928505cec", kill_on_drop: false }`
[INFO] running `Command { std: "docker" "exec" "-e" "SOURCE_DIR=/opt/rustwide/workdir" "-e" "CARGO_HOME=/opt/rustwide/cargo-home" "-e" "RUSTUP_HOME=/opt/rustwide/rustup-home" "-e" "CARGO_TARGET_DIR=/opt/rustwide/target" "-e" "CARGO_INCREMENTAL=0" "-e" "RUST_BACKTRACE=full" "-e" "RUSTFLAGS=--cap-lints=warn" "-e" "RUSTDOCFLAGS=--cap-lints=warn" "-w" "/opt/rustwide/workdir" "--user" "0:0" "56339b113428f94b865fab9bd35826eeb0ce06ed2682010e4f4e6f0928505cec" "/opt/rustwide/cargo-home/bin/cargo" "+1.99.0-beta.8" "build" "--frozen" "--message-format=json" "--release", kill_on_drop: false }`
[INFO] [stderr]    Compiling syn v2.0.119
[INFO] [stderr]    Compiling log v0.4.34
[INFO] [stderr]    Compiling glob v0.3.4
[INFO] [stderr]    Compiling prettyplease v0.2.37
[INFO] [stderr]    Compiling bitflags v2.13.2
[INFO] [stderr]    Compiling regex-syntax v0.8.11
[INFO] [stderr]    Compiling minimal-lexical v0.2.1
[INFO] [stderr]    Compiling memchr v2.8.3
[INFO] [stderr]    Compiling byteorder v1.5.0
[INFO] [stderr]    Compiling libloading v0.8.9
[INFO] [stderr]    Compiling zeroize v1.9.0
[INFO] [stderr]    Compiling rustc-hash v2.1.3
[INFO] [stderr]    Compiling getrandom v0.2.17
[INFO] [stderr]    Compiling untrusted v0.9.0
[INFO] [stderr]    Compiling ring v0.17.14
[INFO] [stderr]    Compiling httparse v1.10.1
[INFO] [stderr]    Compiling itoa v1.0.18
[INFO] [stderr]    Compiling bytes v1.12.1
[INFO] [stderr]    Compiling rustls-pki-types v1.15.1
[INFO] [stderr]    Compiling rustix v1.1.4
[INFO] [stderr]    Compiling rustls v0.23.45
[INFO] [stderr]    Compiling num-traits v0.2.19
[INFO] [stderr]    Compiling subtle v2.6.1
[INFO] [stderr]    Compiling target-lexicon v0.13.5
[INFO] [stderr]    Compiling once_cell v1.21.4
[INFO] [stderr]    Compiling base64 v0.22.1
[INFO] [stderr]    Compiling socks v0.3.4
[INFO] [stderr]    Compiling aho-corasick v1.1.5
[INFO] [stderr]    Compiling either v1.18.0
[INFO] [stderr]    Compiling crc-catalog v2.5.0
[INFO] [stderr]    Compiling bindgen v0.72.1
[INFO] [stderr]    Compiling utf8-zero v0.8.1
[INFO] [stderr]    Compiling crossbeam-utils v0.8.22
[INFO] [stderr]    Compiling clang-sys v1.9.1
[INFO] [stderr]    Compiling percent-encoding v2.3.2
[INFO] [stderr]    Compiling webpki-roots v1.0.9
[INFO] [stderr]    Compiling itertools v0.12.1
[INFO] [stderr]    Compiling crc v3.4.0
[INFO] [stderr]    Compiling matrixmultiply v0.3.11
[INFO] [stderr]    Compiling filetime v0.2.29
[INFO] [stderr]    Compiling nom v7.1.3
[INFO] [stderr]    Compiling http v1.5.0
[INFO] [stderr]    Compiling crossbeam-epoch v0.9.20
[INFO] [stderr]    Compiling workspace-hack v0.1.0
[INFO] [stderr]    Compiling hmac-sha256 v1.1.14
[INFO] [stderr]    Compiling lzma-rust2 v0.15.8
[INFO] [stderr]    Compiling lzma-rs v0.3.0
[INFO] [stderr]    Compiling cmake v0.1.58
[INFO] [stderr]    Compiling syn v3.0.5
[INFO] [stderr]    Compiling pyo3-build-config v0.29.2
[INFO] [stderr]    Compiling rawpointer v0.2.1
[INFO] [stderr]    Compiling byteorder v0.5.3
[INFO] [stderr]    Compiling crossbeam-deque v0.8.7
[INFO] [stderr]    Compiling riff-wave v0.1.3
[INFO] [stderr]    Compiling regex-automata v0.4.18
[INFO] [stderr]    Compiling ureq-proto v0.6.0
[INFO] [stderr]    Compiling num-integer v0.1.46
[INFO] [stderr]    Compiling num-complex v0.4.6
[INFO] [stderr]    Compiling serde_json v1.0.151
[INFO] [stderr]    Compiling bindgen v0.73.2
[INFO] [stderr]    Compiling dengjen-audio-ops v2.1.1
[INFO] [stderr]    Compiling pyo3-ffi v0.29.2
[INFO] [stderr]    Compiling bit-vec v0.6.3
[INFO] [stderr]    Compiling smallvec v1.16.1
[INFO] [stderr]    Compiling dengjen-tts-core v2.1.1
[INFO] [stderr]    Compiling bit-set v0.5.3
[INFO] [stderr]    Compiling ffi-support v0.4.4
[INFO] [stderr]    Compiling xattr v1.6.1
[INFO] [stderr]    Compiling regex v1.13.1
[INFO] [stderr]    Compiling tar v0.4.46
[INFO] [stderr]    Compiling rayon-core v1.13.0
[INFO] [stderr]    Compiling cexpr v0.6.0
[INFO] [stderr]    Compiling rayon v1.12.0
[INFO] [stderr]    Compiling pyo3 v0.29.2
[INFO] [stderr]    Compiling unicode-segmentation v1.13.3
[INFO] [stderr]    Compiling spin v0.9.9
[INFO] [stderr]    Compiling futures-sink v0.3.34
[INFO] [stderr]    Compiling futures-core v0.3.34
[INFO] [stderr]    Compiling dengjen-tts-python v2.1.1 (/opt/rustwide/workdir)
[INFO] [stderr]    Compiling flume v0.12.0
[INFO] [stderr]    Compiling serde_derive v1.0.229
[INFO] [stderr]    Compiling ndarray v0.17.2
[INFO] [stderr] warning: dengjen-tts-python@2.1.1: espeak-ng-data source not found at `/deps/dev/espeak-ng-data`; skipping staging into pydengjen
[INFO] [stderr]    Compiling rustls-webpki v0.103.15
[INFO] [stderr]    Compiling pyo3-macros-backend v0.29.2
[INFO] [stderr]    Compiling tracing-attributes v0.1.31
[INFO] [stderr]    Compiling thiserror-impl v1.0.69
[INFO] [stderr]    Compiling serde v1.0.229
[INFO] [stderr]    Compiling thiserror v1.0.69
[INFO] [stderr]    Compiling tracing v0.1.44
[INFO] [stderr]    Compiling fancy-regex v0.11.0
[INFO] [stderr]    Compiling libtqsm v0.6.1
[INFO] [stderr]    Compiling pyo3-macros v0.29.2
[INFO] [stderr]    Compiling ureq v3.3.0
[INFO] [stderr]    Compiling dengjen-espeak-rs-sys v0.2.7
[INFO] [stderr]    Compiling dengjen-sonic-sys v2.1.1
[INFO] [stderr]    Compiling ort-sys v2.0.0-rc.13
[INFO] [stderr] error: ort-sys@2.0.0-rc.13: ort-sys failed to download prebuilt binaries from `https://cdn.pyke.io/0/pyke:ort-rs/ms@1.28.0/x86_64-unknown-linux-gnu.tar.lzma2`: io: failed to lookup address information: Temporary failure in name resolution
[INFO] [stderr] error: build script logged errors
[INFO] [stderr] warning: build failed, waiting for other jobs to finish...
[INFO] [stderr] error: failed to run custom build command for `dengjen-espeak-rs-sys v0.2.7`
[INFO] [stderr] note: To improve backtraces for build dependencies, set the CARGO_PROFILE_RELEASE_BUILD_OVERRIDE_DEBUG=true environment variable to enable debug information generation.
[INFO] [stderr] 
[INFO] [stderr] Caused by:
[INFO] [stderr]   process didn't exit successfully: `/opt/rustwide/target/release/build/dengjen-espeak-rs-sys-420e79c8597f4f7a/build-script-build` (exit status: 101)
[INFO] [stderr]   --- stdout
[INFO] [stderr]   cargo:rustc-link-lib=speechPlayer
[INFO] [stderr]   cargo:rustc-link-lib=espeak-ng
[INFO] [stderr]   cargo:rustc-link-lib=ucd
[INFO] [stderr]   cargo:rerun-if-env-changed=TARGET
[INFO] [stderr]   cargo:rerun-if-env-changed=BINDGEN_EXTRA_CLANG_ARGS_x86_64-unknown-linux-gnu
[INFO] [stderr]   cargo:rerun-if-env-changed=BINDGEN_EXTRA_CLANG_ARGS_x86_64_unknown_linux_gnu
[INFO] [stderr]   cargo:rerun-if-env-changed=BINDGEN_EXTRA_CLANG_ARGS
[INFO] [stderr]   cargo:rerun-if-changed=wrapper.h
[INFO] [stderr]   cargo:rerun-if-changed=/opt/rustwide/target/release/build/dengjen-espeak-rs-sys-679c2e608c30b670/out/espeak-ng/src/include/espeak-ng/speak_lib.h
[INFO] [stderr]   cargo:rerun-if-changed=/usr/include/stdio.h
[INFO] [stderr]   cargo:rerun-if-changed=/usr/include/x86_64-linux-gnu/bits/libc-header-start.h
[INFO] [stderr]   cargo:rerun-if-changed=/usr/include/features.h
[INFO] [stderr]   cargo:rerun-if-changed=/usr/include/features-time64.h
[INFO] [stderr]   cargo:rerun-if-changed=/usr/include/x86_64-linux-gnu/bits/wordsize.h
[INFO] [stderr]   cargo:rerun-if-changed=/usr/include/x86_64-linux-gnu/bits/timesize.h
[INFO] [stderr]   cargo:rerun-if-changed=/usr/include/x86_64-linux-gnu/bits/wordsize.h
[INFO] [stderr]   cargo:rerun-if-changed=/usr/include/stdc-predef.h
[INFO] [stderr]   cargo:rerun-if-changed=/usr/include/x86_64-linux-gnu/sys/cdefs.h
[INFO] [stderr]   cargo:rerun-if-changed=/usr/include/x86_64-linux-gnu/bits/wordsize.h
[INFO] [stderr]   cargo:rerun-if-changed=/usr/include/x86_64-linux-gnu/bits/long-double.h
[INFO] [stderr]   cargo:rerun-if-changed=/usr/include/x86_64-linux-gnu/gnu/stubs.h
[INFO] [stderr]   cargo:rerun-if-changed=/usr/include/x86_64-linux-gnu/gnu/stubs-64.h
[INFO] [stderr]   cargo:rerun-if-changed=/usr/lib/llvm-21/lib/clang/21/include/stddef.h
[INFO] [stderr]   cargo:rerun-if-changed=/usr/lib/llvm-21/lib/clang/21/include/__stddef_size_t.h
[INFO] [stderr]   cargo:rerun-if-changed=/usr/lib/llvm-21/lib/clang/21/include/__stddef_null.h
[INFO] [stderr]   cargo:rerun-if-changed=/usr/lib/llvm-21/lib/clang/21/include/stdarg.h
[INFO] [stderr]   cargo:rerun-if-changed=/usr/lib/llvm-21/lib/clang/21/include/__stdarg___gnuc_va_list.h
[INFO] [stderr]   cargo:rerun-if-changed=/usr/include/x86_64-linux-gnu/bits/types.h
[INFO] [stderr]   cargo:rerun-if-changed=/usr/include/features.h
[INFO] [stderr]   cargo:rerun-if-changed=/usr/include/x86_64-linux-gnu/bits/wordsize.h
[INFO] [stderr]   cargo:rerun-if-changed=/usr/include/x86_64-linux-gnu/bits/timesize.h
[INFO] [stderr]   cargo:rerun-if-changed=/usr/include/x86_64-linux-gnu/bits/wordsize.h
[INFO] [stderr]   cargo:rerun-if-changed=/usr/include/x86_64-linux-gnu/bits/typesizes.h
[INFO] [stderr]   cargo:rerun-if-changed=/usr/include/x86_64-linux-gnu/bits/time64.h
[INFO] [stderr]   cargo:rerun-if-changed=/usr/include/x86_64-linux-gnu/bits/types/__fpos_t.h
[INFO] [stderr]   cargo:rerun-if-changed=/usr/include/x86_64-linux-gnu/bits/types.h
[INFO] [stderr]   cargo:rerun-if-changed=/usr/include/x86_64-linux-gnu/bits/types/__mbstate_t.h
[INFO] [stderr]   cargo:rerun-if-changed=/usr/include/x86_64-linux-gnu/bits/types/__fpos64_t.h
[INFO] [stderr]   cargo:rerun-if-changed=/usr/include/x86_64-linux-gnu/bits/types.h
[INFO] [stderr]   cargo:rerun-if-changed=/usr/include/x86_64-linux-gnu/bits/types/__mbstate_t.h
[INFO] [stderr]   cargo:rerun-if-changed=/usr/include/x86_64-linux-gnu/bits/types/__FILE.h
[INFO] [stderr]   cargo:rerun-if-changed=/usr/include/x86_64-linux-gnu/bits/types/FILE.h
[INFO] [stderr]   cargo:rerun-if-changed=/usr/include/x86_64-linux-gnu/bits/types/struct_FILE.h
[INFO] [stderr]   cargo:rerun-if-changed=/usr/include/x86_64-linux-gnu/bits/types.h
[INFO] [stderr]   cargo:rerun-if-changed=/usr/include/x86_64-linux-gnu/bits/wordsize.h
[INFO] [stderr]   cargo:rerun-if-changed=/usr/include/x86_64-linux-gnu/bits/types/cookie_io_functions_t.h
[INFO] [stderr]   cargo:rerun-if-changed=/usr/include/x86_64-linux-gnu/bits/types.h
[INFO] [stderr]   cargo:rerun-if-changed=/usr/include/x86_64-linux-gnu/bits/stdio_lim.h
[INFO] [stderr]   cargo:rerun-if-changed=/usr/include/x86_64-linux-gnu/bits/floatn.h
[INFO] [stderr]   cargo:rerun-if-changed=/usr/include/features.h
[INFO] [stderr]   cargo:rerun-if-changed=/usr/include/x86_64-linux-gnu/bits/floatn-common.h
[INFO] [stderr]   cargo:rerun-if-changed=/usr/include/features.h
[INFO] [stderr]   cargo:rerun-if-changed=/usr/include/x86_64-linux-gnu/bits/long-double.h
[INFO] [stderr]   cargo:rerun-if-changed=/usr/lib/llvm-21/lib/clang/21/include/stddef.h
[INFO] [stderr]   cargo:rerun-if-changed=/usr/lib/llvm-21/lib/clang/21/include/__stddef_header_macro.h
[INFO] [stderr]   cargo:rerun-if-changed=/usr/lib/llvm-21/lib/clang/21/include/__stddef_ptrdiff_t.h
[INFO] [stderr]   cargo:rerun-if-changed=/usr/lib/llvm-21/lib/clang/21/include/__stddef_size_t.h
[INFO] [stderr]   cargo:rerun-if-changed=/usr/lib/llvm-21/lib/clang/21/include/__stddef_wchar_t.h
[INFO] [stderr]   cargo:rerun-if-changed=/usr/lib/llvm-21/lib/clang/21/include/__stddef_null.h
[INFO] [stderr]   cargo:rerun-if-changed=/usr/lib/llvm-21/lib/clang/21/include/__stddef_max_align_t.h
[INFO] [stderr]   cargo:rerun-if-changed=/usr/lib/llvm-21/lib/clang/21/include/__stddef_offsetof.h
[INFO] [stderr]   cargo:rerun-if-changed=/opt/rustwide/target/release/build/dengjen-espeak-rs-sys-679c2e608c30b670/out/espeak-ng/src/include/espeak-ng/espeak_ng.h
[INFO] [stderr]   cargo:rerun-if-changed=/opt/rustwide/target/release/build/dengjen-espeak-rs-sys-679c2e608c30b670/out/espeak-ng/src/include/espeak-ng/speak_lib.h
[INFO] [stderr]   cargo:rerun-if-changed=/opt/rustwide/target/release/build/dengjen-espeak-rs-sys-679c2e608c30b670/out/espeak-ng/src/include/espeak-ng/encoding.h
[INFO] [stderr]   cargo:rerun-if-changed=/usr/lib/llvm-21/lib/clang/21/include/stdint.h
[INFO] [stderr]   cargo:rerun-if-changed=/usr/include/stdint.h
[INFO] [stderr]   cargo:rerun-if-changed=/usr/include/x86_64-linux-gnu/bits/libc-header-start.h
[INFO] [stderr]   cargo:rerun-if-changed=/usr/include/features.h
[INFO] [stderr]   cargo:rerun-if-changed=/usr/include/x86_64-linux-gnu/bits/types.h
[INFO] [stderr]   cargo:rerun-if-changed=/usr/include/x86_64-linux-gnu/bits/wchar.h
[INFO] [stderr]   cargo:rerun-if-changed=/usr/include/x86_64-linux-gnu/bits/wordsize.h
[INFO] [stderr]   cargo:rerun-if-changed=/usr/include/x86_64-linux-gnu/bits/stdint-intn.h
[INFO] [stderr]   cargo:rerun-if-changed=/usr/include/x86_64-linux-gnu/bits/types.h
[INFO] [stderr]   cargo:rerun-if-changed=/usr/include/x86_64-linux-gnu/bits/stdint-uintn.h
[INFO] [stderr]   cargo:rerun-if-changed=/usr/include/x86_64-linux-gnu/bits/types.h
[INFO] [stderr]   cargo:rerun-if-changed=/usr/include/x86_64-linux-gnu/bits/stdint-least.h
[INFO] [stderr]   cargo:rerun-if-changed=/usr/include/x86_64-linux-gnu/bits/types.h
[INFO] [stderr]   cargo:rerun-if-changed=wrapper.h
[INFO] [stderr]   cargo:rerun-if-changed=./espeak-ng
[INFO] [stderr]   cargo:rerun-if-changed=/opt/rustwide/cargo-home/registry/src/index.crates.io-1949cf8c6b5b557f/dengjen-espeak-rs-sys-0.2.7/bundled/espeak-ng.tar.xz
[INFO] [stderr]   cargo:rerun-if-env-changed=ESPEAK_BUILD_SHARED_LIBS
[INFO] [stderr]   cargo:rerun-if-env-changed=ESPEAK_LIB_PROFILE
[INFO] [stderr]   cargo:rerun-if-env-changed=ESPEAK_STATIC_CRT
[INFO] [stderr]   cargo:rerun-if-env-changed=ANDROID_NDK_HOME
[INFO] [stderr]   cargo:rerun-if-env-changed=ANDROID_NDK_ROOT
[INFO] [stderr]   cargo:rerun-if-env-changed=NDK_HOME
[INFO] [stderr]   cargo:rerun-if-env-changed=ANDROID_PLATFORM
[INFO] [stderr]   CMAKE_TOOLCHAIN_FILE_x86_64-unknown-linux-gnu = None
[INFO] [stderr]   CMAKE_TOOLCHAIN_FILE_x86_64_unknown_linux_gnu = None
[INFO] [stderr]   HOST_CMAKE_TOOLCHAIN_FILE = None
[INFO] [stderr]   CMAKE_TOOLCHAIN_FILE = None
[INFO] [stderr]   CMAKE_GENERATOR_x86_64-unknown-linux-gnu = None
[INFO] [stderr]   CMAKE_GENERATOR_x86_64_unknown_linux_gnu = None
[INFO] [stderr]   HOST_CMAKE_GENERATOR = None
[INFO] [stderr]   CMAKE_GENERATOR = None
[INFO] [stderr]   CMAKE_PREFIX_PATH_x86_64-unknown-linux-gnu = None
[INFO] [stderr]   CMAKE_PREFIX_PATH_x86_64_unknown_linux_gnu = None
[INFO] [stderr]   HOST_CMAKE_PREFIX_PATH = None
[INFO] [stderr]   CMAKE_PREFIX_PATH = None
[INFO] [stderr]   CMAKE_x86_64-unknown-linux-gnu = None
[INFO] [stderr]   CMAKE_x86_64_unknown_linux_gnu = None
[INFO] [stderr]   HOST_CMAKE = None
[INFO] [stderr]   CMAKE = None
[INFO] [stderr]   -- The C compiler identification is GNU 15.2.0
[INFO] [stderr]   -- The CXX compiler identification is GNU 15.2.0
[INFO] [stderr]   -- Detecting C compiler ABI info
[INFO] [stderr]   -- Detecting C compiler ABI info - done
[INFO] [stderr]   -- Check for working C compiler: /usr/bin/cc - skipped
[INFO] [stderr]   -- Detecting C compile features
[INFO] [stderr]   -- Detecting C compile features - done
[INFO] [stderr]   -- Detecting CXX compiler ABI info
[INFO] [stderr]   -- Detecting CXX compiler ABI info - done
[INFO] [stderr]   -- Check for working CXX compiler: /usr/bin/c++ - skipped
[INFO] [stderr]   -- Detecting CXX compile features
[INFO] [stderr]   -- Detecting CXX compile features - done
[INFO] [stderr]   -- Performing Test CMAKE_HAVE_LIBC_PTHREAD
[INFO] [stderr]   -- Performing Test CMAKE_HAVE_LIBC_PTHREAD - Success
[INFO] [stderr]   -- Found Threads: TRUE
[INFO] [stderr]   -- Configuring incomplete, errors occurred!
[INFO] [stderr] 
[INFO] [stderr]   --- stderr
[INFO] [stderr]   error: 'rustfmt' is not installed for the toolchain '1.99.0-beta.8-x86_64-unknown-linux-gnu'.
[INFO] [stderr]   help: run `rustup component add --toolchain 1.99.0-beta.8-x86_64-unknown-linux-gnu rustfmt` to install it
[INFO] [stderr]   Failed to run rustfmt: Internal rustfmt error (non-fatal, continuing)
[INFO] [stderr]   running: cd "/opt/rustwide/target/release/build/dengjen-espeak-rs-sys-679c2e608c30b670/out/build" && CMAKE_PREFIX_PATH="" LC_ALL="C" "cmake" "/opt/rustwide/target/release/build/dengjen-espeak-rs-sys-679c2e608c30b670/out/espeak-ng" "-B" "/opt/rustwide/target/release/build/dengjen-espeak-rs-sys-679c2e608c30b670/out/build" "-DBUILD_SHARED_LIBS=OFF" "-DENABLE_TESTS=OFF" "-DCOMPILE_INTONATIONS=OFF" "-DCMAKE_INSTALL_PREFIX=/opt/rustwide/target/release/build/dengjen-espeak-rs-sys-679c2e608c30b670/out" "-DCMAKE_C_FLAGS= -ffunction-sections -fdata-sections -fPIC -m64 -w" "-DCMAKE_C_COMPILER=/usr/bin/cc" "-DCMAKE_CXX_FLAGS= -ffunction-sections -fdata-sections -fPIC -m64 -w" "-DCMAKE_CXX_COMPILER=/usr/bin/c++" "-DCMAKE_ASM_FLAGS= -ffunction-sections -fdata-sections -fPIC -m64 -w" "-DCMAKE_ASM_COMPILER=/usr/bin/cc" "-DCMAKE_BUILD_TYPE=Release"
[INFO] [stderr]   [ 11%] Creating directories for 'sonic-git-populate'
[INFO] [stderr]   [ 22%] Performing download step (git clone) for 'sonic-git-populate'
[INFO] [stderr]   Cloning into 'sonic-git-src'...
[INFO] [stderr]   fatal: unable to access 'https://github.com/waywardgeek/sonic.git/': Could not resolve host: github.com
[INFO] [stderr]   Cloning into 'sonic-git-src'...
[INFO] [stderr]   fatal: unable to access 'https://github.com/waywardgeek/sonic.git/': Could not resolve host: github.com
[INFO] [stderr]   Cloning into 'sonic-git-src'...
[INFO] [stderr]   fatal: unable to access 'https://github.com/waywardgeek/sonic.git/': Could not resolve host: github.com
[INFO] [stderr]   Had to git clone more than once: 3 times.
[INFO] [stderr]   CMake Error at sonic-git-subbuild/sonic-git-populate-prefix/tmp/sonic-git-populate-gitclone.cmake:50 (message):
[INFO] [stderr]     Failed to clone repository: 'https://github.com/waywardgeek/sonic.git'
[INFO] [stderr] 
[INFO] [stderr] 
[INFO] [stderr]   gmake[2]: *** [CMakeFiles/sonic-git-populate.dir/build.make:102: sonic-git-populate-prefix/src/sonic-git-populate-stamp/sonic-git-populate-download] Error 1
[INFO] [stderr]   gmake[1]: *** [CMakeFiles/Makefile2:87: CMakeFiles/sonic-git-populate.dir/all] Error 2
[INFO] [stderr]   gmake: *** [Makefile:91: all] Error 2
[INFO] [stderr] 
[INFO] [stderr]   CMake Error at /usr/share/cmake-4.2/Modules/FetchContent.cmake:1928 (message):
[INFO] [stderr]     Build step for sonic-git failed: 2
[INFO] [stderr]   Call Stack (most recent call first):
[INFO] [stderr]     /usr/share/cmake-4.2/Modules/FetchContent.cmake:1619 (__FetchContent_populateSubbuild)
[INFO] [stderr]     /usr/share/cmake-4.2/Modules/FetchContent.cmake:2155:EVAL:2 (__FetchContent_doPopulation)
[INFO] [stderr]     /usr/share/cmake-4.2/Modules/FetchContent.cmake:2155 (cmake_language)
[INFO] [stderr]     /usr/share/cmake-4.2/Modules/FetchContent.cmake:2394 (__FetchContent_Populate)
[INFO] [stderr]     cmake/deps.cmake:24 (FetchContent_MakeAvailable)
[INFO] [stderr]     CMakeLists.txt:29 (include)
[INFO] [stderr] 
[INFO] [stderr] 
[INFO] [stderr] 
[INFO] [stderr]   thread 'main' (1968) panicked at /opt/rustwide/cargo-home/registry/src/index.crates.io-1949cf8c6b5b557f/cmake-0.1.58/src/lib.rs:1132:5:
[INFO] [stderr] 
[INFO] [stderr]   command did not execute successfully, got: exit status: 1
[INFO] [stderr] 
[INFO] [stderr]   build script failed, must exit now
[INFO] [stderr]   stack backtrace:
[INFO] [stderr]      0:     0x5a4c28fef081 - <<std[70759c8f55707aa4]::sys::backtrace::BacktraceLock>::print::DisplayBacktrace as core[df12db4294e9bfd3]::fmt::Display>::fmt
[INFO] [stderr]      1:     0x5a4c2900737a - core[df12db4294e9bfd3]::fmt::write
[INFO] [stderr]      2:     0x5a4c28ff570c - <std[70759c8f55707aa4]::sys::stdio::unix::Stderr as core[df12db4294e9bfd3]::io::write::Write>::write_fmt
[INFO] [stderr]      3:     0x5a4c28fc6a26 - std[70759c8f55707aa4]::panicking::default_hook::{closure#0}
[INFO] [stderr]      4:     0x5a4c28fe4fe1 - std[70759c8f55707aa4]::panicking::default_hook
[INFO] [stderr]      5:     0x5a4c28fe530b - std[70759c8f55707aa4]::panicking::panic_with_hook
[INFO] [stderr]      6:     0x5a4c28fc6ad2 - std[70759c8f55707aa4]::panicking::panic_handler::{closure#0}
[INFO] [stderr]      7:     0x5a4c28fbf249 - std[70759c8f55707aa4]::sys::backtrace::__rust_end_short_backtrace::<std[70759c8f55707aa4]::panicking::panic_handler::{closure#0}, !>
[INFO] [stderr]      8:     0x5a4c28fc7aed - __rustc[8fa7c3cbc660c2b3]::rust_begin_unwind
[INFO] [stderr]      9:     0x5a4c29007b9c - core[df12db4294e9bfd3]::panicking::panic_fmt
[INFO] [stderr]     10:     0x5a4c28f49db7 - cmake[9bf133a4be946d93]::fail
[INFO] [stderr]     11:     0x5a4c28f49a43 - cmake[9bf133a4be946d93]::run
[INFO] [stderr]     12:     0x5a4c28f4f342 - <cmake[9bf133a4be946d93]::Config>::build
[INFO] [stderr]     13:     0x5a4c28a1d473 - build_script_build[888d08da7501ad61]::main
[INFO] [stderr]     14:     0x5a4c28a15753 - <fn() as core[df12db4294e9bfd3]::ops::function::FnOnce<()>>::call_once
[INFO] [stderr]     15:     0x5a4c28a1274e - std[70759c8f55707aa4]::sys::backtrace::__rust_begin_short_backtrace::<fn(), ()>
[INFO] [stderr]     16:     0x5a4c28a13189 - std[70759c8f55707aa4]::rt::lang_start::<()>::{closure#0}
[INFO] [stderr]     17:     0x5a4c28fe4299 - std[70759c8f55707aa4]::rt::lang_start_internal
[INFO] [stderr]     18:     0x5a4c28a11871 - std[70759c8f55707aa4]::rt::lang_start::<()>
[INFO] [stderr]     19:     0x5a4c28a203f5 - main
[INFO] [stderr]     20:     0x71b86a2ec601 - <unknown>
[INFO] [stderr]     21:     0x71b86a2ec718 - __libc_start_main
[INFO] [stderr]     22:     0x5a4c28a03c65 - _start
[INFO] [stderr]     23:                0x0 - <unknown>
[INFO] running `Command { std: "docker" "inspect" "56339b113428f94b865fab9bd35826eeb0ce06ed2682010e4f4e6f0928505cec", kill_on_drop: false }`
[INFO] running `Command { std: "docker" "rm" "-f" "56339b113428f94b865fab9bd35826eeb0ce06ed2682010e4f4e6f0928505cec", kill_on_drop: false }`
[INFO] [stdout] 56339b113428f94b865fab9bd35826eeb0ce06ed2682010e4f4e6f0928505cec
