[INFO] fetching crate delite-core 0.2.5...
[INFO] testing delite-core-0.2.5 against 1.100.0-beta.1+cargoflags=--release for beta-release-1.100-2
[INFO] extracting crate delite-core 0.2.5 into /workspace/builds/worker-2-tc2/source
[INFO] started tweaking crates.io crate delite-core 0.2.5
[INFO] removed 0 missing examples
[INFO] removed 0 missing tests
[INFO] finished tweaking crates.io crate delite-core 0.2.5
[INFO] tweaked toml for crates.io crate delite-core 0.2.5 written to /workspace/builds/worker-2-tc2/source/Cargo.toml
[INFO] validating manifest of crates.io crate delite-core 0.2.5 on toolchain 1.100.0-beta.1
[INFO] running `Command { std: CARGO_HOME="/workspace/cargo-home" RUSTUP_HOME="/workspace/rustup-home" "/workspace/cargo-home/bin/cargo" "+1.100.0-beta.1" "metadata" "--manifest-path" "Cargo.toml" "--no-deps", kill_on_drop: false }`
[INFO] crate crates.io crate delite-core 0.2.5 already has a lockfile, it will not be regenerated
[INFO] running `Command { std: CARGO_HOME="/workspace/cargo-home" RUSTUP_HOME="/workspace/rustup-home" "/workspace/cargo-home/bin/cargo" "+1.100.0-beta.1" "fetch" "--manifest-path" "Cargo.toml", kill_on_drop: false }`
[INFO] running `Command { std: "docker" "create" "-v" "/var/lib/crater-agent-workspace/builds/worker-2-tc2/source:/opt/rustwide/workdir:ro,Z" "-v" "/var/lib/crater-agent-workspace/builds/worker-2-tc2/target:/opt/rustwide/target:rw,Z" "-v" "/var/lib/crater-agent-workspace/cargo-home:/opt/rustwide/cargo-home:ro,Z" "-v" "/var/lib/crater-agent-workspace/rustup-home:/opt/rustwide/rustup-home:ro,Z" "-m" "1610612736" "--network" "none" "ghcr.io/rust-lang/crates-build-env/linux@sha256:77db811e55d90add9212f6832c23229e3de5f1c1f9905e8cb07319ea15df73ac" "sleep" "infinity", kill_on_drop: false }`
[INFO] [stdout] 9add57f223dc1c74f0bb22066487b60141d690b247aa6ed73167d6a4a7aa2e9b
[INFO] running `Command { std: "docker" "start" "9add57f223dc1c74f0bb22066487b60141d690b247aa6ed73167d6a4a7aa2e9b", kill_on_drop: false }`
[INFO] running `Command { std: "docker" "inspect" "9add57f223dc1c74f0bb22066487b60141d690b247aa6ed73167d6a4a7aa2e9b", kill_on_drop: false }`
[INFO] running `Command { std: "docker" "exec" "-e" "SOURCE_DIR=/opt/rustwide/workdir" "-e" "CARGO_HOME=/opt/rustwide/cargo-home" "-e" "RUSTUP_HOME=/opt/rustwide/rustup-home" "-e" "CARGO_TARGET_DIR=/opt/rustwide/target" "-w" "/opt/rustwide/workdir" "--user" "0:0" "9add57f223dc1c74f0bb22066487b60141d690b247aa6ed73167d6a4a7aa2e9b" "/opt/rustwide/cargo-home/bin/cargo" "+1.100.0-beta.1" "metadata" "--no-deps" "--format-version=1", kill_on_drop: false }`
[INFO] running `Command { std: "docker" "inspect" "9add57f223dc1c74f0bb22066487b60141d690b247aa6ed73167d6a4a7aa2e9b", kill_on_drop: false }`
[INFO] running `Command { std: "docker" "exec" "-e" "SOURCE_DIR=/opt/rustwide/workdir" "-e" "CARGO_HOME=/opt/rustwide/cargo-home" "-e" "RUSTUP_HOME=/opt/rustwide/rustup-home" "-e" "CARGO_TARGET_DIR=/opt/rustwide/target" "-e" "CARGO_INCREMENTAL=0" "-e" "RUST_BACKTRACE=full" "-e" "RUSTFLAGS=--cap-lints=warn" "-e" "RUSTDOCFLAGS=--cap-lints=warn" "-w" "/opt/rustwide/workdir" "--user" "0:0" "9add57f223dc1c74f0bb22066487b60141d690b247aa6ed73167d6a4a7aa2e9b" "/opt/rustwide/cargo-home/bin/cargo" "+1.100.0-beta.1" "build" "--frozen" "--message-format=json" "--release", kill_on_drop: false }`
[INFO] [stderr]    Compiling delite-core v0.2.5 (/opt/rustwide/workdir)
[INFO] [stdout] warning: unused import: `Value`
[INFO] [stdout]   --> src/storage/wal_store.rs:16:43
[INFO] [stdout]    |
[INFO] [stdout] 16 | use crate::json::{self, FromJson, ToJson, Value};
[INFO] [stdout]    |                                           ^^^^^
[INFO] [stdout]    |
[INFO] [stdout]    = note: `#[warn(unused_imports)]` (part of `#[warn(unused)]`) on by default
[INFO] [stdout] 
[INFO] [stdout] 
[INFO] [stdout] warning: unused variable: `tools_hash`
[INFO] [stdout]    --> src/execution/replay.rs:247:9
[INFO] [stdout]     |
[INFO] [stdout] 247 |         tools_hash: Option<u64>,
[INFO] [stdout]     |         ^^^^^^^^^^ help: if this is intentional, prefix it with an underscore: `_tools_hash`
[INFO] [stdout]     |
[INFO] [stdout]     = note: `#[warn(unused_variables)]` (part of `#[warn(unused)]`) on by default
[INFO] [stdout] 
[INFO] [stdout] 
[INFO] [stdout] warning: method `reconstruct_conversation` is never used
[INFO] [stdout]    --> src/agent/runtime.rs:842:8
[INFO] [stdout]     |
[INFO] [stdout] 205 | impl AgentRuntime {
[INFO] [stdout]     | ----------------- method in this implementation
[INFO] [stdout] ...
[INFO] [stdout] 842 |     fn reconstruct_conversation(
[INFO] [stdout]     |        ^^^^^^^^^^^^^^^^^^^^^^^^
[INFO] [stdout]     |
[INFO] [stdout]     = note: `#[warn(dead_code)]` (part of `#[warn(unused)]`) on by default
[INFO] [stdout] 
[INFO] [stdout] 
[INFO] [stderr]     Finished `release` profile [optimized] target(s) in 12.56s
[INFO] running `Command { std: "docker" "inspect" "9add57f223dc1c74f0bb22066487b60141d690b247aa6ed73167d6a4a7aa2e9b", kill_on_drop: false }`
[INFO] running `Command { std: "docker" "exec" "-e" "SOURCE_DIR=/opt/rustwide/workdir" "-e" "CARGO_HOME=/opt/rustwide/cargo-home" "-e" "RUSTUP_HOME=/opt/rustwide/rustup-home" "-e" "CARGO_TARGET_DIR=/opt/rustwide/target" "-e" "CARGO_INCREMENTAL=0" "-e" "RUST_BACKTRACE=full" "-e" "RUSTFLAGS=--cap-lints=warn" "-e" "RUSTDOCFLAGS=--cap-lints=warn" "-w" "/opt/rustwide/workdir" "--user" "0:0" "9add57f223dc1c74f0bb22066487b60141d690b247aa6ed73167d6a4a7aa2e9b" "/opt/rustwide/cargo-home/bin/cargo" "+1.100.0-beta.1" "test" "--frozen" "--no-run" "--message-format=json" "--release", kill_on_drop: false }`
[INFO] [stdout] warning: unused import: `Value`
[INFO] [stdout]   --> src/storage/wal_store.rs:16:43
[INFO] [stdout]    |
[INFO] [stdout] 16 | use crate::json::{self, FromJson, ToJson, Value};
[INFO] [stdout]    |                                           ^^^^^
[INFO] [stdout]    |
[INFO] [stdout]    = note: `#[warn(unused_imports)]` (part of `#[warn(unused)]`) on by default
[INFO] [stdout] 
[INFO] [stdout] 
[INFO] [stdout] warning: unused variable: `tools_hash`
[INFO] [stdout]    --> src/execution/replay.rs:247:9
[INFO] [stdout]     |
[INFO] [stdout] 247 |         tools_hash: Option<u64>,
[INFO] [stdout]     |         ^^^^^^^^^^ help: if this is intentional, prefix it with an underscore: `_tools_hash`
[INFO] [stdout]     |
[INFO] [stdout]     = note: `#[warn(unused_variables)]` (part of `#[warn(unused)]`) on by default
[INFO] [stdout] 
[INFO] [stdout] 
[INFO] [stdout] warning: method `reconstruct_conversation` is never used
[INFO] [stdout]    --> src/agent/runtime.rs:842:8
[INFO] [stdout]     |
[INFO] [stdout] 205 | impl AgentRuntime {
[INFO] [stdout]     | ----------------- method in this implementation
[INFO] [stdout] ...
[INFO] [stdout] 842 |     fn reconstruct_conversation(
[INFO] [stdout]     |        ^^^^^^^^^^^^^^^^^^^^^^^^
[INFO] [stdout]     |
[INFO] [stdout]     = note: `#[warn(dead_code)]` (part of `#[warn(unused)]`) on by default
[INFO] [stdout] 
[INFO] [stdout] 
[INFO] [stderr]    Compiling delite-core v0.2.5 (/opt/rustwide/workdir)
[INFO] [stdout] error[E0432]: unresolved import `durable_runtime`
[INFO] [stdout]  --> examples/crash_recovery.rs:6:5
[INFO] [stdout]   |
[INFO] [stdout] 6 | use durable_runtime::*;
[INFO] [stdout]   |     ^^^^^^^^^^^^^^^ use of unresolved module or unlinked crate `durable_runtime`
[INFO] [stdout]   |
[INFO] [stdout]   = help: if you wanted to use a crate named `durable_runtime`, use `cargo add durable_runtime` to add it to your `Cargo.toml`
[INFO] [stdout] 
[INFO] [stdout] 
[INFO] [stdout] error[E0433]: cannot find module or crate `durable_runtime` in this scope
[INFO] [stdout]  --> tests/wal_bench.rs:6:5
[INFO] [stdout]   |
[INFO] [stdout] 6 | use durable_runtime::storage::wal::DurableLog;
[INFO] [stdout]   |     ^^^^^^^^^^^^^^^ use of unresolved module or unlinked crate `durable_runtime`
[INFO] [stdout]   |
[INFO] [stdout]   = help: if you wanted to use a crate named `durable_runtime`, use `cargo add durable_runtime` to add it to your `Cargo.toml`
[INFO] [stdout] 
[INFO] [stdout] 
[INFO] [stdout] error[E0433]: cannot find module or crate `durable_runtime` in this scope
[INFO] [stdout]  --> tests/wal_bench.rs:7:5
[INFO] [stdout]   |
[INFO] [stdout] 7 | use durable_runtime::storage::{FileEventStore, InMemoryEventStore, EventStore, EventType};
[INFO] [stdout]   |     ^^^^^^^^^^^^^^^ use of unresolved module or unlinked crate `durable_runtime`
[INFO] [stdout]   |
[INFO] [stdout]   = help: if you wanted to use a crate named `durable_runtime`, use `cargo add durable_runtime` to add it to your `Cargo.toml`
[INFO] [stdout] 
[INFO] [stdout] 
[INFO] [stdout] error[E0433]: cannot find module or crate `durable_runtime` in this scope
[INFO] [stdout]  --> tests/wal_bench.rs:8:5
[INFO] [stdout]   |
[INFO] [stdout] 8 | use durable_runtime::core::types::ExecutionId;
[INFO] [stdout]   |     ^^^^^^^^^^^^^^^ use of unresolved module or unlinked crate `durable_runtime`
[INFO] [stdout]   |
[INFO] [stdout]   = help: if you wanted to use a crate named `durable_runtime`, use `cargo add durable_runtime` to add it to your `Cargo.toml`
[INFO] [stdout] 
[INFO] [stdout] 
[INFO] [stdout] error: cannot find macro `json` in this scope
[INFO] [stdout]   --> examples/crash_recovery.rs:29:28
[INFO] [stdout]    |
[INFO] [stdout] 29 |                 arguments: json!({ "amount": 99.99 }),
[INFO] [stdout]    |                            ^^^^
[INFO] [stdout] 
[INFO] [stdout] 
[INFO] [stdout] error: cannot find macro `json` in this scope
[INFO] [stdout]   --> examples/crash_recovery.rs:34:28
[INFO] [stdout]    |
[INFO] [stdout] 34 |                 arguments: json!({ "to": "customer@example.com" }),
[INFO] [stdout]    |                            ^^^^
[INFO] [stdout] 
[INFO] [stdout] 
[INFO] [stdout] error: cannot find macro `json` in this scope
[INFO] [stdout]   --> examples/crash_recovery.rs:40:13
[INFO] [stdout]    |
[INFO] [stdout] 40 |             json!({ "type": "object", "properties": { "amount": { "type": "number" } } }),
[INFO] [stdout]    |             ^^^^
[INFO] [stdout] 
[INFO] [stdout] 
[INFO] [stdout] error: cannot find macro `json` in this scope
[INFO] [stdout]   --> examples/crash_recovery.rs:45:20
[INFO] [stdout]    |
[INFO] [stdout] 45 |                 Ok(json!({ "transaction_id": "txn_abc123", "amount": amount, "status": "charged" }))
[INFO] [stdout]    |                    ^^^^
[INFO] [stdout] 
[INFO] [stdout] 
[INFO] [stdout] error[E0432]: unresolved import `durable_runtime`
[INFO] [stdout]  --> examples/echo_agent.rs:3:5
[INFO] [stdout]   |
[INFO] [stdout] 3 | use durable_runtime::*;
[INFO] [stdout]   |     ^^^^^^^^^^^^^^^ use of unresolved module or unlinked crate `durable_runtime`
[INFO] [stdout]   |
[INFO] [stdout]   = help: if you wanted to use a crate named `durable_runtime`, use `cargo add durable_runtime` to add it to your `Cargo.toml`
[INFO] [stdout] 
[INFO] [stdout] 
[INFO] [stdout] error: cannot find macro `json` in this scope
[INFO] [stdout]   --> examples/crash_recovery.rs:49:13
[INFO] [stdout]    |
[INFO] [stdout] 49 |             json!({ "type": "object", "properties": { "to": { "type": "string" } } }),
[INFO] [stdout]    |             ^^^^
[INFO] [stdout] 
[INFO] [stdout] 
[INFO] [stdout] error[E0432]: unresolved import `durable_runtime`
[INFO] [stdout]  --> examples/tool_agent.rs:3:5
[INFO] [stdout]   |
[INFO] [stdout] 3 | use durable_runtime::*;
[INFO] [stdout]   |     ^^^^^^^^^^^^^^^ use of unresolved module or unlinked crate `durable_runtime`
[INFO] [stdout]   |
[INFO] [stdout]   = help: if you wanted to use a crate named `durable_runtime`, use `cargo add durable_runtime` to add it to your `Cargo.toml`
[INFO] [stdout] 
[INFO] [stdout] 
[INFO] [stdout] error: cannot find macro `json` in this scope
[INFO] [stdout]   --> examples/crash_recovery.rs:54:20
[INFO] [stdout]    |
[INFO] [stdout] 54 |                 Ok(json!({ "sent": true, "to": to }))
[INFO] [stdout]    |                    ^^^^
[INFO] [stdout] 
[INFO] [stdout] 
[INFO] [stdout] For more information about this error, try `rustc --explain E0433`.
[INFO] [stdout] 
[INFO] [stderr] error: could not compile `delite-core` (test "wal_bench") due to 3 previous errors
[INFO] [stderr] warning: build failed, waiting for other jobs to finish...
[INFO] [stdout] error[E0433]: cannot find module or crate `durable_runtime` in this scope
[INFO] [stdout]  --> tests/validation.rs:5:5
[INFO] [stdout]   |
[INFO] [stdout] 5 | use durable_runtime::json::{self, json_object, json_str, json_num, json_null, json_bool, ToJson, FromJson};
[INFO] [stdout]   |     ^^^^^^^^^^^^^^^ use of unresolved module or unlinked crate `durable_runtime`
[INFO] [stdout]   |
[INFO] [stdout]   = help: if you wanted to use a crate named `durable_runtime`, use `cargo add durable_runtime` to add it to your `Cargo.toml`
[INFO] [stdout] 
[INFO] [stdout] 
[INFO] [stdout] error[E0433]: cannot find module or crate `durable_runtime` in this scope
[INFO] [stdout]    --> tests/validation.rs:695:9
[INFO] [stdout]     |
[INFO] [stdout] 695 |     use durable_runtime::storage::{hash_event, validate_chain};
[INFO] [stdout]     |         ^^^^^^^^^^^^^^^ use of unresolved module or unlinked crate `durable_runtime`
[INFO] [stdout]     |
[INFO] [stdout]     = help: if you wanted to use a crate named `durable_runtime`, use `cargo add durable_runtime` to add it to your `Cargo.toml`
[INFO] [stdout] 
[INFO] [stdout] 
[INFO] [stdout] error[E0433]: cannot find module or crate `durable_runtime` in this scope
[INFO] [stdout]    --> tests/validation.rs:722:9
[INFO] [stdout]     |
[INFO] [stdout] 722 |     use durable_runtime::storage::{hash_event, validate_chain, Event};
[INFO] [stdout]     |         ^^^^^^^^^^^^^^^ use of unresolved module or unlinked crate `durable_runtime`
[INFO] [stdout]     |
[INFO] [stdout]     = help: if you wanted to use a crate named `durable_runtime`, use `cargo add durable_runtime` to add it to your `Cargo.toml`
[INFO] [stdout] 
[INFO] [stdout] 
[INFO] [stdout] error[E0433]: cannot find module or crate `durable_runtime` in this scope
[INFO] [stdout]    --> tests/validation.rs:723:9
[INFO] [stdout]     |
[INFO] [stdout] 723 |     use durable_runtime::core::time::now_millis;
[INFO] [stdout]     |         ^^^^^^^^^^^^^^^ use of unresolved module or unlinked crate `durable_runtime`
[INFO] [stdout]     |
[INFO] [stdout]     = help: if you wanted to use a crate named `durable_runtime`, use `cargo add durable_runtime` to add it to your `Cargo.toml`
[INFO] [stdout] 
[INFO] [stdout] 
[INFO] [stdout] error[E0433]: cannot find module or crate `durable_runtime` in this scope
[INFO] [stdout]    --> tests/validation.rs:816:9
[INFO] [stdout]     |
[INFO] [stdout] 816 |     use durable_runtime::storage::ExecutionState;
[INFO] [stdout]     |         ^^^^^^^^^^^^^^^ use of unresolved module or unlinked crate `durable_runtime`
[INFO] [stdout]     |
[INFO] [stdout]     = help: if you wanted to use a crate named `durable_runtime`, use `cargo add durable_runtime` to add it to your `Cargo.toml`
[INFO] [stdout] 
[INFO] [stdout] 
[INFO] [stdout] error[E0433]: cannot find module or crate `durable_runtime` in this scope
[INFO] [stdout]    --> tests/validation.rs:817:9
[INFO] [stdout]     |
[INFO] [stdout] 817 |     use durable_runtime::json::{ToJson, FromJson};
[INFO] [stdout]     |         ^^^^^^^^^^^^^^^ use of unresolved module or unlinked crate `durable_runtime`
[INFO] [stdout]     |
[INFO] [stdout]     = help: if you wanted to use a crate named `durable_runtime`, use `cargo add durable_runtime` to add it to your `Cargo.toml`
[INFO] [stdout] 
[INFO] [stdout] 
[INFO] [stdout] error[E0433]: cannot find module or crate `durable_runtime` in this scope
[INFO] [stdout]     --> tests/validation.rs:1067:9
[INFO] [stdout]      |
[INFO] [stdout] 1067 |     use durable_runtime::json::{ToJson, FromJson};
[INFO] [stdout]      |         ^^^^^^^^^^^^^^^ use of unresolved module or unlinked crate `durable_runtime`
[INFO] [stdout]      |
[INFO] [stdout]      = help: if you wanted to use a crate named `durable_runtime`, use `cargo add durable_runtime` to add it to your `Cargo.toml`
[INFO] [stdout] 
[INFO] [stdout] 
[INFO] [stdout] error[E0433]: cannot find module or crate `durable_runtime` in this scope
[INFO] [stdout]     --> tests/validation.rs:1177:9
[INFO] [stdout]      |
[INFO] [stdout] 1177 |     use durable_runtime::storage::{hash_event, Event};
[INFO] [stdout]      |         ^^^^^^^^^^^^^^^ use of unresolved module or unlinked crate `durable_runtime`
[INFO] [stdout]      |
[INFO] [stdout]      = help: if you wanted to use a crate named `durable_runtime`, use `cargo add durable_runtime` to add it to your `Cargo.toml`
[INFO] [stdout] 
[INFO] [stdout] 
[INFO] [stdout] error[E0433]: cannot find module or crate `durable_runtime` in this scope
[INFO] [stdout]     --> tests/validation.rs:1315:9
[INFO] [stdout]      |
[INFO] [stdout] 1315 |     use durable_runtime::core::retry::{StepRetryOverride, RetryPolicy};
[INFO] [stdout]      |         ^^^^^^^^^^^^^^^ use of unresolved module or unlinked crate `durable_runtime`
[INFO] [stdout]      |
[INFO] [stdout]      = help: if you wanted to use a crate named `durable_runtime`, use `cargo add durable_runtime` to add it to your `Cargo.toml`
[INFO] [stdout] 
[INFO] [stdout] 
[INFO] [stdout] error[E0433]: cannot find module or crate `durable_runtime` in this scope
[INFO] [stdout]     --> tests/validation.rs:1346:9
[INFO] [stdout]      |
[INFO] [stdout] 1346 |     use durable_runtime::core::retry::Retryable;
[INFO] [stdout]      |         ^^^^^^^^^^^^^^^ use of unresolved module or unlinked crate `durable_runtime`
[INFO] [stdout]      |
[INFO] [stdout]      = help: if you wanted to use a crate named `durable_runtime`, use `cargo add durable_runtime` to add it to your `Cargo.toml`
[INFO] [stdout] 
[INFO] [stdout] 
[INFO] [stdout] error[E0432]: unresolved import `durable_runtime`
[INFO] [stdout]  --> tests/validation.rs:4:5
[INFO] [stdout]   |
[INFO] [stdout] 4 | use durable_runtime::*;
[INFO] [stdout]   |     ^^^^^^^^^^^^^^^ use of unresolved module or unlinked crate `durable_runtime`
[INFO] [stdout]   |
[INFO] [stdout]   = help: if you wanted to use a crate named `durable_runtime`, use `cargo add durable_runtime` to add it to your `Cargo.toml`
[INFO] [stdout] 
[INFO] [stdout] 
[INFO] [stdout] error[E0432]: unresolved import `durable_runtime`
[INFO] [stdout]     --> tests/validation.rs:1477:9
[INFO] [stdout]      |
[INFO] [stdout] 1477 |     use durable_runtime::Budget;
[INFO] [stdout]      |         ^^^^^^^^^^^^^^^ use of unresolved module or unlinked crate `durable_runtime`
[INFO] [stdout]      |
[INFO] [stdout]      = help: if you wanted to use a crate named `durable_runtime`, use `cargo add durable_runtime` to add it to your `Cargo.toml`
[INFO] [stdout] 
[INFO] [stdout] 
[INFO] [stdout] error[E0432]: unresolved import `durable_runtime`
[INFO] [stdout]     --> tests/validation.rs:1514:9
[INFO] [stdout]      |
[INFO] [stdout] 1514 |     use durable_runtime::AgentCoordinator;
[INFO] [stdout]      |         ^^^^^^^^^^^^^^^ use of unresolved module or unlinked crate `durable_runtime`
[INFO] [stdout]      |
[INFO] [stdout]      = help: if you wanted to use a crate named `durable_runtime`, use `cargo add durable_runtime` to add it to your `Cargo.toml`
[INFO] [stdout] 
[INFO] [stdout] 
[INFO] [stdout] error[E0432]: unresolved import `durable_runtime`
[INFO] [stdout]     --> tests/validation.rs:1543:9
[INFO] [stdout]      |
[INFO] [stdout] 1543 |     use durable_runtime::AgentCoordinator;
[INFO] [stdout]      |         ^^^^^^^^^^^^^^^ use of unresolved module or unlinked crate `durable_runtime`
[INFO] [stdout]      |
[INFO] [stdout]      = help: if you wanted to use a crate named `durable_runtime`, use `cargo add durable_runtime` to add it to your `Cargo.toml`
[INFO] [stdout] 
[INFO] [stdout] 
[INFO] [stdout] error: cannot find macro `json` in this scope
[INFO] [stdout]   --> examples/tool_agent.rs:17:32
[INFO] [stdout]    |
[INFO] [stdout] 17 |                     arguments: json!({ "location": "San Francisco" }),
[INFO] [stdout]    |                                ^^^^
[INFO] [stdout] 
[INFO] [stdout] 
[INFO] [stdout] error: cannot find macro `json` in this scope
[INFO] [stdout]   --> examples/tool_agent.rs:22:32
[INFO] [stdout]    |
[INFO] [stdout] 22 |                     arguments: json!({ "expression": "72 + 45" }),
[INFO] [stdout]    |                                ^^^^
[INFO] [stdout] 
[INFO] [stdout] 
[INFO] [stdout] error: cannot find macro `json` in this scope
[INFO] [stdout]   --> examples/tool_agent.rs:32:13
[INFO] [stdout]    |
[INFO] [stdout] 32 |             json!({
[INFO] [stdout]    |             ^^^^
[INFO] [stdout] 
[INFO] [stdout] 
[INFO] [stdout] For more information about this error, try `rustc --explain E0432`.
[INFO] [stdout] 
[INFO] [stdout] error: cannot find macro `json` in this scope
[INFO] [stdout]   --> examples/tool_agent.rs:41:20
[INFO] [stdout]    |
[INFO] [stdout] 41 |                 Ok(json!({ "location": loc, "temperature": 72, "conditions": "sunny" }))
[INFO] [stdout]    |                    ^^^^
[INFO] [stdout] 
[INFO] [stdout] 
[INFO] [stdout] For more information about this error, try `rustc --explain E0432`.
[INFO] [stdout] 
[INFO] [stderr] error: could not compile `delite-core` (example "crash_recovery") due to 7 previous errors
[INFO] [stderr] error: could not compile `delite-core` (example "echo_agent") due to 1 previous error
[INFO] [stdout] error: cannot find macro `json` in this scope
[INFO] [stdout]   --> examples/tool_agent.rs:45:13
[INFO] [stdout]    |
[INFO] [stdout] 45 |             json!({
[INFO] [stdout]    |             ^^^^
[INFO] [stdout] 
[INFO] [stdout] 
[INFO] [stdout] error: cannot find macro `json` in this scope
[INFO] [stdout]   --> examples/tool_agent.rs:54:20
[INFO] [stdout]    |
[INFO] [stdout] 54 |                 Ok(json!({ "expression": expr, "result": 117 }))
[INFO] [stdout]    |                    ^^^^
[INFO] [stdout] 
[INFO] [stdout] 
[INFO] [stdout] error[E0433]: cannot find module or crate `durable_runtime` in this scope
[INFO] [stdout]  --> tests/integration.rs:4:5
[INFO] [stdout]   |
[INFO] [stdout] 4 | use durable_runtime::json::{self, json_object, json_str, json_num, json_bool};
[INFO] [stdout]   |     ^^^^^^^^^^^^^^^ use of unresolved module or unlinked crate `durable_runtime`
[INFO] [stdout]   |
[INFO] [stdout]   = help: if you wanted to use a crate named `durable_runtime`, use `cargo add durable_runtime` to add it to your `Cargo.toml`
[INFO] [stdout] 
[INFO] [stdout] 
[INFO] [stdout] error[E0433]: cannot find module or crate `durable_runtime` in this scope
[INFO] [stdout]  --> tests/integration.rs:5:5
[INFO] [stdout]   |
[INFO] [stdout] 5 | use durable_runtime::tool::{ProcessToolHandler, ToolHandler};
[INFO] [stdout]   |     ^^^^^^^^^^^^^^^ use of unresolved module or unlinked crate `durable_runtime`
[INFO] [stdout]   |
[INFO] [stdout]   = help: if you wanted to use a crate named `durable_runtime`, use `cargo add durable_runtime` to add it to your `Cargo.toml`
[INFO] [stdout] 
[INFO] [stdout] 
[INFO] [stdout] error[E0433]: cannot find module or crate `durable_runtime` in this scope
[INFO] [stdout]    --> tests/integration.rs:295:9
[INFO] [stdout]     |
[INFO] [stdout] 295 |     use durable_runtime::core::process::run_with_kill_timeout;
[INFO] [stdout]     |         ^^^^^^^^^^^^^^^ use of unresolved module or unlinked crate `durable_runtime`
[INFO] [stdout]     |
[INFO] [stdout]     = help: if you wanted to use a crate named `durable_runtime`, use `cargo add durable_runtime` to add it to your `Cargo.toml`
[INFO] [stdout] 
[INFO] [stdout] 
[INFO] [stdout] error[E0432]: unresolved import `durable_runtime`
[INFO] [stdout]  --> tests/integration.rs:3:5
[INFO] [stdout]   |
[INFO] [stdout] 3 | use durable_runtime::*;
[INFO] [stdout]   |     ^^^^^^^^^^^^^^^ use of unresolved module or unlinked crate `durable_runtime`
[INFO] [stdout]   |
[INFO] [stdout]   = help: if you wanted to use a crate named `durable_runtime`, use `cargo add durable_runtime` to add it to your `Cargo.toml`
[INFO] [stdout] 
[INFO] [stdout] 
[INFO] [stdout] error[E0432]: unresolved import `durable_runtime`
[INFO] [stdout]    --> tests/integration.rs:339:9
[INFO] [stdout]     |
[INFO] [stdout] 339 |     use durable_runtime::ThreadPool;
[INFO] [stdout]     |         ^^^^^^^^^^^^^^^ use of unresolved module or unlinked crate `durable_runtime`
[INFO] [stdout]     |
[INFO] [stdout]     = help: if you wanted to use a crate named `durable_runtime`, use `cargo add durable_runtime` to add it to your `Cargo.toml`
[INFO] [stdout] 
[INFO] [stdout] 
[INFO] [stdout] error[E0432]: unresolved import `durable_runtime`
[INFO] [stdout]    --> tests/integration.rs:353:9
[INFO] [stdout]     |
[INFO] [stdout] 353 |     use durable_runtime::ThreadPool;
[INFO] [stdout]     |         ^^^^^^^^^^^^^^^ use of unresolved module or unlinked crate `durable_runtime`
[INFO] [stdout]     |
[INFO] [stdout]     = help: if you wanted to use a crate named `durable_runtime`, use `cargo add durable_runtime` to add it to your `Cargo.toml`
[INFO] [stdout] 
[INFO] [stdout] 
[INFO] [stdout] error[E0433]: cannot find module or crate `durable_runtime` in this scope
[INFO] [stdout]    --> tests/integration.rs:414:9
[INFO] [stdout]     |
[INFO] [stdout] 414 |     use durable_runtime::storage::Journal;
[INFO] [stdout]     |         ^^^^^^^^^^^^^^^ use of unresolved module or unlinked crate `durable_runtime`
[INFO] [stdout]     |
[INFO] [stdout]     = help: if you wanted to use a crate named `durable_runtime`, use `cargo add durable_runtime` to add it to your `Cargo.toml`
[INFO] [stdout] 
[INFO] [stdout] 
[INFO] [stdout] error[E0433]: cannot find module or crate `durable_runtime` in this scope
[INFO] [stdout]    --> tests/integration.rs:497:9
[INFO] [stdout]     |
[INFO] [stdout] 497 |     use durable_runtime::core::process::run_with_kill_timeout;
[INFO] [stdout]     |         ^^^^^^^^^^^^^^^ use of unresolved module or unlinked crate `durable_runtime`
[INFO] [stdout]     |
[INFO] [stdout]     = help: if you wanted to use a crate named `durable_runtime`, use `cargo add durable_runtime` to add it to your `Cargo.toml`
[INFO] [stdout] 
[INFO] [stdout] 
[INFO] [stdout] error[E0433]: cannot find module or crate `durable_runtime` in this scope
[INFO] [stdout]    --> tests/integration.rs:656:9
[INFO] [stdout]     |
[INFO] [stdout] 656 |     use durable_runtime::worker::{Worker, WorkerConfig};
[INFO] [stdout]     |         ^^^^^^^^^^^^^^^ use of unresolved module or unlinked crate `durable_runtime`
[INFO] [stdout]     |
[INFO] [stdout]     = help: if you wanted to use a crate named `durable_runtime`, use `cargo add durable_runtime` to add it to your `Cargo.toml`
[INFO] [stdout] 
[INFO] [stdout] 
[INFO] [stdout] error[E0433]: cannot find module or crate `durable_runtime` in this scope
[INFO] [stdout]    --> tests/integration.rs:728:9
[INFO] [stdout]     |
[INFO] [stdout] 728 |     use durable_runtime::worker::{Worker, WorkerConfig};
[INFO] [stdout]     |         ^^^^^^^^^^^^^^^ use of unresolved module or unlinked crate `durable_runtime`
[INFO] [stdout]     |
[INFO] [stdout]     = help: if you wanted to use a crate named `durable_runtime`, use `cargo add durable_runtime` to add it to your `Cargo.toml`
[INFO] [stdout] 
[INFO] [stdout] 
[INFO] [stdout] error[E0432]: unresolved import `durable_runtime`
[INFO] [stdout]    --> tests/integration.rs:388:9
[INFO] [stdout]     |
[INFO] [stdout] 388 |     use durable_runtime::*;
[INFO] [stdout]     |         ^^^^^^^^^^^^^^^ use of unresolved module or unlinked crate `durable_runtime`
[INFO] [stdout]     |
[INFO] [stdout]     = help: if you wanted to use a crate named `durable_runtime`, use `cargo add durable_runtime` to add it to your `Cargo.toml`
[INFO] [stdout] 
[INFO] [stdout] 
[INFO] [stdout] For more information about this error, try `rustc --explain E0432`.
[INFO] [stdout] 
[INFO] [stderr] error: could not compile `delite-core` (example "tool_agent") due to 7 previous errors
[INFO] [stdout] warning: unused import: `Value`
[INFO] [stdout]   --> src/storage/wal_store.rs:16:43
[INFO] [stdout]    |
[INFO] [stdout] 16 | use crate::json::{self, FromJson, ToJson, Value};
[INFO] [stdout]    |                                           ^^^^^
[INFO] [stdout]    |
[INFO] [stdout]    = note: `#[warn(unused_imports)]` (part of `#[warn(unused)]`) on by default
[INFO] [stdout] 
[INFO] [stdout] 
[INFO] [stdout] warning: variable does not need to be mutable
[INFO] [stdout]    --> src/storage/wal.rs:522:13
[INFO] [stdout]     |
[INFO] [stdout] 522 |         let mut content = fs::read(&path).unwrap();
[INFO] [stdout]     |             ----^^^^^^^
[INFO] [stdout]     |             |
[INFO] [stdout]     |             help: remove this `mut`
[INFO] [stdout]     |
[INFO] [stdout]     = note: `#[warn(unused_mut)]` (part of `#[warn(unused)]`) on by default
[INFO] [stdout] 
[INFO] [stdout] 
[INFO] [stdout] warning: unused variable: `raw`
[INFO] [stdout]    --> src/storage/wal.rs:519:13
[INFO] [stdout]     |
[INFO] [stdout] 519 |         let raw = fs::read(&path).unwrap();
[INFO] [stdout]     |             ^^^ help: if this is intentional, prefix it with an underscore: `_raw`
[INFO] [stdout]     |
[INFO] [stdout]     = note: `#[warn(unused_variables)]` (part of `#[warn(unused)]`) on by default
[INFO] [stdout] 
[INFO] [stdout] 
[INFO] [stdout] warning: unused variable: `content`
[INFO] [stdout]    --> src/storage/wal.rs:522:13
[INFO] [stdout]     |
[INFO] [stdout] 522 |         let mut content = fs::read(&path).unwrap();
[INFO] [stdout]     |             ^^^^^^^^^^^ help: if this is intentional, prefix it with an underscore: `_content`
[INFO] [stdout] 
[INFO] [stdout] 
[INFO] [stdout] Some errors have detailed explanations: E0432, E0433.
[INFO] [stdout] 
[INFO] [stdout] For more information about an error, try `rustc --explain E0432`.
[INFO] [stdout] 
[INFO] [stderr] error: could not compile `delite-core` (test "integration") due to 11 previous errors
[INFO] [stdout] warning: unused variable: `tools_hash`
[INFO] [stdout]    --> src/execution/replay.rs:247:9
[INFO] [stdout]     |
[INFO] [stdout] 247 |         tools_hash: Option<u64>,
[INFO] [stdout]     |         ^^^^^^^^^^ help: if this is intentional, prefix it with an underscore: `_tools_hash`
[INFO] [stdout] 
[INFO] [stdout] 
[INFO] [stdout] warning: method `reconstruct_conversation` is never used
[INFO] [stdout]    --> src/agent/runtime.rs:842:8
[INFO] [stdout]     |
[INFO] [stdout] 205 | impl AgentRuntime {
[INFO] [stdout]     | ----------------- method in this implementation
[INFO] [stdout] ...
[INFO] [stdout] 842 |     fn reconstruct_conversation(
[INFO] [stdout]     |        ^^^^^^^^^^^^^^^^^^^^^^^^
[INFO] [stdout]     |
[INFO] [stdout]     = note: `#[warn(dead_code)]` (part of `#[warn(unused)]`) on by default
[INFO] [stdout] 
[INFO] [stdout] 
[INFO] [stdout] Some errors have detailed explanations: E0432, E0433.
[INFO] [stdout] 
[INFO] [stdout] For more information about an error, try `rustc --explain E0432`.
[INFO] [stdout] 
[INFO] [stderr] error: could not compile `delite-core` (test "validation") due to 14 previous errors
[INFO] running `Command { std: "docker" "inspect" "9add57f223dc1c74f0bb22066487b60141d690b247aa6ed73167d6a4a7aa2e9b", kill_on_drop: false }`
[INFO] running `Command { std: "docker" "rm" "-f" "9add57f223dc1c74f0bb22066487b60141d690b247aa6ed73167d6a4a7aa2e9b", kill_on_drop: false }`
[INFO] [stdout] 9add57f223dc1c74f0bb22066487b60141d690b247aa6ed73167d6a4a7aa2e9b
