[INFO] fetching crate deku_string 0.4.1...
[INFO] testing deku_string-0.4.1 against 1.99.0-beta.8+cargoflags=--release for beta-release-1.100-2
[INFO] extracting crate deku_string 0.4.1 into /workspace/builds/worker-1-tc1/source
[INFO] started tweaking crates.io crate deku_string 0.4.1
[INFO] removed 0 missing tests
[INFO] finished tweaking crates.io crate deku_string 0.4.1
[INFO] tweaked toml for crates.io crate deku_string 0.4.1 written to /workspace/builds/worker-1-tc1/source/Cargo.toml
[INFO] validating manifest of crates.io crate deku_string 0.4.1 on toolchain 1.99.0-beta.8
[INFO] running `Command { std: CARGO_HOME="/workspace/cargo-home" RUSTUP_HOME="/workspace/rustup-home" "/workspace/cargo-home/bin/cargo" "+1.99.0-beta.8" "metadata" "--manifest-path" "Cargo.toml" "--no-deps", kill_on_drop: false }`
[INFO] crate crates.io crate deku_string 0.4.1 already has a lockfile, it will not be regenerated
[INFO] running `Command { std: CARGO_HOME="/workspace/cargo-home" RUSTUP_HOME="/workspace/rustup-home" "/workspace/cargo-home/bin/cargo" "+1.99.0-beta.8" "fetch" "--manifest-path" "Cargo.toml", kill_on_drop: false }`
[INFO] [stderr]  Downloading crates ...
[INFO] [stderr]   Downloaded deku_derive v0.20.2
[INFO] [stderr]   Downloaded zmij v1.0.3
[INFO] [stderr]   Downloaded pastey v0.2.1
[INFO] [stderr]   Downloaded no_std_io2 v0.9.3
[INFO] [stderr]   Downloaded deku v0.20.2
[INFO] running `Command { std: "docker" "create" "-v" "/var/lib/crater-agent-workspace/builds/worker-1-tc1/source:/opt/rustwide/workdir:ro,Z" "-v" "/var/lib/crater-agent-workspace/builds/worker-1-tc1/target:/opt/rustwide/target:rw,Z" "-v" "/var/lib/crater-agent-workspace/cargo-home:/opt/rustwide/cargo-home:ro,Z" "-v" "/var/lib/crater-agent-workspace/rustup-home:/opt/rustwide/rustup-home:ro,Z" "-m" "1610612736" "--network" "none" "ghcr.io/rust-lang/crates-build-env/linux@sha256:77db811e55d90add9212f6832c23229e3de5f1c1f9905e8cb07319ea15df73ac" "sleep" "infinity", kill_on_drop: false }`
[INFO] [stdout] 0a2b5ac6077c0c64ad6770f8165c4d3260b7733edd5cfcbae6645b75e1292e62
[INFO] running `Command { std: "docker" "start" "0a2b5ac6077c0c64ad6770f8165c4d3260b7733edd5cfcbae6645b75e1292e62", kill_on_drop: false }`
[INFO] running `Command { std: "docker" "inspect" "0a2b5ac6077c0c64ad6770f8165c4d3260b7733edd5cfcbae6645b75e1292e62", kill_on_drop: false }`
[INFO] running `Command { std: "docker" "exec" "-e" "SOURCE_DIR=/opt/rustwide/workdir" "-e" "CARGO_HOME=/opt/rustwide/cargo-home" "-e" "RUSTUP_HOME=/opt/rustwide/rustup-home" "-e" "CARGO_TARGET_DIR=/opt/rustwide/target" "-w" "/opt/rustwide/workdir" "--user" "0:0" "0a2b5ac6077c0c64ad6770f8165c4d3260b7733edd5cfcbae6645b75e1292e62" "/opt/rustwide/cargo-home/bin/cargo" "+1.99.0-beta.8" "metadata" "--no-deps" "--format-version=1", kill_on_drop: false }`
[INFO] running `Command { std: "docker" "inspect" "0a2b5ac6077c0c64ad6770f8165c4d3260b7733edd5cfcbae6645b75e1292e62", kill_on_drop: false }`
[INFO] running `Command { std: "docker" "exec" "-e" "SOURCE_DIR=/opt/rustwide/workdir" "-e" "CARGO_HOME=/opt/rustwide/cargo-home" "-e" "RUSTUP_HOME=/opt/rustwide/rustup-home" "-e" "CARGO_TARGET_DIR=/opt/rustwide/target" "-e" "CARGO_INCREMENTAL=0" "-e" "RUST_BACKTRACE=full" "-e" "RUSTFLAGS=--cap-lints=warn" "-e" "RUSTDOCFLAGS=--cap-lints=warn" "-w" "/opt/rustwide/workdir" "--user" "0:0" "0a2b5ac6077c0c64ad6770f8165c4d3260b7733edd5cfcbae6645b75e1292e62" "/opt/rustwide/cargo-home/bin/cargo" "+1.99.0-beta.8" "build" "--frozen" "--message-format=json" "--release", kill_on_drop: false }`
[INFO] [stderr]    Compiling proc-macro2 v1.0.104
[INFO] [stderr]    Compiling memchr v2.7.6
[INFO] [stderr]    Compiling quote v1.0.42
[INFO] [stderr]    Compiling syn v2.0.111
[INFO] [stderr]    Compiling no_std_io2 v0.9.3
[INFO] [stderr]    Compiling darling_core v0.21.3
[INFO] [stderr]    Compiling darling_macro v0.21.3
[INFO] [stderr]    Compiling darling v0.21.3
[INFO] [stderr]    Compiling deku_derive v0.20.2
[INFO] [stderr]    Compiling deku v0.20.2
[INFO] [stderr]    Compiling deku_string v0.4.1 (/opt/rustwide/workdir)
[INFO] [stderr]     Finished `release` profile [optimized] target(s) in 10.66s
[INFO] running `Command { std: "docker" "inspect" "0a2b5ac6077c0c64ad6770f8165c4d3260b7733edd5cfcbae6645b75e1292e62", kill_on_drop: false }`
[INFO] running `Command { std: "docker" "exec" "-e" "SOURCE_DIR=/opt/rustwide/workdir" "-e" "CARGO_HOME=/opt/rustwide/cargo-home" "-e" "RUSTUP_HOME=/opt/rustwide/rustup-home" "-e" "CARGO_TARGET_DIR=/opt/rustwide/target" "-e" "CARGO_INCREMENTAL=0" "-e" "RUST_BACKTRACE=full" "-e" "RUSTFLAGS=--cap-lints=warn" "-e" "RUSTDOCFLAGS=--cap-lints=warn" "-w" "/opt/rustwide/workdir" "--user" "0:0" "0a2b5ac6077c0c64ad6770f8165c4d3260b7733edd5cfcbae6645b75e1292e62" "/opt/rustwide/cargo-home/bin/cargo" "+1.99.0-beta.8" "test" "--frozen" "--no-run" "--message-format=json" "--release", kill_on_drop: false }`
[INFO] [stderr]    Compiling memchr v2.7.6
[INFO] [stderr]    Compiling defmt-macros v1.0.1
[INFO] [stderr]    Compiling zmij v1.0.3
[INFO] [stderr]    Compiling no_std_io2 v0.9.3
[INFO] [stderr]    Compiling futures-core v0.3.31
[INFO] [stderr]    Compiling toml_edit v0.23.10+spec-1.0.0
[INFO] [stderr]    Compiling rstest_macros v0.26.1
[INFO] [stderr]    Compiling serde_json v1.0.148
[INFO] [stderr]    Compiling defmt v1.0.1
[INFO] [stderr]    Compiling relative-path v1.9.3
[INFO] [stderr]    Compiling syn v2.0.111
[INFO] [stderr]    Compiling proc-macro-error-attr2 v2.0.0
[INFO] [stderr]    Compiling futures-timer v3.0.3
[INFO] [stderr]    Compiling pastey v0.2.1
[INFO] [stderr]    Compiling aho-corasick v1.1.4
[INFO] [stderr]    Compiling proc-macro-crate v3.4.0
[INFO] [stderr]    Compiling regex-automata v0.4.13
[INFO] [stderr]    Compiling darling_core v0.21.3
[INFO] [stderr]    Compiling proc-macro-error2 v2.0.1
[INFO] [stderr]    Compiling regex v1.12.2
[INFO] [stderr]    Compiling thiserror-impl v2.0.17
[INFO] [stderr]    Compiling futures-macro v0.3.31
[INFO] [stderr]    Compiling futures-util v0.3.31
[INFO] [stderr]    Compiling thiserror v2.0.17
[INFO] [stderr]    Compiling defmt-parser v1.0.0
[INFO] [stderr]    Compiling darling_macro v0.21.3
[INFO] [stderr]    Compiling darling v0.21.3
[INFO] [stderr]    Compiling deku_derive v0.20.2
[INFO] [stderr]    Compiling rstest v0.26.1
[INFO] [stderr]    Compiling deku v0.20.2
[INFO] [stderr]    Compiling deku_string v0.4.1 (/opt/rustwide/workdir)
[INFO] [stdout] error[E0432]: unresolved import `test_utils`
[INFO] [stdout]  --> tests/vec/deku_derive.rs:7:5
[INFO] [stdout]   |
[INFO] [stdout] 7 | use test_utils::{assert_model_read, assert_model_write};
[INFO] [stdout]   |     ^^^^^^^^^^ use of unresolved module or unlinked crate `test_utils`
[INFO] [stdout]   |
[INFO] [stdout]   = help: if you wanted to use a crate named `test_utils`, use `cargo add test_utils` to add it to your `Cargo.toml`
[INFO] [stdout] 
[INFO] [stdout] 
[INFO] [stdout] error[E0432]: unresolved import `test_utils`
[INFO] [stdout]  --> tests/seven_bit/deku_derive.rs:8:5
[INFO] [stdout]   |
[INFO] [stdout] 8 | use test_utils::{assert_model_read, assert_model_write};
[INFO] [stdout]   |     ^^^^^^^^^^ use of unresolved module or unlinked crate `test_utils`
[INFO] [stdout]   |
[INFO] [stdout]   = help: if you wanted to use a crate named `test_utils`, use `cargo add test_utils` to add it to your `Cargo.toml`
[INFO] [stdout] 
[INFO] [stdout] 
[INFO] [stdout] For more information about this error, try `rustc --explain E0432`.
[INFO] [stdout] 
[INFO] [stderr] error: could not compile `deku_string` (test "vec_deku_derive") due to 1 previous error
[INFO] [stderr] warning: build failed, waiting for other jobs to finish...
[INFO] [stdout] error[E0432]: unresolved import `test_utils`
[INFO] [stdout]   --> tests/seven_bit/write_rejected.rs:19:5
[INFO] [stdout]    |
[INFO] [stdout] 19 | use test_utils::assert_model_write_error;
[INFO] [stdout]    |     ^^^^^^^^^^ use of unresolved module or unlinked crate `test_utils`
[INFO] [stdout]    |
[INFO] [stdout]    = help: if you wanted to use a crate named `test_utils`, use `cargo add test_utils` to add it to your `Cargo.toml`
[INFO] [stdout] 
[INFO] [stdout] 
[INFO] [stdout] For more information about this error, try `rustc --explain E0432`.
[INFO] [stdout] 
[INFO] [stderr] error: could not compile `deku_string` (test "seven_bit_deku_derive") due to 1 previous error
[INFO] [stdout] error[E0432]: unresolved import `test_utils`
[INFO] [stdout]   --> tests/seven_bit/read_rejected.rs:19:5
[INFO] [stdout]    |
[INFO] [stdout] 19 | use test_utils::assert_model_read_error;
[INFO] [stdout]    |     ^^^^^^^^^^ use of unresolved module or unlinked crate `test_utils`
[INFO] [stdout]    |
[INFO] [stdout]    = help: if you wanted to use a crate named `test_utils`, use `cargo add test_utils` to add it to your `Cargo.toml`
[INFO] [stdout] 
[INFO] [stdout] 
[INFO] [stdout] error[E0432]: unresolved import `test_utils`
[INFO] [stdout]  --> tests/string/deku_derive.rs:8:5
[INFO] [stdout]   |
[INFO] [stdout] 8 | use test_utils::{assert_model_read, assert_model_write};
[INFO] [stdout]   |     ^^^^^^^^^^ use of unresolved module or unlinked crate `test_utils`
[INFO] [stdout]   |
[INFO] [stdout]   = help: if you wanted to use a crate named `test_utils`, use `cargo add test_utils` to add it to your `Cargo.toml`
[INFO] [stdout] 
[INFO] [stdout] 
[INFO] [stdout] For more information about this error, try `rustc --explain E0432`.
[INFO] [stdout] 
[INFO] [stdout] error[E0432]: unresolved import `test_utils`
[INFO] [stdout]   --> tests/seven_bit/accepted.rs:20:5
[INFO] [stdout]    |
[INFO] [stdout] 20 | use test_utils::{assert_model_read_ctx, assert_model_write_ctx};
[INFO] [stdout]    |     ^^^^^^^^^^ use of unresolved module or unlinked crate `test_utils`
[INFO] [stdout]    |
[INFO] [stdout]    = help: if you wanted to use a crate named `test_utils`, use `cargo add test_utils` to add it to your `Cargo.toml`
[INFO] [stdout] 
[INFO] [stdout] 
[INFO] [stdout] For more information about this error, try `rustc --explain E0432`.
[INFO] [stdout] 
[INFO] [stderr] error: could not compile `deku_string` (test "seven_bit_read_rejected") due to 1 previous error
[INFO] [stdout] For more information about this error, try `rustc --explain E0432`.
[INFO] [stdout] 
[INFO] [stderr] error: could not compile `deku_string` (test "str_deku_derive") due to 1 previous error
[INFO] [stderr] error: could not compile `deku_string` (test "seven_bit_write_rejected") due to 1 previous error
[INFO] [stdout] For more information about this error, try `rustc --explain E0432`.
[INFO] [stdout] 
[INFO] [stdout] error[E0432]: unresolved import `test_utils`
[INFO] [stdout]   --> tests/vec/read_rejected.rs:21:5
[INFO] [stdout]    |
[INFO] [stdout] 21 | use test_utils::assert_model_read_error;
[INFO] [stdout]    |     ^^^^^^^^^^ use of unresolved module or unlinked crate `test_utils`
[INFO] [stdout]    |
[INFO] [stdout]    = help: if you wanted to use a crate named `test_utils`, use `cargo add test_utils` to add it to your `Cargo.toml`
[INFO] [stdout] 
[INFO] [stdout] 
[INFO] [stderr] error: could not compile `deku_string` (test "seven_bit_rw_accepted") due to 1 previous error
[INFO] [stdout] error[E0432]: unresolved import `test_utils`
[INFO] [stdout]   --> tests/vec/write_rejected.rs:21:5
[INFO] [stdout]    |
[INFO] [stdout] 21 | use test_utils::assert_model_write_error;
[INFO] [stdout]    |     ^^^^^^^^^^ use of unresolved module or unlinked crate `test_utils`
[INFO] [stdout]    |
[INFO] [stdout]    = help: if you wanted to use a crate named `test_utils`, use `cargo add test_utils` to add it to your `Cargo.toml`
[INFO] [stdout] 
[INFO] [stdout] 
[INFO] [stdout] error[E0432]: unresolved import `test_utils`
[INFO] [stdout]   --> tests/vec/accepted.rs:22:5
[INFO] [stdout]    |
[INFO] [stdout] 22 | use test_utils::{assert_model_read_ctx, assert_model_write_ctx};
[INFO] [stdout]    |     ^^^^^^^^^^ use of unresolved module or unlinked crate `test_utils`
[INFO] [stdout]    |
[INFO] [stdout]    = help: if you wanted to use a crate named `test_utils`, use `cargo add test_utils` to add it to your `Cargo.toml`
[INFO] [stdout] 
[INFO] [stdout] 
[INFO] [stdout] For more information about this error, try `rustc --explain E0432`.
[INFO] [stdout] 
[INFO] [stderr] error: could not compile `deku_string` (test "vec_read_rejected") due to 1 previous error
[INFO] [stdout] For more information about this error, try `rustc --explain E0432`.
[INFO] [stdout] 
[INFO] [stderr] error: could not compile `deku_string` (test "vec_write_rejected") due to 1 previous error
[INFO] [stdout] For more information about this error, try `rustc --explain E0432`.
[INFO] [stdout] 
[INFO] [stderr] error: could not compile `deku_string` (test "vec_rw_accepted") due to 1 previous error
[INFO] [stdout] error[E0432]: unresolved import `test_utils`
[INFO] [stdout]   --> tests/string/read_rejected.rs:21:5
[INFO] [stdout]    |
[INFO] [stdout] 21 | use test_utils::assert_model_read_error;
[INFO] [stdout]    |     ^^^^^^^^^^ use of unresolved module or unlinked crate `test_utils`
[INFO] [stdout]    |
[INFO] [stdout]    = help: if you wanted to use a crate named `test_utils`, use `cargo add test_utils` to add it to your `Cargo.toml`
[INFO] [stdout] 
[INFO] [stdout] 
[INFO] [stdout] error[E0432]: unresolved import `test_utils`
[INFO] [stdout]   --> tests/string/write_rejected.rs:22:5
[INFO] [stdout]    |
[INFO] [stdout] 22 | use test_utils::assert_model_write_error;
[INFO] [stdout]    |     ^^^^^^^^^^ use of unresolved module or unlinked crate `test_utils`
[INFO] [stdout]    |
[INFO] [stdout]    = help: if you wanted to use a crate named `test_utils`, use `cargo add test_utils` to add it to your `Cargo.toml`
[INFO] [stdout] 
[INFO] [stdout] 
[INFO] [stdout] error[E0432]: unresolved import `test_utils`
[INFO] [stdout]   --> tests/string/accepted.rs:23:5
[INFO] [stdout]    |
[INFO] [stdout] 23 | use test_utils::{assert_model_read_ctx, assert_model_write_ctx};
[INFO] [stdout]    |     ^^^^^^^^^^ use of unresolved module or unlinked crate `test_utils`
[INFO] [stdout]    |
[INFO] [stdout]    = help: if you wanted to use a crate named `test_utils`, use `cargo add test_utils` to add it to your `Cargo.toml`
[INFO] [stdout] 
[INFO] [stdout] 
[INFO] [stdout] For more information about this error, try `rustc --explain E0432`.
[INFO] [stdout] 
[INFO] [stderr] error: could not compile `deku_string` (test "str_read_rejected") due to 1 previous error
[INFO] [stdout] For more information about this error, try `rustc --explain E0432`.
[INFO] [stdout] 
[INFO] [stderr] error: could not compile `deku_string` (test "str_write_rejected") due to 1 previous error
[INFO] [stdout] For more information about this error, try `rustc --explain E0432`.
[INFO] [stdout] 
[INFO] [stderr] error: could not compile `deku_string` (test "str_rw_accepted") due to 1 previous error
[INFO] running `Command { std: "docker" "inspect" "0a2b5ac6077c0c64ad6770f8165c4d3260b7733edd5cfcbae6645b75e1292e62", kill_on_drop: false }`
[INFO] running `Command { std: "docker" "rm" "-f" "0a2b5ac6077c0c64ad6770f8165c4d3260b7733edd5cfcbae6645b75e1292e62", kill_on_drop: false }`
[INFO] [stdout] 0a2b5ac6077c0c64ad6770f8165c4d3260b7733edd5cfcbae6645b75e1292e62
