[INFO] fetching crate dejavox_replay 0.1.0...
[INFO] testing dejavox_replay-0.1.0 against 1.99.0-beta.8+cargoflags=--release for beta-release-1.100-2
[INFO] extracting crate dejavox_replay 0.1.0 into /workspace/builds/worker-4-tc1/source
[INFO] started tweaking crates.io crate dejavox_replay 0.1.0
[INFO] finished tweaking crates.io crate dejavox_replay 0.1.0
[INFO] tweaked toml for crates.io crate dejavox_replay 0.1.0 written to /workspace/builds/worker-4-tc1/source/Cargo.toml
[INFO] validating manifest of crates.io crate dejavox_replay 0.1.0 on toolchain 1.99.0-beta.8
[INFO] running `Command { std: CARGO_HOME="/workspace/cargo-home" RUSTUP_HOME="/workspace/rustup-home" "/workspace/cargo-home/bin/cargo" "+1.99.0-beta.8" "metadata" "--manifest-path" "Cargo.toml" "--no-deps", kill_on_drop: false }`
[INFO] crate crates.io crate dejavox_replay 0.1.0 already has a lockfile, it will not be regenerated
[INFO] running `Command { std: CARGO_HOME="/workspace/cargo-home" RUSTUP_HOME="/workspace/rustup-home" "/workspace/cargo-home/bin/cargo" "+1.99.0-beta.8" "fetch" "--manifest-path" "Cargo.toml", kill_on_drop: false }`
[INFO] [stderr] warning: Cargo.toml: `lints.rust.rust-2024-compatibility` is deprecated in favor of `lints.rust.rust_2024_compatibility` and will not work in a future edition
[INFO] [stderr] warning: `dejavox_replay` (manifest) generated 1 warning
[INFO] [stderr]     Updating crates.io index
[INFO] [stderr]  Downloading crates ...
[INFO] [stderr]   Downloaded argh_derive v0.1.19
[INFO] [stderr]   Downloaded argh v0.1.19
[INFO] [stderr]   Downloaded argh_shared v0.1.19
[INFO] [stderr]   Downloaded dejavox_base v0.1.0
[INFO] running `Command { std: "docker" "create" "-v" "/var/lib/crater-agent-workspace/builds/worker-4-tc1/source:/opt/rustwide/workdir:ro,Z" "-v" "/var/lib/crater-agent-workspace/builds/worker-4-tc1/target:/opt/rustwide/target:rw,Z" "-v" "/var/lib/crater-agent-workspace/cargo-home:/opt/rustwide/cargo-home:ro,Z" "-v" "/var/lib/crater-agent-workspace/rustup-home:/opt/rustwide/rustup-home:ro,Z" "-m" "1610612736" "--network" "none" "ghcr.io/rust-lang/crates-build-env/linux@sha256:77db811e55d90add9212f6832c23229e3de5f1c1f9905e8cb07319ea15df73ac" "sleep" "infinity", kill_on_drop: false }`
[INFO] [stdout] 2078c2b27182358d98234788014b34a8072a26ea1b8afb3661f06c620aad17ec
[INFO] running `Command { std: "docker" "start" "2078c2b27182358d98234788014b34a8072a26ea1b8afb3661f06c620aad17ec", kill_on_drop: false }`
[INFO] running `Command { std: "docker" "inspect" "2078c2b27182358d98234788014b34a8072a26ea1b8afb3661f06c620aad17ec", kill_on_drop: false }`
[INFO] running `Command { std: "docker" "exec" "-e" "SOURCE_DIR=/opt/rustwide/workdir" "-e" "CARGO_HOME=/opt/rustwide/cargo-home" "-e" "RUSTUP_HOME=/opt/rustwide/rustup-home" "-e" "CARGO_TARGET_DIR=/opt/rustwide/target" "-w" "/opt/rustwide/workdir" "--user" "0:0" "2078c2b27182358d98234788014b34a8072a26ea1b8afb3661f06c620aad17ec" "/opt/rustwide/cargo-home/bin/cargo" "+1.99.0-beta.8" "metadata" "--no-deps" "--format-version=1", kill_on_drop: false }`
[INFO] running `Command { std: "docker" "inspect" "2078c2b27182358d98234788014b34a8072a26ea1b8afb3661f06c620aad17ec", kill_on_drop: false }`
[INFO] running `Command { std: "docker" "exec" "-e" "SOURCE_DIR=/opt/rustwide/workdir" "-e" "CARGO_HOME=/opt/rustwide/cargo-home" "-e" "RUSTUP_HOME=/opt/rustwide/rustup-home" "-e" "CARGO_TARGET_DIR=/opt/rustwide/target" "-e" "CARGO_INCREMENTAL=0" "-e" "RUST_BACKTRACE=full" "-e" "RUSTFLAGS=--cap-lints=warn" "-e" "RUSTDOCFLAGS=--cap-lints=warn" "-w" "/opt/rustwide/workdir" "--user" "0:0" "2078c2b27182358d98234788014b34a8072a26ea1b8afb3661f06c620aad17ec" "/opt/rustwide/cargo-home/bin/cargo" "+1.99.0-beta.8" "build" "--frozen" "--message-format=json" "--release", kill_on_drop: false }`
[INFO] [stderr] warning: Cargo.toml: `lints.rust.rust-2024-compatibility` is deprecated in favor of `lints.rust.rust_2024_compatibility` and will not work in a future edition
[INFO] [stderr] warning: `dejavox_replay` (manifest) generated 1 warning
[INFO] [stderr]    Compiling libc v0.2.184
[INFO] [stderr]    Compiling aho-corasick v1.1.4
[INFO] [stderr]    Compiling nix v0.31.2
[INFO] [stderr]    Compiling half v1.8.3
[INFO] [stderr]    Compiling bitflags v2.11.0
[INFO] [stderr]    Compiling lru-cache v0.1.2
[INFO] [stderr]    Compiling serde_cbor v0.11.2
[INFO] [stderr]    Compiling regex-automata v0.4.14
[INFO] [stderr]    Compiling regex v1.12.3
[INFO] [stderr]    Compiling dejavox_base v0.1.0
[INFO] [stderr]    Compiling dejavox_replay v0.1.0 (/opt/rustwide/workdir)
[INFO] [stderr]     Finished `release` profile [optimized] target(s) in 21.58s
[INFO] running `Command { std: "docker" "inspect" "2078c2b27182358d98234788014b34a8072a26ea1b8afb3661f06c620aad17ec", kill_on_drop: false }`
[INFO] running `Command { std: "docker" "exec" "-e" "SOURCE_DIR=/opt/rustwide/workdir" "-e" "CARGO_HOME=/opt/rustwide/cargo-home" "-e" "RUSTUP_HOME=/opt/rustwide/rustup-home" "-e" "CARGO_TARGET_DIR=/opt/rustwide/target" "-e" "CARGO_INCREMENTAL=0" "-e" "RUST_BACKTRACE=full" "-e" "RUSTFLAGS=--cap-lints=warn" "-e" "RUSTDOCFLAGS=--cap-lints=warn" "-w" "/opt/rustwide/workdir" "--user" "0:0" "2078c2b27182358d98234788014b34a8072a26ea1b8afb3661f06c620aad17ec" "/opt/rustwide/cargo-home/bin/cargo" "+1.99.0-beta.8" "test" "--frozen" "--no-run" "--message-format=json" "--release", kill_on_drop: false }`
[INFO] [stderr] warning: Cargo.toml: `lints.rust.rust-2024-compatibility` is deprecated in favor of `lints.rust.rust_2024_compatibility` and will not work in a future edition
[INFO] [stderr] warning: `dejavox_replay` (manifest) generated 1 warning
[INFO] [stderr]    Compiling rand_core v0.10.0
[INFO] [stderr]    Compiling nix v0.31.2
[INFO] [stderr]    Compiling getrandom v0.4.2
[INFO] [stderr]    Compiling chacha20 v0.10.0
[INFO] [stderr]    Compiling tempfile v3.27.0
[INFO] [stderr]    Compiling rand v0.10.1
[INFO] [stderr]    Compiling dejavox_base v0.1.0
[INFO] [stderr]    Compiling dejavox_replay v0.1.0 (/opt/rustwide/workdir)
[INFO] [stdout] error[E0432]: unresolved import `dejavox_base::test_utils`
[INFO] [stdout]    --> src/replay.rs:437:23
[INFO] [stdout]     |
[INFO] [stdout] 437 |     use dejavox_base::test_utils::RecordsFileBuilder;
[INFO] [stdout]     |                       ^^^^^^^^^^ could not find `test_utils` in `dejavox_base`
[INFO] [stdout]     |
[INFO] [stdout] note: found an item that was configured out
[INFO] [stdout]    --> /opt/rustwide/cargo-home/registry/src/index.crates.io-1949cf8c6b5b557f/dejavox_base-0.1.0/src/lib.rs:8:9
[INFO] [stdout]     |
[INFO] [stdout]   7 | #[cfg(any(test, feature = "test"))]
[INFO] [stdout]     |          ------------------------ the item is gated here
[INFO] [stdout]   8 | pub mod test_utils;
[INFO] [stdout]     |         ^^^^^^^^^^
[INFO] [stdout] 
[INFO] [stdout] 
[INFO] [stdout] error[E0432]: unresolved import `dejavox_base::test_utils`
[INFO] [stdout]    --> src/replay.rs:438:23
[INFO] [stdout]     |
[INFO] [stdout] 438 |     use dejavox_base::test_utils::copy_uncached_files_and_record_from;
[INFO] [stdout]     |                       ^^^^^^^^^^ could not find `test_utils` in `dejavox_base`
[INFO] [stdout]     |
[INFO] [stdout] note: found an item that was configured out
[INFO] [stdout]    --> /opt/rustwide/cargo-home/registry/src/index.crates.io-1949cf8c6b5b557f/dejavox_base-0.1.0/src/lib.rs:8:9
[INFO] [stdout]     |
[INFO] [stdout]   7 | #[cfg(any(test, feature = "test"))]
[INFO] [stdout]     |          ------------------------ the item is gated here
[INFO] [stdout]   8 | pub mod test_utils;
[INFO] [stdout]     |         ^^^^^^^^^^
[INFO] [stdout] 
[INFO] [stdout] 
[INFO] [stdout] error[E0432]: unresolved import `dejavox_base::test_utils`
[INFO] [stdout]    --> src/replay.rs:439:23
[INFO] [stdout]     |
[INFO] [stdout] 439 |     use dejavox_base::test_utils::generate_cached_files_and_record;
[INFO] [stdout]     |                       ^^^^^^^^^^ could not find `test_utils` in `dejavox_base`
[INFO] [stdout]     |
[INFO] [stdout] note: found an item that was configured out
[INFO] [stdout]    --> /opt/rustwide/cargo-home/registry/src/index.crates.io-1949cf8c6b5b557f/dejavox_base-0.1.0/src/lib.rs:8:9
[INFO] [stdout]     |
[INFO] [stdout]   7 | #[cfg(any(test, feature = "test"))]
[INFO] [stdout]     |          ------------------------ the item is gated here
[INFO] [stdout]   8 | pub mod test_utils;
[INFO] [stdout]     |         ^^^^^^^^^^
[INFO] [stdout] 
[INFO] [stdout] 
[INFO] [stdout] error[E0432]: unresolved import `dejavox_base::test_utils`
[INFO] [stdout]    --> src/replay.rs:440:23
[INFO] [stdout]     |
[INFO] [stdout] 440 |     use dejavox_base::test_utils::setup_test_dir;
[INFO] [stdout]     |                       ^^^^^^^^^^ could not find `test_utils` in `dejavox_base`
[INFO] [stdout]     |
[INFO] [stdout] note: found an item that was configured out
[INFO] [stdout]    --> /opt/rustwide/cargo-home/registry/src/index.crates.io-1949cf8c6b5b557f/dejavox_base-0.1.0/src/lib.rs:8:9
[INFO] [stdout]     |
[INFO] [stdout]   7 | #[cfg(any(test, feature = "test"))]
[INFO] [stdout]     |          ------------------------ the item is gated here
[INFO] [stdout]   8 | pub mod test_utils;
[INFO] [stdout]     |         ^^^^^^^^^^
[INFO] [stdout] 
[INFO] [stdout] 
[INFO] [stdout] For more information about this error, try `rustc --explain E0432`.
[INFO] [stdout] 
[INFO] [stderr] error: could not compile `dejavox_replay` (lib test) due to 4 previous errors
[INFO] [stderr] warning: build failed, waiting for other jobs to finish...
[INFO] running `Command { std: "docker" "inspect" "2078c2b27182358d98234788014b34a8072a26ea1b8afb3661f06c620aad17ec", kill_on_drop: false }`
[INFO] running `Command { std: "docker" "rm" "-f" "2078c2b27182358d98234788014b34a8072a26ea1b8afb3661f06c620aad17ec", kill_on_drop: false }`
[INFO] [stdout] 2078c2b27182358d98234788014b34a8072a26ea1b8afb3661f06c620aad17ec
