[INFO] fetching crate dejavox_record 0.1.0...
[INFO] testing dejavox_record-0.1.0 against 1.99.0-beta.8+cargoflags=--release for beta-release-1.100-2
[INFO] extracting crate dejavox_record 0.1.0 into /workspace/builds/worker-5-tc1/source
[INFO] started tweaking crates.io crate dejavox_record 0.1.0
[INFO] finished tweaking crates.io crate dejavox_record 0.1.0
[INFO] tweaked toml for crates.io crate dejavox_record 0.1.0 written to /workspace/builds/worker-5-tc1/source/Cargo.toml
[INFO] validating manifest of crates.io crate dejavox_record 0.1.0 on toolchain 1.99.0-beta.8
[INFO] running `Command { std: CARGO_HOME="/workspace/cargo-home" RUSTUP_HOME="/workspace/rustup-home" "/workspace/cargo-home/bin/cargo" "+1.99.0-beta.8" "metadata" "--manifest-path" "Cargo.toml" "--no-deps", kill_on_drop: false }`
[INFO] crate crates.io crate dejavox_record 0.1.0 already has a lockfile, it will not be regenerated
[INFO] running `Command { std: CARGO_HOME="/workspace/cargo-home" RUSTUP_HOME="/workspace/rustup-home" "/workspace/cargo-home/bin/cargo" "+1.99.0-beta.8" "fetch" "--manifest-path" "Cargo.toml", kill_on_drop: false }`
[INFO] [stderr] warning: Cargo.toml: `lints.rust.rust-2024-compatibility` is deprecated in favor of `lints.rust.rust_2024_compatibility` and will not work in a future edition
[INFO] [stderr] warning: `dejavox_record` (manifest) generated 1 warning
[INFO] [stderr]     Updating crates.io index
[INFO] [stderr]  Downloading crates ...
[INFO] [stderr]   Downloaded cfg_aliases v0.2.1
[INFO] [stderr]   Downloaded cpufeatures v0.3.0
[INFO] [stderr]   Downloaded argh_shared v0.1.19
[INFO] [stderr]   Downloaded argh_derive v0.1.19
[INFO] [stderr]   Downloaded bitflags v2.11.0
[INFO] [stderr]   Downloaded rand_core v0.10.0
[INFO] [stderr]   Downloaded thiserror-impl v2.0.18
[INFO] [stderr]   Downloaded dejavox_base v0.1.0
[INFO] [stderr]   Downloaded crc32fast v1.5.0
[INFO] [stderr]   Downloaded argh v0.1.19
[INFO] [stderr]   Downloaded thiserror v2.0.18
[INFO] [stderr]   Downloaded serde_cbor v0.11.2
[INFO] [stderr]   Downloaded half v1.8.3
[INFO] [stderr]   Downloaded chacha20 v0.10.0
[INFO] [stderr]   Downloaded log v0.4.29
[INFO] [stderr]   Downloaded anyhow v1.0.102
[INFO] [stderr]   Downloaded memchr v2.8.0
[INFO] [stderr]   Downloaded rand v0.10.1
[INFO] [stderr]   Downloaded hashbrown v0.17.0
[INFO] [stderr]   Downloaded serde_json v1.0.149
[INFO] [stderr]   Downloaded syn v2.0.117
[INFO] [stderr]   Downloaded wasip2 v1.0.2+wasi-0.2.9
[INFO] [stderr]   Downloaded regex v1.12.3
[INFO] [stderr]   Downloaded nix v0.31.2
[INFO] [stderr]   Downloaded regex-syntax v0.8.10
[INFO] [stderr]   Downloaded regex-automata v0.4.14
[INFO] [stderr]   Downloaded libc v0.2.184
[INFO] running `Command { std: "docker" "create" "-v" "/var/lib/crater-agent-workspace/builds/worker-5-tc1/source:/opt/rustwide/workdir:ro,Z" "-v" "/var/lib/crater-agent-workspace/builds/worker-5-tc1/target:/opt/rustwide/target:rw,Z" "-v" "/var/lib/crater-agent-workspace/cargo-home:/opt/rustwide/cargo-home:ro,Z" "-v" "/var/lib/crater-agent-workspace/rustup-home:/opt/rustwide/rustup-home:ro,Z" "-m" "1610612736" "--network" "none" "ghcr.io/rust-lang/crates-build-env/linux@sha256:77db811e55d90add9212f6832c23229e3de5f1c1f9905e8cb07319ea15df73ac" "sleep" "infinity", kill_on_drop: false }`
[INFO] [stdout] 6fe62431db47aba0549fac3f24c6d851964c4bb09c6a207341dc6626d149cd9f
[INFO] running `Command { std: "docker" "start" "6fe62431db47aba0549fac3f24c6d851964c4bb09c6a207341dc6626d149cd9f", kill_on_drop: false }`
[INFO] running `Command { std: "docker" "inspect" "6fe62431db47aba0549fac3f24c6d851964c4bb09c6a207341dc6626d149cd9f", kill_on_drop: false }`
[INFO] running `Command { std: "docker" "exec" "-e" "SOURCE_DIR=/opt/rustwide/workdir" "-e" "CARGO_HOME=/opt/rustwide/cargo-home" "-e" "RUSTUP_HOME=/opt/rustwide/rustup-home" "-e" "CARGO_TARGET_DIR=/opt/rustwide/target" "-w" "/opt/rustwide/workdir" "--user" "0:0" "6fe62431db47aba0549fac3f24c6d851964c4bb09c6a207341dc6626d149cd9f" "/opt/rustwide/cargo-home/bin/cargo" "+1.99.0-beta.8" "metadata" "--no-deps" "--format-version=1", kill_on_drop: false }`
[INFO] running `Command { std: "docker" "inspect" "6fe62431db47aba0549fac3f24c6d851964c4bb09c6a207341dc6626d149cd9f", kill_on_drop: false }`
[INFO] running `Command { std: "docker" "exec" "-e" "SOURCE_DIR=/opt/rustwide/workdir" "-e" "CARGO_HOME=/opt/rustwide/cargo-home" "-e" "RUSTUP_HOME=/opt/rustwide/rustup-home" "-e" "CARGO_TARGET_DIR=/opt/rustwide/target" "-e" "CARGO_INCREMENTAL=0" "-e" "RUST_BACKTRACE=full" "-e" "RUSTFLAGS=--cap-lints=warn" "-e" "RUSTDOCFLAGS=--cap-lints=warn" "-w" "/opt/rustwide/workdir" "--user" "0:0" "6fe62431db47aba0549fac3f24c6d851964c4bb09c6a207341dc6626d149cd9f" "/opt/rustwide/cargo-home/bin/cargo" "+1.99.0-beta.8" "build" "--frozen" "--message-format=json" "--release", kill_on_drop: false }`
[INFO] [stderr] warning: Cargo.toml: `lints.rust.rust-2024-compatibility` is deprecated in favor of `lints.rust.rust_2024_compatibility` and will not work in a future edition
[INFO] [stderr] warning: `dejavox_record` (manifest) generated 1 warning
[INFO] [stderr]    Compiling proc-macro2 v1.0.106
[INFO] [stderr]    Compiling unicode-ident v1.0.24
[INFO] [stderr]    Compiling quote v1.0.45
[INFO] [stderr]    Compiling serde_core v1.0.228
[INFO] [stderr]    Compiling memchr v2.8.0
[INFO] [stderr]    Compiling libc v0.2.184
[INFO] [stderr]    Compiling serde v1.0.228
[INFO] [stderr]    Compiling cfg_aliases v0.2.1
[INFO] [stderr]    Compiling cfg-if v1.0.4
[INFO] [stderr]    Compiling thiserror v2.0.18
[INFO] [stderr]    Compiling regex-syntax v0.8.10
[INFO] [stderr]    Compiling crc32fast v1.5.0
[INFO] [stderr]    Compiling zmij v1.0.21
[INFO] [stderr]    Compiling serde_json v1.0.149
[INFO] [stderr]    Compiling half v1.8.3
[INFO] [stderr]    Compiling bitflags v2.11.0
[INFO] [stderr]    Compiling itoa v1.0.18
[INFO] [stderr]    Compiling nix v0.31.2
[INFO] [stderr]    Compiling same-file v1.0.6
[INFO] [stderr]    Compiling log v0.4.29
[INFO] [stderr]    Compiling walkdir v2.5.0
[INFO] [stderr]    Compiling aho-corasick v1.1.4
[INFO] [stderr]    Compiling syn v2.0.117
[INFO] [stderr]    Compiling regex-automata v0.4.14
[INFO] [stderr]    Compiling serde_derive v1.0.228
[INFO] [stderr]    Compiling thiserror-impl v2.0.18
[INFO] [stderr]    Compiling regex v1.12.3
[INFO] [stderr]    Compiling serde_cbor v0.11.2
[INFO] [stderr]    Compiling dejavox_base v0.1.0
[INFO] [stderr]    Compiling dejavox_record v0.1.0 (/opt/rustwide/workdir)
[INFO] [stderr]     Finished `release` profile [optimized] target(s) in 31.75s
[INFO] running `Command { std: "docker" "inspect" "6fe62431db47aba0549fac3f24c6d851964c4bb09c6a207341dc6626d149cd9f", kill_on_drop: false }`
[INFO] running `Command { std: "docker" "exec" "-e" "SOURCE_DIR=/opt/rustwide/workdir" "-e" "CARGO_HOME=/opt/rustwide/cargo-home" "-e" "RUSTUP_HOME=/opt/rustwide/rustup-home" "-e" "CARGO_TARGET_DIR=/opt/rustwide/target" "-e" "CARGO_INCREMENTAL=0" "-e" "RUST_BACKTRACE=full" "-e" "RUSTFLAGS=--cap-lints=warn" "-e" "RUSTDOCFLAGS=--cap-lints=warn" "-w" "/opt/rustwide/workdir" "--user" "0:0" "6fe62431db47aba0549fac3f24c6d851964c4bb09c6a207341dc6626d149cd9f" "/opt/rustwide/cargo-home/bin/cargo" "+1.99.0-beta.8" "test" "--frozen" "--no-run" "--message-format=json" "--release", kill_on_drop: false }`
[INFO] [stderr] warning: Cargo.toml: `lints.rust.rust-2024-compatibility` is deprecated in favor of `lints.rust.rust_2024_compatibility` and will not work in a future edition
[INFO] [stderr] warning: `dejavox_record` (manifest) generated 1 warning
[INFO] [stderr]    Compiling bitflags v2.11.0
[INFO] [stderr]    Compiling rand_core v0.10.0
[INFO] [stderr]    Compiling getrandom v0.4.2
[INFO] [stderr]    Compiling rustix v1.1.4
[INFO] [stderr]    Compiling linux-raw-sys v0.12.1
[INFO] [stderr]    Compiling cpufeatures v0.3.0
[INFO] [stderr]    Compiling once_cell v1.21.4
[INFO] [stderr]    Compiling fastrand v2.4.1
[INFO] [stderr]    Compiling chacha20 v0.10.0
[INFO] [stderr]    Compiling nix v0.31.2
[INFO] [stderr]    Compiling rand v0.10.1
[INFO] [stderr]    Compiling dejavox_base v0.1.0
[INFO] [stderr]    Compiling tempfile v3.27.0
[INFO] [stderr]    Compiling dejavox_record v0.1.0 (/opt/rustwide/workdir)
[INFO] [stdout] error[E0432]: unresolved import `dejavox_base::test_utils`
[INFO] [stdout]    --> src/tracer/mem.rs:733:23
[INFO] [stdout]     |
[INFO] [stdout] 733 |     use dejavox_base::test_utils::copy_uncached_files_and_record_from;
[INFO] [stdout]     |                       ^^^^^^^^^^ could not find `test_utils` in `dejavox_base`
[INFO] [stdout]     |
[INFO] [stdout] note: found an item that was configured out
[INFO] [stdout]    --> /opt/rustwide/cargo-home/registry/src/index.crates.io-1949cf8c6b5b557f/dejavox_base-0.1.0/src/lib.rs:8:9
[INFO] [stdout]     |
[INFO] [stdout]   7 | #[cfg(any(test, feature = "test"))]
[INFO] [stdout]     |          ------------------------ the item is gated here
[INFO] [stdout]   8 | pub mod test_utils;
[INFO] [stdout]     |         ^^^^^^^^^^
[INFO] [stdout] 
[INFO] [stdout] 
[INFO] [stdout] error[E0432]: unresolved import `dejavox_base::test_utils`
[INFO] [stdout]    --> src/tracer/mem.rs:734:23
[INFO] [stdout]     |
[INFO] [stdout] 734 |     use dejavox_base::test_utils::generate_cached_files_and_record;
[INFO] [stdout]     |                       ^^^^^^^^^^ could not find `test_utils` in `dejavox_base`
[INFO] [stdout]     |
[INFO] [stdout] note: found an item that was configured out
[INFO] [stdout]    --> /opt/rustwide/cargo-home/registry/src/index.crates.io-1949cf8c6b5b557f/dejavox_base-0.1.0/src/lib.rs:8:9
[INFO] [stdout]     |
[INFO] [stdout]   7 | #[cfg(any(test, feature = "test"))]
[INFO] [stdout]     |          ------------------------ the item is gated here
[INFO] [stdout]   8 | pub mod test_utils;
[INFO] [stdout]     |         ^^^^^^^^^^
[INFO] [stdout] 
[INFO] [stdout] 
[INFO] [stdout] error[E0432]: unresolved import `dejavox_base::test_utils`
[INFO] [stdout]    --> src/tracer/mem.rs:735:23
[INFO] [stdout]     |
[INFO] [stdout] 735 |     use dejavox_base::test_utils::setup_test_dir;
[INFO] [stdout]     |                       ^^^^^^^^^^ could not find `test_utils` in `dejavox_base`
[INFO] [stdout]     |
[INFO] [stdout] note: found an item that was configured out
[INFO] [stdout]    --> /opt/rustwide/cargo-home/registry/src/index.crates.io-1949cf8c6b5b557f/dejavox_base-0.1.0/src/lib.rs:8:9
[INFO] [stdout]     |
[INFO] [stdout]   7 | #[cfg(any(test, feature = "test"))]
[INFO] [stdout]     |          ------------------------ the item is gated here
[INFO] [stdout]   8 | pub mod test_utils;
[INFO] [stdout]     |         ^^^^^^^^^^
[INFO] [stdout] 
[INFO] [stdout] 
[INFO] [stdout] error[E0432]: unresolved import `dejavox_base::test_utils`
[INFO] [stdout]    --> src/tracer/mod.rs:429:23
[INFO] [stdout]     |
[INFO] [stdout] 429 |     use dejavox_base::test_utils::generate_cached_files_and_record;
[INFO] [stdout]     |                       ^^^^^^^^^^ could not find `test_utils` in `dejavox_base`
[INFO] [stdout]     |
[INFO] [stdout] note: found an item that was configured out
[INFO] [stdout]    --> /opt/rustwide/cargo-home/registry/src/index.crates.io-1949cf8c6b5b557f/dejavox_base-0.1.0/src/lib.rs:8:9
[INFO] [stdout]     |
[INFO] [stdout]   7 | #[cfg(any(test, feature = "test"))]
[INFO] [stdout]     |          ------------------------ the item is gated here
[INFO] [stdout]   8 | pub mod test_utils;
[INFO] [stdout]     |         ^^^^^^^^^^
[INFO] [stdout] 
[INFO] [stdout] 
[INFO] [stdout] error[E0432]: unresolved import `dejavox_base::test_utils`
[INFO] [stdout]    --> src/tracer/mod.rs:430:23
[INFO] [stdout]     |
[INFO] [stdout] 430 |     use dejavox_base::test_utils::setup_test_dir;
[INFO] [stdout]     |                       ^^^^^^^^^^ could not find `test_utils` in `dejavox_base`
[INFO] [stdout]     |
[INFO] [stdout] note: found an item that was configured out
[INFO] [stdout]    --> /opt/rustwide/cargo-home/registry/src/index.crates.io-1949cf8c6b5b557f/dejavox_base-0.1.0/src/lib.rs:8:9
[INFO] [stdout]     |
[INFO] [stdout]   7 | #[cfg(any(test, feature = "test"))]
[INFO] [stdout]     |          ------------------------ the item is gated here
[INFO] [stdout]   8 | pub mod test_utils;
[INFO] [stdout]     |         ^^^^^^^^^^
[INFO] [stdout] 
[INFO] [stdout] 
[INFO] [stdout] For more information about this error, try `rustc --explain E0432`.
[INFO] [stdout] 
[INFO] [stderr] error: could not compile `dejavox_record` (lib test) due to 5 previous errors
[INFO] [stderr] warning: build failed, waiting for other jobs to finish...
[INFO] running `Command { std: "docker" "inspect" "6fe62431db47aba0549fac3f24c6d851964c4bb09c6a207341dc6626d149cd9f", kill_on_drop: false }`
[INFO] running `Command { std: "docker" "rm" "-f" "6fe62431db47aba0549fac3f24c6d851964c4bb09c6a207341dc6626d149cd9f", kill_on_drop: false }`
[INFO] [stdout] 6fe62431db47aba0549fac3f24c6d851964c4bb09c6a207341dc6626d149cd9f
