[INFO] fetching crate defendor 0.0.7...
[INFO] testing defendor-0.0.7 against 1.100.0-beta.1+cargoflags=--release for beta-release-1.100-2
[INFO] extracting crate defendor 0.0.7 into /workspace/builds/worker-7-tc2/source
[INFO] started tweaking crates.io crate defendor 0.0.7
[INFO] removed 0 missing examples
[INFO] finished tweaking crates.io crate defendor 0.0.7
[INFO] tweaked toml for crates.io crate defendor 0.0.7 written to /workspace/builds/worker-7-tc2/source/Cargo.toml
[INFO] validating manifest of crates.io crate defendor 0.0.7 on toolchain 1.100.0-beta.1
[INFO] running `Command { std: CARGO_HOME="/workspace/cargo-home" RUSTUP_HOME="/workspace/rustup-home" "/workspace/cargo-home/bin/cargo" "+1.100.0-beta.1" "metadata" "--manifest-path" "Cargo.toml" "--no-deps", kill_on_drop: false }`
[INFO] crate crates.io crate defendor 0.0.7 already has a lockfile, it will not be regenerated
[INFO] running `Command { std: CARGO_HOME="/workspace/cargo-home" RUSTUP_HOME="/workspace/rustup-home" "/workspace/cargo-home/bin/cargo" "+1.100.0-beta.1" "fetch" "--manifest-path" "Cargo.toml", kill_on_drop: false }`
[INFO] running `Command { std: "docker" "create" "-v" "/var/lib/crater-agent-workspace/builds/worker-7-tc2/source:/opt/rustwide/workdir:ro,Z" "-v" "/var/lib/crater-agent-workspace/builds/worker-7-tc2/target:/opt/rustwide/target:rw,Z" "-v" "/var/lib/crater-agent-workspace/cargo-home:/opt/rustwide/cargo-home:ro,Z" "-v" "/var/lib/crater-agent-workspace/rustup-home:/opt/rustwide/rustup-home:ro,Z" "-m" "1610612736" "--network" "none" "ghcr.io/rust-lang/crates-build-env/linux@sha256:77db811e55d90add9212f6832c23229e3de5f1c1f9905e8cb07319ea15df73ac" "sleep" "infinity", kill_on_drop: false }`
[INFO] [stdout] 1780a8d22cbead3196fb40b5e6e97056eaa0267ab4ec7be9de5de951227d24df
[INFO] running `Command { std: "docker" "start" "1780a8d22cbead3196fb40b5e6e97056eaa0267ab4ec7be9de5de951227d24df", kill_on_drop: false }`
[INFO] running `Command { std: "docker" "inspect" "1780a8d22cbead3196fb40b5e6e97056eaa0267ab4ec7be9de5de951227d24df", kill_on_drop: false }`
[INFO] running `Command { std: "docker" "exec" "-e" "SOURCE_DIR=/opt/rustwide/workdir" "-e" "CARGO_HOME=/opt/rustwide/cargo-home" "-e" "RUSTUP_HOME=/opt/rustwide/rustup-home" "-e" "CARGO_TARGET_DIR=/opt/rustwide/target" "-w" "/opt/rustwide/workdir" "--user" "0:0" "1780a8d22cbead3196fb40b5e6e97056eaa0267ab4ec7be9de5de951227d24df" "/opt/rustwide/cargo-home/bin/cargo" "+1.100.0-beta.1" "metadata" "--no-deps" "--format-version=1", kill_on_drop: false }`
[INFO] running `Command { std: "docker" "inspect" "1780a8d22cbead3196fb40b5e6e97056eaa0267ab4ec7be9de5de951227d24df", kill_on_drop: false }`
[INFO] running `Command { std: "docker" "exec" "-e" "SOURCE_DIR=/opt/rustwide/workdir" "-e" "CARGO_HOME=/opt/rustwide/cargo-home" "-e" "RUSTUP_HOME=/opt/rustwide/rustup-home" "-e" "CARGO_TARGET_DIR=/opt/rustwide/target" "-e" "CARGO_INCREMENTAL=0" "-e" "RUST_BACKTRACE=full" "-e" "RUSTFLAGS=--cap-lints=warn" "-e" "RUSTDOCFLAGS=--cap-lints=warn" "-w" "/opt/rustwide/workdir" "--user" "0:0" "1780a8d22cbead3196fb40b5e6e97056eaa0267ab4ec7be9de5de951227d24df" "/opt/rustwide/cargo-home/bin/cargo" "+1.100.0-beta.1" "build" "--frozen" "--message-format=json" "--release", kill_on_drop: false }`
[INFO] [stderr]    Compiling libc v0.2.186
[INFO] [stderr]    Compiling version_check v0.9.5
[INFO] [stderr]    Compiling cfg-if v1.0.3
[INFO] [stderr]    Compiling typenum v1.20.1
[INFO] [stderr]    Compiling proc-macro2 v1.0.95
[INFO] [stderr]    Compiling unicode-ident v1.0.18
[INFO] [stderr]    Compiling subtle v2.6.1
[INFO] [stderr]    Compiling cpufeatures v0.2.17
[INFO] [stderr]    Compiling serde_core v1.0.228
[INFO] [stderr]    Compiling opaque-debug v0.3.1
[INFO] [stderr]    Compiling zmij v1.0.21
[INFO] [stderr]    Compiling getrandom v0.4.2
[INFO] [stderr]    Compiling serde_json v1.0.150
[INFO] [stderr]    Compiling base64ct v1.8.3
[INFO] [stderr]    Compiling thiserror v2.0.18
[INFO] [stderr]    Compiling memchr v2.7.5
[INFO] [stderr]    Compiling pin-project-lite v0.2.16
[INFO] [stderr]    Compiling itoa v1.0.15
[INFO] [stderr]    Compiling tokio v1.52.3
[INFO] [stderr]    Compiling generic-array v0.14.7
[INFO] [stderr]    Compiling quote v1.0.40
[INFO] [stderr]    Compiling syn v2.0.117
[INFO] [stderr]    Compiling getrandom v0.2.16
[INFO] [stderr]    Compiling rand_core v0.6.4
[INFO] [stderr]    Compiling inout v0.1.4
[INFO] [stderr]    Compiling block-buffer v0.10.4
[INFO] [stderr]    Compiling crypto-common v0.1.6
[INFO] [stderr]    Compiling password-hash v0.5.0
[INFO] [stderr]    Compiling universal-hash v0.5.1
[INFO] [stderr]    Compiling aead v0.5.2
[INFO] [stderr]    Compiling digest v0.10.7
[INFO] [stderr]    Compiling polyval v0.6.2
[INFO] [stderr]    Compiling cipher v0.4.4
[INFO] [stderr]    Compiling ghash v0.5.1
[INFO] [stderr]    Compiling blake2 v0.10.6
[INFO] [stderr]    Compiling ctr v0.9.2
[INFO] [stderr]    Compiling aes v0.8.4
[INFO] [stderr]    Compiling zeroize_derive v1.5.0
[INFO] [stderr]    Compiling thiserror-impl v2.0.18
[INFO] [stderr]    Compiling zeroize v1.9.0
[INFO] [stderr]    Compiling secrecy v0.10.3
[INFO] [stderr]    Compiling argon2 v0.5.3
[INFO] [stderr]    Compiling aes-gcm v0.10.3
[INFO] [stderr]    Compiling defendor v0.0.7 (/opt/rustwide/workdir)
[INFO] [stderr] warning: unused dependency `tokio`
[INFO] [stderr]   --> Cargo.toml:25:15
[INFO] [stderr]    |
[INFO] [stderr] 25 | [dependencies.tokio]
[INFO] [stderr]    |               ^^^^^^
[INFO] [stderr]    |
[INFO] [stderr]    = note: `cargo::unused_dependencies` is set to `warn` by default
[INFO] [stderr] help: consider removing the dependency on `tokio`
[INFO] [stderr] warning: `defendor` (manifest) generated 1 warning
[INFO] [stderr]     Finished `release` profile [optimized] target(s) in 17.33s
[INFO] running `Command { std: "docker" "inspect" "1780a8d22cbead3196fb40b5e6e97056eaa0267ab4ec7be9de5de951227d24df", kill_on_drop: false }`
[INFO] running `Command { std: "docker" "exec" "-e" "SOURCE_DIR=/opt/rustwide/workdir" "-e" "CARGO_HOME=/opt/rustwide/cargo-home" "-e" "RUSTUP_HOME=/opt/rustwide/rustup-home" "-e" "CARGO_TARGET_DIR=/opt/rustwide/target" "-e" "CARGO_INCREMENTAL=0" "-e" "RUST_BACKTRACE=full" "-e" "RUSTFLAGS=--cap-lints=warn" "-e" "RUSTDOCFLAGS=--cap-lints=warn" "-w" "/opt/rustwide/workdir" "--user" "0:0" "1780a8d22cbead3196fb40b5e6e97056eaa0267ab4ec7be9de5de951227d24df" "/opt/rustwide/cargo-home/bin/cargo" "+1.100.0-beta.1" "test" "--frozen" "--no-run" "--message-format=json" "--release", kill_on_drop: false }`
[INFO] [stderr]    Compiling libc v0.2.186
[INFO] [stderr]    Compiling autocfg v1.5.0
[INFO] [stderr]    Compiling parking_lot_core v0.9.11
[INFO] [stderr]    Compiling smallvec v1.15.1
[INFO] [stderr]    Compiling scopeguard v1.2.0
[INFO] [stderr]    Compiling bytes v1.10.1
[INFO] [stderr]    Compiling tokio-macros v2.7.0
[INFO] [stderr]    Compiling lock_api v0.4.13
[INFO] [stderr]    Compiling getrandom v0.2.16
[INFO] [stderr]    Compiling mio v1.2.1
[INFO] [stderr]    Compiling signal-hook-registry v1.4.5
[INFO] [stderr]    Compiling socket2 v0.6.4
[INFO] [stderr]    Compiling getrandom v0.4.2
[INFO] [stderr]    Compiling parking_lot v0.12.4
[INFO] [stderr]    Compiling rand_core v0.6.4
[INFO] [stderr]    Compiling crypto-common v0.1.6
[INFO] [stderr]    Compiling password-hash v0.5.0
[INFO] [stderr]    Compiling cipher v0.4.4
[INFO] [stderr]    Compiling universal-hash v0.5.1
[INFO] [stderr]    Compiling digest v0.10.7
[INFO] [stderr]    Compiling aead v0.5.2
[INFO] [stderr]    Compiling polyval v0.6.2
[INFO] [stderr]    Compiling aes v0.8.4
[INFO] [stderr]    Compiling ctr v0.9.2
[INFO] [stderr]    Compiling ghash v0.5.1
[INFO] [stderr]    Compiling tokio v1.52.3
[INFO] [stderr]    Compiling blake2 v0.10.6
[INFO] [stderr]    Compiling argon2 v0.5.3
[INFO] [stderr]    Compiling aes-gcm v0.10.3
[INFO] [stderr]    Compiling defendor v0.0.7 (/opt/rustwide/workdir)
[INFO] [stdout] error[E0432]: unresolved import `defendor::biometric`
[INFO] [stdout]  --> examples/key.rs:1:16
[INFO] [stdout]   |
[INFO] [stdout] 1 | use defendor::{biometric::Biometric, defendor::Defendor, password::Password, store::Store};
[INFO] [stdout]   |                ^^^^^^^^^ could not find `biometric` in `defendor`
[INFO] [stdout]   |
[INFO] [stdout] note: found an item that was configured out
[INFO] [stdout]  --> src/lib.rs:2:9
[INFO] [stdout]   |
[INFO] [stdout] 1 | #[cfg(feature = "biometric")]
[INFO] [stdout]   |       --------------------- the item is gated behind the `biometric` feature
[INFO] [stdout] 2 | pub mod biometric;
[INFO] [stdout]   |         ^^^^^^^^^
[INFO] [stdout] 
[INFO] [stdout] 
[INFO] [stdout] error[E0599]: no method named `load_by_biometric` found for mutable reference `&mut Defendor<Config>` in the current scope
[INFO] [stdout]   --> examples/key.rs:55:14
[INFO] [stdout]    |
[INFO] [stdout] 51 |         defendor
[INFO] [stdout] 52 |             .load_by_password(Zeroizing::new(String::from("password123").into()))
[INFO] [stdout] 53 |             .await
[INFO] [stdout] 54 |             .unwrap()
[INFO] [stdout] 55 |             .load_by_biometric("test")
[INFO] [stdout]    |              ^^^^^^^^^^^^^^^^^ method not found in `&mut Defendor<Config>`
[INFO] [stdout] 
[INFO] [stdout] 
[INFO] [stdout] error[E0599]: no method named `init_biometric` found for mutable reference `&mut Defendor<Config>` in the current scope
[INFO] [stdout]   --> examples/key.rs:68:14
[INFO] [stdout]    |
[INFO] [stdout] 61 |         defendor
[INFO] [stdout] 62 |             .init_key()
[INFO] [stdout] 63 |             .await
[INFO] [stdout] 64 |             .unwrap()
[INFO] [stdout] 65 |             .init_password(Zeroizing::new(String::from("password123").into()))
[INFO] [stdout] 66 |             .await
[INFO] [stdout] 67 |             .unwrap()
[INFO] [stdout] 68 |             .init_biometric("test")
[INFO] [stdout]    |              ^^^^^^^^^^^^^^ method not found in `&mut Defendor<Config>`
[INFO] [stdout] 
[INFO] [stdout] 
[INFO] [stdout] Some errors have detailed explanations: E0432, E0599.
[INFO] [stdout] 
[INFO] [stdout] For more information about an error, try `rustc --explain E0432`.
[INFO] [stdout] 
[INFO] [stderr] error: could not compile `defendor` (example "key") due to 3 previous errors
[INFO] [stderr] warning: build failed, waiting for other jobs to finish...
[INFO] [stderr] warning: unused dependency `tokio`
[INFO] [stderr]   --> Cargo.toml:33:19
[INFO] [stderr]    |
[INFO] [stderr] 33 | [dev-dependencies.tokio]
[INFO] [stderr]    |                   ^^^^^^
[INFO] [stderr]    |
[INFO] [stderr]    = note: `cargo::unused_dependencies` is set to `warn` by default
[INFO] [stderr] help: consider removing the dependency on `tokio`
[INFO] [stderr] help: to still use for development builds, move to `dev-dependencies`
[INFO] [stderr] warning: unused dependency `tokio`
[INFO] [stderr]   --> Cargo.toml:25:15
[INFO] [stderr]    |
[INFO] [stderr] 25 | [dependencies.tokio]
[INFO] [stderr]    |               ^^^^^^
[INFO] [stderr]    |
[INFO] [stderr] help: consider removing the dependency on `tokio`
[INFO] [stderr] help: to still use for development builds, move to `dev-dependencies`
[INFO] [stderr] warning: `defendor` (manifest) generated 2 warnings
[INFO] running `Command { std: "docker" "inspect" "1780a8d22cbead3196fb40b5e6e97056eaa0267ab4ec7be9de5de951227d24df", kill_on_drop: false }`
[INFO] running `Command { std: "docker" "rm" "-f" "1780a8d22cbead3196fb40b5e6e97056eaa0267ab4ec7be9de5de951227d24df", kill_on_drop: false }`
[INFO] [stdout] 1780a8d22cbead3196fb40b5e6e97056eaa0267ab4ec7be9de5de951227d24df
