[INFO] fetching crate defaults-rs 1.2.2...
[INFO] testing defaults-rs-1.2.2 against 1.99.0-beta.8+cargoflags=--release for beta-release-1.100-2
[INFO] extracting crate defaults-rs 1.2.2 into /workspace/builds/worker-5-tc1/source
[INFO] removed /workspace/builds/worker-5-tc1/source/.cargo/config.toml
[INFO] started tweaking crates.io crate defaults-rs 1.2.2
[INFO] finished tweaking crates.io crate defaults-rs 1.2.2
[INFO] tweaked toml for crates.io crate defaults-rs 1.2.2 written to /workspace/builds/worker-5-tc1/source/Cargo.toml
[INFO] validating manifest of crates.io crate defaults-rs 1.2.2 on toolchain 1.99.0-beta.8
[INFO] running `Command { std: CARGO_HOME="/workspace/cargo-home" RUSTUP_HOME="/workspace/rustup-home" "/workspace/cargo-home/bin/cargo" "+1.99.0-beta.8" "metadata" "--manifest-path" "Cargo.toml" "--no-deps", kill_on_drop: false }`
[INFO] crate crates.io crate defaults-rs 1.2.2 already has a lockfile, it will not be regenerated
[INFO] running `Command { std: CARGO_HOME="/workspace/cargo-home" RUSTUP_HOME="/workspace/rustup-home" "/workspace/cargo-home/bin/cargo" "+1.99.0-beta.8" "fetch" "--manifest-path" "Cargo.toml", kill_on_drop: false }`
[INFO] [stderr]     Updating crates.io index
[INFO] [stderr]  Downloading crates ...
[INFO] [stderr]   Downloaded vte v0.15.0
[INFO] [stderr]   Downloaded find-msvc-tools v0.1.5
[INFO] [stderr]   Downloaded timer v0.2.0
[INFO] [stderr]   Downloaded skim-common v0.2.0
[INFO] [stderr]   Downloaded cc v1.2.48
[INFO] [stderr]   Downloaded skim v0.20.5
[INFO] [stderr]   Downloaded env_filter v0.1.4
[INFO] [stderr]   Downloaded crossbeam v0.8.4
[INFO] [stderr]   Downloaded defer-drop v1.3.0
[INFO] [stderr]   Downloaded shell-quote v0.7.2
[INFO] [stderr]   Downloaded skim-tuikit v0.6.6
[INFO] [stderr]   Downloaded clap_complete v4.5.61
[INFO] [stderr]   Downloaded clap v4.5.53
[INFO] [stderr]   Downloaded jiff-static v0.2.16
[INFO] [stderr]   Downloaded plist v1.7.4
[INFO] [stderr]   Downloaded pulldown-cmark v0.13.0
[INFO] [stderr]   Downloaded clap_builder v4.5.53
[INFO] [stderr]   Downloaded jiff v0.2.16
[INFO] running `Command { std: "docker" "create" "-v" "/var/lib/crater-agent-workspace/builds/worker-5-tc1/source:/opt/rustwide/workdir:ro,Z" "-v" "/var/lib/crater-agent-workspace/builds/worker-5-tc1/target:/opt/rustwide/target:rw,Z" "-v" "/var/lib/crater-agent-workspace/cargo-home:/opt/rustwide/cargo-home:ro,Z" "-v" "/var/lib/crater-agent-workspace/rustup-home:/opt/rustwide/rustup-home:ro,Z" "-m" "1610612736" "--network" "none" "ghcr.io/rust-lang/crates-build-env/linux@sha256:77db811e55d90add9212f6832c23229e3de5f1c1f9905e8cb07319ea15df73ac" "sleep" "infinity", kill_on_drop: false }`
[INFO] [stdout] 37df8669c55bb067bd5c01f7d0e93f72a43da252aa93617f3faa9795dd9c551a
[INFO] running `Command { std: "docker" "start" "37df8669c55bb067bd5c01f7d0e93f72a43da252aa93617f3faa9795dd9c551a", kill_on_drop: false }`
[INFO] running `Command { std: "docker" "inspect" "37df8669c55bb067bd5c01f7d0e93f72a43da252aa93617f3faa9795dd9c551a", kill_on_drop: false }`
[INFO] running `Command { std: "docker" "exec" "-e" "SOURCE_DIR=/opt/rustwide/workdir" "-e" "CARGO_HOME=/opt/rustwide/cargo-home" "-e" "RUSTUP_HOME=/opt/rustwide/rustup-home" "-e" "CARGO_TARGET_DIR=/opt/rustwide/target" "-w" "/opt/rustwide/workdir" "--user" "0:0" "37df8669c55bb067bd5c01f7d0e93f72a43da252aa93617f3faa9795dd9c551a" "/opt/rustwide/cargo-home/bin/cargo" "+1.99.0-beta.8" "metadata" "--no-deps" "--format-version=1", kill_on_drop: false }`
[INFO] running `Command { std: "docker" "inspect" "37df8669c55bb067bd5c01f7d0e93f72a43da252aa93617f3faa9795dd9c551a", kill_on_drop: false }`
[INFO] running `Command { std: "docker" "exec" "-e" "SOURCE_DIR=/opt/rustwide/workdir" "-e" "CARGO_HOME=/opt/rustwide/cargo-home" "-e" "RUSTUP_HOME=/opt/rustwide/rustup-home" "-e" "CARGO_TARGET_DIR=/opt/rustwide/target" "-e" "CARGO_INCREMENTAL=0" "-e" "RUST_BACKTRACE=full" "-e" "RUSTFLAGS=--cap-lints=warn" "-e" "RUSTDOCFLAGS=--cap-lints=warn" "-w" "/opt/rustwide/workdir" "--user" "0:0" "37df8669c55bb067bd5c01f7d0e93f72a43da252aa93617f3faa9795dd9c551a" "/opt/rustwide/cargo-home/bin/cargo" "+1.99.0-beta.8" "build" "--frozen" "--message-format=json" "--release", kill_on_drop: false }`
[INFO] [stderr]    Compiling libc v0.2.178
[INFO] [stderr]    Compiling proc-macro2 v1.0.103
[INFO] [stderr]    Compiling fnv v1.0.7
[INFO] [stderr]    Compiling regex-syntax v0.8.8
[INFO] [stderr]    Compiling crossbeam-utils v0.8.21
[INFO] [stderr]    Compiling aho-corasick v1.1.4
[INFO] [stderr]    Compiling zerocopy v0.8.31
[INFO] [stderr]    Compiling pulldown-cmark v0.13.0
[INFO] [stderr]    Compiling unicase v2.8.1
[INFO] [stderr]    Compiling cfg_aliases v0.2.1
[INFO] [stderr]    Compiling bitflags v2.10.0
[INFO] [stderr]    Compiling memchr v2.7.6
[INFO] [stderr]    Compiling log v0.4.29
[INFO] [stderr]    Compiling anstyle v1.0.13
[INFO] [stderr]    Compiling rustix v1.1.2
[INFO] [stderr]    Compiling powerfmt v0.2.0
[INFO] [stderr]    Compiling nix v0.29.0
[INFO] [stderr]    Compiling clap_builder v4.5.53
[INFO] [stderr]    Compiling serde v1.0.228
[INFO] [stderr]    Compiling either v1.15.0
[INFO] [stderr]    Compiling deranged v0.5.5
[INFO] [stderr]    Compiling time-core v0.1.6
[INFO] [stderr]    Compiling linux-raw-sys v0.11.0
[INFO] [stderr]    Compiling num-conv v0.1.0
[INFO] [stderr]    Compiling itoa v1.0.15
[INFO] [stderr]    Compiling thread_local v1.1.9
[INFO] [stderr]    Compiling skim-common v0.2.0
[INFO] [stderr]    Compiling env_home v0.1.0
[INFO] [stderr]    Compiling anyhow v1.0.100
[INFO] [stderr]    Compiling lazy_static v1.5.0
[INFO] [stderr]    Compiling jiff v0.2.16
[INFO] [stderr]    Compiling arrayvec v0.7.6
[INFO] [stderr]    Compiling crossbeam-epoch v0.9.18
[INFO] [stderr]    Compiling crossbeam-channel v0.5.15
[INFO] [stderr]    Compiling crossbeam-queue v0.3.12
[INFO] [stderr]    Compiling crossbeam-deque v0.8.6
[INFO] [stderr]    Compiling vte v0.15.0
[INFO] [stderr]    Compiling fuzzy-matcher v0.3.7
[INFO] [stderr]    Compiling rayon-core v1.13.0
[INFO] [stderr]    Compiling timer v0.2.0
[INFO] [stderr]    Compiling quick-xml v0.38.4
[INFO] [stderr]    Compiling quote v1.0.42
[INFO] [stderr]    Compiling crossbeam v0.8.4
[INFO] [stderr]    Compiling defer-drop v1.3.0
[INFO] [stderr]    Compiling shlex v1.3.0
[INFO] [stderr]    Compiling time v0.3.44
[INFO] [stderr]    Compiling syn v2.0.111
[INFO] [stderr]    Compiling rayon v1.11.0
[INFO] [stderr]    Compiling core-foundation-sys v0.8.7
[INFO] [stderr]    Compiling beef v0.5.2
[INFO] [stderr]    Compiling regex-automata v0.4.13
[INFO] [stderr]    Compiling getrandom v0.3.4
[INFO] [stderr]    Compiling dirs-sys-next v0.1.2
[INFO] [stderr]    Compiling dirs-next v2.0.0
[INFO] [stderr]    Compiling rand_core v0.9.3
[INFO] [stderr]    Compiling ppv-lite86 v0.2.21
[INFO] [stderr]    Compiling term v0.7.0
[INFO] [stderr]    Compiling dirs-sys v0.5.0
[INFO] [stderr]    Compiling rand_chacha v0.9.0
[INFO] [stderr]    Compiling core-foundation v0.10.1
[INFO] [stderr]    Compiling rand v0.9.2
[INFO] [stderr]    Compiling which v7.0.3
[INFO] [stderr]    Compiling plist v1.7.4
[INFO] [stderr]    Compiling darling_core v0.20.11
[INFO] [stderr]    Compiling dirs v6.0.0
[INFO] [stderr]    Compiling skim-tuikit v0.6.6
[INFO] [stderr]    Compiling clap_derive v4.5.49
[INFO] [stderr]    Compiling regex v1.12.2
[INFO] [stderr]    Compiling bstr v1.12.1
[INFO] [stderr]    Compiling darling_macro v0.20.11
[INFO] [stderr]    Compiling darling v0.20.11
[INFO] [stderr]    Compiling clap v4.5.53
[INFO] [stderr]    Compiling derive_builder_core v0.20.2
[INFO] [stderr]    Compiling env_filter v0.1.4
[INFO] [stderr]    Compiling clap_complete v4.5.61
[INFO] [stderr]    Compiling env_logger v0.11.8
[INFO] [stderr]    Compiling shell-quote v0.7.2
[INFO] [stderr]    Compiling derive_builder_macro v0.20.2
[INFO] [stderr]    Compiling derive_builder v0.20.2
[INFO] [stderr]    Compiling skim v0.20.5
[INFO] [stderr]    Compiling defaults-rs v1.2.2 (/opt/rustwide/workdir)
[INFO] [stdout] error: linking with `cc` failed: exit status: 1
[INFO] [stdout]   |
[INFO] [stdout]   = note:  "cc" "-m64" "/opt/rustwide/target/release/deps/rustc5W6oV3/symbols.o" "<3 object files omitted>" "-Wl,--as-needed" "-Wl,-Bstatic" "/opt/rustwide/target/release/deps/{libdefaults_rs-81970e92c9d98e49,libdirs-38c09fb6b5dce404,libdirs_sys-c65eb216455e0db8,liboption_ext-d0c08071b84db46d,libskim-82ef2eca57882ef3,libclap_complete-21d97c66640d9353,libshell_quote-8a3775536b4761ad,libbstr-fa465b2acd1f0b7d,libwhich-32a885e86c7dfd85,libenv_home-973aa062ba3c5ea0,librustix-b141c8bd0f8585b9,liblinux_raw_sys-acf0a64239d0c97f,librand-ca47db3e3e9ff04a,librand_chacha-fed9984d1db40183,libppv_lite86-d99c363238c75d65,libzerocopy-430f0ac189649df0,librand_core-278d67be0f876099,libgetrandom-0a44256b3d52c12d,libderive_builder-f1997318aa20298b,libtimer-76867c134794fae9,libchrono-ad614fa9f4f9f809,libiana_time_zone-ae6c222c4854ade7,libnum_traits-cc425fcf9e73133e,librayon-fc1f687e6e992f81,librayon_core-200cbe5ba623cbda,libeither-81d6ed0f1b37bd4f,libdefer_drop-5ae6a7bc2f69507c,libonce_cell-35d4cc1b6bbf4e72,libfuzzy_matcher-c1d43a7ea390afe5,libthread_local-57dcbb25ec93501c,libregex-d2f2a24e5388a608,libregex_automata-ad83e2503f284121,libaho_corasick-dc484d941911dcd1,libregex_syntax-3f2dd4f0badfd6e9,libvte-9176e4ed08ddd3fc,libbeef-021a9f96cda3569c,libskim_tuikit-ed4619d26a5c8936,liblazy_static-fdd6af0286056ca3,libskim_common-de84c63c6357222f,libterm-938ffc6a36e0aa3e,libdirs_next-43030fd9ffcd1267,libdirs_sys_next-b2a06e32753574bc,libnix-91a791471c2252bd,libbitflags-4b509395af94d244,libcfg_if-6d8dca19095bb388,libunicode_width-c2e256aa7a1ffd47,libbitflags-68973b8086863992,libcrossbeam-fc08345c42ec0ce0,libcrossbeam_deque-2a0d55b5d488e9da,libcrossbeam_channel-3fcecd793f399fd6,libcrossbeam_queue-77d27a51d66a39bf,libcrossbeam_epoch-5071d9e21cd7edca,libcrossbeam_utils-c35c21890820cf1a,liblog-9f5fd3dda547de7d,libclap-01409d5564093d18,libclap_builder-1276016f4e0e19cc,libstrsim-59d8e27f2067b49a,libanstream-c914bf1de34742d6,libanstyle_query-b45e303465962535,libis_terminal_polyfill-d4b89543c4de780e,libcolorchoice-1862e5f8c10b89de,libanstyle_parse-2a754419c04d28ad,libutf8parse-fd39fdebeec71100,libclap_lex-9fcf0bc87aa3b61b,libanstyle-8f069d2d725bf663,libplist-01f55df69cc2506f,libtime-b1fc67e96a32d5ca,libitoa-6ac79ecd3493b3ff,libtime_core-faaadd3300758d42,libnum_conv-ea2b56a62748def3,libderanged-a9a10d02e9fb5b66,libpowerfmt-36b72e9804a215c5,libquick_xml-0ded40d5e7a8524d,libmemchr-f5475d219327462e,libbase64-5ba8d8f2fe9c6ccd,libindexmap-2369a488a778008d,libequivalent-26a0d6a3c1145f1b,libhashbrown-510a83e6dee1f340,libserde-ca2bf0c9dc1d326f,libserde_core-fc2e9ba380840c21,libcore_foundation-cc66d78da3b4dde3,liblibc-1bdac62d11aedbcd,libcore_foundation_sys-2f979499bf1765ad,libanyhow-d0294ab4c4b496f2}.rlib" "<sysroot>/lib/rustlib/x86_64-unknown-linux-gnu/lib/{libstd-*,libpanic_unwind-*,libobject-*,libmemchr-*,libaddr2line-*,libgimli-*,libcfg_if-*,librustc_demangle-*,libstd_detect-*,libhashbrown-*,librustc_std_workspace_alloc-*,libminiz_oxide-*,libadler2-*,libunwind-*,liblibc-*,librustc_std_workspace_core-*,liballoc-*,libcore-*,libcompiler_builtins-*}.rlib" "-Wl,-Bdynamic" "-lgcc_s" "-lutil" "-lrt" "-lpthread" "-lm" "-ldl" "-lc" "-L" "/opt/rustwide/target/release/deps/rustc5W6oV3/raw-dylibs" "-B<sysroot>/lib/rustlib/x86_64-unknown-linux-gnu/bin/gcc-ld" "-fuse-ld=lld" "-Wl,--eh-frame-hdr" "-Wl,-z,noexecstack" "-L" "<sysroot>/lib/rustlib/x86_64-unknown-linux-gnu/lib" "-o" "/opt/rustwide/target/release/deps/drs-4ef4b7e1547ca8b5" "-Wl,--gc-sections" "-pie" "-Wl,-z,relro,-z,now" "-Wl,-O1" "-Wl,--strip-debug" "-nodefaultlibs"
[INFO] [stdout]   = note: some arguments are omitted. use `--verbose` to show all linker arguments
[INFO] [stdout]   = note: rust-lld: error: undefined symbol: kCFAllocatorDefault
[INFO] [stdout]           >>> referenced by defaults_rs.16bd229f80ac5479-cgu.01
[INFO] [stdout]           >>>               defaults_rs-81970e92c9d98e49.defaults_rs.16bd229f80ac5479-cgu.01.rcgu.o:(<alloc::vec::Vec<core_foundation::string::CFString> as alloc::vec::spec_from_iter_nested::SpecFromIterNested<core_foundation::string::CFString, core::iter::adapters::map::Map<std::collections::hash::map::Keys<alloc::string::String, defaults_rs::core::types::PrefValue>, defaults_rs::core::convert::pref_to_cf::{closure#0}>>>::from_iter) in archive /opt/rustwide/target/release/deps/libdefaults_rs-81970e92c9d98e49.rlib
[INFO] [stdout]           >>> referenced by defaults_rs.16bd229f80ac5479-cgu.01
[INFO] [stdout]           >>>               defaults_rs-81970e92c9d98e49.defaults_rs.16bd229f80ac5479-cgu.01.rcgu.o:(<alloc::vec::Vec<core_foundation::string::CFString> as alloc::vec::spec_from_iter_nested::SpecFromIterNested<core_foundation::string::CFString, core::iter::adapters::map::Map<std::collections::hash::map::Keys<alloc::string::String, defaults_rs::core::types::PrefValue>, defaults_rs::core::convert::pref_to_cf::{closure#0}>>>::from_iter) in archive /opt/rustwide/target/release/deps/libdefaults_rs-81970e92c9d98e49.rlib
[INFO] [stdout]           >>> referenced by defaults_rs.16bd229f80ac5479-cgu.09
[INFO] [stdout]           >>>               defaults_rs-81970e92c9d98e49.defaults_rs.16bd229f80ac5479-cgu.09.rcgu.o:(defaults_rs::core::convert::cf_to_pref) in archive /opt/rustwide/target/release/deps/libdefaults_rs-81970e92c9d98e49.rlib
[INFO] [stdout]           >>> referenced 13 more times
[INFO] [stdout]           
[INFO] [stdout]           rust-lld: error: undefined symbol: CFStringCreateWithBytes
[INFO] [stdout]           >>> referenced by defaults_rs.16bd229f80ac5479-cgu.01
[INFO] [stdout]           >>>               defaults_rs-81970e92c9d98e49.defaults_rs.16bd229f80ac5479-cgu.01.rcgu.o:(<alloc::vec::Vec<core_foundation::string::CFString> as alloc::vec::spec_from_iter_nested::SpecFromIterNested<core_foundation::string::CFString, core::iter::adapters::map::Map<std::collections::hash::map::Keys<alloc::string::String, defaults_rs::core::types::PrefValue>, defaults_rs::core::convert::pref_to_cf::{closure#0}>>>::from_iter) in archive /opt/rustwide/target/release/deps/libdefaults_rs-81970e92c9d98e49.rlib
[INFO] [stdout]           >>> referenced by defaults_rs.16bd229f80ac5479-cgu.01
[INFO] [stdout]           >>>               defaults_rs-81970e92c9d98e49.defaults_rs.16bd229f80ac5479-cgu.01.rcgu.o:(<alloc::vec::Vec<core_foundation::string::CFString> as alloc::vec::spec_from_iter_nested::SpecFromIterNested<core_foundation::string::CFString, core::iter::adapters::map::Map<std::collections::hash::map::Keys<alloc::string::String, defaults_rs::core::types::PrefValue>, defaults_rs::core::convert::pref_to_cf::{closure#0}>>>::from_iter) in archive /opt/rustwide/target/release/deps/libdefaults_rs-81970e92c9d98e49.rlib
[INFO] [stdout]           >>> referenced by defaults_rs.16bd229f80ac5479-cgu.09
[INFO] [stdout]           >>>               defaults_rs-81970e92c9d98e49.defaults_rs.16bd229f80ac5479-cgu.09.rcgu.o:(defaults_rs::core::convert::pref_to_cf) in archive /opt/rustwide/target/release/deps/libdefaults_rs-81970e92c9d98e49.rlib
[INFO] [stdout]           >>> referenced 9 more times
[INFO] [stdout]           
[INFO] [stdout]           rust-lld: error: undefined symbol: CFGetTypeID
[INFO] [stdout]           >>> referenced by defaults_rs.16bd229f80ac5479-cgu.09
[INFO] [stdout]           >>>               defaults_rs-81970e92c9d98e49.defaults_rs.16bd229f80ac5479-cgu.09.rcgu.o:(defaults_rs::core::convert::cf_to_pref) in archive /opt/rustwide/target/release/deps/libdefaults_rs-81970e92c9d98e49.rlib
[INFO] [stdout]           >>> referenced by defaults_rs.16bd229f80ac5479-cgu.09
[INFO] [stdout]           >>>               defaults_rs-81970e92c9d98e49.defaults_rs.16bd229f80ac5479-cgu.09.rcgu.o:(defaults_rs::core::convert::cf_to_pref) in archive /opt/rustwide/target/release/deps/libdefaults_rs-81970e92c9d98e49.rlib
[INFO] [stdout]           >>> referenced by defaults_rs.16bd229f80ac5479-cgu.13
[INFO] [stdout]           >>>               defaults_rs-81970e92c9d98e49.defaults_rs.16bd229f80ac5479-cgu.13.rcgu.o:(defaults_rs::core::foundation::list_domains) in archive /opt/rustwide/target/release/deps/libdefaults_rs-81970e92c9d98e49.rlib
[INFO] [stdout]           >>> referenced 1 more times
[INFO] [stdout]           
[INFO] [stdout]           rust-lld: error: undefined symbol: CFStringGetTypeID
[INFO] [stdout]           >>> referenced by defaults_rs.16bd229f80ac5479-cgu.09
[INFO] [stdout]           >>>               defaults_rs-81970e92c9d98e49.defaults_rs.16bd229f80ac5479-cgu.09.rcgu.o:(defaults_rs::core::convert::cf_to_pref) in archive /opt/rustwide/target/release/deps/libdefaults_rs-81970e92c9d98e49.rlib
[INFO] [stdout]           >>> referenced by defaults_rs.16bd229f80ac5479-cgu.09
[INFO] [stdout]           >>>               defaults_rs-81970e92c9d98e49.defaults_rs.16bd229f80ac5479-cgu.09.rcgu.o:(defaults_rs::core::convert::cf_to_pref) in archive /opt/rustwide/target/release/deps/libdefaults_rs-81970e92c9d98e49.rlib
[INFO] [stdout]           >>> referenced by defaults_rs.16bd229f80ac5479-cgu.13
[INFO] [stdout]           >>>               defaults_rs-81970e92c9d98e49.defaults_rs.16bd229f80ac5479-cgu.13.rcgu.o:(defaults_rs::core::foundation::list_domains) in archive /opt/rustwide/target/release/deps/libdefaults_rs-81970e92c9d98e49.rlib
[INFO] [stdout]           >>> referenced 1 more times
[INFO] [stdout]           
[INFO] [stdout]           rust-lld: error: undefined symbol: CFBooleanGetTypeID
[INFO] [stdout]           >>> referenced by defaults_rs.16bd229f80ac5479-cgu.09
[INFO] [stdout]           >>>               defaults_rs-81970e92c9d98e49.defaults_rs.16bd229f80ac5479-cgu.09.rcgu.o:(defaults_rs::core::convert::cf_to_pref) in archive /opt/rustwide/target/release/deps/libdefaults_rs-81970e92c9d98e49.rlib
[INFO] [stdout]           
[INFO] [stdout]           rust-lld: error: undefined symbol: CFNumberGetTypeID
[INFO] [stdout]           >>> referenced by defaults_rs.16bd229f80ac5479-cgu.09
[INFO] [stdout]           >>>               defaults_rs-81970e92c9d98e49.defaults_rs.16bd229f80ac5479-cgu.09.rcgu.o:(defaults_rs::core::convert::cf_to_pref) in archive /opt/rustwide/target/release/deps/libdefaults_rs-81970e92c9d98e49.rlib
[INFO] [stdout]           
[INFO] [stdout]           rust-lld: error: undefined symbol: CFArrayGetTypeID
[INFO] [stdout]           >>> referenced by defaults_rs.16bd229f80ac5479-cgu.09
[INFO] [stdout]           >>>               defaults_rs-81970e92c9d98e49.defaults_rs.16bd229f80ac5479-cgu.09.rcgu.o:(defaults_rs::core::convert::cf_to_pref) in archive /opt/rustwide/target/release/deps/libdefaults_rs-81970e92c9d98e49.rlib
[INFO] [stdout]           
[INFO] [stdout]           rust-lld: error: undefined symbol: CFDictionaryGetTypeID
[INFO] [stdout]           >>> referenced by defaults_rs.16bd229f80ac5479-cgu.09
[INFO] [stdout]           >>>               defaults_rs-81970e92c9d98e49.defaults_rs.16bd229f80ac5479-cgu.09.rcgu.o:(defaults_rs::core::convert::cf_to_pref) in archive /opt/rustwide/target/release/deps/libdefaults_rs-81970e92c9d98e49.rlib
[INFO] [stdout]           
[INFO] [stdout]           rust-lld: error: undefined symbol: CFDataGetTypeID
[INFO] [stdout]           >>> referenced by defaults_rs.16bd229f80ac5479-cgu.09
[INFO] [stdout]           >>>               defaults_rs-81970e92c9d98e49.defaults_rs.16bd229f80ac5479-cgu.09.rcgu.o:(defaults_rs::core::convert::cf_to_pref) in archive /opt/rustwide/target/release/deps/libdefaults_rs-81970e92c9d98e49.rlib
[INFO] [stdout]           
[INFO] [stdout]           rust-lld: error: undefined symbol: CFDateGetTypeID
[INFO] [stdout]           >>> referenced by defaults_rs.16bd229f80ac5479-cgu.09
[INFO] [stdout]           >>>               defaults_rs-81970e92c9d98e49.defaults_rs.16bd229f80ac5479-cgu.09.rcgu.o:(defaults_rs::core::convert::cf_to_pref) in archive /opt/rustwide/target/release/deps/libdefaults_rs-81970e92c9d98e49.rlib
[INFO] [stdout]           
[INFO] [stdout]           rust-lld: error: undefined symbol: CFURLGetTypeID
[INFO] [stdout]           >>> referenced by defaults_rs.16bd229f80ac5479-cgu.09
[INFO] [stdout]           >>>               defaults_rs-81970e92c9d98e49.defaults_rs.16bd229f80ac5479-cgu.09.rcgu.o:(defaults_rs::core::convert::cf_to_pref) in archive /opt/rustwide/target/release/deps/libdefaults_rs-81970e92c9d98e49.rlib
[INFO] [stdout]           
[INFO] [stdout]           rust-lld: error: undefined symbol: CFUUIDGetTypeID
[INFO] [stdout]           >>> referenced by defaults_rs.16bd229f80ac5479-cgu.09
[INFO] [stdout]           >>>               defaults_rs-81970e92c9d98e49.defaults_rs.16bd229f80ac5479-cgu.09.rcgu.o:(defaults_rs::core::convert::cf_to_pref) in archive /opt/rustwide/target/release/deps/libdefaults_rs-81970e92c9d98e49.rlib
[INFO] [stdout]           
[INFO] [stdout]           rust-lld: error: undefined symbol: CFRetain
[INFO] [stdout]           >>> referenced by defaults_rs.16bd229f80ac5479-cgu.09
[INFO] [stdout]           >>>               defaults_rs-81970e92c9d98e49.defaults_rs.16bd229f80ac5479-cgu.09.rcgu.o:(defaults_rs::core::convert::cf_to_pref) in archive /opt/rustwide/target/release/deps/libdefaults_rs-81970e92c9d98e49.rlib
[INFO] [stdout]           >>> referenced by defaults_rs.16bd229f80ac5479-cgu.09
[INFO] [stdout]           >>>               defaults_rs-81970e92c9d98e49.defaults_rs.16bd229f80ac5479-cgu.09.rcgu.o:(defaults_rs::core::convert::cf_to_pref) in archive /opt/rustwide/target/release/deps/libdefaults_rs-81970e92c9d98e49.rlib
[INFO] [stdout]           >>> referenced by defaults_rs.16bd229f80ac5479-cgu.09
[INFO] [stdout]           >>>               defaults_rs-81970e92c9d98e49.defaults_rs.16bd229f80ac5479-cgu.09.rcgu.o:(defaults_rs::core::convert::cf_to_pref) in archive /opt/rustwide/target/release/deps/libdefaults_rs-81970e92c9d98e49.rlib
[INFO] [stdout]           >>> referenced 5 more times
[INFO] [stdout]           
[INFO] [stdout]           rust-lld: error: undefined symbol: kCFBooleanTrue
[INFO] [stdout]           >>> referenced by defaults_rs.16bd229f80ac5479-cgu.09
[INFO] [stdout]           >>>               defaults_rs-81970e92c9d98e49.defaults_rs.16bd229f80ac5479-cgu.09.rcgu.o:(defaults_rs::core::convert::cf_to_pref) in archive /opt/rustwide/target/release/deps/libdefaults_rs-81970e92c9d98e49.rlib
[INFO] [stdout]           >>> referenced by defaults_rs.16bd229f80ac5479-cgu.09
[INFO] [stdout]           >>>               defaults_rs-81970e92c9d98e49.defaults_rs.16bd229f80ac5479-cgu.09.rcgu.o:(defaults_rs::core::convert::pref_to_cf) in archive /opt/rustwide/target/release/deps/libdefaults_rs-81970e92c9d98e49.rlib
[INFO] [stdout]           
[INFO] [stdout]           rust-lld: error: undefined symbol: kCFBooleanFalse
[INFO] [stdout]           >>> referenced by defaults_rs.16bd229f80ac5479-cgu.09
[INFO] [stdout]           >>>               defaults_rs-81970e92c9d98e49.defaults_rs.16bd229f80ac5479-cgu.09.rcgu.o:(defaults_rs::core::convert::cf_to_pref) in archive /opt/rustwide/target/release/deps/libdefaults_rs-81970e92c9d98e49.rlib
[INFO] [stdout]           >>> referenced by defaults_rs.16bd229f80ac5479-cgu.09
[INFO] [stdout]           >>>               defaults_rs-81970e92c9d98e49.defaults_rs.16bd229f80ac5479-cgu.09.rcgu.o:(defaults_rs::core::convert::pref_to_cf) in archive /opt/rustwide/target/release/deps/libdefaults_rs-81970e92c9d98e49.rlib
[INFO] [stdout]           
[INFO] [stdout]           rust-lld: error: undefined symbol: CFNumberGetType
[INFO] [stdout]           >>> referenced by defaults_rs.16bd229f80ac5479-cgu.09
[INFO] [stdout]           >>>               defaults_rs-81970e92c9d98e49.defaults_rs.16bd229f80ac5479-cgu.09.rcgu.o:(defaults_rs::core::convert::cf_to_pref) in archive /opt/rustwide/target/release/deps/libdefaults_rs-81970e92c9d98e49.rlib
[INFO] [stdout]           
[INFO] [stdout]           rust-lld: error: undefined symbol: CFNumberGetValue
[INFO] [stdout]           >>> referenced by defaults_rs.16bd229f80ac5479-cgu.09
[INFO] [stdout]           >>>               defaults_rs-81970e92c9d98e49.defaults_rs.16bd229f80ac5479-cgu.09.rcgu.o:(defaults_rs::core::convert::cf_to_pref) in archive /opt/rustwide/target/release/deps/libdefaults_rs-81970e92c9d98e49.rlib
[INFO] [stdout]           >>> referenced by defaults_rs.16bd229f80ac5479-cgu.09
[INFO] [stdout]           >>>               defaults_rs-81970e92c9d98e49.defaults_rs.16bd229f80ac5479-cgu.09.rcgu.o:(defaults_rs::core::convert::cf_to_pref) in archive /opt/rustwide/target/release/deps/libdefaults_rs-81970e92c9d98e49.rlib
[INFO] [stdout]           
[INFO] [stdout]           rust-lld: error: undefined symbol: CFArrayGetCount
[INFO] [stdout]           >>> referenced by defaults_rs.16bd229f80ac5479-cgu.09
[INFO] [stdout]           >>>               defaults_rs-81970e92c9d98e49.defaults_rs.16bd229f80ac5479-cgu.09.rcgu.o:(defaults_rs::core::convert::cf_to_pref) in archive /opt/rustwide/target/release/deps/libdefaults_rs-81970e92c9d98e49.rlib
[INFO] [stdout]           >>> referenced by defaults_rs.16bd229f80ac5479-cgu.13
[INFO] [stdout]           >>>               defaults_rs-81970e92c9d98e49.defaults_rs.16bd229f80ac5479-cgu.13.rcgu.o:(defaults_rs::core::foundation::list_domains) in archive /opt/rustwide/target/release/deps/libdefaults_rs-81970e92c9d98e49.rlib
[INFO] [stdout]           >>> referenced by defaults_rs.16bd229f80ac5479-cgu.13
[INFO] [stdout]           >>>               defaults_rs-81970e92c9d98e49.defaults_rs.16bd229f80ac5479-cgu.13.rcgu.o:(defaults_rs::core::foundation::read_pref_domain) in archive /opt/rustwide/target/release/deps/libdefaults_rs-81970e92c9d98e49.rlib
[INFO] [stdout]           
[INFO] [stdout]           rust-lld: error: undefined symbol: CFDictionaryGetCount
[INFO] [stdout]           >>> referenced by defaults_rs.16bd229f80ac5479-cgu.09
[INFO] [stdout]           >>>               defaults_rs-81970e92c9d98e49.defaults_rs.16bd229f80ac5479-cgu.09.rcgu.o:(defaults_rs::core::convert::cf_to_pref) in archive /opt/rustwide/target/release/deps/libdefaults_rs-81970e92c9d98e49.rlib
[INFO] [stdout]           
[INFO] [stdout]           rust-lld: error: undefined symbol: CFDictionaryGetKeysAndValues
[INFO] [stdout]           >>> referenced by defaults_rs.16bd229f80ac5479-cgu.09
[INFO] [stdout]           >>>               defaults_rs-81970e92c9d98e49.defaults_rs.16bd229f80ac5479-cgu.09.rcgu.o:(defaults_rs::core::convert::cf_to_pref) in archive /opt/rustwide/target/release/deps/libdefaults_rs-81970e92c9d98e49.rlib
[INFO] [stdout]           
[INFO] [stdout]           rust-lld: error: too many errors emitted, stopping now (use --error-limit=0 to see all errors)
[INFO] [stdout]           collect2: error: ld returned 1 exit status
[INFO] [stdout]           
[INFO] [stdout] 
[INFO] [stdout] 
[INFO] [stderr] error: could not compile `defaults-rs` (bin "drs") due to 1 previous error
[INFO] running `Command { std: "docker" "inspect" "37df8669c55bb067bd5c01f7d0e93f72a43da252aa93617f3faa9795dd9c551a", kill_on_drop: false }`
[INFO] running `Command { std: "docker" "rm" "-f" "37df8669c55bb067bd5c01f7d0e93f72a43da252aa93617f3faa9795dd9c551a", kill_on_drop: false }`
[INFO] [stdout] 37df8669c55bb067bd5c01f7d0e93f72a43da252aa93617f3faa9795dd9c551a
