[INFO] fetching crate deepspeech 0.9.1...
[INFO] testing deepspeech-0.9.1 against 1.99.0-beta.8+cargoflags=--release for beta-release-1.100-2
[INFO] extracting crate deepspeech 0.9.1 into /workspace/builds/worker-5-tc1/source
[INFO] started tweaking crates.io crate deepspeech 0.9.1
[INFO] finished tweaking crates.io crate deepspeech 0.9.1
[INFO] tweaked toml for crates.io crate deepspeech 0.9.1 written to /workspace/builds/worker-5-tc1/source/Cargo.toml
[INFO] validating manifest of crates.io crate deepspeech 0.9.1 on toolchain 1.99.0-beta.8
[INFO] running `Command { std: CARGO_HOME="/workspace/cargo-home" RUSTUP_HOME="/workspace/rustup-home" "/workspace/cargo-home/bin/cargo" "+1.99.0-beta.8" "metadata" "--manifest-path" "Cargo.toml" "--no-deps", kill_on_drop: false }`
[INFO] crate crates.io crate deepspeech 0.9.1 already has a lockfile, it will not be regenerated
[INFO] running `Command { std: CARGO_HOME="/workspace/cargo-home" RUSTUP_HOME="/workspace/rustup-home" "/workspace/cargo-home/bin/cargo" "+1.99.0-beta.8" "fetch" "--manifest-path" "Cargo.toml", kill_on_drop: false }`
[INFO] [stderr] warning: Cargo.toml: `package.edition` is unspecified, defaulting to `2015` while the latest is `2024`
[INFO] [stderr] warning: `deepspeech` (manifest) generated 1 warning
[INFO] [stderr]     Updating crates.io index
[INFO] [stderr]  Downloading crates ...
[INFO] [stderr]   Downloaded dasp_window v0.11.0
[INFO] [stderr]   Downloaded deepspeech-sys v0.9.1
[INFO] [stderr]   Downloaded dasp_rms v0.11.0
[INFO] [stderr]   Downloaded dasp_signal v0.11.0
[INFO] [stderr]   Downloaded dasp_ring_buffer v0.11.0
[INFO] [stderr]   Downloaded dasp_peak v0.11.0
[INFO] [stderr]   Downloaded dasp_interpolate v0.11.0
[INFO] [stderr]   Downloaded dasp_envelope v0.11.0
[INFO] [stderr]   Downloaded caf v0.1.0
[INFO] [stderr]   Downloaded bitreader v0.3.3
[INFO] [stderr]   Downloaded mp4parse v0.10.1
[INFO] [stderr]   Downloaded hound v3.4.0
[INFO] [stderr]   Downloaded libc v0.2.87
[INFO] [stderr]   Downloaded alac v0.5.0
[INFO] running `Command { std: "docker" "create" "-v" "/var/lib/crater-agent-workspace/builds/worker-5-tc1/source:/opt/rustwide/workdir:ro,Z" "-v" "/var/lib/crater-agent-workspace/builds/worker-5-tc1/target:/opt/rustwide/target:rw,Z" "-v" "/var/lib/crater-agent-workspace/cargo-home:/opt/rustwide/cargo-home:ro,Z" "-v" "/var/lib/crater-agent-workspace/rustup-home:/opt/rustwide/rustup-home:ro,Z" "-m" "1610612736" "--network" "none" "ghcr.io/rust-lang/crates-build-env/linux@sha256:77db811e55d90add9212f6832c23229e3de5f1c1f9905e8cb07319ea15df73ac" "sleep" "infinity", kill_on_drop: false }`
[INFO] [stdout] 347073fc594987f042078afe560a412f5c5909b5147de7b9790c4f6f8764a7e6
[INFO] running `Command { std: "docker" "start" "347073fc594987f042078afe560a412f5c5909b5147de7b9790c4f6f8764a7e6", kill_on_drop: false }`
[INFO] running `Command { std: "docker" "inspect" "347073fc594987f042078afe560a412f5c5909b5147de7b9790c4f6f8764a7e6", kill_on_drop: false }`
[INFO] running `Command { std: "docker" "exec" "-e" "SOURCE_DIR=/opt/rustwide/workdir" "-e" "CARGO_HOME=/opt/rustwide/cargo-home" "-e" "RUSTUP_HOME=/opt/rustwide/rustup-home" "-e" "CARGO_TARGET_DIR=/opt/rustwide/target" "-w" "/opt/rustwide/workdir" "--user" "0:0" "347073fc594987f042078afe560a412f5c5909b5147de7b9790c4f6f8764a7e6" "/opt/rustwide/cargo-home/bin/cargo" "+1.99.0-beta.8" "metadata" "--no-deps" "--format-version=1", kill_on_drop: false }`
[INFO] running `Command { std: "docker" "inspect" "347073fc594987f042078afe560a412f5c5909b5147de7b9790c4f6f8764a7e6", kill_on_drop: false }`
[INFO] running `Command { std: "docker" "exec" "-e" "SOURCE_DIR=/opt/rustwide/workdir" "-e" "CARGO_HOME=/opt/rustwide/cargo-home" "-e" "RUSTUP_HOME=/opt/rustwide/rustup-home" "-e" "CARGO_TARGET_DIR=/opt/rustwide/target" "-e" "CARGO_INCREMENTAL=0" "-e" "RUST_BACKTRACE=full" "-e" "RUSTFLAGS=--cap-lints=warn" "-e" "RUSTDOCFLAGS=--cap-lints=warn" "-w" "/opt/rustwide/workdir" "--user" "0:0" "347073fc594987f042078afe560a412f5c5909b5147de7b9790c4f6f8764a7e6" "/opt/rustwide/cargo-home/bin/cargo" "+1.99.0-beta.8" "build" "--frozen" "--message-format=json" "--release", kill_on_drop: false }`
[INFO] [stderr] warning: Cargo.toml: `package.edition` is unspecified, defaulting to `2015` while the latest is `2024`
[INFO] [stderr] warning: `deepspeech` (manifest) generated 1 warning
[INFO] [stderr]    Compiling deepspeech-sys v0.9.1
[INFO] [stderr]    Compiling libc v0.2.87
[INFO] [stderr]    Compiling deepspeech v0.9.1 (/opt/rustwide/workdir)
[INFO] [stderr]     Finished `release` profile [optimized] target(s) in 1.22s
[INFO] running `Command { std: "docker" "inspect" "347073fc594987f042078afe560a412f5c5909b5147de7b9790c4f6f8764a7e6", kill_on_drop: false }`
[INFO] running `Command { std: "docker" "exec" "-e" "SOURCE_DIR=/opt/rustwide/workdir" "-e" "CARGO_HOME=/opt/rustwide/cargo-home" "-e" "RUSTUP_HOME=/opt/rustwide/rustup-home" "-e" "CARGO_TARGET_DIR=/opt/rustwide/target" "-e" "CARGO_INCREMENTAL=0" "-e" "RUST_BACKTRACE=full" "-e" "RUSTFLAGS=--cap-lints=warn" "-e" "RUSTDOCFLAGS=--cap-lints=warn" "-w" "/opt/rustwide/workdir" "--user" "0:0" "347073fc594987f042078afe560a412f5c5909b5147de7b9790c4f6f8764a7e6" "/opt/rustwide/cargo-home/bin/cargo" "+1.99.0-beta.8" "test" "--frozen" "--no-run" "--message-format=json" "--release", kill_on_drop: false }`
[INFO] [stderr] warning: Cargo.toml: `package.edition` is unspecified, defaulting to `2015` while the latest is `2024`
[INFO] [stderr] warning: `deepspeech` (manifest) generated 1 warning
[INFO] [stderr]    Compiling dasp_frame v0.11.0
[INFO] [stderr]    Compiling byteorder v1.4.2
[INFO] [stderr]    Compiling num-traits v0.2.14
[INFO] [stderr]    Compiling maybe-uninit v2.0.0
[INFO] [stderr]    Compiling dasp_ring_buffer v0.11.0
[INFO] [stderr]    Compiling dasp_window v0.11.0
[INFO] [stderr]    Compiling hound v3.4.0
[INFO] [stderr]    Compiling bitreader v0.3.3
[INFO] [stderr]    Compiling smallvec v0.6.14
[INFO] [stderr]    Compiling ogg v0.7.1
[INFO] [stderr]    Compiling caf v0.1.0
[INFO] [stderr]    Compiling lewton v0.9.4
[INFO] [stderr]    Compiling dasp_rms v0.11.0
[INFO] [stderr]    Compiling dasp_peak v0.11.0
[INFO] [stderr]    Compiling dasp_interpolate v0.11.0
[INFO] [stderr]    Compiling mp4parse v0.10.1
[INFO] [stderr]    Compiling dasp_envelope v0.11.0
[INFO] [stderr]    Compiling dasp_signal v0.11.0
[INFO] [stderr]    Compiling alac v0.5.0
[INFO] [stderr]    Compiling audrey v0.3.0
[INFO] [stderr]    Compiling deepspeech v0.9.1 (/opt/rustwide/workdir)
[INFO] [stdout] error: linking with `cc` failed: exit status: 1
[INFO] [stdout]   |
[INFO] [stdout]   = note:  "cc" "-m64" "/opt/rustwide/target/release/deps/rustclasT1a/symbols.o" "<2 object files omitted>" "-Wl,--as-needed" "-Wl,-Bstatic" "<sysroot>/lib/rustlib/x86_64-unknown-linux-gnu/lib/{libtest-*,libgetopts-*,librustc_std_workspace_std-*}.rlib" "/opt/rustwide/target/release/deps/{liblibc-ae96eb1116c9ea42,libdeepspeech_sys-1c7db20d57a40722}.rlib" "<sysroot>/lib/rustlib/x86_64-unknown-linux-gnu/lib/{libstd-*,libpanic_unwind-*,libobject-*,libmemchr-*,libaddr2line-*,libgimli-*,libcfg_if-*,librustc_demangle-*,libstd_detect-*,libhashbrown-*,librustc_std_workspace_alloc-*,libminiz_oxide-*,libadler2-*,libunwind-*,liblibc-*,librustc_std_workspace_core-*,liballoc-*,libcore-*,libcompiler_builtins-*}.rlib" "-Wl,-Bdynamic" "-ldeepspeech" "-lgcc_s" "-lutil" "-lrt" "-lpthread" "-lm" "-ldl" "-lc" "-L" "/opt/rustwide/target/release/deps/rustclasT1a/raw-dylibs" "-B<sysroot>/lib/rustlib/x86_64-unknown-linux-gnu/bin/gcc-ld" "-fuse-ld=lld" "-Wl,--eh-frame-hdr" "-Wl,-z,noexecstack" "-L" "<sysroot>/lib/rustlib/x86_64-unknown-linux-gnu/lib" "-o" "/opt/rustwide/target/release/deps/deepspeech-0462afe51e6881e8" "-Wl,--gc-sections" "-pie" "-Wl,-z,relro,-z,now" "-Wl,-O1" "-Wl,--strip-debug" "-nodefaultlibs"
[INFO] [stdout]   = note: some arguments are omitted. use `--verbose` to show all linker arguments
[INFO] [stdout]   = note: rust-lld: error: unable to find library -ldeepspeech
[INFO] [stdout]           collect2: error: ld returned 1 exit status
[INFO] [stdout]           
[INFO] [stdout] 
[INFO] [stdout] 
[INFO] [stderr] error: could not compile `deepspeech` (lib test) due to 1 previous error
[INFO] [stderr] warning: build failed, waiting for other jobs to finish...
[INFO] [stdout] error: linking with `cc` failed: exit status: 1
[INFO] [stdout]   |
[INFO] [stdout]   = note:  "cc" "-m64" "/opt/rustwide/target/release/examples/rustcCxFyXn/symbols.o" "<11 object files omitted>" "-Wl,--as-needed" "-Wl,-Bstatic" "/opt/rustwide/target/release/deps/{libdasp_signal-50bbf567a6339ab5,libdasp_ring_buffer-668d9b55b157b441,libdasp_interpolate-9bb70b2ae5570c74,libaudrey-3d7f3d74da8da268,liblewton-a17b4defc16afe6f,libogg-7b87b85f2235868f,libsmallvec-742edf2ba5f33d73,libmaybe_uninit-4fcab06ffab968bb,libhound-0fea5f9399d825f5,libclaxon-0c6fe48f4b3718e9,libcaf-221205161cb358e9,libalac-191fd2c2d10a8f7a,libmp4parse-98ef003e53812fd4,libnum_traits-81ff9b7db63d5d89,libbitreader-56a04060d87e9e23,libbyteorder-e27f11d9e0f918ba,liblog-a177ca17544118e1,libcfg_if-193575a6b29a3ab9,libdasp_frame-f2dfe5d64c9b3e17,libdasp_sample-88544f8e98b0bb4b,libdeepspeech-af8f5a9f7b2c024c,liblibc-ae96eb1116c9ea42,libdeepspeech_sys-1c7db20d57a40722}.rlib" "<sysroot>/lib/rustlib/x86_64-unknown-linux-gnu/lib/{libstd-*,libpanic_unwind-*,libobject-*,libmemchr-*,libaddr2line-*,libgimli-*,libcfg_if-*,librustc_demangle-*,libstd_detect-*,libhashbrown-*,librustc_std_workspace_alloc-*,libminiz_oxide-*,libadler2-*,libunwind-*,liblibc-*,librustc_std_workspace_core-*,liballoc-*,libcore-*,libcompiler_builtins-*}.rlib" "-Wl,-Bdynamic" "-ldeepspeech" "-lgcc_s" "-lutil" "-lrt" "-lpthread" "-lm" "-ldl" "-lc" "-L" "/opt/rustwide/target/release/examples/rustcCxFyXn/raw-dylibs" "-B<sysroot>/lib/rustlib/x86_64-unknown-linux-gnu/bin/gcc-ld" "-fuse-ld=lld" "-Wl,--eh-frame-hdr" "-Wl,-z,noexecstack" "-L" "<sysroot>/lib/rustlib/x86_64-unknown-linux-gnu/lib" "-o" "/opt/rustwide/target/release/examples/client_simple-91aac832c5bfffe6" "-Wl,--gc-sections" "-pie" "-Wl,-z,relro,-z,now" "-Wl,-O1" "-Wl,--strip-debug" "-nodefaultlibs"
[INFO] [stdout]   = note: some arguments are omitted. use `--verbose` to show all linker arguments
[INFO] [stdout]   = note: rust-lld: error: unable to find library -ldeepspeech
[INFO] [stdout]           collect2: error: ld returned 1 exit status
[INFO] [stdout]           
[INFO] [stdout] 
[INFO] [stdout] 
[INFO] [stderr] error: could not compile `deepspeech` (example "client_simple") due to 1 previous error
[INFO] [stdout] error: linking with `cc` failed: exit status: 1
[INFO] [stdout]   |
[INFO] [stdout]   = note:  "cc" "-m64" "/opt/rustwide/target/release/examples/rustcoJnbaa/symbols.o" "<11 object files omitted>" "-Wl,--as-needed" "-Wl,-Bstatic" "/opt/rustwide/target/release/deps/{libdasp_signal-50bbf567a6339ab5,libdasp_ring_buffer-668d9b55b157b441,libdasp_interpolate-9bb70b2ae5570c74,libaudrey-3d7f3d74da8da268,liblewton-a17b4defc16afe6f,libogg-7b87b85f2235868f,libsmallvec-742edf2ba5f33d73,libmaybe_uninit-4fcab06ffab968bb,libhound-0fea5f9399d825f5,libclaxon-0c6fe48f4b3718e9,libcaf-221205161cb358e9,libalac-191fd2c2d10a8f7a,libmp4parse-98ef003e53812fd4,libnum_traits-81ff9b7db63d5d89,libbitreader-56a04060d87e9e23,libbyteorder-e27f11d9e0f918ba,liblog-a177ca17544118e1,libcfg_if-193575a6b29a3ab9,libdasp_frame-f2dfe5d64c9b3e17,libdasp_sample-88544f8e98b0bb4b,libdeepspeech-af8f5a9f7b2c024c,liblibc-ae96eb1116c9ea42,libdeepspeech_sys-1c7db20d57a40722}.rlib" "<sysroot>/lib/rustlib/x86_64-unknown-linux-gnu/lib/{libstd-*,libpanic_unwind-*,libobject-*,libmemchr-*,libaddr2line-*,libgimli-*,libcfg_if-*,librustc_demangle-*,libstd_detect-*,libhashbrown-*,librustc_std_workspace_alloc-*,libminiz_oxide-*,libadler2-*,libunwind-*,liblibc-*,librustc_std_workspace_core-*,liballoc-*,libcore-*,libcompiler_builtins-*}.rlib" "-Wl,-Bdynamic" "-ldeepspeech" "-lgcc_s" "-lutil" "-lrt" "-lpthread" "-lm" "-ldl" "-lc" "-L" "/opt/rustwide/target/release/examples/rustcoJnbaa/raw-dylibs" "-B<sysroot>/lib/rustlib/x86_64-unknown-linux-gnu/bin/gcc-ld" "-fuse-ld=lld" "-Wl,--eh-frame-hdr" "-Wl,-z,noexecstack" "-L" "<sysroot>/lib/rustlib/x86_64-unknown-linux-gnu/lib" "-o" "/opt/rustwide/target/release/examples/client-dab99d7e1afda79f" "-Wl,--gc-sections" "-pie" "-Wl,-z,relro,-z,now" "-Wl,-O1" "-Wl,--strip-debug" "-nodefaultlibs"
[INFO] [stdout]   = note: some arguments are omitted. use `--verbose` to show all linker arguments
[INFO] [stdout]   = note: rust-lld: error: unable to find library -ldeepspeech
[INFO] [stdout]           collect2: error: ld returned 1 exit status
[INFO] [stdout]           
[INFO] [stdout] 
[INFO] [stdout] 
[INFO] [stderr] error: could not compile `deepspeech` (example "client") due to 1 previous error
[INFO] [stdout] error: linking with `cc` failed: exit status: 1
[INFO] [stdout]   |
[INFO] [stdout]   = note:  "cc" "-m64" "/opt/rustwide/target/release/examples/rustc9hYjIn/symbols.o" "<11 object files omitted>" "-Wl,--as-needed" "-Wl,-Bstatic" "/opt/rustwide/target/release/deps/{libdasp_signal-50bbf567a6339ab5,libdasp_ring_buffer-668d9b55b157b441,libdasp_interpolate-9bb70b2ae5570c74,libaudrey-3d7f3d74da8da268,liblewton-a17b4defc16afe6f,libogg-7b87b85f2235868f,libsmallvec-742edf2ba5f33d73,libmaybe_uninit-4fcab06ffab968bb,libhound-0fea5f9399d825f5,libclaxon-0c6fe48f4b3718e9,libcaf-221205161cb358e9,libalac-191fd2c2d10a8f7a,libmp4parse-98ef003e53812fd4,libnum_traits-81ff9b7db63d5d89,libbitreader-56a04060d87e9e23,libbyteorder-e27f11d9e0f918ba,liblog-a177ca17544118e1,libcfg_if-193575a6b29a3ab9,libdasp_frame-f2dfe5d64c9b3e17,libdasp_sample-88544f8e98b0bb4b,libdeepspeech-af8f5a9f7b2c024c,liblibc-ae96eb1116c9ea42,libdeepspeech_sys-1c7db20d57a40722}.rlib" "<sysroot>/lib/rustlib/x86_64-unknown-linux-gnu/lib/{libstd-*,libpanic_unwind-*,libobject-*,libmemchr-*,libaddr2line-*,libgimli-*,libcfg_if-*,librustc_demangle-*,libstd_detect-*,libhashbrown-*,librustc_std_workspace_alloc-*,libminiz_oxide-*,libadler2-*,libunwind-*,liblibc-*,librustc_std_workspace_core-*,liballoc-*,libcore-*,libcompiler_builtins-*}.rlib" "-Wl,-Bdynamic" "-ldeepspeech" "-lgcc_s" "-lutil" "-lrt" "-lpthread" "-lm" "-ldl" "-lc" "-L" "/opt/rustwide/target/release/examples/rustc9hYjIn/raw-dylibs" "-B<sysroot>/lib/rustlib/x86_64-unknown-linux-gnu/bin/gcc-ld" "-fuse-ld=lld" "-Wl,--eh-frame-hdr" "-Wl,-z,noexecstack" "-L" "<sysroot>/lib/rustlib/x86_64-unknown-linux-gnu/lib" "-o" "/opt/rustwide/target/release/examples/client_extended-a654687fba56f151" "-Wl,--gc-sections" "-pie" "-Wl,-z,relro,-z,now" "-Wl,-O1" "-Wl,--strip-debug" "-nodefaultlibs"
[INFO] [stdout]   = note: some arguments are omitted. use `--verbose` to show all linker arguments
[INFO] [stdout]   = note: rust-lld: error: unable to find library -ldeepspeech
[INFO] [stdout]           collect2: error: ld returned 1 exit status
[INFO] [stdout]           
[INFO] [stdout] 
[INFO] [stdout] 
[INFO] [stderr] error: could not compile `deepspeech` (example "client_extended") due to 1 previous error
[INFO] running `Command { std: "docker" "inspect" "347073fc594987f042078afe560a412f5c5909b5147de7b9790c4f6f8764a7e6", kill_on_drop: false }`
[INFO] running `Command { std: "docker" "rm" "-f" "347073fc594987f042078afe560a412f5c5909b5147de7b9790c4f6f8764a7e6", kill_on_drop: false }`
[INFO] [stdout] 347073fc594987f042078afe560a412f5c5909b5147de7b9790c4f6f8764a7e6
