[INFO] fetching crate deep_causality_quantum 0.5.0...
[INFO] testing deep_causality_quantum-0.5.0 against 1.99.0-beta.8+cargoflags=--release for beta-release-1.100-2
[INFO] extracting crate deep_causality_quantum 0.5.0 into /workspace/builds/worker-6-tc1/source
[INFO] started tweaking crates.io crate deep_causality_quantum 0.5.0
[INFO] removed 0 missing examples
[INFO] removed 0 missing tests
[INFO] finished tweaking crates.io crate deep_causality_quantum 0.5.0
[INFO] tweaked toml for crates.io crate deep_causality_quantum 0.5.0 written to /workspace/builds/worker-6-tc1/source/Cargo.toml
[INFO] validating manifest of crates.io crate deep_causality_quantum 0.5.0 on toolchain 1.99.0-beta.8
[INFO] running `Command { std: CARGO_HOME="/workspace/cargo-home" RUSTUP_HOME="/workspace/rustup-home" "/workspace/cargo-home/bin/cargo" "+1.99.0-beta.8" "metadata" "--manifest-path" "Cargo.toml" "--no-deps", kill_on_drop: false }`
[INFO] crate crates.io crate deep_causality_quantum 0.5.0 already has a lockfile, it will not be regenerated
[INFO] running `Command { std: CARGO_HOME="/workspace/cargo-home" RUSTUP_HOME="/workspace/rustup-home" "/workspace/cargo-home/bin/cargo" "+1.99.0-beta.8" "fetch" "--manifest-path" "Cargo.toml", kill_on_drop: false }`
[INFO] [stderr]     Updating crates.io index
[INFO] [stderr]  Downloading crates ...
[INFO] [stderr]   Downloaded deep_causality_rand v0.3.0
[INFO] [stderr]   Downloaded deep_causality_algebra v0.4.8
[INFO] [stderr]   Downloaded deep_causality_num_dual v0.1.12
[INFO] [stderr]   Downloaded deep_causality_metric v0.4.0
[INFO] [stderr]   Downloaded deep_causality_ast v0.2.3
[INFO] [stderr]   Downloaded deep_causality_num_rational v0.1.8
[INFO] [stderr]   Downloaded deep_causality_homology v0.1.6
[INFO] [stderr]   Downloaded deep_causality_data_structures v0.11.0
[INFO] [stderr]   Downloaded deep_causality_num_complex v0.1.13
[INFO] [stderr]   Downloaded deep_causality_context_store v0.2.0
[INFO] [stderr]   Downloaded deep_causality_stats v0.2.5
[INFO] [stderr]   Downloaded deep_causality_multivector v0.7.3
[INFO] [stderr]   Downloaded deep_causality_uncertain v0.5.10
[INFO] [stderr]   Downloaded deep_causality_core v0.14.0
[INFO] [stderr]   Downloaded deep_causality_linear v0.2.4
[INFO] [stderr]   Downloaded deep_causality_haft v0.7.0
[INFO] [stderr]   Downloaded deep_causality_tensor v0.6.5
[INFO] [stderr]   Downloaded deep_causality_context v0.2.0
[INFO] [stderr]   Downloaded deep_causality v0.19.0
[INFO] [stderr]   Downloaded ultragraph v0.9.9
[INFO] running `Command { std: "docker" "create" "-v" "/var/lib/crater-agent-workspace/builds/worker-6-tc1/source:/opt/rustwide/workdir:ro,Z" "-v" "/var/lib/crater-agent-workspace/builds/worker-6-tc1/target:/opt/rustwide/target:rw,Z" "-v" "/var/lib/crater-agent-workspace/cargo-home:/opt/rustwide/cargo-home:ro,Z" "-v" "/var/lib/crater-agent-workspace/rustup-home:/opt/rustwide/rustup-home:ro,Z" "-m" "1610612736" "--network" "none" "ghcr.io/rust-lang/crates-build-env/linux@sha256:77db811e55d90add9212f6832c23229e3de5f1c1f9905e8cb07319ea15df73ac" "sleep" "infinity", kill_on_drop: false }`
[INFO] [stdout] fb27f772949e149be5bb36e2d062ba236ed5327a7bc60496d580a064489db8a8
[INFO] running `Command { std: "docker" "start" "fb27f772949e149be5bb36e2d062ba236ed5327a7bc60496d580a064489db8a8", kill_on_drop: false }`
[INFO] running `Command { std: "docker" "inspect" "fb27f772949e149be5bb36e2d062ba236ed5327a7bc60496d580a064489db8a8", kill_on_drop: false }`
[INFO] running `Command { std: "docker" "exec" "-e" "SOURCE_DIR=/opt/rustwide/workdir" "-e" "CARGO_HOME=/opt/rustwide/cargo-home" "-e" "RUSTUP_HOME=/opt/rustwide/rustup-home" "-e" "CARGO_TARGET_DIR=/opt/rustwide/target" "-w" "/opt/rustwide/workdir" "--user" "0:0" "fb27f772949e149be5bb36e2d062ba236ed5327a7bc60496d580a064489db8a8" "/opt/rustwide/cargo-home/bin/cargo" "+1.99.0-beta.8" "metadata" "--no-deps" "--format-version=1", kill_on_drop: false }`
[INFO] running `Command { std: "docker" "inspect" "fb27f772949e149be5bb36e2d062ba236ed5327a7bc60496d580a064489db8a8", kill_on_drop: false }`
[INFO] running `Command { std: "docker" "exec" "-e" "SOURCE_DIR=/opt/rustwide/workdir" "-e" "CARGO_HOME=/opt/rustwide/cargo-home" "-e" "RUSTUP_HOME=/opt/rustwide/rustup-home" "-e" "CARGO_TARGET_DIR=/opt/rustwide/target" "-e" "CARGO_INCREMENTAL=0" "-e" "RUST_BACKTRACE=full" "-e" "RUSTFLAGS=--cap-lints=warn" "-e" "RUSTDOCFLAGS=--cap-lints=warn" "-w" "/opt/rustwide/workdir" "--user" "0:0" "fb27f772949e149be5bb36e2d062ba236ed5327a7bc60496d580a064489db8a8" "/opt/rustwide/cargo-home/bin/cargo" "+1.99.0-beta.8" "build" "--frozen" "--message-format=json" "--release", kill_on_drop: false }`
[INFO] [stderr]    Compiling deep_causality_num v0.5.6
[INFO] [stderr]    Compiling deep_causality_ast v0.2.3
[INFO] [stderr]    Compiling deep_causality_metric v0.4.0
[INFO] [stderr]    Compiling deep_causality_context_store v0.2.0
[INFO] [stderr]    Compiling ultragraph v0.9.9
[INFO] [stderr]    Compiling deep_causality_data_structures v0.11.0
[INFO] [stderr]    Compiling deep_causality_algebra v0.4.8
[INFO] [stderr]    Compiling deep_causality_haft v0.7.0
[INFO] [stderr]    Compiling deep_causality_rand v0.3.0
[INFO] [stderr]    Compiling deep_causality_num_rational v0.1.8
[INFO] [stderr]    Compiling deep_causality_linear v0.2.4
[INFO] [stderr]    Compiling deep_causality_num_complex v0.1.13
[INFO] [stderr]    Compiling deep_causality_num_dual v0.1.12
[INFO] [stderr]    Compiling deep_causality_core v0.14.0
[INFO] [stderr]    Compiling deep_causality_stats v0.2.5
[INFO] [stderr]    Compiling deep_causality_homology v0.1.6
[INFO] [stderr]    Compiling deep_causality_uncertain v0.5.10
[INFO] [stderr]    Compiling deep_causality_tensor v0.6.5
[INFO] [stderr]    Compiling deep_causality_context v0.2.0
[INFO] [stderr]    Compiling deep_causality_multivector v0.7.3
[INFO] [stderr]    Compiling deep_causality v0.19.0
[INFO] [stderr]    Compiling deep_causality_quantum v0.5.0 (/opt/rustwide/workdir)
[INFO] [stderr]     Finished `release` profile [optimized] target(s) in 21.94s
[INFO] running `Command { std: "docker" "inspect" "fb27f772949e149be5bb36e2d062ba236ed5327a7bc60496d580a064489db8a8", kill_on_drop: false }`
[INFO] running `Command { std: "docker" "exec" "-e" "SOURCE_DIR=/opt/rustwide/workdir" "-e" "CARGO_HOME=/opt/rustwide/cargo-home" "-e" "RUSTUP_HOME=/opt/rustwide/rustup-home" "-e" "CARGO_TARGET_DIR=/opt/rustwide/target" "-e" "CARGO_INCREMENTAL=0" "-e" "RUST_BACKTRACE=full" "-e" "RUSTFLAGS=--cap-lints=warn" "-e" "RUSTDOCFLAGS=--cap-lints=warn" "-w" "/opt/rustwide/workdir" "--user" "0:0" "fb27f772949e149be5bb36e2d062ba236ed5327a7bc60496d580a064489db8a8" "/opt/rustwide/cargo-home/bin/cargo" "+1.99.0-beta.8" "test" "--frozen" "--no-run" "--message-format=json" "--release", kill_on_drop: false }`
[INFO] [stderr]    Compiling deep_causality_quantum v0.5.0 (/opt/rustwide/workdir)
[INFO] [stdout] error[E0432]: unresolved import `deep_causality_topology`
[INFO] [stdout]   --> tests/types/abstraction/code_abstraction_tests.rs:20:5
[INFO] [stdout]    |
[INFO] [stdout] 20 | use deep_causality_topology::LatticeComplex;
[INFO] [stdout]    |     ^^^^^^^^^^^^^^^^^^^^^^^ use of unresolved module or unlinked crate `deep_causality_topology`
[INFO] [stdout]    |
[INFO] [stdout] help: there is a crate or module with a similar name
[INFO] [stdout]    |
[INFO] [stdout] 20 - use deep_causality_topology::LatticeComplex;
[INFO] [stdout] 20 + use deep_causality_homology::LatticeComplex;
[INFO] [stdout]    |
[INFO] [stdout] 
[INFO] [stdout] 
[INFO] [stdout] error[E0432]: unresolved import `deep_causality_topology`
[INFO] [stdout]   --> tests/types/abstraction/composition_tests.rs:37:5
[INFO] [stdout]    |
[INFO] [stdout] 37 | use deep_causality_topology::LatticeComplex;
[INFO] [stdout]    |     ^^^^^^^^^^^^^^^^^^^^^^^ use of unresolved module or unlinked crate `deep_causality_topology`
[INFO] [stdout]    |
[INFO] [stdout] help: there is a crate or module with a similar name
[INFO] [stdout]    |
[INFO] [stdout] 37 - use deep_causality_topology::LatticeComplex;
[INFO] [stdout] 37 + use deep_causality_homology::LatticeComplex;
[INFO] [stdout]    |
[INFO] [stdout] 
[INFO] [stdout] 
[INFO] [stdout] error[E0432]: unresolved import `deep_causality_topology`
[INFO] [stdout]   --> tests/types/abstraction/fault_tolerance_tests.rs:21:5
[INFO] [stdout]    |
[INFO] [stdout] 21 | use deep_causality_topology::LatticeComplex;
[INFO] [stdout]    |     ^^^^^^^^^^^^^^^^^^^^^^^ use of unresolved module or unlinked crate `deep_causality_topology`
[INFO] [stdout]    |
[INFO] [stdout] help: there is a crate or module with a similar name
[INFO] [stdout]    |
[INFO] [stdout] 21 - use deep_causality_topology::LatticeComplex;
[INFO] [stdout] 21 + use deep_causality_homology::LatticeComplex;
[INFO] [stdout]    |
[INFO] [stdout] 
[INFO] [stdout] 
[INFO] [stdout] error[E0432]: unresolved import `deep_causality_topology`
[INFO] [stdout]   --> tests/types/abstraction/ideal_recovery_tests.rs:20:5
[INFO] [stdout]    |
[INFO] [stdout] 20 | use deep_causality_topology::LatticeComplex;
[INFO] [stdout]    |     ^^^^^^^^^^^^^^^^^^^^^^^ use of unresolved module or unlinked crate `deep_causality_topology`
[INFO] [stdout]    |
[INFO] [stdout] help: there is a crate or module with a similar name
[INFO] [stdout]    |
[INFO] [stdout] 20 - use deep_causality_topology::LatticeComplex;
[INFO] [stdout] 20 + use deep_causality_homology::LatticeComplex;
[INFO] [stdout]    |
[INFO] [stdout] 
[INFO] [stdout] 
[INFO] [stdout] error[E0432]: unresolved import `deep_causality_topology`
[INFO] [stdout]   --> tests/types/pipeline/pipeline_tests.rs:23:5
[INFO] [stdout]    |
[INFO] [stdout] 23 | use deep_causality_topology::LatticeComplex;
[INFO] [stdout]    |     ^^^^^^^^^^^^^^^^^^^^^^^ use of unresolved module or unlinked crate `deep_causality_topology`
[INFO] [stdout]    |
[INFO] [stdout] help: there is a crate or module with a similar name
[INFO] [stdout]    |
[INFO] [stdout] 23 - use deep_causality_topology::LatticeComplex;
[INFO] [stdout] 23 + use deep_causality_homology::LatticeComplex;
[INFO] [stdout]    |
[INFO] [stdout] 
[INFO] [stdout] 
[INFO] [stdout] error[E0432]: unresolved import `deep_causality_topology`
[INFO] [stdout]   --> tests/types/qcode/clifford_action_tests.rs:24:5
[INFO] [stdout]    |
[INFO] [stdout] 24 | use deep_causality_topology::LatticeComplex;
[INFO] [stdout]    |     ^^^^^^^^^^^^^^^^^^^^^^^ use of unresolved module or unlinked crate `deep_causality_topology`
[INFO] [stdout]    |
[INFO] [stdout] help: there is a crate or module with a similar name
[INFO] [stdout]    |
[INFO] [stdout] 24 - use deep_causality_topology::LatticeComplex;
[INFO] [stdout] 24 + use deep_causality_homology::LatticeComplex;
[INFO] [stdout]    |
[INFO] [stdout] 
[INFO] [stdout] 
[INFO] [stdout] For more information about this error, try `rustc --explain E0432`.
[INFO] [stdout] 
[INFO] [stderr] error: could not compile `deep_causality_quantum` (test "mod") due to 6 previous errors
[INFO] running `Command { std: "docker" "inspect" "fb27f772949e149be5bb36e2d062ba236ed5327a7bc60496d580a064489db8a8", kill_on_drop: false }`
[INFO] running `Command { std: "docker" "rm" "-f" "fb27f772949e149be5bb36e2d062ba236ed5327a7bc60496d580a064489db8a8", kill_on_drop: false }`
[INFO] [stdout] fb27f772949e149be5bb36e2d062ba236ed5327a7bc60496d580a064489db8a8
