[INFO] fetching crate deep_causality_linear 0.2.4...
[INFO] testing deep_causality_linear-0.2.4 against 1.100.0-beta.1+cargoflags=--release for beta-release-1.100-2
[INFO] extracting crate deep_causality_linear 0.2.4 into /workspace/builds/worker-5-tc2/source
[INFO] started tweaking crates.io crate deep_causality_linear 0.2.4
[INFO] removed 0 missing tests
[INFO] finished tweaking crates.io crate deep_causality_linear 0.2.4
[INFO] tweaked toml for crates.io crate deep_causality_linear 0.2.4 written to /workspace/builds/worker-5-tc2/source/Cargo.toml
[INFO] validating manifest of crates.io crate deep_causality_linear 0.2.4 on toolchain 1.100.0-beta.1
[INFO] running `Command { std: CARGO_HOME="/workspace/cargo-home" RUSTUP_HOME="/workspace/rustup-home" "/workspace/cargo-home/bin/cargo" "+1.100.0-beta.1" "metadata" "--manifest-path" "Cargo.toml" "--no-deps", kill_on_drop: false }`
[INFO] crate crates.io crate deep_causality_linear 0.2.4 already has a lockfile, it will not be regenerated
[INFO] running `Command { std: CARGO_HOME="/workspace/cargo-home" RUSTUP_HOME="/workspace/rustup-home" "/workspace/cargo-home/bin/cargo" "+1.100.0-beta.1" "fetch" "--manifest-path" "Cargo.toml", kill_on_drop: false }`
[INFO] running `Command { std: "docker" "create" "-v" "/var/lib/crater-agent-workspace/builds/worker-5-tc2/source:/opt/rustwide/workdir:ro,Z" "-v" "/var/lib/crater-agent-workspace/builds/worker-5-tc2/target:/opt/rustwide/target:rw,Z" "-v" "/var/lib/crater-agent-workspace/cargo-home:/opt/rustwide/cargo-home:ro,Z" "-v" "/var/lib/crater-agent-workspace/rustup-home:/opt/rustwide/rustup-home:ro,Z" "-m" "1610612736" "--network" "none" "ghcr.io/rust-lang/crates-build-env/linux@sha256:77db811e55d90add9212f6832c23229e3de5f1c1f9905e8cb07319ea15df73ac" "sleep" "infinity", kill_on_drop: false }`
[INFO] [stdout] b5aa344d5114e498335b3ecf0aad1f5dff2f1d21316679bb1416274c8f6b796f
[INFO] running `Command { std: "docker" "start" "b5aa344d5114e498335b3ecf0aad1f5dff2f1d21316679bb1416274c8f6b796f", kill_on_drop: false }`
[INFO] running `Command { std: "docker" "inspect" "b5aa344d5114e498335b3ecf0aad1f5dff2f1d21316679bb1416274c8f6b796f", kill_on_drop: false }`
[INFO] running `Command { std: "docker" "exec" "-e" "SOURCE_DIR=/opt/rustwide/workdir" "-e" "CARGO_HOME=/opt/rustwide/cargo-home" "-e" "RUSTUP_HOME=/opt/rustwide/rustup-home" "-e" "CARGO_TARGET_DIR=/opt/rustwide/target" "-w" "/opt/rustwide/workdir" "--user" "0:0" "b5aa344d5114e498335b3ecf0aad1f5dff2f1d21316679bb1416274c8f6b796f" "/opt/rustwide/cargo-home/bin/cargo" "+1.100.0-beta.1" "metadata" "--no-deps" "--format-version=1", kill_on_drop: false }`
[INFO] running `Command { std: "docker" "inspect" "b5aa344d5114e498335b3ecf0aad1f5dff2f1d21316679bb1416274c8f6b796f", kill_on_drop: false }`
[INFO] running `Command { std: "docker" "exec" "-e" "SOURCE_DIR=/opt/rustwide/workdir" "-e" "CARGO_HOME=/opt/rustwide/cargo-home" "-e" "RUSTUP_HOME=/opt/rustwide/rustup-home" "-e" "CARGO_TARGET_DIR=/opt/rustwide/target" "-e" "CARGO_INCREMENTAL=0" "-e" "RUST_BACKTRACE=full" "-e" "RUSTFLAGS=--cap-lints=warn" "-e" "RUSTDOCFLAGS=--cap-lints=warn" "-w" "/opt/rustwide/workdir" "--user" "0:0" "b5aa344d5114e498335b3ecf0aad1f5dff2f1d21316679bb1416274c8f6b796f" "/opt/rustwide/cargo-home/bin/cargo" "+1.100.0-beta.1" "build" "--frozen" "--message-format=json" "--release", kill_on_drop: false }`
[INFO] [stderr]    Compiling deep_causality_num v0.5.6
[INFO] [stderr]    Compiling deep_causality_algebra v0.4.7
[INFO] [stderr]    Compiling deep_causality_haft v0.7.0
[INFO] [stderr]    Compiling deep_causality_linear v0.2.4 (/opt/rustwide/workdir)
[INFO] [stderr]     Finished `release` profile [optimized] target(s) in 2.49s
[INFO] running `Command { std: "docker" "inspect" "b5aa344d5114e498335b3ecf0aad1f5dff2f1d21316679bb1416274c8f6b796f", kill_on_drop: false }`
[INFO] running `Command { std: "docker" "exec" "-e" "SOURCE_DIR=/opt/rustwide/workdir" "-e" "CARGO_HOME=/opt/rustwide/cargo-home" "-e" "RUSTUP_HOME=/opt/rustwide/rustup-home" "-e" "CARGO_TARGET_DIR=/opt/rustwide/target" "-e" "CARGO_INCREMENTAL=0" "-e" "RUST_BACKTRACE=full" "-e" "RUSTFLAGS=--cap-lints=warn" "-e" "RUSTDOCFLAGS=--cap-lints=warn" "-w" "/opt/rustwide/workdir" "--user" "0:0" "b5aa344d5114e498335b3ecf0aad1f5dff2f1d21316679bb1416274c8f6b796f" "/opt/rustwide/cargo-home/bin/cargo" "+1.100.0-beta.1" "test" "--frozen" "--no-run" "--message-format=json" "--release", kill_on_drop: false }`
[INFO] [stderr]    Compiling deep_causality_linear v0.2.4 (/opt/rustwide/workdir)
[INFO] [stdout] error[E0432]: unresolved import `deep_causality_num_complex`
[INFO] [stdout]   --> tests/algorithms/cholesky_tests.rs:16:5
[INFO] [stdout]    |
[INFO] [stdout] 16 | use deep_causality_num_complex::Complex;
[INFO] [stdout]    |     ^^^^^^^^^^^^^^^^^^^^^^^^^^ use of unresolved module or unlinked crate `deep_causality_num_complex`
[INFO] [stdout]    |
[INFO] [stdout] help: there is a crate or module with a similar name
[INFO] [stdout]    |
[INFO] [stdout] 16 - use deep_causality_num_complex::Complex;
[INFO] [stdout] 16 + use deep_causality_num::Complex;
[INFO] [stdout]    |
[INFO] [stdout] 
[INFO] [stdout] 
[INFO] [stdout] error[E0432]: unresolved import `deep_causality_num_complex`
[INFO] [stdout]    --> tests/algorithms/decomposition_tests.rs:180:9
[INFO] [stdout]     |
[INFO] [stdout] 180 |     use deep_causality_num_complex::Complex;
[INFO] [stdout]     |         ^^^^^^^^^^^^^^^^^^^^^^^^^^ use of unresolved module or unlinked crate `deep_causality_num_complex`
[INFO] [stdout]     |
[INFO] [stdout] help: there is a crate or module with a similar name
[INFO] [stdout]     |
[INFO] [stdout] 180 -     use deep_causality_num_complex::Complex;
[INFO] [stdout] 180 +     use deep_causality_num::Complex;
[INFO] [stdout]     |
[INFO] [stdout] 
[INFO] [stdout] 
[INFO] [stdout] error[E0432]: unresolved import `deep_causality_num_complex`
[INFO] [stdout]    --> tests/algorithms/decomposition_tests.rs:367:9
[INFO] [stdout]     |
[INFO] [stdout] 367 |     use deep_causality_num_complex::Complex;
[INFO] [stdout]     |         ^^^^^^^^^^^^^^^^^^^^^^^^^^ use of unresolved module or unlinked crate `deep_causality_num_complex`
[INFO] [stdout]     |
[INFO] [stdout] help: there is a crate or module with a similar name
[INFO] [stdout]     |
[INFO] [stdout] 367 -     use deep_causality_num_complex::Complex;
[INFO] [stdout] 367 +     use deep_causality_num::Complex;
[INFO] [stdout]     |
[INFO] [stdout] 
[INFO] [stdout] 
[INFO] [stdout] error[E0432]: unresolved import `deep_causality_num_complex`
[INFO] [stdout]   --> tests/algorithms/norms_scaled_tests.rs:42:5
[INFO] [stdout]    |
[INFO] [stdout] 42 | use deep_causality_num_complex::Complex;
[INFO] [stdout]    |     ^^^^^^^^^^^^^^^^^^^^^^^^^^ use of unresolved module or unlinked crate `deep_causality_num_complex`
[INFO] [stdout]    |
[INFO] [stdout] help: there is a crate or module with a similar name
[INFO] [stdout]    |
[INFO] [stdout] 42 - use deep_causality_num_complex::Complex;
[INFO] [stdout] 42 + use deep_causality_num::Complex;
[INFO] [stdout]    |
[INFO] [stdout] 
[INFO] [stdout] 
[INFO] [stdout] error[E0432]: unresolved import `deep_causality_num_complex`
[INFO] [stdout]   --> tests/algorithms/norms_tests.rs:10:5
[INFO] [stdout]    |
[INFO] [stdout] 10 | use deep_causality_num_complex::Complex;
[INFO] [stdout]    |     ^^^^^^^^^^^^^^^^^^^^^^^^^^ use of unresolved module or unlinked crate `deep_causality_num_complex`
[INFO] [stdout]    |
[INFO] [stdout] help: there is a crate or module with a similar name
[INFO] [stdout]    |
[INFO] [stdout] 10 - use deep_causality_num_complex::Complex;
[INFO] [stdout] 10 + use deep_causality_num::Complex;
[INFO] [stdout]    |
[INFO] [stdout] 
[INFO] [stdout] 
[INFO] [stdout] error[E0432]: unresolved import `deep_causality_num_complex`
[INFO] [stdout]   --> tests/traits/bound_ledger_tests.rs:16:5
[INFO] [stdout]    |
[INFO] [stdout] 16 | use deep_causality_num_complex::Complex;
[INFO] [stdout]    |     ^^^^^^^^^^^^^^^^^^^^^^^^^^ use of unresolved module or unlinked crate `deep_causality_num_complex`
[INFO] [stdout]    |
[INFO] [stdout] help: there is a crate or module with a similar name
[INFO] [stdout]    |
[INFO] [stdout] 16 - use deep_causality_num_complex::Complex;
[INFO] [stdout] 16 + use deep_causality_num::Complex;
[INFO] [stdout]    |
[INFO] [stdout] 
[INFO] [stdout] 
[INFO] [stdout] error[E0432]: unresolved import `deep_causality_num_complex`
[INFO] [stdout]  --> tests/types/dense_vector/mod_tests.rs:7:5
[INFO] [stdout]   |
[INFO] [stdout] 7 | use deep_causality_num_complex::Complex;
[INFO] [stdout]   |     ^^^^^^^^^^^^^^^^^^^^^^^^^^ use of unresolved module or unlinked crate `deep_causality_num_complex`
[INFO] [stdout]   |
[INFO] [stdout] help: there is a crate or module with a similar name
[INFO] [stdout]   |
[INFO] [stdout] 7 - use deep_causality_num_complex::Complex;
[INFO] [stdout] 7 + use deep_causality_num::Complex;
[INFO] [stdout]   |
[INFO] [stdout] 
[INFO] [stdout] 
[INFO] [stdout] error[E0432]: unresolved import `deep_causality_num_rational`
[INFO] [stdout]    --> tests/algorithms/elimination_tests.rs:210:9
[INFO] [stdout]     |
[INFO] [stdout] 210 |     use deep_causality_num_rational::Rational;
[INFO] [stdout]     |         ^^^^^^^^^^^^^^^^^^^^^^^^^^^ use of unresolved module or unlinked crate `deep_causality_num_rational`
[INFO] [stdout]     |
[INFO] [stdout] help: there is a crate or module with a similar name
[INFO] [stdout]     |
[INFO] [stdout] 210 -     use deep_causality_num_rational::Rational;
[INFO] [stdout] 210 +     use deep_causality_num::Rational;
[INFO] [stdout]     |
[INFO] [stdout] 
[INFO] [stdout] 
[INFO] [stdout] error[E0432]: unresolved import `deep_causality_num_rational`
[INFO] [stdout]   --> tests/algorithms/integer_tests.rs:85:9
[INFO] [stdout]    |
[INFO] [stdout] 85 |     use deep_causality_num_rational::Rational;
[INFO] [stdout]    |         ^^^^^^^^^^^^^^^^^^^^^^^^^^^ use of unresolved module or unlinked crate `deep_causality_num_rational`
[INFO] [stdout]    |
[INFO] [stdout] help: there is a crate or module with a similar name
[INFO] [stdout]    |
[INFO] [stdout] 85 -     use deep_causality_num_rational::Rational;
[INFO] [stdout] 85 +     use deep_causality_num::Rational;
[INFO] [stdout]    |
[INFO] [stdout] 
[INFO] [stdout] 
[INFO] [stdout] error[E0689]: can't call method `sqrt` on ambiguous numeric type `{float}`
[INFO] [stdout]    --> tests/algorithms/decomposition_tests.rs:203:13
[INFO] [stdout]     |
[INFO] [stdout] 203 |         acc.sqrt()
[INFO] [stdout]     |             ^^^^
[INFO] [stdout]     |
[INFO] [stdout] help: you must specify a type for this binding, like `f32`
[INFO] [stdout]     |
[INFO] [stdout] 196 |         let mut acc: f32 = 0.0;
[INFO] [stdout]     |                    +++++
[INFO] [stdout] 
[INFO] [stdout] 
[INFO] [stdout] Some errors have detailed explanations: E0432, E0689.
[INFO] [stdout] 
[INFO] [stdout] For more information about an error, try `rustc --explain E0432`.
[INFO] [stdout] 
[INFO] [stderr] error: could not compile `deep_causality_linear` (test "mod") due to 10 previous errors
[INFO] running `Command { std: "docker" "inspect" "b5aa344d5114e498335b3ecf0aad1f5dff2f1d21316679bb1416274c8f6b796f", kill_on_drop: false }`
[INFO] running `Command { std: "docker" "rm" "-f" "b5aa344d5114e498335b3ecf0aad1f5dff2f1d21316679bb1416274c8f6b796f", kill_on_drop: false }`
[INFO] [stdout] b5aa344d5114e498335b3ecf0aad1f5dff2f1d21316679bb1416274c8f6b796f
