[INFO] fetching crate deep_causality_discovery 0.7.3...
[INFO] testing deep_causality_discovery-0.7.3 against 1.99.0-beta.8+cargoflags=--release for beta-release-1.100-2
[INFO] extracting crate deep_causality_discovery 0.7.3 into /workspace/builds/worker-5-tc1/source
[INFO] started tweaking crates.io crate deep_causality_discovery 0.7.3
[INFO] removed 0 missing examples
[INFO] removed 0 missing tests
[INFO] finished tweaking crates.io crate deep_causality_discovery 0.7.3
[INFO] tweaked toml for crates.io crate deep_causality_discovery 0.7.3 written to /workspace/builds/worker-5-tc1/source/Cargo.toml
[INFO] validating manifest of crates.io crate deep_causality_discovery 0.7.3 on toolchain 1.99.0-beta.8
[INFO] running `Command { std: CARGO_HOME="/workspace/cargo-home" RUSTUP_HOME="/workspace/rustup-home" "/workspace/cargo-home/bin/cargo" "+1.99.0-beta.8" "metadata" "--manifest-path" "Cargo.toml" "--no-deps", kill_on_drop: false }`
[INFO] crate crates.io crate deep_causality_discovery 0.7.3 already has a lockfile, it will not be regenerated
[INFO] running `Command { std: CARGO_HOME="/workspace/cargo-home" RUSTUP_HOME="/workspace/rustup-home" "/workspace/cargo-home/bin/cargo" "+1.99.0-beta.8" "fetch" "--manifest-path" "Cargo.toml", kill_on_drop: false }`
[INFO] [stderr]     Updating crates.io index
[INFO] [stderr]  Downloading crates ...
[INFO] [stderr]   Downloaded deep_causality_rand v0.3.0
[INFO] [stderr]   Downloaded deep_causality_stats v0.2.5
[INFO] [stderr]   Downloaded deep_causality_par v0.2.0
[INFO] [stderr]   Downloaded deep_causality_num_dual v0.1.12
[INFO] [stderr]   Downloaded deep_causality_metric v0.4.0
[INFO] [stderr]   Downloaded deep_causality_ast v0.2.3
[INFO] [stderr]   Downloaded deep_causality_homology v0.1.6
[INFO] [stderr]   Downloaded deep_causality_num_complex v0.1.13
[INFO] [stderr]   Downloaded deep_causality_fft v0.1.8
[INFO] [stderr]   Downloaded deep_causality_num v0.5.6
[INFO] [stderr]   Downloaded deep_causality_multivector v0.7.3
[INFO] [stderr]   Downloaded deep_causality_algebra v0.4.7
[INFO] [stderr]   Downloaded deep_causality_haft v0.7.0
[INFO] [stderr]   Downloaded deep_causality_tensor v0.6.4
[INFO] [stderr]   Downloaded deep_causality_linear v0.2.4
[INFO] [stderr]   Downloaded deep_causality_algorithms v0.5.4
[INFO] [stderr]   Downloaded deep_causality_topology v0.12.2
[INFO] running `Command { std: "docker" "create" "-v" "/var/lib/crater-agent-workspace/builds/worker-5-tc1/source:/opt/rustwide/workdir:ro,Z" "-v" "/var/lib/crater-agent-workspace/builds/worker-5-tc1/target:/opt/rustwide/target:rw,Z" "-v" "/var/lib/crater-agent-workspace/cargo-home:/opt/rustwide/cargo-home:ro,Z" "-v" "/var/lib/crater-agent-workspace/rustup-home:/opt/rustwide/rustup-home:ro,Z" "-m" "1610612736" "--network" "none" "ghcr.io/rust-lang/crates-build-env/linux@sha256:77db811e55d90add9212f6832c23229e3de5f1c1f9905e8cb07319ea15df73ac" "sleep" "infinity", kill_on_drop: false }`
[INFO] [stdout] 4731a3e089e647aac9c9d4dfc982e44da08b033f583dadfefea2e3dee89bd073
[INFO] running `Command { std: "docker" "start" "4731a3e089e647aac9c9d4dfc982e44da08b033f583dadfefea2e3dee89bd073", kill_on_drop: false }`
[INFO] running `Command { std: "docker" "inspect" "4731a3e089e647aac9c9d4dfc982e44da08b033f583dadfefea2e3dee89bd073", kill_on_drop: false }`
[INFO] running `Command { std: "docker" "exec" "-e" "SOURCE_DIR=/opt/rustwide/workdir" "-e" "CARGO_HOME=/opt/rustwide/cargo-home" "-e" "RUSTUP_HOME=/opt/rustwide/rustup-home" "-e" "CARGO_TARGET_DIR=/opt/rustwide/target" "-w" "/opt/rustwide/workdir" "--user" "0:0" "4731a3e089e647aac9c9d4dfc982e44da08b033f583dadfefea2e3dee89bd073" "/opt/rustwide/cargo-home/bin/cargo" "+1.99.0-beta.8" "metadata" "--no-deps" "--format-version=1", kill_on_drop: false }`
[INFO] running `Command { std: "docker" "inspect" "4731a3e089e647aac9c9d4dfc982e44da08b033f583dadfefea2e3dee89bd073", kill_on_drop: false }`
[INFO] running `Command { std: "docker" "exec" "-e" "SOURCE_DIR=/opt/rustwide/workdir" "-e" "CARGO_HOME=/opt/rustwide/cargo-home" "-e" "RUSTUP_HOME=/opt/rustwide/rustup-home" "-e" "CARGO_TARGET_DIR=/opt/rustwide/target" "-e" "CARGO_INCREMENTAL=0" "-e" "RUST_BACKTRACE=full" "-e" "RUSTFLAGS=--cap-lints=warn" "-e" "RUSTDOCFLAGS=--cap-lints=warn" "-w" "/opt/rustwide/workdir" "--user" "0:0" "4731a3e089e647aac9c9d4dfc982e44da08b033f583dadfefea2e3dee89bd073" "/opt/rustwide/cargo-home/bin/cargo" "+1.99.0-beta.8" "build" "--frozen" "--message-format=json" "--release", kill_on_drop: false }`
[INFO] [stderr]    Compiling deep_causality_num v0.5.6
[INFO] [stderr]    Compiling libc v0.2.189
[INFO] [stderr]    Compiling zerocopy v0.8.57
[INFO] [stderr]    Compiling deep_causality_ast v0.2.3
[INFO] [stderr]    Compiling serde_core v1.0.229
[INFO] [stderr]    Compiling deep_causality_par v0.2.0
[INFO] [stderr]    Compiling deep_causality_metric v0.4.0
[INFO] [stderr]    Compiling num-traits v0.2.19
[INFO] [stderr]    Compiling ahash v0.8.12
[INFO] [stderr]    Compiling memchr v2.8.3
[INFO] [stderr]    Compiling once_cell v1.21.4
[INFO] [stderr]    Compiling syn v2.0.119
[INFO] [stderr]    Compiling bytes v1.12.1
[INFO] [stderr]    Compiling twox-hash v2.1.4
[INFO] [stderr]    Compiling csv-core v0.1.13
[INFO] [stderr]    Compiling deep_causality_algebra v0.4.7
[INFO] [stderr]    Compiling deep_causality_haft v0.7.0
[INFO] [stderr]    Compiling deep_causality_rand v0.3.0
[INFO] [stderr]    Compiling num-integer v0.1.47
[INFO] [stderr]    Compiling chrono v0.4.45
[INFO] [stderr]    Compiling getrandom v0.3.4
[INFO] [stderr]    Compiling deep_causality_linear v0.2.4
[INFO] [stderr]    Compiling deep_causality_num_complex v0.1.13
[INFO] [stderr]    Compiling deep_causality_num_dual v0.1.12
[INFO] [stderr]    Compiling num-bigint v0.5.1
[INFO] [stderr]    Compiling deep_causality_fft v0.1.8
[INFO] [stderr]    Compiling deep_causality_stats v0.2.5
[INFO] [stderr]    Compiling deep_causality_homology v0.1.6
[INFO] [stderr]    Compiling csv v1.4.0
[INFO] [stderr]    Compiling deep_causality_tensor v0.6.4
[INFO] [stderr]    Compiling zerocopy-derive v0.8.57
[INFO] [stderr]    Compiling deep_causality_multivector v0.7.3
[INFO] [stderr]    Compiling deep_causality_topology v0.12.2
[INFO] [stderr]    Compiling deep_causality_algorithms v0.5.4
[INFO] [stderr]    Compiling half v2.7.1
[INFO] [stderr]    Compiling parquet v60.0.0
[INFO] [stderr]    Compiling deep_causality_discovery v0.7.3 (/opt/rustwide/workdir)
[INFO] [stderr]     Finished `release` profile [optimized] target(s) in 41.28s
[INFO] running `Command { std: "docker" "inspect" "4731a3e089e647aac9c9d4dfc982e44da08b033f583dadfefea2e3dee89bd073", kill_on_drop: false }`
[INFO] running `Command { std: "docker" "exec" "-e" "SOURCE_DIR=/opt/rustwide/workdir" "-e" "CARGO_HOME=/opt/rustwide/cargo-home" "-e" "RUSTUP_HOME=/opt/rustwide/rustup-home" "-e" "CARGO_TARGET_DIR=/opt/rustwide/target" "-e" "CARGO_INCREMENTAL=0" "-e" "RUST_BACKTRACE=full" "-e" "RUSTFLAGS=--cap-lints=warn" "-e" "RUSTDOCFLAGS=--cap-lints=warn" "-w" "/opt/rustwide/workdir" "--user" "0:0" "4731a3e089e647aac9c9d4dfc982e44da08b033f583dadfefea2e3dee89bd073" "/opt/rustwide/cargo-home/bin/cargo" "+1.99.0-beta.8" "test" "--frozen" "--no-run" "--message-format=json" "--release", kill_on_drop: false }`
[INFO] [stderr]    Compiling deep_causality_discovery v0.7.3 (/opt/rustwide/workdir)
[INFO] [stdout] error[E0432]: unresolved import `deep_causality_rand`
[INFO] [stdout]   --> examples/brcd_cache_cold_vs_warm.rs:30:5
[INFO] [stdout]    |
[INFO] [stdout] 30 | use deep_causality_rand::{Distribution, Rng, Xoshiro256};
[INFO] [stdout]    |     ^^^^^^^^^^^^^^^^^^^ use of unresolved module or unlinked crate `deep_causality_rand`
[INFO] [stdout]    |
[INFO] [stdout] help: there is a crate or module with a similar name
[INFO] [stdout]    |
[INFO] [stdout] 30 - use deep_causality_rand::{Distribution, Rng, Xoshiro256};
[INFO] [stdout] 30 + use deep_causality_haft::{Distribution, Rng, Xoshiro256};
[INFO] [stdout]    |
[INFO] [stdout] 
[INFO] [stdout] 
[INFO] [stdout] error[E0432]: unresolved import `deep_causality_tempfile`
[INFO] [stdout]  --> tests/types/cdl/brcd_configured_tests.rs:7:5
[INFO] [stdout]   |
[INFO] [stdout] 7 | use deep_causality_tempfile::NamedTempFile;
[INFO] [stdout]   |     ^^^^^^^^^^^^^^^^^^^^^^^ use of unresolved module or unlinked crate `deep_causality_tempfile`
[INFO] [stdout]   |
[INFO] [stdout] help: there is a crate or module with a similar name
[INFO] [stdout]   |
[INFO] [stdout] 7 - use deep_causality_tempfile::NamedTempFile;
[INFO] [stdout] 7 + use deep_causality_tensor::NamedTempFile;
[INFO] [stdout]   |
[INFO] [stdout] 
[INFO] [stdout] 
[INFO] [stdout] error[E0432]: unresolved import `deep_causality_tempfile`
[INFO] [stdout]  --> tests/types/cdl/brcd_loaded_tests.rs:7:5
[INFO] [stdout]   |
[INFO] [stdout] 7 | use deep_causality_tempfile::NamedTempFile;
[INFO] [stdout]   |     ^^^^^^^^^^^^^^^^^^^^^^^ use of unresolved module or unlinked crate `deep_causality_tempfile`
[INFO] [stdout]   |
[INFO] [stdout] help: there is a crate or module with a similar name
[INFO] [stdout]   |
[INFO] [stdout] 7 - use deep_causality_tempfile::NamedTempFile;
[INFO] [stdout] 7 + use deep_causality_tensor::NamedTempFile;
[INFO] [stdout]   |
[INFO] [stdout] 
[INFO] [stdout] 
[INFO] [stdout] error[E0432]: unresolved import `deep_causality_tempfile`
[INFO] [stdout]   --> tests/types/cdl/brcd_pipeline_tests.rs:10:5
[INFO] [stdout]    |
[INFO] [stdout] 10 | use deep_causality_tempfile::NamedTempFile;
[INFO] [stdout]    |     ^^^^^^^^^^^^^^^^^^^^^^^ use of unresolved module or unlinked crate `deep_causality_tempfile`
[INFO] [stdout]    |
[INFO] [stdout] help: there is a crate or module with a similar name
[INFO] [stdout]    |
[INFO] [stdout] 10 - use deep_causality_tempfile::NamedTempFile;
[INFO] [stdout] 10 + use deep_causality_tensor::NamedTempFile;
[INFO] [stdout]    |
[INFO] [stdout] 
[INFO] [stdout] 
[INFO] [stdout] error[E0432]: unresolved import `deep_causality_tempfile`
[INFO] [stdout]  --> tests/types/cdl/brcd_results_tests.rs:7:5
[INFO] [stdout]   |
[INFO] [stdout] 7 | use deep_causality_tempfile::NamedTempFile;
[INFO] [stdout]   |     ^^^^^^^^^^^^^^^^^^^^^^^ use of unresolved module or unlinked crate `deep_causality_tempfile`
[INFO] [stdout]   |
[INFO] [stdout] help: there is a crate or module with a similar name
[INFO] [stdout]   |
[INFO] [stdout] 7 - use deep_causality_tempfile::NamedTempFile;
[INFO] [stdout] 7 + use deep_causality_tensor::NamedTempFile;
[INFO] [stdout]   |
[INFO] [stdout] 
[INFO] [stdout] 
[INFO] [stdout] error[E0432]: unresolved import `deep_causality_tempfile`
[INFO] [stdout]  --> tests/types/cdl/cdl_tests.rs:7:5
[INFO] [stdout]   |
[INFO] [stdout] 7 | use deep_causality_tempfile::NamedTempFile;
[INFO] [stdout]   |     ^^^^^^^^^^^^^^^^^^^^^^^ use of unresolved module or unlinked crate `deep_causality_tempfile`
[INFO] [stdout]   |
[INFO] [stdout] help: there is a crate or module with a similar name
[INFO] [stdout]   |
[INFO] [stdout] 7 - use deep_causality_tempfile::NamedTempFile;
[INFO] [stdout] 7 + use deep_causality_tensor::NamedTempFile;
[INFO] [stdout]   |
[INFO] [stdout] 
[INFO] [stdout] 
[INFO] [stdout] error[E0432]: unresolved import `deep_causality_tempfile`
[INFO] [stdout]   --> tests/types/cdl/cdl_with_analysis_tests.rs:13:5
[INFO] [stdout]    |
[INFO] [stdout] 13 | use deep_causality_tempfile::NamedTempFile;
[INFO] [stdout]    |     ^^^^^^^^^^^^^^^^^^^^^^^ use of unresolved module or unlinked crate `deep_causality_tempfile`
[INFO] [stdout]    |
[INFO] [stdout] help: there is a crate or module with a similar name
[INFO] [stdout]    |
[INFO] [stdout] 13 - use deep_causality_tempfile::NamedTempFile;
[INFO] [stdout] 13 + use deep_causality_tensor::NamedTempFile;
[INFO] [stdout]    |
[INFO] [stdout] 
[INFO] [stdout] 
[INFO] [stdout] error[E0432]: unresolved import `deep_causality_tempfile`
[INFO] [stdout]  --> tests/types/cdl/surd_cleaned_tests.rs:9:5
[INFO] [stdout]   |
[INFO] [stdout] 9 | use deep_causality_tempfile::NamedTempFile;
[INFO] [stdout]   |     ^^^^^^^^^^^^^^^^^^^^^^^ use of unresolved module or unlinked crate `deep_causality_tempfile`
[INFO] [stdout]   |
[INFO] [stdout] help: there is a crate or module with a similar name
[INFO] [stdout]   |
[INFO] [stdout] 9 - use deep_causality_tempfile::NamedTempFile;
[INFO] [stdout] 9 + use deep_causality_tensor::NamedTempFile;
[INFO] [stdout]   |
[INFO] [stdout] 
[INFO] [stdout] 
[INFO] [stdout] error[E0432]: unresolved import `deep_causality_tempfile`
[INFO] [stdout]  --> tests/types/cdl/surd_configured_tests.rs:7:5
[INFO] [stdout]   |
[INFO] [stdout] 7 | use deep_causality_tempfile::NamedTempFile;
[INFO] [stdout]   |     ^^^^^^^^^^^^^^^^^^^^^^^ use of unresolved module or unlinked crate `deep_causality_tempfile`
[INFO] [stdout]   |
[INFO] [stdout] help: there is a crate or module with a similar name
[INFO] [stdout]   |
[INFO] [stdout] 7 - use deep_causality_tempfile::NamedTempFile;
[INFO] [stdout] 7 + use deep_causality_tensor::NamedTempFile;
[INFO] [stdout]   |
[INFO] [stdout] 
[INFO] [stdout] 
[INFO] [stdout] error[E0432]: unresolved import `deep_causality_tempfile`
[INFO] [stdout]   --> tests/types/cdl/surd_data_tests.rs:11:5
[INFO] [stdout]    |
[INFO] [stdout] 11 | use deep_causality_tempfile::NamedTempFile;
[INFO] [stdout]    |     ^^^^^^^^^^^^^^^^^^^^^^^ use of unresolved module or unlinked crate `deep_causality_tempfile`
[INFO] [stdout]    |
[INFO] [stdout] help: there is a crate or module with a similar name
[INFO] [stdout]    |
[INFO] [stdout] 11 - use deep_causality_tempfile::NamedTempFile;
[INFO] [stdout] 11 + use deep_causality_tensor::NamedTempFile;
[INFO] [stdout]    |
[INFO] [stdout] 
[INFO] [stdout] 
[INFO] [stderr] error: could not compile `deep_causality_discovery` (example "brcd_cache_cold_vs_warm") due to 2 previous errors
[INFO] [stdout] error[E0432]: unresolved import `deep_causality_tempfile`
[INFO] [stdout]  --> tests/types/cdl/surd_features_tests.rs:9:5
[INFO] [stdout]   |
[INFO] [stdout] 9 | use deep_causality_tempfile::NamedTempFile;
[INFO] [stdout]   |     ^^^^^^^^^^^^^^^^^^^^^^^ use of unresolved module or unlinked crate `deep_causality_tempfile`
[INFO] [stdout]   |
[INFO] [stdout] help: there is a crate or module with a similar name
[INFO] [stdout]   |
[INFO] [stdout] 9 - use deep_causality_tempfile::NamedTempFile;
[INFO] [stdout] 9 + use deep_causality_tensor::NamedTempFile;
[INFO] [stdout]   |
[INFO] [stdout] 
[INFO] [stdout] 
[INFO] [stderr] warning: build failed, waiting for other jobs to finish...
[INFO] [stdout] error[E0432]: unresolved import `deep_causality_tempfile`
[INFO] [stdout]   --> tests/types/cdl/surd_regression_tests.rs:13:5
[INFO] [stdout]    |
[INFO] [stdout] 13 | use deep_causality_tempfile::NamedTempFile;
[INFO] [stdout]    |     ^^^^^^^^^^^^^^^^^^^^^^^ use of unresolved module or unlinked crate `deep_causality_tempfile`
[INFO] [stdout]    |
[INFO] [stdout] help: there is a crate or module with a similar name
[INFO] [stdout]    |
[INFO] [stdout] 13 - use deep_causality_tempfile::NamedTempFile;
[INFO] [stdout] 13 + use deep_causality_tensor::NamedTempFile;
[INFO] [stdout]    |
[INFO] [stdout] 
[INFO] [stdout] 
[INFO] [stdout] error[E0432]: unresolved import `deep_causality_tempfile`
[INFO] [stdout]   --> tests/types/cdl/surd_results_tests.rs:10:5
[INFO] [stdout]    |
[INFO] [stdout] 10 | use deep_causality_tempfile::NamedTempFile;
[INFO] [stdout]    |     ^^^^^^^^^^^^^^^^^^^^^^^ use of unresolved module or unlinked crate `deep_causality_tempfile`
[INFO] [stdout]    |
[INFO] [stdout] help: there is a crate or module with a similar name
[INFO] [stdout]    |
[INFO] [stdout] 10 - use deep_causality_tempfile::NamedTempFile;
[INFO] [stdout] 10 + use deep_causality_tensor::NamedTempFile;
[INFO] [stdout]    |
[INFO] [stdout] 
[INFO] [stdout] 
[INFO] [stdout] error[E0432]: unresolved import `deep_causality_tempfile`
[INFO] [stdout]  --> tests/types/config/brcd_loader_config_tests.rs:7:5
[INFO] [stdout]   |
[INFO] [stdout] 7 | use deep_causality_tempfile::NamedTempFile;
[INFO] [stdout]   |     ^^^^^^^^^^^^^^^^^^^^^^^ use of unresolved module or unlinked crate `deep_causality_tempfile`
[INFO] [stdout]   |
[INFO] [stdout] help: there is a crate or module with a similar name
[INFO] [stdout]   |
[INFO] [stdout] 7 - use deep_causality_tempfile::NamedTempFile;
[INFO] [stdout] 7 + use deep_causality_tensor::NamedTempFile;
[INFO] [stdout]   |
[INFO] [stdout] 
[INFO] [stdout] 
[INFO] [stdout] error[E0599]: no method named `sample` found for struct `deep_causality_stats::Normal<F>` in the current scope
[INFO] [stdout]    --> examples/brcd_cache_cold_vs_warm.rs:181:31
[INFO] [stdout]     |
[INFO] [stdout] 181 |             x[i] = mean + eps.sample(&mut rng);
[INFO] [stdout]     |                               ^^^^^^
[INFO] [stdout]     |
[INFO] [stdout]    ::: /opt/rustwide/cargo-home/registry/src/index.crates.io-1949cf8c6b5b557f/deep_causality_rand-0.3.0/src/traits/distribution.rs:10:8
[INFO] [stdout]     |
[INFO] [stdout]  10 |     fn sample<R: Rng + ?Sized>(&self, rng: &mut R) -> T;
[INFO] [stdout]     |        ------ the method is available for `deep_causality_stats::Normal<f64>` here
[INFO] [stdout]     |
[INFO] [stdout]     = help: items from traits can only be used if the trait is in scope
[INFO] [stdout] help: trait `Distribution` which provides `sample` is implemented but not in scope; perhaps you want to import it
[INFO] [stdout]     |
[INFO] [stdout]  29 + use deep_causality_stats::Distribution;
[INFO] [stdout]     |
[INFO] [stdout] help: there is a method `sample_iter` with a similar name
[INFO] [stdout]     |
[INFO] [stdout] 181 |             x[i] = mean + eps.sample_iter(&mut rng);
[INFO] [stdout]     |                                     +++++
[INFO] [stdout] 
[INFO] [stdout] 
[INFO] [stdout] error[E0432]: unresolved import `deep_causality_tempfile`
[INFO] [stdout]   --> tests/types/config/cdl_config_builder_tests.rs:12:5
[INFO] [stdout]    |
[INFO] [stdout] 12 | use deep_causality_tempfile::NamedTempFile;
[INFO] [stdout]    |     ^^^^^^^^^^^^^^^^^^^^^^^ use of unresolved module or unlinked crate `deep_causality_tempfile`
[INFO] [stdout]    |
[INFO] [stdout] help: there is a crate or module with a similar name
[INFO] [stdout]    |
[INFO] [stdout] 12 - use deep_causality_tempfile::NamedTempFile;
[INFO] [stdout] 12 + use deep_causality_tensor::NamedTempFile;
[INFO] [stdout]    |
[INFO] [stdout] 
[INFO] [stdout] 
[INFO] [stdout] error[E0432]: unresolved import `deep_causality_tempfile`
[INFO] [stdout]  --> tests/types/config/surd_loader_config_tests.rs:7:5
[INFO] [stdout]   |
[INFO] [stdout] 7 | use deep_causality_tempfile::NamedTempFile;
[INFO] [stdout]   |     ^^^^^^^^^^^^^^^^^^^^^^^ use of unresolved module or unlinked crate `deep_causality_tempfile`
[INFO] [stdout]   |
[INFO] [stdout] help: there is a crate or module with a similar name
[INFO] [stdout]   |
[INFO] [stdout] 7 - use deep_causality_tempfile::NamedTempFile;
[INFO] [stdout] 7 + use deep_causality_tensor::NamedTempFile;
[INFO] [stdout]   |
[INFO] [stdout] 
[INFO] [stdout] 
[INFO] [stdout] error[E0432]: unresolved import `deep_causality_tempfile`
[INFO] [stdout]   --> tests/types/data_loader/cpdag_cache_tests.rs:14:5
[INFO] [stdout]    |
[INFO] [stdout] 14 | use deep_causality_tempfile::NamedTempFile;
[INFO] [stdout]    |     ^^^^^^^^^^^^^^^^^^^^^^^ use of unresolved module or unlinked crate `deep_causality_tempfile`
[INFO] [stdout]    |
[INFO] [stdout] help: there is a crate or module with a similar name
[INFO] [stdout]    |
[INFO] [stdout] 14 - use deep_causality_tempfile::NamedTempFile;
[INFO] [stdout] 14 + use deep_causality_tensor::NamedTempFile;
[INFO] [stdout]    |
[INFO] [stdout] 
[INFO] [stdout] 
[INFO] [stdout] error[E0432]: unresolved import `deep_causality_tempfile`
[INFO] [stdout]  --> tests/types/data_loader/cpdag_csv_tests.rs:7:5
[INFO] [stdout]   |
[INFO] [stdout] 7 | use deep_causality_tempfile::NamedTempFile;
[INFO] [stdout]   |     ^^^^^^^^^^^^^^^^^^^^^^^ use of unresolved module or unlinked crate `deep_causality_tempfile`
[INFO] [stdout]   |
[INFO] [stdout] help: there is a crate or module with a similar name
[INFO] [stdout]   |
[INFO] [stdout] 7 - use deep_causality_tempfile::NamedTempFile;
[INFO] [stdout] 7 + use deep_causality_tensor::NamedTempFile;
[INFO] [stdout]   |
[INFO] [stdout] 
[INFO] [stdout] 
[INFO] [stdout] error[E0432]: unresolved import `deep_causality_tempfile`
[INFO] [stdout]  --> tests/types/data_loader/csv_data_loader_tests.rs:9:5
[INFO] [stdout]   |
[INFO] [stdout] 9 | use deep_causality_tempfile::NamedTempFile;
[INFO] [stdout]   |     ^^^^^^^^^^^^^^^^^^^^^^^ use of unresolved module or unlinked crate `deep_causality_tempfile`
[INFO] [stdout]   |
[INFO] [stdout] help: there is a crate or module with a similar name
[INFO] [stdout]   |
[INFO] [stdout] 9 - use deep_causality_tempfile::NamedTempFile;
[INFO] [stdout] 9 + use deep_causality_tensor::NamedTempFile;
[INFO] [stdout]   |
[INFO] [stdout] 
[INFO] [stdout] 
[INFO] [stdout] error[E0432]: unresolved import `deep_causality_tempfile`
[INFO] [stdout]  --> tests/types/data_loader/csv_exclude_bug_repro_tests.rs:7:5
[INFO] [stdout]   |
[INFO] [stdout] 7 | use deep_causality_tempfile::NamedTempFile;
[INFO] [stdout]   |     ^^^^^^^^^^^^^^^^^^^^^^^ use of unresolved module or unlinked crate `deep_causality_tempfile`
[INFO] [stdout]   |
[INFO] [stdout] help: there is a crate or module with a similar name
[INFO] [stdout]   |
[INFO] [stdout] 7 - use deep_causality_tempfile::NamedTempFile;
[INFO] [stdout] 7 + use deep_causality_tensor::NamedTempFile;
[INFO] [stdout]   |
[INFO] [stdout] 
[INFO] [stdout] 
[INFO] [stdout] error[E0432]: unresolved import `deep_causality_tempfile`
[INFO] [stdout]  --> tests/types/data_loader/parquet_data_loader_tests.rs:9:5
[INFO] [stdout]   |
[INFO] [stdout] 9 | use deep_causality_tempfile::NamedTempFile;
[INFO] [stdout]   |     ^^^^^^^^^^^^^^^^^^^^^^^ use of unresolved module or unlinked crate `deep_causality_tempfile`
[INFO] [stdout]   |
[INFO] [stdout] help: there is a crate or module with a similar name
[INFO] [stdout]   |
[INFO] [stdout] 9 - use deep_causality_tempfile::NamedTempFile;
[INFO] [stdout] 9 + use deep_causality_tensor::NamedTempFile;
[INFO] [stdout]   |
[INFO] [stdout] 
[INFO] [stdout] 
[INFO] [stdout] error[E0432]: unresolved import `deep_causality_tempfile`
[INFO] [stdout]  --> tests/types/cdl/brcd_configured_tests.rs:7:5
[INFO] [stdout]   |
[INFO] [stdout] 7 | use deep_causality_tempfile::NamedTempFile;
[INFO] [stdout]   |     ^^^^^^^^^^^^^^^^^^^^^^^ use of unresolved module or unlinked crate `deep_causality_tempfile`
[INFO] [stdout]   |
[INFO] [stdout] help: there is a crate or module with a similar name
[INFO] [stdout]   |
[INFO] [stdout] 7 - use deep_causality_tempfile::NamedTempFile;
[INFO] [stdout] 7 + use deep_causality_tensor::NamedTempFile;
[INFO] [stdout]   |
[INFO] [stdout] 
[INFO] [stdout] 
[INFO] [stdout] error[E0432]: unresolved import `deep_causality_tempfile`
[INFO] [stdout]  --> tests/types/cdl/brcd_loaded_tests.rs:7:5
[INFO] [stdout]   |
[INFO] [stdout] 7 | use deep_causality_tempfile::NamedTempFile;
[INFO] [stdout]   |     ^^^^^^^^^^^^^^^^^^^^^^^ use of unresolved module or unlinked crate `deep_causality_tempfile`
[INFO] [stdout]   |
[INFO] [stdout] help: there is a crate or module with a similar name
[INFO] [stdout]   |
[INFO] [stdout] 7 - use deep_causality_tempfile::NamedTempFile;
[INFO] [stdout] 7 + use deep_causality_tensor::NamedTempFile;
[INFO] [stdout]   |
[INFO] [stdout] 
[INFO] [stdout] 
[INFO] [stdout] error[E0432]: unresolved import `deep_causality_tempfile`
[INFO] [stdout]   --> tests/types/cdl/brcd_pipeline_tests.rs:10:5
[INFO] [stdout]    |
[INFO] [stdout] 10 | use deep_causality_tempfile::NamedTempFile;
[INFO] [stdout]    |     ^^^^^^^^^^^^^^^^^^^^^^^ use of unresolved module or unlinked crate `deep_causality_tempfile`
[INFO] [stdout]    |
[INFO] [stdout] help: there is a crate or module with a similar name
[INFO] [stdout]    |
[INFO] [stdout] 10 - use deep_causality_tempfile::NamedTempFile;
[INFO] [stdout] 10 + use deep_causality_tensor::NamedTempFile;
[INFO] [stdout]    |
[INFO] [stdout] 
[INFO] [stdout] 
[INFO] [stdout] error[E0432]: unresolved import `deep_causality_tempfile`
[INFO] [stdout]  --> tests/types/cdl/brcd_results_tests.rs:7:5
[INFO] [stdout]   |
[INFO] [stdout] 7 | use deep_causality_tempfile::NamedTempFile;
[INFO] [stdout]   |     ^^^^^^^^^^^^^^^^^^^^^^^ use of unresolved module or unlinked crate `deep_causality_tempfile`
[INFO] [stdout]   |
[INFO] [stdout] help: there is a crate or module with a similar name
[INFO] [stdout]   |
[INFO] [stdout] 7 - use deep_causality_tempfile::NamedTempFile;
[INFO] [stdout] 7 + use deep_causality_tensor::NamedTempFile;
[INFO] [stdout]   |
[INFO] [stdout] 
[INFO] [stdout] 
[INFO] [stdout] error[E0432]: unresolved import `deep_causality_tempfile`
[INFO] [stdout]  --> tests/types/cdl/cdl_tests.rs:7:5
[INFO] [stdout]   |
[INFO] [stdout] 7 | use deep_causality_tempfile::NamedTempFile;
[INFO] [stdout]   |     ^^^^^^^^^^^^^^^^^^^^^^^ use of unresolved module or unlinked crate `deep_causality_tempfile`
[INFO] [stdout]   |
[INFO] [stdout] help: there is a crate or module with a similar name
[INFO] [stdout]   |
[INFO] [stdout] 7 - use deep_causality_tempfile::NamedTempFile;
[INFO] [stdout] 7 + use deep_causality_tensor::NamedTempFile;
[INFO] [stdout]   |
[INFO] [stdout] 
[INFO] [stdout] 
[INFO] [stdout] error[E0432]: unresolved import `deep_causality_tempfile`
[INFO] [stdout]   --> tests/types/cdl/cdl_with_analysis_tests.rs:13:5
[INFO] [stdout]    |
[INFO] [stdout] 13 | use deep_causality_tempfile::NamedTempFile;
[INFO] [stdout]    |     ^^^^^^^^^^^^^^^^^^^^^^^ use of unresolved module or unlinked crate `deep_causality_tempfile`
[INFO] [stdout]    |
[INFO] [stdout] help: there is a crate or module with a similar name
[INFO] [stdout]    |
[INFO] [stdout] 13 - use deep_causality_tempfile::NamedTempFile;
[INFO] [stdout] 13 + use deep_causality_tensor::NamedTempFile;
[INFO] [stdout]    |
[INFO] [stdout] 
[INFO] [stdout] 
[INFO] [stdout] error[E0432]: unresolved import `deep_causality_tempfile`
[INFO] [stdout]  --> tests/types/cdl/surd_cleaned_tests.rs:9:5
[INFO] [stdout]   |
[INFO] [stdout] 9 | use deep_causality_tempfile::NamedTempFile;
[INFO] [stdout]   |     ^^^^^^^^^^^^^^^^^^^^^^^ use of unresolved module or unlinked crate `deep_causality_tempfile`
[INFO] [stdout]   |
[INFO] [stdout] help: there is a crate or module with a similar name
[INFO] [stdout]   |
[INFO] [stdout] 9 - use deep_causality_tempfile::NamedTempFile;
[INFO] [stdout] 9 + use deep_causality_tensor::NamedTempFile;
[INFO] [stdout]   |
[INFO] [stdout] 
[INFO] [stdout] 
[INFO] [stdout] error[E0432]: unresolved import `deep_causality_tempfile`
[INFO] [stdout]  --> tests/types/cdl/surd_configured_tests.rs:7:5
[INFO] [stdout]   |
[INFO] [stdout] 7 | use deep_causality_tempfile::NamedTempFile;
[INFO] [stdout]   |     ^^^^^^^^^^^^^^^^^^^^^^^ use of unresolved module or unlinked crate `deep_causality_tempfile`
[INFO] [stdout]   |
[INFO] [stdout] help: there is a crate or module with a similar name
[INFO] [stdout]   |
[INFO] [stdout] 7 - use deep_causality_tempfile::NamedTempFile;
[INFO] [stdout] 7 + use deep_causality_tensor::NamedTempFile;
[INFO] [stdout]   |
[INFO] [stdout] 
[INFO] [stdout] 
[INFO] [stdout] error[E0432]: unresolved import `deep_causality_tempfile`
[INFO] [stdout]   --> tests/types/cdl/surd_data_tests.rs:11:5
[INFO] [stdout]    |
[INFO] [stdout] 11 | use deep_causality_tempfile::NamedTempFile;
[INFO] [stdout]    |     ^^^^^^^^^^^^^^^^^^^^^^^ use of unresolved module or unlinked crate `deep_causality_tempfile`
[INFO] [stdout]    |
[INFO] [stdout] help: there is a crate or module with a similar name
[INFO] [stdout]    |
[INFO] [stdout] 11 - use deep_causality_tempfile::NamedTempFile;
[INFO] [stdout] 11 + use deep_causality_tensor::NamedTempFile;
[INFO] [stdout]    |
[INFO] [stdout] 
[INFO] [stdout] 
[INFO] [stdout] Some errors have detailed explanations: E0432, E0599.
[INFO] [stdout] 
[INFO] [stdout] For more information about an error, try `rustc --explain E0432`.
[INFO] [stdout] 
[INFO] [stdout] error[E0432]: unresolved import `deep_causality_tempfile`
[INFO] [stdout]  --> tests/types/cdl/surd_features_tests.rs:9:5
[INFO] [stdout]   |
[INFO] [stdout] 9 | use deep_causality_tempfile::NamedTempFile;
[INFO] [stdout]   |     ^^^^^^^^^^^^^^^^^^^^^^^ use of unresolved module or unlinked crate `deep_causality_tempfile`
[INFO] [stdout]   |
[INFO] [stdout] help: there is a crate or module with a similar name
[INFO] [stdout]   |
[INFO] [stdout] 9 - use deep_causality_tempfile::NamedTempFile;
[INFO] [stdout] 9 + use deep_causality_tensor::NamedTempFile;
[INFO] [stdout]   |
[INFO] [stdout] 
[INFO] [stdout] 
[INFO] [stdout] error[E0432]: unresolved import `deep_causality_tempfile`
[INFO] [stdout]   --> tests/types/cdl/surd_regression_tests.rs:13:5
[INFO] [stdout]    |
[INFO] [stdout] 13 | use deep_causality_tempfile::NamedTempFile;
[INFO] [stdout]    |     ^^^^^^^^^^^^^^^^^^^^^^^ use of unresolved module or unlinked crate `deep_causality_tempfile`
[INFO] [stdout]    |
[INFO] [stdout] help: there is a crate or module with a similar name
[INFO] [stdout]    |
[INFO] [stdout] 13 - use deep_causality_tempfile::NamedTempFile;
[INFO] [stdout] 13 + use deep_causality_tensor::NamedTempFile;
[INFO] [stdout]    |
[INFO] [stdout] 
[INFO] [stdout] 
[INFO] [stdout] error[E0432]: unresolved import `deep_causality_tempfile`
[INFO] [stdout]   --> tests/types/cdl/surd_results_tests.rs:10:5
[INFO] [stdout]    |
[INFO] [stdout] 10 | use deep_causality_tempfile::NamedTempFile;
[INFO] [stdout]    |     ^^^^^^^^^^^^^^^^^^^^^^^ use of unresolved module or unlinked crate `deep_causality_tempfile`
[INFO] [stdout]    |
[INFO] [stdout] help: there is a crate or module with a similar name
[INFO] [stdout]    |
[INFO] [stdout] 10 - use deep_causality_tempfile::NamedTempFile;
[INFO] [stdout] 10 + use deep_causality_tensor::NamedTempFile;
[INFO] [stdout]    |
[INFO] [stdout] 
[INFO] [stdout] 
[INFO] [stdout] error[E0432]: unresolved import `deep_causality_tempfile`
[INFO] [stdout]  --> tests/types/config/brcd_loader_config_tests.rs:7:5
[INFO] [stdout]   |
[INFO] [stdout] 7 | use deep_causality_tempfile::NamedTempFile;
[INFO] [stdout]   |     ^^^^^^^^^^^^^^^^^^^^^^^ use of unresolved module or unlinked crate `deep_causality_tempfile`
[INFO] [stdout]   |
[INFO] [stdout] help: there is a crate or module with a similar name
[INFO] [stdout]   |
[INFO] [stdout] 7 - use deep_causality_tempfile::NamedTempFile;
[INFO] [stdout] 7 + use deep_causality_tensor::NamedTempFile;
[INFO] [stdout]   |
[INFO] [stdout] 
[INFO] [stdout] 
[INFO] [stdout] error[E0432]: unresolved import `deep_causality_tempfile`
[INFO] [stdout]   --> tests/types/config/cdl_config_builder_tests.rs:12:5
[INFO] [stdout]    |
[INFO] [stdout] 12 | use deep_causality_tempfile::NamedTempFile;
[INFO] [stdout]    |     ^^^^^^^^^^^^^^^^^^^^^^^ use of unresolved module or unlinked crate `deep_causality_tempfile`
[INFO] [stdout]    |
[INFO] [stdout] help: there is a crate or module with a similar name
[INFO] [stdout]    |
[INFO] [stdout] 12 - use deep_causality_tempfile::NamedTempFile;
[INFO] [stdout] 12 + use deep_causality_tensor::NamedTempFile;
[INFO] [stdout]    |
[INFO] [stdout] 
[INFO] [stdout] 
[INFO] [stdout] error[E0432]: unresolved import `deep_causality_tempfile`
[INFO] [stdout]  --> tests/types/config/surd_loader_config_tests.rs:7:5
[INFO] [stdout]   |
[INFO] [stdout] 7 | use deep_causality_tempfile::NamedTempFile;
[INFO] [stdout]   |     ^^^^^^^^^^^^^^^^^^^^^^^ use of unresolved module or unlinked crate `deep_causality_tempfile`
[INFO] [stdout]   |
[INFO] [stdout] help: there is a crate or module with a similar name
[INFO] [stdout]   |
[INFO] [stdout] 7 - use deep_causality_tempfile::NamedTempFile;
[INFO] [stdout] 7 + use deep_causality_tensor::NamedTempFile;
[INFO] [stdout]   |
[INFO] [stdout] 
[INFO] [stdout] 
[INFO] [stdout] error[E0432]: unresolved import `deep_causality_tempfile`
[INFO] [stdout]   --> tests/types/data_loader/cpdag_cache_tests.rs:14:5
[INFO] [stdout]    |
[INFO] [stdout] 14 | use deep_causality_tempfile::NamedTempFile;
[INFO] [stdout]    |     ^^^^^^^^^^^^^^^^^^^^^^^ use of unresolved module or unlinked crate `deep_causality_tempfile`
[INFO] [stdout]    |
[INFO] [stdout] help: there is a crate or module with a similar name
[INFO] [stdout]    |
[INFO] [stdout] 14 - use deep_causality_tempfile::NamedTempFile;
[INFO] [stdout] 14 + use deep_causality_tensor::NamedTempFile;
[INFO] [stdout]    |
[INFO] [stdout] 
[INFO] [stdout] 
[INFO] [stdout] error[E0432]: unresolved import `deep_causality_tempfile`
[INFO] [stdout]  --> tests/types/data_loader/cpdag_csv_tests.rs:7:5
[INFO] [stdout]   |
[INFO] [stdout] 7 | use deep_causality_tempfile::NamedTempFile;
[INFO] [stdout]   |     ^^^^^^^^^^^^^^^^^^^^^^^ use of unresolved module or unlinked crate `deep_causality_tempfile`
[INFO] [stdout]   |
[INFO] [stdout] help: there is a crate or module with a similar name
[INFO] [stdout]   |
[INFO] [stdout] 7 - use deep_causality_tempfile::NamedTempFile;
[INFO] [stdout] 7 + use deep_causality_tensor::NamedTempFile;
[INFO] [stdout]   |
[INFO] [stdout] 
[INFO] [stdout] 
[INFO] [stdout] error[E0432]: unresolved import `deep_causality_tempfile`
[INFO] [stdout]  --> tests/types/data_loader/csv_data_loader_tests.rs:9:5
[INFO] [stdout]   |
[INFO] [stdout] 9 | use deep_causality_tempfile::NamedTempFile;
[INFO] [stdout]   |     ^^^^^^^^^^^^^^^^^^^^^^^ use of unresolved module or unlinked crate `deep_causality_tempfile`
[INFO] [stdout]   |
[INFO] [stdout] help: there is a crate or module with a similar name
[INFO] [stdout]   |
[INFO] [stdout] 9 - use deep_causality_tempfile::NamedTempFile;
[INFO] [stdout] 9 + use deep_causality_tensor::NamedTempFile;
[INFO] [stdout]   |
[INFO] [stdout] 
[INFO] [stdout] 
[INFO] [stdout] error[E0432]: unresolved import `deep_causality_tempfile`
[INFO] [stdout]  --> tests/types/data_loader/csv_exclude_bug_repro_tests.rs:7:5
[INFO] [stdout]   |
[INFO] [stdout] 7 | use deep_causality_tempfile::NamedTempFile;
[INFO] [stdout]   |     ^^^^^^^^^^^^^^^^^^^^^^^ use of unresolved module or unlinked crate `deep_causality_tempfile`
[INFO] [stdout]   |
[INFO] [stdout] help: there is a crate or module with a similar name
[INFO] [stdout]   |
[INFO] [stdout] 7 - use deep_causality_tempfile::NamedTempFile;
[INFO] [stdout] 7 + use deep_causality_tensor::NamedTempFile;
[INFO] [stdout]   |
[INFO] [stdout] 
[INFO] [stdout] 
[INFO] [stdout] error[E0432]: unresolved import `deep_causality_tempfile`
[INFO] [stdout]  --> tests/types/data_loader/parquet_data_loader_tests.rs:9:5
[INFO] [stdout]   |
[INFO] [stdout] 9 | use deep_causality_tempfile::NamedTempFile;
[INFO] [stdout]   |     ^^^^^^^^^^^^^^^^^^^^^^^ use of unresolved module or unlinked crate `deep_causality_tempfile`
[INFO] [stdout]   |
[INFO] [stdout] help: there is a crate or module with a similar name
[INFO] [stdout]   |
[INFO] [stdout] 9 - use deep_causality_tempfile::NamedTempFile;
[INFO] [stdout] 9 + use deep_causality_tensor::NamedTempFile;
[INFO] [stdout]   |
[INFO] [stdout] 
[INFO] [stdout] 
[INFO] [stdout] For more information about this error, try `rustc --explain E0432`.
[INFO] [stdout] 
[INFO] [stderr] error: could not compile `deep_causality_discovery` (test "config_tests") due to 20 previous errors
[INFO] [stdout] For more information about this error, try `rustc --explain E0432`.
[INFO] [stdout] 
[INFO] [stderr] error: could not compile `deep_causality_discovery` (test "mod") due to 20 previous errors
[INFO] running `Command { std: "docker" "inspect" "4731a3e089e647aac9c9d4dfc982e44da08b033f583dadfefea2e3dee89bd073", kill_on_drop: false }`
[INFO] running `Command { std: "docker" "rm" "-f" "4731a3e089e647aac9c9d4dfc982e44da08b033f583dadfefea2e3dee89bd073", kill_on_drop: false }`
[INFO] [stdout] 4731a3e089e647aac9c9d4dfc982e44da08b033f583dadfefea2e3dee89bd073
