[INFO] fetching crate decodal-derive 0.2.0...
[INFO] testing decodal-derive-0.2.0 against 1.100.0-beta.1+cargoflags=--release for beta-release-1.100-2
[INFO] extracting crate decodal-derive 0.2.0 into /workspace/builds/worker-7-tc2/source
[INFO] started tweaking crates.io crate decodal-derive 0.2.0
[INFO] removed 0 missing tests
[INFO] finished tweaking crates.io crate decodal-derive 0.2.0
[INFO] tweaked toml for crates.io crate decodal-derive 0.2.0 written to /workspace/builds/worker-7-tc2/source/Cargo.toml
[INFO] validating manifest of crates.io crate decodal-derive 0.2.0 on toolchain 1.100.0-beta.1
[INFO] running `Command { std: CARGO_HOME="/workspace/cargo-home" RUSTUP_HOME="/workspace/rustup-home" "/workspace/cargo-home/bin/cargo" "+1.100.0-beta.1" "metadata" "--manifest-path" "Cargo.toml" "--no-deps", kill_on_drop: false }`
[INFO] crate crates.io crate decodal-derive 0.2.0 already has a lockfile, it will not be regenerated
[INFO] running `Command { std: CARGO_HOME="/workspace/cargo-home" RUSTUP_HOME="/workspace/rustup-home" "/workspace/cargo-home/bin/cargo" "+1.100.0-beta.1" "fetch" "--manifest-path" "Cargo.toml", kill_on_drop: false }`
[INFO] running `Command { std: "docker" "create" "-v" "/var/lib/crater-agent-workspace/builds/worker-7-tc2/source:/opt/rustwide/workdir:ro,Z" "-v" "/var/lib/crater-agent-workspace/builds/worker-7-tc2/target:/opt/rustwide/target:rw,Z" "-v" "/var/lib/crater-agent-workspace/cargo-home:/opt/rustwide/cargo-home:ro,Z" "-v" "/var/lib/crater-agent-workspace/rustup-home:/opt/rustwide/rustup-home:ro,Z" "-m" "1610612736" "--network" "none" "ghcr.io/rust-lang/crates-build-env/linux@sha256:77db811e55d90add9212f6832c23229e3de5f1c1f9905e8cb07319ea15df73ac" "sleep" "infinity", kill_on_drop: false }`
[INFO] [stdout] 3b4a1cb23212dd0a86819bf82dfa81afd31b0b6df7d4f46b530750f5300abefa
[INFO] running `Command { std: "docker" "start" "3b4a1cb23212dd0a86819bf82dfa81afd31b0b6df7d4f46b530750f5300abefa", kill_on_drop: false }`
[INFO] running `Command { std: "docker" "inspect" "3b4a1cb23212dd0a86819bf82dfa81afd31b0b6df7d4f46b530750f5300abefa", kill_on_drop: false }`
[INFO] running `Command { std: "docker" "exec" "-e" "SOURCE_DIR=/opt/rustwide/workdir" "-e" "CARGO_HOME=/opt/rustwide/cargo-home" "-e" "RUSTUP_HOME=/opt/rustwide/rustup-home" "-e" "CARGO_TARGET_DIR=/opt/rustwide/target" "-w" "/opt/rustwide/workdir" "--user" "0:0" "3b4a1cb23212dd0a86819bf82dfa81afd31b0b6df7d4f46b530750f5300abefa" "/opt/rustwide/cargo-home/bin/cargo" "+1.100.0-beta.1" "metadata" "--no-deps" "--format-version=1", kill_on_drop: false }`
[INFO] running `Command { std: "docker" "inspect" "3b4a1cb23212dd0a86819bf82dfa81afd31b0b6df7d4f46b530750f5300abefa", kill_on_drop: false }`
[INFO] running `Command { std: "docker" "exec" "-e" "SOURCE_DIR=/opt/rustwide/workdir" "-e" "CARGO_HOME=/opt/rustwide/cargo-home" "-e" "RUSTUP_HOME=/opt/rustwide/rustup-home" "-e" "CARGO_TARGET_DIR=/opt/rustwide/target" "-e" "CARGO_INCREMENTAL=0" "-e" "RUST_BACKTRACE=full" "-e" "RUSTFLAGS=--cap-lints=warn" "-e" "RUSTDOCFLAGS=--cap-lints=warn" "-w" "/opt/rustwide/workdir" "--user" "0:0" "3b4a1cb23212dd0a86819bf82dfa81afd31b0b6df7d4f46b530750f5300abefa" "/opt/rustwide/cargo-home/bin/cargo" "+1.100.0-beta.1" "build" "--frozen" "--message-format=json" "--release", kill_on_drop: false }`
[INFO] [stderr]    Compiling decodal-derive v0.2.0 (/opt/rustwide/workdir)
[INFO] [stderr]     Finished `release` profile [optimized] target(s) in 2.74s
[INFO] running `Command { std: "docker" "inspect" "3b4a1cb23212dd0a86819bf82dfa81afd31b0b6df7d4f46b530750f5300abefa", kill_on_drop: false }`
[INFO] running `Command { std: "docker" "exec" "-e" "SOURCE_DIR=/opt/rustwide/workdir" "-e" "CARGO_HOME=/opt/rustwide/cargo-home" "-e" "RUSTUP_HOME=/opt/rustwide/rustup-home" "-e" "CARGO_TARGET_DIR=/opt/rustwide/target" "-e" "CARGO_INCREMENTAL=0" "-e" "RUST_BACKTRACE=full" "-e" "RUSTFLAGS=--cap-lints=warn" "-e" "RUSTDOCFLAGS=--cap-lints=warn" "-w" "/opt/rustwide/workdir" "--user" "0:0" "3b4a1cb23212dd0a86819bf82dfa81afd31b0b6df7d4f46b530750f5300abefa" "/opt/rustwide/cargo-home/bin/cargo" "+1.100.0-beta.1" "test" "--frozen" "--no-run" "--message-format=json" "--release", kill_on_drop: false }`
[INFO] [stderr]    Compiling proc-macro2 v1.0.106
[INFO] [stderr]    Compiling quote v1.0.45
[INFO] [stderr]    Compiling decodal-derive v0.2.0 (/opt/rustwide/workdir)
[INFO] [stderr]    Compiling syn v2.0.117
[INFO] [stdout] error[E0432]: unresolved import `decodal`
[INFO] [stdout]  --> tests/derive.rs:3:5
[INFO] [stdout]   |
[INFO] [stdout] 3 | use decodal::{Constraint, Data, DecodalDecode, DecodalSchema, EmptyLoader, Engine, Value};
[INFO] [stdout]   |     ^^^^^^^ use of unresolved module or unlinked crate `decodal`
[INFO] [stdout]   |
[INFO] [stdout]   = help: if you wanted to use a crate named `decodal`, use `cargo add decodal` to add it to your `Cargo.toml`
[INFO] [stdout] 
[INFO] [stdout] 
[INFO] [stdout] error[E0433]: cannot find `decodal` in the list of imported crates
[INFO] [stdout]  --> tests/derive.rs:6:28
[INFO] [stdout]   |
[INFO] [stdout] 6 | #[derive(Debug, PartialEq, Decodal)]
[INFO] [stdout]   |                            ^^^^^^^ could not find `decodal` in the list of imported crates
[INFO] [stdout]   |
[INFO] [stdout]   = note: this error originates in the derive macro `Decodal` (in Nightly builds, run with -Z macro-backtrace for more info)
[INFO] [stdout] 
[INFO] [stdout] 
[INFO] [stdout] error[E0433]: cannot find `decodal` in the list of imported crates
[INFO] [stdout]   --> tests/derive.rs:17:28
[INFO] [stdout]    |
[INFO] [stdout] 17 | #[derive(Debug, PartialEq, Decodal)]
[INFO] [stdout]    |                            ^^^^^^^ could not find `decodal` in the list of imported crates
[INFO] [stdout]    |
[INFO] [stdout]    = note: this error originates in the derive macro `Decodal` (in Nightly builds, run with -Z macro-backtrace for more info)
[INFO] [stdout] 
[INFO] [stdout] 
[INFO] [stdout] error[E0433]: cannot find `decodal` in the list of imported crates
[INFO] [stdout]   --> tests/derive.rs:24:28
[INFO] [stdout]    |
[INFO] [stdout] 24 | #[derive(Debug, PartialEq, Decodal)]
[INFO] [stdout]    |                            ^^^^^^^ could not find `decodal` in the list of imported crates
[INFO] [stdout]    |
[INFO] [stdout]    = note: this error originates in the derive macro `Decodal` (in Nightly builds, run with -Z macro-backtrace for more info)
[INFO] [stdout] 
[INFO] [stdout] 
[INFO] [stdout] error[E0433]: cannot find `decodal` in the list of imported crates
[INFO] [stdout]   --> tests/derive.rs:29:28
[INFO] [stdout]    |
[INFO] [stdout] 29 | #[derive(Debug, PartialEq, Decodal)]
[INFO] [stdout]    |                            ^^^^^^^ could not find `decodal` in the list of imported crates
[INFO] [stdout]    |
[INFO] [stdout]    = note: this error originates in the derive macro `Decodal` (in Nightly builds, run with -Z macro-backtrace for more info)
[INFO] [stdout] 
[INFO] [stdout] 
[INFO] [stdout] error[E0433]: cannot find `decodal` in the list of imported crates
[INFO] [stdout]   --> tests/derive.rs:38:28
[INFO] [stdout]    |
[INFO] [stdout] 38 | #[derive(Debug, PartialEq, Decodal)]
[INFO] [stdout]    |                            ^^^^^^^ could not find `decodal` in the list of imported crates
[INFO] [stdout]    |
[INFO] [stdout]    = note: this error originates in the derive macro `Decodal` (in Nightly builds, run with -Z macro-backtrace for more info)
[INFO] [stdout] 
[INFO] [stdout] 
[INFO] [stdout] error[E0433]: cannot find `decodal` in the list of imported crates
[INFO] [stdout]   --> tests/derive.rs:45:28
[INFO] [stdout]    |
[INFO] [stdout] 45 | #[derive(Debug, PartialEq, Decodal)]
[INFO] [stdout]    |                            ^^^^^^^ could not find `decodal` in the list of imported crates
[INFO] [stdout]    |
[INFO] [stdout]    = note: this error originates in the derive macro `Decodal` (in Nightly builds, run with -Z macro-backtrace for more info)
[INFO] [stdout] 
[INFO] [stdout] 
[INFO] [stdout] error[E0433]: cannot find module or crate `decodal` in this scope
[INFO] [stdout]    --> tests/derive.rs:262:34
[INFO] [stdout]     |
[INFO] [stdout] 262 |     let data = Data::Object(vec![decodal::runtime::DataField {
[INFO] [stdout]     |                                  ^^^^^^^ use of unresolved module or unlinked crate `decodal`
[INFO] [stdout]     |
[INFO] [stdout]     = help: if you wanted to use a crate named `decodal`, use `cargo add decodal` to add it to your `Cargo.toml`
[INFO] [stdout] 
[INFO] [stdout] 
[INFO] [stdout] Some errors have detailed explanations: E0432, E0433.
[INFO] [stdout] 
[INFO] [stdout] For more information about an error, try `rustc --explain E0432`.
[INFO] [stdout] 
[INFO] [stderr] error: could not compile `decodal-derive` (test "derive") due to 8 previous errors
[INFO] running `Command { std: "docker" "inspect" "3b4a1cb23212dd0a86819bf82dfa81afd31b0b6df7d4f46b530750f5300abefa", kill_on_drop: false }`
[INFO] running `Command { std: "docker" "rm" "-f" "3b4a1cb23212dd0a86819bf82dfa81afd31b0b6df7d4f46b530750f5300abefa", kill_on_drop: false }`
[INFO] [stdout] 3b4a1cb23212dd0a86819bf82dfa81afd31b0b6df7d4f46b530750f5300abefa
