[INFO] fetching crate debug_code 0.1.1...
[INFO] testing debug_code-0.1.1 against 1.99.0-beta.8+cargoflags=--release for beta-release-1.100-2
[INFO] extracting crate debug_code 0.1.1 into /workspace/builds/worker-2-tc1/source
[INFO] started tweaking crates.io crate debug_code 0.1.1
[INFO] removed 0 missing examples
[INFO] finished tweaking crates.io crate debug_code 0.1.1
[INFO] tweaked toml for crates.io crate debug_code 0.1.1 written to /workspace/builds/worker-2-tc1/source/Cargo.toml
[INFO] validating manifest of crates.io crate debug_code 0.1.1 on toolchain 1.99.0-beta.8
[INFO] running `Command { std: CARGO_HOME="/workspace/cargo-home" RUSTUP_HOME="/workspace/rustup-home" "/workspace/cargo-home/bin/cargo" "+1.99.0-beta.8" "metadata" "--manifest-path" "Cargo.toml" "--no-deps", kill_on_drop: false }`
[INFO] crate crates.io crate debug_code 0.1.1 already has a lockfile, it will not be regenerated
[INFO] running `Command { std: CARGO_HOME="/workspace/cargo-home" RUSTUP_HOME="/workspace/rustup-home" "/workspace/cargo-home/bin/cargo" "+1.99.0-beta.8" "fetch" "--manifest-path" "Cargo.toml", kill_on_drop: false }`
[INFO] [stderr] warning: Cargo.toml: `proc_macro` is deprecated in favor of `proc-macro` and will not work in the 2024 edition
[INFO] [stderr] (in the `debug_code` library target)
[INFO] [stderr] warning: `debug_code` (manifest) generated 1 warning
[INFO] running `Command { std: "docker" "create" "-v" "/var/lib/crater-agent-workspace/builds/worker-2-tc1/source:/opt/rustwide/workdir:ro,Z" "-v" "/var/lib/crater-agent-workspace/builds/worker-2-tc1/target:/opt/rustwide/target:rw,Z" "-v" "/var/lib/crater-agent-workspace/cargo-home:/opt/rustwide/cargo-home:ro,Z" "-v" "/var/lib/crater-agent-workspace/rustup-home:/opt/rustwide/rustup-home:ro,Z" "-m" "1610612736" "--network" "none" "ghcr.io/rust-lang/crates-build-env/linux@sha256:77db811e55d90add9212f6832c23229e3de5f1c1f9905e8cb07319ea15df73ac" "sleep" "infinity", kill_on_drop: false }`
[INFO] [stdout] 28ca6e32d5b954355ff3af445fe59498e9b3b9ba6ee6c3da1b2cd915b0d69603
[INFO] running `Command { std: "docker" "start" "28ca6e32d5b954355ff3af445fe59498e9b3b9ba6ee6c3da1b2cd915b0d69603", kill_on_drop: false }`
[INFO] running `Command { std: "docker" "inspect" "28ca6e32d5b954355ff3af445fe59498e9b3b9ba6ee6c3da1b2cd915b0d69603", kill_on_drop: false }`
[INFO] running `Command { std: "docker" "exec" "-e" "SOURCE_DIR=/opt/rustwide/workdir" "-e" "CARGO_HOME=/opt/rustwide/cargo-home" "-e" "RUSTUP_HOME=/opt/rustwide/rustup-home" "-e" "CARGO_TARGET_DIR=/opt/rustwide/target" "-w" "/opt/rustwide/workdir" "--user" "0:0" "28ca6e32d5b954355ff3af445fe59498e9b3b9ba6ee6c3da1b2cd915b0d69603" "/opt/rustwide/cargo-home/bin/cargo" "+1.99.0-beta.8" "metadata" "--no-deps" "--format-version=1", kill_on_drop: false }`
[INFO] running `Command { std: "docker" "inspect" "28ca6e32d5b954355ff3af445fe59498e9b3b9ba6ee6c3da1b2cd915b0d69603", kill_on_drop: false }`
[INFO] running `Command { std: "docker" "exec" "-e" "SOURCE_DIR=/opt/rustwide/workdir" "-e" "CARGO_HOME=/opt/rustwide/cargo-home" "-e" "RUSTUP_HOME=/opt/rustwide/rustup-home" "-e" "CARGO_TARGET_DIR=/opt/rustwide/target" "-e" "CARGO_INCREMENTAL=0" "-e" "RUST_BACKTRACE=full" "-e" "RUSTFLAGS=--cap-lints=warn" "-e" "RUSTDOCFLAGS=--cap-lints=warn" "-w" "/opt/rustwide/workdir" "--user" "0:0" "28ca6e32d5b954355ff3af445fe59498e9b3b9ba6ee6c3da1b2cd915b0d69603" "/opt/rustwide/cargo-home/bin/cargo" "+1.99.0-beta.8" "build" "--frozen" "--message-format=json" "--release", kill_on_drop: false }`
[INFO] [stderr] warning: Cargo.toml: `proc_macro` is deprecated in favor of `proc-macro` and will not work in the 2024 edition
[INFO] [stderr] (in the `debug_code` library target)
[INFO] [stderr] warning: `debug_code` (manifest) generated 1 warning
[INFO] [stderr]    Compiling proc-macro2 v1.0.79
[INFO] [stderr]    Compiling quote v1.0.35
[INFO] [stderr]    Compiling syn v2.0.52
[INFO] [stderr]    Compiling debug_code v0.1.1 (/opt/rustwide/workdir)
[INFO] [stderr]     Finished `release` profile [optimized] target(s) in 4.65s
[INFO] running `Command { std: "docker" "inspect" "28ca6e32d5b954355ff3af445fe59498e9b3b9ba6ee6c3da1b2cd915b0d69603", kill_on_drop: false }`
[INFO] running `Command { std: "docker" "exec" "-e" "SOURCE_DIR=/opt/rustwide/workdir" "-e" "CARGO_HOME=/opt/rustwide/cargo-home" "-e" "RUSTUP_HOME=/opt/rustwide/rustup-home" "-e" "CARGO_TARGET_DIR=/opt/rustwide/target" "-e" "CARGO_INCREMENTAL=0" "-e" "RUST_BACKTRACE=full" "-e" "RUSTFLAGS=--cap-lints=warn" "-e" "RUSTDOCFLAGS=--cap-lints=warn" "-w" "/opt/rustwide/workdir" "--user" "0:0" "28ca6e32d5b954355ff3af445fe59498e9b3b9ba6ee6c3da1b2cd915b0d69603" "/opt/rustwide/cargo-home/bin/cargo" "+1.99.0-beta.8" "test" "--frozen" "--no-run" "--message-format=json" "--release", kill_on_drop: false }`
[INFO] [stderr] warning: Cargo.toml: `proc_macro` is deprecated in favor of `proc-macro` and will not work in the 2024 edition
[INFO] [stderr] (in the `debug_code` library target)
[INFO] [stderr] warning: `debug_code` (manifest) generated 1 warning
[INFO] [stderr]    Compiling proc-macro2 v1.0.79
[INFO] [stderr]    Compiling unicode-ident v1.0.12
[INFO] [stderr]    Compiling debug_code v0.1.1 (/opt/rustwide/workdir)
[INFO] [stderr]    Compiling quote v1.0.35
[INFO] [stderr]    Compiling syn v2.0.52
[INFO] [stdout] error[E0308]: mismatched types
[INFO] [stdout]  --> examples/debug_stmt.rs:3:27
[INFO] [stdout]   |
[INFO] [stdout] 3 | fn add(x: i32, y: i32) -> i32 {
[INFO] [stdout]   |    ---                    ^^^ expected `i32`, found `()`
[INFO] [stdout]   |    |
[INFO] [stdout]   |    implicitly returns `()` as its body has no tail or `return` expression
[INFO] [stdout]   |
[INFO] [stdout] note: consider returning one of these bindings
[INFO] [stdout]  --> examples/debug_stmt.rs:3:8
[INFO] [stdout]   |
[INFO] [stdout] 3 | fn add(x: i32, y: i32) -> i32 {
[INFO] [stdout]   |        ^       ^
[INFO] [stdout] 
[INFO] [stdout] 
[INFO] [stdout] error[E0560]: struct `Test` has no field named `y`
[INFO] [stdout]   --> examples/debug_fields.rs:12:26
[INFO] [stdout]    |
[INFO] [stdout] 12 |     let t = Test { x: 1, y: 2 };
[INFO] [stdout]    |                          ^ `Test` does not have this field
[INFO] [stdout]    |
[INFO] [stdout]    = note: all struct fields are already assigned
[INFO] [stdout] 
[INFO] [stdout] 
[INFO] [stdout] error[E0609]: no field `y` on type `Test`
[INFO] [stdout]   --> examples/debug_fields.rs:13:37
[INFO] [stdout]    |
[INFO] [stdout] 13 |     println!("x: {}, y: {}", t.x, t.y);
[INFO] [stdout]    |                                     ^ unknown field
[INFO] [stdout]    |
[INFO] [stdout] help: a field with a similar name exists
[INFO] [stdout]    |
[INFO] [stdout] 13 -     println!("x: {}, y: {}", t.x, t.y);
[INFO] [stdout] 13 +     println!("x: {}, y: {}", t.x, t.x);
[INFO] [stdout]    |
[INFO] [stdout] 
[INFO] [stdout] 
[INFO] [stdout] For more information about this error, try `rustc --explain E0308`.
[INFO] [stdout] 
[INFO] [stdout] Some errors have detailed explanations: E0560, E0609.
[INFO] [stdout] 
[INFO] [stdout] For more information about an error, try `rustc --explain E0560`.
[INFO] [stdout] 
[INFO] [stderr] error: could not compile `debug_code` (example "debug_stmt") due to 1 previous error
[INFO] [stderr] warning: build failed, waiting for other jobs to finish...
[INFO] [stderr] error: could not compile `debug_code` (example "debug_fields") due to 2 previous errors
[INFO] [stdout] error[E0599]: no variant, associated function, or constant named `Y` found for enum `Test` in the current scope
[INFO] [stdout]   --> examples/debug_variants.rs:13:19
[INFO] [stdout]    |
[INFO] [stdout]  4 |     enum Test {
[INFO] [stdout]    |     --------- variant, associated function, or constant `Y` not found for this enum
[INFO] [stdout] ...
[INFO] [stdout] 13 |     let t = Test::Y(2);
[INFO] [stdout]    |                   ^ variant, associated function, or constant not found in `Test`
[INFO] [stdout]    |
[INFO] [stdout] help: there is a variant with a similar name
[INFO] [stdout]    |
[INFO] [stdout] 13 -     let t = Test::Y(2);
[INFO] [stdout] 13 +     let t = Test::X(2);
[INFO] [stdout]    |
[INFO] [stdout] 
[INFO] [stdout] 
[INFO] [stdout] error[E0599]: no variant, associated function, or constant named `Y` found for enum `Test` in the current scope
[INFO] [stdout]   --> examples/debug_variants.rs:14:18
[INFO] [stdout]    |
[INFO] [stdout]  4 |     enum Test {
[INFO] [stdout]    |     --------- variant, associated function, or constant `Y` not found for this enum
[INFO] [stdout] ...
[INFO] [stdout] 14 |     if let Test::Y(y) = t {
[INFO] [stdout]    |                  ^ variant, associated function, or constant not found in `Test`
[INFO] [stdout]    |
[INFO] [stdout] help: there is a variant with a similar name
[INFO] [stdout]    |
[INFO] [stdout] 14 -     if let Test::Y(y) = t {
[INFO] [stdout] 14 +     if let Test::X(y) = t {
[INFO] [stdout]    |
[INFO] [stdout] 
[INFO] [stdout] 
[INFO] [stdout] For more information about this error, try `rustc --explain E0599`.
[INFO] [stdout] 
[INFO] [stderr] error: could not compile `debug_code` (example "debug_variants") due to 2 previous errors
[INFO] [stdout] error[E0425]: cannot find function `add` in this scope
[INFO] [stdout]   --> examples/debug_fn.rs:10:15
[INFO] [stdout]    |
[INFO] [stdout] 10 |     let sum = add(1, 2);
[INFO] [stdout]    |               ^^^ not found in this scope
[INFO] [stdout]    |
[INFO] [stdout] help: use the `.` operator to call the method `Add::add` on `{integer}`
[INFO] [stdout]    |
[INFO] [stdout] 10 -     let sum = add(1, 2);
[INFO] [stdout] 10 +     let sum = 1.add(2);
[INFO] [stdout]    |
[INFO] [stdout] 
[INFO] [stdout] 
[INFO] [stdout] For more information about this error, try `rustc --explain E0425`.
[INFO] [stdout] 
[INFO] [stderr] error: could not compile `debug_code` (example "debug_fn") due to 1 previous error
[INFO] [stdout] error[E0422]: cannot find struct, variant or union type `Test` in this scope
[INFO] [stdout]   --> examples/debug_data.rs:10:13
[INFO] [stdout]    |
[INFO] [stdout] 10 |     let t = Test { i: 1 };
[INFO] [stdout]    |             ^^^^ not found in this scope
[INFO] [stdout] 
[INFO] [stdout] 
[INFO] [stdout] For more information about this error, try `rustc --explain E0422`.
[INFO] [stdout] 
[INFO] [stderr] error: could not compile `debug_code` (example "debug_data") due to 1 previous error
[INFO] running `Command { std: "docker" "inspect" "28ca6e32d5b954355ff3af445fe59498e9b3b9ba6ee6c3da1b2cd915b0d69603", kill_on_drop: false }`
[INFO] running `Command { std: "docker" "rm" "-f" "28ca6e32d5b954355ff3af445fe59498e9b3b9ba6ee6c3da1b2cd915b0d69603", kill_on_drop: false }`
[INFO] [stdout] 28ca6e32d5b954355ff3af445fe59498e9b3b9ba6ee6c3da1b2cd915b0d69603
