[INFO] fetching crate deboa-smol 0.1.4-beta.3...
[INFO] testing deboa-smol-0.1.4-beta.3 against 1.99.0-beta.8+cargoflags=--release for beta-release-1.100-2
[INFO] extracting crate deboa-smol 0.1.4-beta.3 into /workspace/builds/worker-7-tc1/source
[INFO] started tweaking crates.io crate deboa-smol 0.1.4-beta.3
[INFO] removed 0 missing tests
[INFO] finished tweaking crates.io crate deboa-smol 0.1.4-beta.3
[INFO] tweaked toml for crates.io crate deboa-smol 0.1.4-beta.3 written to /workspace/builds/worker-7-tc1/source/Cargo.toml
[INFO] validating manifest of crates.io crate deboa-smol 0.1.4-beta.3 on toolchain 1.99.0-beta.8
[INFO] running `Command { std: CARGO_HOME="/workspace/cargo-home" RUSTUP_HOME="/workspace/rustup-home" "/workspace/cargo-home/bin/cargo" "+1.99.0-beta.8" "metadata" "--manifest-path" "Cargo.toml" "--no-deps", kill_on_drop: false }`
[INFO] crate crates.io crate deboa-smol 0.1.4-beta.3 already has a lockfile, it will not be regenerated
[INFO] running `Command { std: CARGO_HOME="/workspace/cargo-home" RUSTUP_HOME="/workspace/rustup-home" "/workspace/cargo-home/bin/cargo" "+1.99.0-beta.8" "fetch" "--manifest-path" "Cargo.toml", kill_on_drop: false }`
[INFO] [stderr]     Updating crates.io index
[INFO] [stderr]  Downloading crates ...
[INFO] [stderr]   Downloaded smol-macros v0.1.1
[INFO] [stderr]   Downloaded smol-hyper v0.1.1
[INFO] [stderr]   Downloaded rustls-native-certs v0.8.5
[INFO] [stderr]   Downloaded async-fn-stream v0.3.2
[INFO] [stderr]   Downloaded futures-timeout v0.2.1
[INFO] [stderr]   Downloaded h3-quinn v0.0.10
[INFO] [stderr]   Downloaded aws-lc-rs v1.18.2
[INFO] [stderr]   Downloaded hyper-body-utils v0.1.18
[INFO] [stderr]   Downloaded gloo-timers v0.4.0
[INFO] [stderr]   Downloaded h3 v0.0.8
[INFO] [stderr]   Downloaded ws-framer-macros v0.1.0
[INFO] [stderr]   Downloaded ws-framer v0.3.2
[INFO] [stderr]   Downloaded deboa-ws v0.1.0-beta.4
[INFO] [stderr]   Downloaded deboa v0.1.5-beta.5
[INFO] [stderr]   Downloaded tackle v0.1.3
[INFO] [stderr]   Downloaded deboa-tls v0.1.0-beta.4
[INFO] [stderr]   Downloaded deboa-h3 v0.1.3-beta.2
[INFO] [stderr]   Downloaded async-native-tls-ext v0.6.0
[INFO] [stderr]   Downloaded aws-lc-sys v0.46.0
[INFO] running `Command { std: "docker" "create" "-v" "/var/lib/crater-agent-workspace/builds/worker-7-tc1/source:/opt/rustwide/workdir:ro,Z" "-v" "/var/lib/crater-agent-workspace/builds/worker-7-tc1/target:/opt/rustwide/target:rw,Z" "-v" "/var/lib/crater-agent-workspace/cargo-home:/opt/rustwide/cargo-home:ro,Z" "-v" "/var/lib/crater-agent-workspace/rustup-home:/opt/rustwide/rustup-home:ro,Z" "-m" "1610612736" "--network" "none" "ghcr.io/rust-lang/crates-build-env/linux@sha256:77db811e55d90add9212f6832c23229e3de5f1c1f9905e8cb07319ea15df73ac" "sleep" "infinity", kill_on_drop: false }`
[INFO] [stdout] 10b1d146a9a537c8d5b98ad36b36a9a2c8bc095e964fbd7867dec57c04f5e5c9
[INFO] running `Command { std: "docker" "start" "10b1d146a9a537c8d5b98ad36b36a9a2c8bc095e964fbd7867dec57c04f5e5c9", kill_on_drop: false }`
[INFO] running `Command { std: "docker" "inspect" "10b1d146a9a537c8d5b98ad36b36a9a2c8bc095e964fbd7867dec57c04f5e5c9", kill_on_drop: false }`
[INFO] running `Command { std: "docker" "exec" "-e" "SOURCE_DIR=/opt/rustwide/workdir" "-e" "CARGO_HOME=/opt/rustwide/cargo-home" "-e" "RUSTUP_HOME=/opt/rustwide/rustup-home" "-e" "CARGO_TARGET_DIR=/opt/rustwide/target" "-w" "/opt/rustwide/workdir" "--user" "0:0" "10b1d146a9a537c8d5b98ad36b36a9a2c8bc095e964fbd7867dec57c04f5e5c9" "/opt/rustwide/cargo-home/bin/cargo" "+1.99.0-beta.8" "metadata" "--no-deps" "--format-version=1", kill_on_drop: false }`
[INFO] running `Command { std: "docker" "inspect" "10b1d146a9a537c8d5b98ad36b36a9a2c8bc095e964fbd7867dec57c04f5e5c9", kill_on_drop: false }`
[INFO] running `Command { std: "docker" "exec" "-e" "SOURCE_DIR=/opt/rustwide/workdir" "-e" "CARGO_HOME=/opt/rustwide/cargo-home" "-e" "RUSTUP_HOME=/opt/rustwide/rustup-home" "-e" "CARGO_TARGET_DIR=/opt/rustwide/target" "-e" "CARGO_INCREMENTAL=0" "-e" "RUST_BACKTRACE=full" "-e" "RUSTFLAGS=--cap-lints=warn" "-e" "RUSTDOCFLAGS=--cap-lints=warn" "-w" "/opt/rustwide/workdir" "--user" "0:0" "10b1d146a9a537c8d5b98ad36b36a9a2c8bc095e964fbd7867dec57c04f5e5c9" "/opt/rustwide/cargo-home/bin/cargo" "+1.99.0-beta.8" "build" "--frozen" "--message-format=json" "--release", kill_on_drop: false }`
[INFO] [stderr]    Compiling proc-macro2 v1.0.107
[INFO] [stderr]    Compiling smallvec v1.16.3
[INFO] [stderr]    Compiling libc v0.2.190
[INFO] [stderr]    Compiling futures-sink v0.3.34
[INFO] [stderr]    Compiling rustix v1.1.5
[INFO] [stderr]    Compiling event-listener-strategy v0.5.4
[INFO] [stderr]    Compiling socket2 v0.6.5
[INFO] [stderr]    Compiling zeroize v1.9.1
[INFO] [stderr]    Compiling linux-raw-sys v0.12.1
[INFO] [stderr]    Compiling futures-channel v0.3.34
[INFO] [stderr]    Compiling mio v1.2.4
[INFO] [stderr]    Compiling parking_lot_core v0.9.12
[INFO] [stderr]    Compiling aws-lc-rs v1.18.2
[INFO] [stderr]    Compiling tracing v0.1.44
[INFO] [stderr]    Compiling quote v1.0.47
[INFO] [stderr]    Compiling parking_lot v0.12.5
[INFO] [stderr]    Compiling rustls-pki-types v1.15.1
[INFO] [stderr]    Compiling http v1.5.0
[INFO] [stderr]    Compiling syn v3.0.9
[INFO] [stderr]    Compiling tokio v1.53.3
[INFO] [stderr]    Compiling async-channel v2.5.0
[INFO] [stderr]    Compiling jobserver v0.1.35
[INFO] [stderr]    Compiling futures-task v0.3.34
[INFO] [stderr]    Compiling getrandom v0.4.3
[INFO] [stderr]    Compiling async-lock v3.4.2
[INFO] [stderr]    Compiling litemap v0.8.3
[INFO] [stderr]    Compiling cc v1.8.0
[INFO] [stderr]    Compiling equivalent v1.0.3
[INFO] [stderr]    Compiling rustls v0.23.45
[INFO] [stderr]    Compiling writeable v0.6.4
[INFO] [stderr]    Compiling hashbrown v0.17.1
[INFO] [stderr]    Compiling blocking v1.7.0
[INFO] [stderr]    Compiling icu_properties_data v2.1.2
[INFO] [stderr]    Compiling icu_normalizer_data v2.1.1
[INFO] [stderr]    Compiling http-body v1.1.0
[INFO] [stderr]    Compiling quinn-udp v0.5.16
[INFO] [stderr]    Compiling indexmap v2.14.2
[INFO] [stderr]    Compiling want v0.3.2
[INFO] [stderr]    Compiling async-fs v2.2.0
[INFO] [stderr]    Compiling cmake v0.1.58
[INFO] [stderr]    Compiling rand v0.10.3
[INFO] [stderr]    Compiling quinn v0.11.12
[INFO] [stderr]    Compiling rand_pcg v0.10.2
[INFO] [stderr]    Compiling lru-slab v0.1.3
[INFO] [stderr]    Compiling rustc-hash v2.1.3
[INFO] [stderr]    Compiling cookie v0.18.2
[INFO] [stderr]    Compiling aws-lc-sys v0.46.0
[INFO] [stderr]    Compiling syn v2.0.119
[INFO] [stderr]    Compiling regex-syntax v0.8.11
[INFO] [stderr]    Compiling powerfmt v0.2.1
[INFO] [stderr]    Compiling deranged v0.5.9
[INFO] [stderr]    Compiling form_urlencoded v1.2.2
[INFO] [stderr]    Compiling http-body-util v0.1.5
[INFO] [stderr]    Compiling synstructure v0.14.0
[INFO] [stderr]    Compiling urlencoding v2.1.3
[INFO] [stderr]    Compiling either v1.19.0
[INFO] [stderr]    Compiling time v0.3.55
[INFO] [stderr]    Compiling regex-automata v0.4.18
[INFO] [stderr]    Compiling zerofrom-derive v0.1.8
[INFO] [stderr]    Compiling zerofrom v0.1.8
[INFO] [stderr]    Compiling yoke-derive v0.8.4
[INFO] [stderr]    Compiling yoke v0.8.3
[INFO] [stderr]    Compiling zerovec-derive v0.11.6
[INFO] [stderr]    Compiling displaydoc v0.2.7
[INFO] [stderr]    Compiling polling v3.11.0
[INFO] [stderr]    Compiling async-io v2.6.0
[INFO] [stderr]    Compiling futures-macro v0.3.34
[INFO] [stderr]    Compiling zerovec v0.11.8
[INFO] [stderr]    Compiling zerotrie v0.2.5
[INFO] [stderr]    Compiling futures-util v0.3.34
[INFO] [stderr]    Compiling tokio-util v0.7.20
[INFO] [stderr]    Compiling tinystr v0.8.4
[INFO] [stderr]    Compiling icu_locale_core v2.1.1
[INFO] [stderr]    Compiling potential_utf v0.1.6
[INFO] [stderr]    Compiling icu_collections v2.1.1
[INFO] [stderr]    Compiling async-signal v0.2.14
[INFO] [stderr]    Compiling thiserror-impl v2.0.21
[INFO] [stderr]    Compiling async-process v2.5.0
[INFO] [stderr]    Compiling icu_provider v2.1.1
[INFO] [stderr]    Compiling h2 v0.4.20
[INFO] [stderr]    Compiling async-net v2.0.0
[INFO] [stderr]    Compiling thiserror v2.0.21
[INFO] [stderr]    Compiling smol v2.0.2
[INFO] [stderr]    Compiling icu_properties v2.1.2
[INFO] [stderr]    Compiling icu_normalizer v2.1.1
[INFO] [stderr]    Compiling serde_derive v1.0.229
[INFO] [stderr]    Compiling futures-executor v0.3.34
[INFO] [stderr]    Compiling futures v0.3.34
[INFO] [stderr]    Compiling h3 v0.0.8
[INFO] [stderr]    Compiling async-fn-stream v0.3.2
[INFO] [stderr]    Compiling idna_adapter v1.2.1
[INFO] [stderr]    Compiling idna v1.1.0
[INFO] [stderr]    Compiling url v2.5.8
[INFO] [stderr]    Compiling regex v1.13.1
[INFO] [stderr]    Compiling hyper v1.12.0
[INFO] [stderr]    Compiling tackle v0.1.3
[INFO] [stderr]    Compiling itertools v0.13.0
[INFO] [stderr]    Compiling serde v1.0.229
[INFO] [stderr]    Compiling pin-project-internal v1.1.13
[INFO] [stderr]    Compiling rustls-native-certs v0.8.5
[INFO] [stderr]    Compiling hyper-util v0.1.21
[INFO] [stderr]    Compiling webpki-roots v1.0.9
[INFO] [stderr]    Compiling pin-project v1.1.13
[INFO] [stderr]    Compiling futures-timer v3.0.4
[INFO] [stderr]    Compiling macro_rules_attribute v0.2.3
[INFO] [stderr]    Compiling smol-hyper v0.1.1
[INFO] [stderr]    Compiling ws-framer-macros v0.1.0
[INFO] [stderr]    Compiling futures-timeout v0.2.1
[INFO] [stderr]    Compiling smol-macros v0.1.1
[INFO] [stderr]    Compiling ws-framer v0.3.2
[INFO] [stderr]    Compiling rustls-webpki v0.103.15
[INFO] [stderr]    Compiling quinn-proto v0.11.19
[INFO] [stderr]    Compiling futures-rustls v0.26.0
[INFO] [stderr]    Compiling h3-quinn v0.0.10
[INFO] [stderr]    Compiling hyper-body-utils v0.1.18
[INFO] [stderr]    Compiling deboa v0.1.5-beta.5
[INFO] [stderr]    Compiling deboa-h3 v0.1.3-beta.2
[INFO] [stderr]    Compiling deboa-ws v0.1.0-beta.4
[INFO] [stderr]    Compiling deboa-tls v0.1.0-beta.4
[INFO] [stderr]    Compiling deboa-smol v0.1.4-beta.3 (/opt/rustwide/workdir)
[INFO] [stdout] warning: field `handle` is never read
[INFO] [stdout]    --> src/client/http/conn/mod.rs:177:16
[INFO] [stdout]     |
[INFO] [stdout] 175 | pub struct BaseHttpConnection<Sender, ReqBody, ResBody> {
[INFO] [stdout]     |            ------------------ field in this struct
[INFO] [stdout] 176 |     pub(crate) sender: Sender,
[INFO] [stdout] 177 |     pub(crate) handle: Task<Result<()>>,
[INFO] [stdout]     |                ^^^^^^
[INFO] [stdout]     |
[INFO] [stdout]     = note: `#[warn(dead_code)]` (part of `#[warn(unused)]`) on by default
[INFO] [stdout] 
[INFO] [stdout] 
[INFO] [stderr]     Finished `release` profile [optimized] target(s) in 4m 29s
[INFO] running `Command { std: "docker" "inspect" "10b1d146a9a537c8d5b98ad36b36a9a2c8bc095e964fbd7867dec57c04f5e5c9", kill_on_drop: false }`
[INFO] running `Command { std: "docker" "exec" "-e" "SOURCE_DIR=/opt/rustwide/workdir" "-e" "CARGO_HOME=/opt/rustwide/cargo-home" "-e" "RUSTUP_HOME=/opt/rustwide/rustup-home" "-e" "CARGO_TARGET_DIR=/opt/rustwide/target" "-e" "CARGO_INCREMENTAL=0" "-e" "RUST_BACKTRACE=full" "-e" "RUSTFLAGS=--cap-lints=warn" "-e" "RUSTDOCFLAGS=--cap-lints=warn" "-w" "/opt/rustwide/workdir" "--user" "0:0" "10b1d146a9a537c8d5b98ad36b36a9a2c8bc095e964fbd7867dec57c04f5e5c9" "/opt/rustwide/cargo-home/bin/cargo" "+1.99.0-beta.8" "test" "--frozen" "--no-run" "--message-format=json" "--release", kill_on_drop: false }`
[INFO] [stderr]    Compiling deboa-smol v0.1.4-beta.3 (/opt/rustwide/workdir)
[INFO] [stdout] warning: field `handle` is never read
[INFO] [stdout]    --> src/client/http/conn/mod.rs:177:16
[INFO] [stdout]     |
[INFO] [stdout] 175 | pub struct BaseHttpConnection<Sender, ReqBody, ResBody> {
[INFO] [stdout]     |            ------------------ field in this struct
[INFO] [stdout] 176 |     pub(crate) sender: Sender,
[INFO] [stdout] 177 |     pub(crate) handle: Task<Result<()>>,
[INFO] [stdout]     |                ^^^^^^
[INFO] [stdout]     |
[INFO] [stdout]     = note: `#[warn(dead_code)]` (part of `#[warn(unused)]`) on by default
[INFO] [stdout] 
[INFO] [stdout] 
[INFO] [stdout] error[E0433]: cannot find module or crate `easyhttpmock_vetis_smol` in this scope
[INFO] [stdout]  --> tests/base/form.rs:4:5
[INFO] [stdout]   |
[INFO] [stdout] 4 | use easyhttpmock_vetis_smol::{vetis_adapter::VetisAdapter, EasyHttpMock};
[INFO] [stdout]   |     ^^^^^^^^^^^^^^^^^^^^^^^ use of unresolved module or unlinked crate `easyhttpmock_vetis_smol`
[INFO] [stdout]   |
[INFO] [stdout]   = help: if you wanted to use a crate named `easyhttpmock_vetis_smol`, use `cargo add easyhttpmock_vetis_smol` to add it to your `Cargo.toml`
[INFO] [stdout] 
[INFO] [stdout] 
[INFO] [stdout] error[E0432]: unresolved import `rstest`
[INFO] [stdout]  --> tests/base/delete.rs:7:5
[INFO] [stdout]   |
[INFO] [stdout] 7 | use rstest::*;
[INFO] [stdout]   |     ^^^^^^ use of unresolved module or unlinked crate `rstest`
[INFO] [stdout]   |
[INFO] [stdout]   = help: if you wanted to use a crate named `rstest`, use `cargo add rstest` to add it to your `Cargo.toml`
[INFO] [stdout] 
[INFO] [stdout] 
[INFO] [stdout] error[E0432]: unresolved import `easyhttpmock_vetis_smol`
[INFO] [stdout]  --> tests/base/form.rs:4:5
[INFO] [stdout]   |
[INFO] [stdout] 4 | use easyhttpmock_vetis_smol::{vetis_adapter::VetisAdapter, EasyHttpMock};
[INFO] [stdout]   |     ^^^^^^^^^^^^^^^^^^^^^^^ use of unresolved module or unlinked crate `easyhttpmock_vetis_smol`
[INFO] [stdout]   |
[INFO] [stdout]   = help: if you wanted to use a crate named `easyhttpmock_vetis_smol`, use `cargo add easyhttpmock_vetis_smol` to add it to your `Cargo.toml`
[INFO] [stdout] 
[INFO] [stdout] 
[INFO] [stdout] error[E0432]: unresolved import `rstest`
[INFO] [stdout]  --> tests/base/form.rs:6:5
[INFO] [stdout]   |
[INFO] [stdout] 6 | use rstest::rstest;
[INFO] [stdout]   |     ^^^^^^ use of unresolved module or unlinked crate `rstest`
[INFO] [stdout]   |
[INFO] [stdout]   = help: if you wanted to use a crate named `rstest`, use `cargo add rstest` to add it to your `Cargo.toml`
[INFO] [stdout] 
[INFO] [stdout] 
[INFO] [stdout] error[E0432]: unresolved import `rstest`
[INFO] [stdout]   --> tests/base/get.rs:14:5
[INFO] [stdout]    |
[INFO] [stdout] 14 | use rstest::*;
[INFO] [stdout]    |     ^^^^^^ use of unresolved module or unlinked crate `rstest`
[INFO] [stdout]    |
[INFO] [stdout]    = help: if you wanted to use a crate named `rstest`, use `cargo add rstest` to add it to your `Cargo.toml`
[INFO] [stdout] 
[INFO] [stdout] 
[INFO] [stdout] error[E0432]: unresolved import `rstest`
[INFO] [stdout]  --> tests/base/hook.rs:7:5
[INFO] [stdout]   |
[INFO] [stdout] 7 | use rstest::*;
[INFO] [stdout]   |     ^^^^^^ use of unresolved module or unlinked crate `rstest`
[INFO] [stdout]   |
[INFO] [stdout]   = help: if you wanted to use a crate named `rstest`, use `cargo add rstest` to add it to your `Cargo.toml`
[INFO] [stdout] 
[INFO] [stdout] 
[INFO] [stdout] error[E0432]: unresolved import `rstest`
[INFO] [stdout]  --> tests/base/patch.rs:8:5
[INFO] [stdout]   |
[INFO] [stdout] 8 | use rstest::*;
[INFO] [stdout]   |     ^^^^^^ use of unresolved module or unlinked crate `rstest`
[INFO] [stdout]   |
[INFO] [stdout]   = help: if you wanted to use a crate named `rstest`, use `cargo add rstest` to add it to your `Cargo.toml`
[INFO] [stdout] 
[INFO] [stdout] 
[INFO] [stdout] error[E0432]: unresolved import `rstest`
[INFO] [stdout]  --> tests/base/post.rs:8:5
[INFO] [stdout]   |
[INFO] [stdout] 8 | use rstest::*;
[INFO] [stdout]   |     ^^^^^^ use of unresolved module or unlinked crate `rstest`
[INFO] [stdout]   |
[INFO] [stdout]   = help: if you wanted to use a crate named `rstest`, use `cargo add rstest` to add it to your `Cargo.toml`
[INFO] [stdout] 
[INFO] [stdout] 
[INFO] [stdout] error[E0433]: cannot find module or crate `deboa_test_utils` in this scope
[INFO] [stdout]  --> tests/common/helpers.rs:6:5
[INFO] [stdout]   |
[INFO] [stdout] 6 | use deboa_test_utils::common::helpers::CA_CERT;
[INFO] [stdout]   |     ^^^^^^^^^^^^^^^^ use of unresolved module or unlinked crate `deboa_test_utils`
[INFO] [stdout]   |
[INFO] [stdout]   = help: if you wanted to use a crate named `deboa_test_utils`, use `cargo add deboa_test_utils` to add it to your `Cargo.toml`
[INFO] [stdout] 
[INFO] [stdout] 
[INFO] [stdout] error[E0433]: cannot find module or crate `deboa_test_utils` in this scope
[INFO] [stdout]  --> tests/common/helpers.rs:8:5
[INFO] [stdout]   |
[INFO] [stdout] 8 | use deboa_test_utils::common::helpers::{SERVER_CERT, SERVER_KEY};
[INFO] [stdout]   |     ^^^^^^^^^^^^^^^^ use of unresolved module or unlinked crate `deboa_test_utils`
[INFO] [stdout]   |
[INFO] [stdout]   = help: if you wanted to use a crate named `deboa_test_utils`, use `cargo add deboa_test_utils` to add it to your `Cargo.toml`
[INFO] [stdout] 
[INFO] [stdout] 
[INFO] [stdout] error[E0433]: cannot find module or crate `easyhttpmock_vetis_smol` in this scope
[INFO] [stdout]  --> tests/common/helpers.rs:9:5
[INFO] [stdout]   |
[INFO] [stdout] 9 | use easyhttpmock_vetis_smol::{
[INFO] [stdout]   |     ^^^^^^^^^^^^^^^^^^^^^^^ use of unresolved module or unlinked crate `easyhttpmock_vetis_smol`
[INFO] [stdout]   |
[INFO] [stdout]   = help: if you wanted to use a crate named `easyhttpmock_vetis_smol`, use `cargo add easyhttpmock_vetis_smol` to add it to your `Cargo.toml`
[INFO] [stdout] 
[INFO] [stdout] 
[INFO] [stdout] error[E0432]: unresolved import `rstest`
[INFO] [stdout]  --> tests/base/put.rs:8:5
[INFO] [stdout]   |
[INFO] [stdout] 8 | use rstest::*;
[INFO] [stdout]   |     ^^^^^^ use of unresolved module or unlinked crate `rstest`
[INFO] [stdout]   |
[INFO] [stdout]   = help: if you wanted to use a crate named `rstest`, use `cargo add rstest` to add it to your `Cargo.toml`
[INFO] [stdout] 
[INFO] [stdout] 
[INFO] [stdout] error[E0432]: unresolved import `easyhttpmock_vetis_smol`
[INFO] [stdout]  --> tests/common/helpers.rs:9:5
[INFO] [stdout]   |
[INFO] [stdout] 9 | use easyhttpmock_vetis_smol::{
[INFO] [stdout]   |     ^^^^^^^^^^^^^^^^^^^^^^^ use of unresolved module or unlinked crate `easyhttpmock_vetis_smol`
[INFO] [stdout]   |
[INFO] [stdout]   = help: if you wanted to use a crate named `easyhttpmock_vetis_smol`, use `cargo add easyhttpmock_vetis_smol` to add it to your `Cargo.toml`
[INFO] [stdout] 
[INFO] [stdout] 
[INFO] [stdout] error[E0433]: cannot find module or crate `easyhttpmock_vetis_smol` in this scope
[INFO] [stdout]  --> tests/base/delete.rs:5:5
[INFO] [stdout]   |
[INFO] [stdout] 5 | use easyhttpmock_vetis_smol::{vetis_adapter::VetisAdapter, EasyHttpMock};
[INFO] [stdout]   |     ^^^^^^^^^^^^^^^^^^^^^^^ use of unresolved module or unlinked crate `easyhttpmock_vetis_smol`
[INFO] [stdout]   |
[INFO] [stdout]   = help: if you wanted to use a crate named `easyhttpmock_vetis_smol`, use `cargo add easyhttpmock_vetis_smol` to add it to your `Cargo.toml`
[INFO] [stdout] 
[INFO] [stdout] 
[INFO] [stdout] error[E0432]: unresolved import `rstest`
[INFO] [stdout]   --> tests/common/helpers.rs:15:5
[INFO] [stdout]    |
[INFO] [stdout] 15 | use rstest::fixture;
[INFO] [stdout]    |     ^^^^^^ use of unresolved module or unlinked crate `rstest`
[INFO] [stdout]    |
[INFO] [stdout]    = help: if you wanted to use a crate named `rstest`, use `cargo add rstest` to add it to your `Cargo.toml`
[INFO] [stdout] 
[INFO] [stdout] 
[INFO] [stdout] error[E0433]: cannot find module or crate `easyhttpmock_vetis_smol` in this scope
[INFO] [stdout]   --> tests/base/get.rs:12:5
[INFO] [stdout]    |
[INFO] [stdout] 12 | use easyhttpmock_vetis_smol::{vetis_adapter::VetisAdapter, EasyHttpMock};
[INFO] [stdout]    |     ^^^^^^^^^^^^^^^^^^^^^^^ use of unresolved module or unlinked crate `easyhttpmock_vetis_smol`
[INFO] [stdout]    |
[INFO] [stdout]    = help: if you wanted to use a crate named `easyhttpmock_vetis_smol`, use `cargo add easyhttpmock_vetis_smol` to add it to your `Cargo.toml`
[INFO] [stdout] 
[INFO] [stdout] 
[INFO] [stdout] error[E0432]: unresolved import `easyhttpmock_vetis_smol`
[INFO] [stdout]  --> tests/base/delete.rs:5:5
[INFO] [stdout]   |
[INFO] [stdout] 5 | use easyhttpmock_vetis_smol::{vetis_adapter::VetisAdapter, EasyHttpMock};
[INFO] [stdout]   |     ^^^^^^^^^^^^^^^^^^^^^^^ use of unresolved module or unlinked crate `easyhttpmock_vetis_smol`
[INFO] [stdout]   |
[INFO] [stdout]   = help: if you wanted to use a crate named `easyhttpmock_vetis_smol`, use `cargo add easyhttpmock_vetis_smol` to add it to your `Cargo.toml`
[INFO] [stdout] 
[INFO] [stdout] 
[INFO] [stdout] error[E0433]: cannot find module or crate `easyhttpmock_vetis_smol` in this scope
[INFO] [stdout]  --> tests/base/hook.rs:5:5
[INFO] [stdout]   |
[INFO] [stdout] 5 | use easyhttpmock_vetis_smol::{vetis_adapter::VetisAdapter, EasyHttpMock};
[INFO] [stdout]   |     ^^^^^^^^^^^^^^^^^^^^^^^ use of unresolved module or unlinked crate `easyhttpmock_vetis_smol`
[INFO] [stdout]   |
[INFO] [stdout]   = help: if you wanted to use a crate named `easyhttpmock_vetis_smol`, use `cargo add easyhttpmock_vetis_smol` to add it to your `Cargo.toml`
[INFO] [stdout] 
[INFO] [stdout] 
[INFO] [stdout] error[E0432]: unresolved import `easyhttpmock_vetis_smol`
[INFO] [stdout]   --> tests/base/get.rs:12:5
[INFO] [stdout]    |
[INFO] [stdout] 12 | use easyhttpmock_vetis_smol::{vetis_adapter::VetisAdapter, EasyHttpMock};
[INFO] [stdout]    |     ^^^^^^^^^^^^^^^^^^^^^^^ use of unresolved module or unlinked crate `easyhttpmock_vetis_smol`
[INFO] [stdout]    |
[INFO] [stdout]    = help: if you wanted to use a crate named `easyhttpmock_vetis_smol`, use `cargo add easyhttpmock_vetis_smol` to add it to your `Cargo.toml`
[INFO] [stdout] 
[INFO] [stdout] 
[INFO] [stdout] error[E0433]: cannot find module or crate `easyhttpmock_vetis_smol` in this scope
[INFO] [stdout]  --> tests/base/patch.rs:5:5
[INFO] [stdout]   |
[INFO] [stdout] 5 | use easyhttpmock_vetis_smol::{vetis_adapter::VetisAdapter, EasyHttpMock};
[INFO] [stdout]   |     ^^^^^^^^^^^^^^^^^^^^^^^ use of unresolved module or unlinked crate `easyhttpmock_vetis_smol`
[INFO] [stdout]   |
[INFO] [stdout]   = help: if you wanted to use a crate named `easyhttpmock_vetis_smol`, use `cargo add easyhttpmock_vetis_smol` to add it to your `Cargo.toml`
[INFO] [stdout] 
[INFO] [stdout] 
[INFO] [stdout] error[E0432]: unresolved import `easyhttpmock_vetis_smol`
[INFO] [stdout]  --> tests/base/hook.rs:5:5
[INFO] [stdout]   |
[INFO] [stdout] 5 | use easyhttpmock_vetis_smol::{vetis_adapter::VetisAdapter, EasyHttpMock};
[INFO] [stdout]   |     ^^^^^^^^^^^^^^^^^^^^^^^ use of unresolved module or unlinked crate `easyhttpmock_vetis_smol`
[INFO] [stdout]   |
[INFO] [stdout]   = help: if you wanted to use a crate named `easyhttpmock_vetis_smol`, use `cargo add easyhttpmock_vetis_smol` to add it to your `Cargo.toml`
[INFO] [stdout] 
[INFO] [stdout] 
[INFO] [stdout] error[E0433]: cannot find module or crate `easyhttpmock_vetis_smol` in this scope
[INFO] [stdout]  --> tests/base/post.rs:5:5
[INFO] [stdout]   |
[INFO] [stdout] 5 | use easyhttpmock_vetis_smol::{vetis_adapter::VetisAdapter, EasyHttpMock};
[INFO] [stdout]   |     ^^^^^^^^^^^^^^^^^^^^^^^ use of unresolved module or unlinked crate `easyhttpmock_vetis_smol`
[INFO] [stdout]   |
[INFO] [stdout]   = help: if you wanted to use a crate named `easyhttpmock_vetis_smol`, use `cargo add easyhttpmock_vetis_smol` to add it to your `Cargo.toml`
[INFO] [stdout] 
[INFO] [stdout] 
[INFO] [stdout] error[E0432]: unresolved import `easyhttpmock_vetis_smol`
[INFO] [stdout]  --> tests/base/patch.rs:5:5
[INFO] [stdout]   |
[INFO] [stdout] 5 | use easyhttpmock_vetis_smol::{vetis_adapter::VetisAdapter, EasyHttpMock};
[INFO] [stdout]   |     ^^^^^^^^^^^^^^^^^^^^^^^ use of unresolved module or unlinked crate `easyhttpmock_vetis_smol`
[INFO] [stdout]   |
[INFO] [stdout]   = help: if you wanted to use a crate named `easyhttpmock_vetis_smol`, use `cargo add easyhttpmock_vetis_smol` to add it to your `Cargo.toml`
[INFO] [stdout] 
[INFO] [stdout] 
[INFO] [stdout] error[E0433]: cannot find module or crate `easyhttpmock_vetis_smol` in this scope
[INFO] [stdout]  --> tests/base/put.rs:5:5
[INFO] [stdout]   |
[INFO] [stdout] 5 | use easyhttpmock_vetis_smol::{vetis_adapter::VetisAdapter, EasyHttpMock};
[INFO] [stdout]   |     ^^^^^^^^^^^^^^^^^^^^^^^ use of unresolved module or unlinked crate `easyhttpmock_vetis_smol`
[INFO] [stdout]   |
[INFO] [stdout]   = help: if you wanted to use a crate named `easyhttpmock_vetis_smol`, use `cargo add easyhttpmock_vetis_smol` to add it to your `Cargo.toml`
[INFO] [stdout] 
[INFO] [stdout] 
[INFO] [stdout] error[E0432]: unresolved import `easyhttpmock_vetis_smol`
[INFO] [stdout]  --> tests/base/post.rs:5:5
[INFO] [stdout]   |
[INFO] [stdout] 5 | use easyhttpmock_vetis_smol::{vetis_adapter::VetisAdapter, EasyHttpMock};
[INFO] [stdout]   |     ^^^^^^^^^^^^^^^^^^^^^^^ use of unresolved module or unlinked crate `easyhttpmock_vetis_smol`
[INFO] [stdout]   |
[INFO] [stdout]   = help: if you wanted to use a crate named `easyhttpmock_vetis_smol`, use `cargo add easyhttpmock_vetis_smol` to add it to your `Cargo.toml`
[INFO] [stdout] 
[INFO] [stdout] 
[INFO] [stdout] error[E0432]: unresolved import `easyhttpmock_vetis_smol`
[INFO] [stdout]  --> tests/base/put.rs:5:5
[INFO] [stdout]   |
[INFO] [stdout] 5 | use easyhttpmock_vetis_smol::{vetis_adapter::VetisAdapter, EasyHttpMock};
[INFO] [stdout]   |     ^^^^^^^^^^^^^^^^^^^^^^^ use of unresolved module or unlinked crate `easyhttpmock_vetis_smol`
[INFO] [stdout]   |
[INFO] [stdout]   = help: if you wanted to use a crate named `easyhttpmock_vetis_smol`, use `cargo add easyhttpmock_vetis_smol` to add it to your `Cargo.toml`
[INFO] [stdout] 
[INFO] [stdout] 
[INFO] [stdout] error: cannot find attribute `rstest` in this scope
[INFO] [stdout]   --> tests/base/delete.rs:10:3
[INFO] [stdout]    |
[INFO] [stdout] 10 | #[rstest]
[INFO] [stdout]    |   ^^^^^^
[INFO] [stdout]    |
[INFO] [stdout]   --> /rustc/dfb0accb7f508ae8be965d8629557221c889dd98/library/core/src/macros/mod.rs:1801:4
[INFO] [stdout]    |
[INFO] [stdout]    = note: similarly named attribute macro `test` defined here
[INFO] [stdout] help: an attribute macro with a similar name exists
[INFO] [stdout]    |
[INFO] [stdout] 10 - #[rstest]
[INFO] [stdout] 10 + #[test]
[INFO] [stdout]    |
[INFO] [stdout] 
[INFO] [stdout] 
[INFO] [stdout] error: cannot find attribute `test_attr` in this scope
[INFO] [stdout]   --> tests/base/delete.rs:11:3
[INFO] [stdout]    |
[INFO] [stdout] 11 | #[test_attr(apply(test))]
[INFO] [stdout]    |   ^^^^^^^^^
[INFO] [stdout] 
[INFO] [stdout] 
[INFO] [stdout] error: cannot find attribute `future` in this scope
[INFO] [stdout]   --> tests/base/delete.rs:14:7
[INFO] [stdout]    |
[INFO] [stdout] 14 |     #[future] create_server: EasyHttpMock<VetisAdapter>,
[INFO] [stdout]    |       ^^^^^^
[INFO] [stdout]    |
[INFO] [stdout] help: a built-in attribute with a similar name exists
[INFO] [stdout]    |
[INFO] [stdout] 14 -     #[future] create_server: EasyHttpMock<VetisAdapter>,
[INFO] [stdout] 14 +     #[feature] create_server: EasyHttpMock<VetisAdapter>,
[INFO] [stdout]    |
[INFO] [stdout] 
[INFO] [stdout] 
[INFO] [stdout] error: cannot find attribute `test_attr` in this scope
[INFO] [stdout]   --> tests/base/form.rs:15:3
[INFO] [stdout]    |
[INFO] [stdout] 15 | #[test_attr(apply(test))]
[INFO] [stdout]    |   ^^^^^^^^^
[INFO] [stdout] 
[INFO] [stdout] 
[INFO] [stdout] error: cannot find attribute `future` in this scope
[INFO] [stdout]   --> tests/base/form.rs:18:7
[INFO] [stdout]    |
[INFO] [stdout] 18 |     #[future] create_server: EasyHttpMock<VetisAdapter>,
[INFO] [stdout]    |       ^^^^^^
[INFO] [stdout]    |
[INFO] [stdout] help: a built-in attribute with a similar name exists
[INFO] [stdout]    |
[INFO] [stdout] 18 -     #[future] create_server: EasyHttpMock<VetisAdapter>,
[INFO] [stdout] 18 +     #[feature] create_server: EasyHttpMock<VetisAdapter>,
[INFO] [stdout]    |
[INFO] [stdout] 
[INFO] [stdout] 
[INFO] [stdout] error: cannot find attribute `rstest` in this scope
[INFO] [stdout]   --> tests/base/get.rs:17:3
[INFO] [stdout]    |
[INFO] [stdout] 17 | #[rstest]
[INFO] [stdout]    |   ^^^^^^
[INFO] [stdout]    |
[INFO] [stdout]   --> /rustc/dfb0accb7f508ae8be965d8629557221c889dd98/library/core/src/macros/mod.rs:1801:4
[INFO] [stdout]    |
[INFO] [stdout]    = note: similarly named attribute macro `test` defined here
[INFO] [stdout] help: an attribute macro with a similar name exists
[INFO] [stdout]    |
[INFO] [stdout] 17 - #[rstest]
[INFO] [stdout] 17 + #[test]
[INFO] [stdout]    |
[INFO] [stdout] 
[INFO] [stdout] 
[INFO] [stdout] error: cannot find attribute `test_attr` in this scope
[INFO] [stdout]   --> tests/base/get.rs:18:3
[INFO] [stdout]    |
[INFO] [stdout] 18 | #[test_attr(apply(test))]
[INFO] [stdout]    |   ^^^^^^^^^
[INFO] [stdout] 
[INFO] [stdout] 
[INFO] [stdout] error: cannot find attribute `future` in this scope
[INFO] [stdout]   --> tests/base/get.rs:21:7
[INFO] [stdout]    |
[INFO] [stdout] 21 |     #[future] create_server: EasyHttpMock<VetisAdapter>,
[INFO] [stdout]    |       ^^^^^^
[INFO] [stdout]    |
[INFO] [stdout] help: a built-in attribute with a similar name exists
[INFO] [stdout]    |
[INFO] [stdout] 21 -     #[future] create_server: EasyHttpMock<VetisAdapter>,
[INFO] [stdout] 21 +     #[feature] create_server: EasyHttpMock<VetisAdapter>,
[INFO] [stdout]    |
[INFO] [stdout] 
[INFO] [stdout] 
[INFO] [stdout] error: cannot find attribute `rstest` in this scope
[INFO] [stdout]   --> tests/base/get.rs:32:3
[INFO] [stdout]    |
[INFO] [stdout] 32 | #[rstest]
[INFO] [stdout]    |   ^^^^^^
[INFO] [stdout]    |
[INFO] [stdout]   --> /rustc/dfb0accb7f508ae8be965d8629557221c889dd98/library/core/src/macros/mod.rs:1801:4
[INFO] [stdout]    |
[INFO] [stdout]    = note: similarly named attribute macro `test` defined here
[INFO] [stdout] help: an attribute macro with a similar name exists
[INFO] [stdout]    |
[INFO] [stdout] 32 - #[rstest]
[INFO] [stdout] 32 + #[test]
[INFO] [stdout]    |
[INFO] [stdout] 
[INFO] [stdout] 
[INFO] [stdout] error: cannot find attribute `test_attr` in this scope
[INFO] [stdout]   --> tests/base/get.rs:33:3
[INFO] [stdout]    |
[INFO] [stdout] 33 | #[test_attr(apply(test))]
[INFO] [stdout]    |   ^^^^^^^^^
[INFO] [stdout] 
[INFO] [stdout] 
[INFO] [stdout] error: cannot find attribute `future` in this scope
[INFO] [stdout]   --> tests/base/get.rs:35:7
[INFO] [stdout]    |
[INFO] [stdout] 35 |     #[future] create_server: EasyHttpMock<VetisAdapter>,
[INFO] [stdout]    |       ^^^^^^
[INFO] [stdout]    |
[INFO] [stdout] help: a built-in attribute with a similar name exists
[INFO] [stdout]    |
[INFO] [stdout] 35 -     #[future] create_server: EasyHttpMock<VetisAdapter>,
[INFO] [stdout] 35 +     #[feature] create_server: EasyHttpMock<VetisAdapter>,
[INFO] [stdout]    |
[INFO] [stdout] 
[INFO] [stdout] 
[INFO] [stdout] error: cannot find attribute `rstest` in this scope
[INFO] [stdout]   --> tests/base/get.rs:55:3
[INFO] [stdout]    |
[INFO] [stdout] 55 | #[rstest]
[INFO] [stdout]    |   ^^^^^^
[INFO] [stdout]    |
[INFO] [stdout]   --> /rustc/dfb0accb7f508ae8be965d8629557221c889dd98/library/core/src/macros/mod.rs:1801:4
[INFO] [stdout]    |
[INFO] [stdout]    = note: similarly named attribute macro `test` defined here
[INFO] [stdout] help: an attribute macro with a similar name exists
[INFO] [stdout]    |
[INFO] [stdout] 55 - #[rstest]
[INFO] [stdout] 55 + #[test]
[INFO] [stdout]    |
[INFO] [stdout] 
[INFO] [stdout] 
[INFO] [stdout] error: cannot find attribute `test_attr` in this scope
[INFO] [stdout]   --> tests/base/get.rs:56:3
[INFO] [stdout]    |
[INFO] [stdout] 56 | #[test_attr(apply(test))]
[INFO] [stdout]    |   ^^^^^^^^^
[INFO] [stdout] 
[INFO] [stdout] 
[INFO] [stdout] error: cannot find attribute `future` in this scope
[INFO] [stdout]   --> tests/base/get.rs:58:7
[INFO] [stdout]    |
[INFO] [stdout] 58 |     #[future] create_server: EasyHttpMock<VetisAdapter>,
[INFO] [stdout]    |       ^^^^^^
[INFO] [stdout]    |
[INFO] [stdout] help: a built-in attribute with a similar name exists
[INFO] [stdout]    |
[INFO] [stdout] 58 -     #[future] create_server: EasyHttpMock<VetisAdapter>,
[INFO] [stdout] 58 +     #[feature] create_server: EasyHttpMock<VetisAdapter>,
[INFO] [stdout]    |
[INFO] [stdout] 
[INFO] [stdout] 
[INFO] [stdout] error: cannot find attribute `rstest` in this scope
[INFO] [stdout]   --> tests/base/get.rs:75:3
[INFO] [stdout]    |
[INFO] [stdout] 75 | #[rstest]
[INFO] [stdout]    |   ^^^^^^
[INFO] [stdout]    |
[INFO] [stdout]   --> /rustc/dfb0accb7f508ae8be965d8629557221c889dd98/library/core/src/macros/mod.rs:1801:4
[INFO] [stdout]    |
[INFO] [stdout]    = note: similarly named attribute macro `test` defined here
[INFO] [stdout] help: an attribute macro with a similar name exists
[INFO] [stdout]    |
[INFO] [stdout] 75 - #[rstest]
[INFO] [stdout] 75 + #[test]
[INFO] [stdout]    |
[INFO] [stdout] 
[INFO] [stdout] 
[INFO] [stdout] error: cannot find attribute `test_attr` in this scope
[INFO] [stdout]   --> tests/base/get.rs:76:3
[INFO] [stdout]    |
[INFO] [stdout] 76 | #[test_attr(apply(test))]
[INFO] [stdout]    |   ^^^^^^^^^
[INFO] [stdout] 
[INFO] [stdout] 
[INFO] [stdout] error: cannot find attribute `future` in this scope
[INFO] [stdout]   --> tests/base/get.rs:79:7
[INFO] [stdout]    |
[INFO] [stdout] 79 |     #[future] create_server: EasyHttpMock<VetisAdapter>,
[INFO] [stdout]    |       ^^^^^^
[INFO] [stdout]    |
[INFO] [stdout] help: a built-in attribute with a similar name exists
[INFO] [stdout]    |
[INFO] [stdout] 79 -     #[future] create_server: EasyHttpMock<VetisAdapter>,
[INFO] [stdout] 79 +     #[feature] create_server: EasyHttpMock<VetisAdapter>,
[INFO] [stdout]    |
[INFO] [stdout] 
[INFO] [stdout] 
[INFO] [stdout] error: cannot find attribute `rstest` in this scope
[INFO] [stdout]    --> tests/base/get.rs:133:3
[INFO] [stdout]     |
[INFO] [stdout] 133 | #[rstest]
[INFO] [stdout]     |   ^^^^^^
[INFO] [stdout]     |
[INFO] [stdout]    --> /rustc/dfb0accb7f508ae8be965d8629557221c889dd98/library/core/src/macros/mod.rs:1801:4
[INFO] [stdout]     |
[INFO] [stdout]     = note: similarly named attribute macro `test` defined here
[INFO] [stdout] help: an attribute macro with a similar name exists
[INFO] [stdout]     |
[INFO] [stdout] 133 - #[rstest]
[INFO] [stdout] 133 + #[test]
[INFO] [stdout]     |
[INFO] [stdout] 
[INFO] [stdout] 
[INFO] [stdout] error: cannot find attribute `test_attr` in this scope
[INFO] [stdout]    --> tests/base/get.rs:134:3
[INFO] [stdout]     |
[INFO] [stdout] 134 | #[test_attr(apply(test))]
[INFO] [stdout]     |   ^^^^^^^^^
[INFO] [stdout] 
[INFO] [stdout] 
[INFO] [stdout] error: cannot find attribute `future` in this scope
[INFO] [stdout]    --> tests/base/get.rs:137:7
[INFO] [stdout]     |
[INFO] [stdout] 137 |     #[future] create_server: EasyHttpMock<VetisAdapter>,
[INFO] [stdout]     |       ^^^^^^
[INFO] [stdout]     |
[INFO] [stdout] help: a built-in attribute with a similar name exists
[INFO] [stdout]     |
[INFO] [stdout] 137 -     #[future] create_server: EasyHttpMock<VetisAdapter>,
[INFO] [stdout] 137 +     #[feature] create_server: EasyHttpMock<VetisAdapter>,
[INFO] [stdout]     |
[INFO] [stdout] 
[INFO] [stdout] 
[INFO] [stdout] error: cannot find attribute `rstest` in this scope
[INFO] [stdout]    --> tests/base/get.rs:152:3
[INFO] [stdout]     |
[INFO] [stdout] 152 | #[rstest]
[INFO] [stdout]     |   ^^^^^^
[INFO] [stdout]     |
[INFO] [stdout]    --> /rustc/dfb0accb7f508ae8be965d8629557221c889dd98/library/core/src/macros/mod.rs:1801:4
[INFO] [stdout]     |
[INFO] [stdout]     = note: similarly named attribute macro `test` defined here
[INFO] [stdout] help: an attribute macro with a similar name exists
[INFO] [stdout]     |
[INFO] [stdout] 152 - #[rstest]
[INFO] [stdout] 152 + #[test]
[INFO] [stdout]     |
[INFO] [stdout] 
[INFO] [stdout] 
[INFO] [stdout] error: cannot find attribute `test_attr` in this scope
[INFO] [stdout]    --> tests/base/get.rs:153:3
[INFO] [stdout]     |
[INFO] [stdout] 153 | #[test_attr(apply(test))]
[INFO] [stdout]     |   ^^^^^^^^^
[INFO] [stdout] 
[INFO] [stdout] 
[INFO] [stdout] error: cannot find attribute `future` in this scope
[INFO] [stdout]    --> tests/base/get.rs:156:7
[INFO] [stdout]     |
[INFO] [stdout] 156 |     #[future] create_server: EasyHttpMock<VetisAdapter>,
[INFO] [stdout]     |       ^^^^^^
[INFO] [stdout]     |
[INFO] [stdout] help: a built-in attribute with a similar name exists
[INFO] [stdout]     |
[INFO] [stdout] 156 -     #[future] create_server: EasyHttpMock<VetisAdapter>,
[INFO] [stdout] 156 +     #[feature] create_server: EasyHttpMock<VetisAdapter>,
[INFO] [stdout]     |
[INFO] [stdout] 
[INFO] [stdout] 
[INFO] [stdout] error: cannot find attribute `rstest` in this scope
[INFO] [stdout]    --> tests/base/get.rs:166:3
[INFO] [stdout]     |
[INFO] [stdout] 166 | #[rstest]
[INFO] [stdout]     |   ^^^^^^
[INFO] [stdout]     |
[INFO] [stdout]    --> /rustc/dfb0accb7f508ae8be965d8629557221c889dd98/library/core/src/macros/mod.rs:1801:4
[INFO] [stdout]     |
[INFO] [stdout]     = note: similarly named attribute macro `test` defined here
[INFO] [stdout] help: an attribute macro with a similar name exists
[INFO] [stdout]     |
[INFO] [stdout] 166 - #[rstest]
[INFO] [stdout] 166 + #[test]
[INFO] [stdout]     |
[INFO] [stdout] 
[INFO] [stdout] 
[INFO] [stdout] error: cannot find attribute `test_attr` in this scope
[INFO] [stdout]    --> tests/base/get.rs:167:3
[INFO] [stdout]     |
[INFO] [stdout] 167 | #[test_attr(apply(test))]
[INFO] [stdout]     |   ^^^^^^^^^
[INFO] [stdout] 
[INFO] [stdout] 
[INFO] [stdout] error: cannot find attribute `future` in this scope
[INFO] [stdout]    --> tests/base/get.rs:170:7
[INFO] [stdout]     |
[INFO] [stdout] 170 |     #[future] create_server: EasyHttpMock<VetisAdapter>,
[INFO] [stdout]     |       ^^^^^^
[INFO] [stdout]     |
[INFO] [stdout] help: a built-in attribute with a similar name exists
[INFO] [stdout]     |
[INFO] [stdout] 170 -     #[future] create_server: EasyHttpMock<VetisAdapter>,
[INFO] [stdout] 170 +     #[feature] create_server: EasyHttpMock<VetisAdapter>,
[INFO] [stdout]     |
[INFO] [stdout] 
[INFO] [stdout] 
[INFO] [stdout] error: cannot find attribute `rstest` in this scope
[INFO] [stdout]    --> tests/base/get.rs:181:3
[INFO] [stdout]     |
[INFO] [stdout] 181 | #[rstest]
[INFO] [stdout]     |   ^^^^^^
[INFO] [stdout]     |
[INFO] [stdout]    --> /rustc/dfb0accb7f508ae8be965d8629557221c889dd98/library/core/src/macros/mod.rs:1801:4
[INFO] [stdout]     |
[INFO] [stdout]     = note: similarly named attribute macro `test` defined here
[INFO] [stdout] help: an attribute macro with a similar name exists
[INFO] [stdout]     |
[INFO] [stdout] 181 - #[rstest]
[INFO] [stdout] 181 + #[test]
[INFO] [stdout]     |
[INFO] [stdout] 
[INFO] [stdout] 
[INFO] [stdout] error: cannot find attribute `test_attr` in this scope
[INFO] [stdout]    --> tests/base/get.rs:182:3
[INFO] [stdout]     |
[INFO] [stdout] 182 | #[test_attr(apply(test))]
[INFO] [stdout]     |   ^^^^^^^^^
[INFO] [stdout] 
[INFO] [stdout] 
[INFO] [stdout] error: cannot find attribute `future` in this scope
[INFO] [stdout]    --> tests/base/get.rs:185:7
[INFO] [stdout]     |
[INFO] [stdout] 185 |     #[future] create_server: EasyHttpMock<VetisAdapter>,
[INFO] [stdout]     |       ^^^^^^
[INFO] [stdout]     |
[INFO] [stdout] help: a built-in attribute with a similar name exists
[INFO] [stdout]     |
[INFO] [stdout] 185 -     #[future] create_server: EasyHttpMock<VetisAdapter>,
[INFO] [stdout] 185 +     #[feature] create_server: EasyHttpMock<VetisAdapter>,
[INFO] [stdout]     |
[INFO] [stdout] 
[INFO] [stdout] 
[INFO] [stdout] error: cannot find attribute `rstest` in this scope
[INFO] [stdout]    --> tests/base/get.rs:191:3
[INFO] [stdout]     |
[INFO] [stdout] 191 | #[rstest]
[INFO] [stdout]     |   ^^^^^^
[INFO] [stdout]     |
[INFO] [stdout]    --> /rustc/dfb0accb7f508ae8be965d8629557221c889dd98/library/core/src/macros/mod.rs:1801:4
[INFO] [stdout]     |
[INFO] [stdout]     = note: similarly named attribute macro `test` defined here
[INFO] [stdout] help: an attribute macro with a similar name exists
[INFO] [stdout]     |
[INFO] [stdout] 191 - #[rstest]
[INFO] [stdout] 191 + #[test]
[INFO] [stdout]     |
[INFO] [stdout] 
[INFO] [stdout] 
[INFO] [stdout] error: cannot find attribute `test_attr` in this scope
[INFO] [stdout]    --> tests/base/get.rs:192:3
[INFO] [stdout]     |
[INFO] [stdout] 192 | #[test_attr(apply(test))]
[INFO] [stdout]     |   ^^^^^^^^^
[INFO] [stdout] 
[INFO] [stdout] 
[INFO] [stdout] error: cannot find attribute `future` in this scope
[INFO] [stdout]    --> tests/base/get.rs:195:7
[INFO] [stdout]     |
[INFO] [stdout] 195 |     #[future] create_server: EasyHttpMock<VetisAdapter>,
[INFO] [stdout]     |       ^^^^^^
[INFO] [stdout]     |
[INFO] [stdout] help: a built-in attribute with a similar name exists
[INFO] [stdout]     |
[INFO] [stdout] 195 -     #[future] create_server: EasyHttpMock<VetisAdapter>,
[INFO] [stdout] 195 +     #[feature] create_server: EasyHttpMock<VetisAdapter>,
[INFO] [stdout]     |
[INFO] [stdout] 
[INFO] [stdout] 
[INFO] [stdout] error: cannot find attribute `rstest` in this scope
[INFO] [stdout]   --> tests/base/hook.rs:10:3
[INFO] [stdout]    |
[INFO] [stdout] 10 | #[rstest]
[INFO] [stdout]    |   ^^^^^^
[INFO] [stdout]    |
[INFO] [stdout]   --> /rustc/dfb0accb7f508ae8be965d8629557221c889dd98/library/core/src/macros/mod.rs:1801:4
[INFO] [stdout]    |
[INFO] [stdout]    = note: similarly named attribute macro `test` defined here
[INFO] [stdout] help: an attribute macro with a similar name exists
[INFO] [stdout]    |
[INFO] [stdout] 10 - #[rstest]
[INFO] [stdout] 10 + #[test]
[INFO] [stdout]    |
[INFO] [stdout] 
[INFO] [stdout] 
[INFO] [stdout] error: cannot find attribute `test_attr` in this scope
[INFO] [stdout]   --> tests/base/hook.rs:11:3
[INFO] [stdout]    |
[INFO] [stdout] 11 | #[test_attr(apply(test))]
[INFO] [stdout]    |   ^^^^^^^^^
[INFO] [stdout] 
[INFO] [stdout] 
[INFO] [stdout] error: cannot find attribute `future` in this scope
[INFO] [stdout]   --> tests/base/hook.rs:14:7
[INFO] [stdout]    |
[INFO] [stdout] 14 |     #[future] create_server: EasyHttpMock<VetisAdapter>,
[INFO] [stdout]    |       ^^^^^^
[INFO] [stdout]    |
[INFO] [stdout] help: a built-in attribute with a similar name exists
[INFO] [stdout]    |
[INFO] [stdout] 14 -     #[future] create_server: EasyHttpMock<VetisAdapter>,
[INFO] [stdout] 14 +     #[feature] create_server: EasyHttpMock<VetisAdapter>,
[INFO] [stdout]    |
[INFO] [stdout] 
[INFO] [stdout] 
[INFO] [stdout] error: cannot find attribute `rstest` in this scope
[INFO] [stdout]   --> tests/base/patch.rs:11:3
[INFO] [stdout]    |
[INFO] [stdout] 11 | #[rstest]
[INFO] [stdout]    |   ^^^^^^
[INFO] [stdout]    |
[INFO] [stdout]   --> /rustc/dfb0accb7f508ae8be965d8629557221c889dd98/library/core/src/macros/mod.rs:1801:4
[INFO] [stdout]    |
[INFO] [stdout]    = note: similarly named attribute macro `test` defined here
[INFO] [stdout] help: an attribute macro with a similar name exists
[INFO] [stdout]    |
[INFO] [stdout] 11 - #[rstest]
[INFO] [stdout] 11 + #[test]
[INFO] [stdout]    |
[INFO] [stdout] 
[INFO] [stdout] 
[INFO] [stdout] error: cannot find attribute `test_attr` in this scope
[INFO] [stdout]   --> tests/base/patch.rs:12:3
[INFO] [stdout]    |
[INFO] [stdout] 12 | #[test_attr(apply(test))]
[INFO] [stdout]    |   ^^^^^^^^^
[INFO] [stdout] 
[INFO] [stdout] 
[INFO] [stdout] error: cannot find attribute `future` in this scope
[INFO] [stdout]   --> tests/base/patch.rs:15:7
[INFO] [stdout]    |
[INFO] [stdout] 15 |     #[future] create_server: EasyHttpMock<VetisAdapter>,
[INFO] [stdout]    |       ^^^^^^
[INFO] [stdout]    |
[INFO] [stdout] help: a built-in attribute with a similar name exists
[INFO] [stdout]    |
[INFO] [stdout] 15 -     #[future] create_server: EasyHttpMock<VetisAdapter>,
[INFO] [stdout] 15 +     #[feature] create_server: EasyHttpMock<VetisAdapter>,
[INFO] [stdout]    |
[INFO] [stdout] 
[INFO] [stdout] 
[INFO] [stdout] error: cannot find attribute `rstest` in this scope
[INFO] [stdout]   --> tests/base/post.rs:11:3
[INFO] [stdout]    |
[INFO] [stdout] 11 | #[rstest]
[INFO] [stdout]    |   ^^^^^^
[INFO] [stdout]    |
[INFO] [stdout]   --> /rustc/dfb0accb7f508ae8be965d8629557221c889dd98/library/core/src/macros/mod.rs:1801:4
[INFO] [stdout]    |
[INFO] [stdout]    = note: similarly named attribute macro `test` defined here
[INFO] [stdout] help: an attribute macro with a similar name exists
[INFO] [stdout]    |
[INFO] [stdout] 11 - #[rstest]
[INFO] [stdout] 11 + #[test]
[INFO] [stdout]    |
[INFO] [stdout] 
[INFO] [stdout] 
[INFO] [stdout] error: cannot find attribute `test_attr` in this scope
[INFO] [stdout]   --> tests/base/post.rs:12:3
[INFO] [stdout]    |
[INFO] [stdout] 12 | #[test_attr(apply(test))]
[INFO] [stdout]    |   ^^^^^^^^^
[INFO] [stdout] 
[INFO] [stdout] 
[INFO] [stdout] error: cannot find attribute `future` in this scope
[INFO] [stdout]   --> tests/base/post.rs:15:7
[INFO] [stdout]    |
[INFO] [stdout] 15 |     #[future] create_server: EasyHttpMock<VetisAdapter>,
[INFO] [stdout]    |       ^^^^^^
[INFO] [stdout]    |
[INFO] [stdout] help: a built-in attribute with a similar name exists
[INFO] [stdout]    |
[INFO] [stdout] 15 -     #[future] create_server: EasyHttpMock<VetisAdapter>,
[INFO] [stdout] 15 +     #[feature] create_server: EasyHttpMock<VetisAdapter>,
[INFO] [stdout]    |
[INFO] [stdout] 
[INFO] [stdout] 
[INFO] [stdout] error: cannot find attribute `rstest` in this scope
[INFO] [stdout]   --> tests/base/post.rs:22:3
[INFO] [stdout]    |
[INFO] [stdout] 22 | #[rstest]
[INFO] [stdout]    |   ^^^^^^
[INFO] [stdout]    |
[INFO] [stdout]   --> /rustc/dfb0accb7f508ae8be965d8629557221c889dd98/library/core/src/macros/mod.rs:1801:4
[INFO] [stdout]    |
[INFO] [stdout]    = note: similarly named attribute macro `test` defined here
[INFO] [stdout] help: an attribute macro with a similar name exists
[INFO] [stdout]    |
[INFO] [stdout] 22 - #[rstest]
[INFO] [stdout] 22 + #[test]
[INFO] [stdout]    |
[INFO] [stdout] 
[INFO] [stdout] 
[INFO] [stdout] error: cannot find attribute `test_attr` in this scope
[INFO] [stdout]   --> tests/base/post.rs:23:3
[INFO] [stdout]    |
[INFO] [stdout] 23 | #[test_attr(apply(test))]
[INFO] [stdout]    |   ^^^^^^^^^
[INFO] [stdout] 
[INFO] [stdout] 
[INFO] [stdout] error: cannot find attribute `future` in this scope
[INFO] [stdout]   --> tests/base/post.rs:26:7
[INFO] [stdout]    |
[INFO] [stdout] 26 |     #[future] create_server: EasyHttpMock<VetisAdapter>,
[INFO] [stdout]    |       ^^^^^^
[INFO] [stdout]    |
[INFO] [stdout] help: a built-in attribute with a similar name exists
[INFO] [stdout]    |
[INFO] [stdout] 26 -     #[future] create_server: EasyHttpMock<VetisAdapter>,
[INFO] [stdout] 26 +     #[feature] create_server: EasyHttpMock<VetisAdapter>,
[INFO] [stdout]    |
[INFO] [stdout] 
[INFO] [stdout] 
[INFO] [stdout] error: cannot find attribute `rstest` in this scope
[INFO] [stdout]   --> tests/base/put.rs:11:3
[INFO] [stdout]    |
[INFO] [stdout] 11 | #[rstest]
[INFO] [stdout]    |   ^^^^^^
[INFO] [stdout]    |
[INFO] [stdout]   --> /rustc/dfb0accb7f508ae8be965d8629557221c889dd98/library/core/src/macros/mod.rs:1801:4
[INFO] [stdout]    |
[INFO] [stdout]    = note: similarly named attribute macro `test` defined here
[INFO] [stdout] help: an attribute macro with a similar name exists
[INFO] [stdout]    |
[INFO] [stdout] 11 - #[rstest]
[INFO] [stdout] 11 + #[test]
[INFO] [stdout]    |
[INFO] [stdout] 
[INFO] [stdout] 
[INFO] [stdout] error: cannot find attribute `test_attr` in this scope
[INFO] [stdout]   --> tests/base/put.rs:12:3
[INFO] [stdout]    |
[INFO] [stdout] 12 | #[test_attr(apply(test))]
[INFO] [stdout]    |   ^^^^^^^^^
[INFO] [stdout] 
[INFO] [stdout] 
[INFO] [stdout] error: cannot find attribute `future` in this scope
[INFO] [stdout]   --> tests/base/put.rs:15:7
[INFO] [stdout]    |
[INFO] [stdout] 15 |     #[future] create_server: EasyHttpMock<VetisAdapter>,
[INFO] [stdout]    |       ^^^^^^
[INFO] [stdout]    |
[INFO] [stdout] help: a built-in attribute with a similar name exists
[INFO] [stdout]    |
[INFO] [stdout] 15 -     #[future] create_server: EasyHttpMock<VetisAdapter>,
[INFO] [stdout] 15 +     #[feature] create_server: EasyHttpMock<VetisAdapter>,
[INFO] [stdout]    |
[INFO] [stdout] 
[INFO] [stdout] 
[INFO] [stdout] warning: field `handle` is never read
[INFO] [stdout]    --> src/client/http/conn/mod.rs:177:16
[INFO] [stdout]     |
[INFO] [stdout] 175 | pub struct BaseHttpConnection<Sender, ReqBody, ResBody> {
[INFO] [stdout]     |            ------------------ field in this struct
[INFO] [stdout] 176 |     pub(crate) sender: Sender,
[INFO] [stdout] 177 |     pub(crate) handle: Task<Result<()>>,
[INFO] [stdout]     |                ^^^^^^
[INFO] [stdout]     |
[INFO] [stdout]     = note: `#[warn(dead_code)]` (part of `#[warn(unused)]`) on by default
[INFO] [stdout] 
[INFO] [stdout] 
[INFO] [stdout] warning: unused imports: `create_client`, `create_server`, and `protocol_version`
[INFO] [stdout]  --> tests/base/delete.rs:2:30
[INFO] [stdout]   |
[INFO] [stdout] 2 | use crate::common::helpers::{create_client, create_server, protocol_version};
[INFO] [stdout]   |                              ^^^^^^^^^^^^^  ^^^^^^^^^^^^^  ^^^^^^^^^^^^^^^^
[INFO] [stdout]   |
[INFO] [stdout]   = note: `#[warn(unused_imports)]` (part of `#[warn(unused)]`) on by default
[INFO] [stdout] 
[INFO] [stdout] 
[INFO] [stdout] warning: unused import: `macro_rules_attribute::apply`
[INFO] [stdout]  --> tests/base/delete.rs:6:5
[INFO] [stdout]   |
[INFO] [stdout] 6 | use macro_rules_attribute::apply;
[INFO] [stdout]   |     ^^^^^^^^^^^^^^^^^^^^^^^^^^^^
[INFO] [stdout] 
[INFO] [stdout] 
[INFO] [stdout] warning: unused import: `smol_macros::test`
[INFO] [stdout]  --> tests/base/delete.rs:8:5
[INFO] [stdout]   |
[INFO] [stdout] 8 | use smol_macros::test;
[INFO] [stdout]   |     ^^^^^^^^^^^^^^^^^
[INFO] [stdout] 
[INFO] [stdout] 
[INFO] [stdout] warning: unused imports: `create_client`, `create_server`, and `protocol_version`
[INFO] [stdout]  --> tests/base/form.rs:1:30
[INFO] [stdout]   |
[INFO] [stdout] 1 | use crate::common::helpers::{create_client, create_server, protocol_version};
[INFO] [stdout]   |                              ^^^^^^^^^^^^^  ^^^^^^^^^^^^^  ^^^^^^^^^^^^^^^^
[INFO] [stdout] 
[INFO] [stdout] 
[INFO] [stdout] warning: unused import: `macro_rules_attribute::apply`
[INFO] [stdout]  --> tests/base/form.rs:5:5
[INFO] [stdout]   |
[INFO] [stdout] 5 | use macro_rules_attribute::apply;
[INFO] [stdout]   |     ^^^^^^^^^^^^^^^^^^^^^^^^^^^^
[INFO] [stdout] 
[INFO] [stdout] 
[INFO] [stdout] warning: unused imports: `create_client`, `create_server`, and `protocol_version`
[INFO] [stdout]  --> tests/base/get.rs:2:30
[INFO] [stdout]   |
[INFO] [stdout] 2 | use crate::common::helpers::{create_client, create_server, protocol_version};
[INFO] [stdout]   |                              ^^^^^^^^^^^^^  ^^^^^^^^^^^^^  ^^^^^^^^^^^^^^^^
[INFO] [stdout] 
[INFO] [stdout] 
[INFO] [stdout] warning: unused import: `macro_rules_attribute::apply`
[INFO] [stdout]   --> tests/base/get.rs:13:5
[INFO] [stdout]    |
[INFO] [stdout] 13 | use macro_rules_attribute::apply;
[INFO] [stdout]    |     ^^^^^^^^^^^^^^^^^^^^^^^^^^^^
[INFO] [stdout] 
[INFO] [stdout] 
[INFO] [stdout] warning: unused import: `smol_macros::test`
[INFO] [stdout]   --> tests/base/get.rs:15:5
[INFO] [stdout]    |
[INFO] [stdout] 15 | use smol_macros::test;
[INFO] [stdout]    |     ^^^^^^^^^^^^^^^^^
[INFO] [stdout] 
[INFO] [stdout] 
[INFO] [stdout] warning: unused imports: `create_client`, `create_server`, and `protocol_version`
[INFO] [stdout]  --> tests/base/hook.rs:2:30
[INFO] [stdout]   |
[INFO] [stdout] 2 | use crate::common::helpers::{create_client, create_server, protocol_version};
[INFO] [stdout]   |                              ^^^^^^^^^^^^^  ^^^^^^^^^^^^^  ^^^^^^^^^^^^^^^^
[INFO] [stdout] 
[INFO] [stdout] 
[INFO] [stdout] warning: unused import: `macro_rules_attribute::apply`
[INFO] [stdout]  --> tests/base/hook.rs:6:5
[INFO] [stdout]   |
[INFO] [stdout] 6 | use macro_rules_attribute::apply;
[INFO] [stdout]   |     ^^^^^^^^^^^^^^^^^^^^^^^^^^^^
[INFO] [stdout] 
[INFO] [stdout] 
[INFO] [stdout] warning: unused import: `smol_macros::test`
[INFO] [stdout]  --> tests/base/hook.rs:8:5
[INFO] [stdout]   |
[INFO] [stdout] 8 | use smol_macros::test;
[INFO] [stdout]   |     ^^^^^^^^^^^^^^^^^
[INFO] [stdout] 
[INFO] [stdout] 
[INFO] [stdout] warning: unused imports: `create_client`, `create_server`, and `protocol_version`
[INFO] [stdout]  --> tests/base/patch.rs:2:30
[INFO] [stdout]   |
[INFO] [stdout] 2 | use crate::common::helpers::{create_client, create_server, protocol_version};
[INFO] [stdout]   |                              ^^^^^^^^^^^^^  ^^^^^^^^^^^^^  ^^^^^^^^^^^^^^^^
[INFO] [stdout] 
[INFO] [stdout] 
[INFO] [stdout] warning: unused import: `macro_rules_attribute::apply`
[INFO] [stdout]  --> tests/base/patch.rs:7:5
[INFO] [stdout]   |
[INFO] [stdout] 7 | use macro_rules_attribute::apply;
[INFO] [stdout]   |     ^^^^^^^^^^^^^^^^^^^^^^^^^^^^
[INFO] [stdout] 
[INFO] [stdout] 
[INFO] [stdout] warning: unused import: `smol_macros::test`
[INFO] [stdout]  --> tests/base/patch.rs:9:5
[INFO] [stdout]   |
[INFO] [stdout] 9 | use smol_macros::test;
[INFO] [stdout]   |     ^^^^^^^^^^^^^^^^^
[INFO] [stdout] 
[INFO] [stdout] 
[INFO] [stdout] warning: unused imports: `create_client`, `create_server`, and `protocol_version`
[INFO] [stdout]  --> tests/base/post.rs:2:30
[INFO] [stdout]   |
[INFO] [stdout] 2 | use crate::common::helpers::{create_client, create_server, protocol_version};
[INFO] [stdout]   |                              ^^^^^^^^^^^^^  ^^^^^^^^^^^^^  ^^^^^^^^^^^^^^^^
[INFO] [stdout] 
[INFO] [stdout] 
[INFO] [stdout] warning: unused import: `macro_rules_attribute::apply`
[INFO] [stdout]  --> tests/base/post.rs:7:5
[INFO] [stdout]   |
[INFO] [stdout] 7 | use macro_rules_attribute::apply;
[INFO] [stdout]   |     ^^^^^^^^^^^^^^^^^^^^^^^^^^^^
[INFO] [stdout] 
[INFO] [stdout] 
[INFO] [stdout] warning: unused import: `smol_macros::test`
[INFO] [stdout]  --> tests/base/post.rs:9:5
[INFO] [stdout]   |
[INFO] [stdout] 9 | use smol_macros::test;
[INFO] [stdout]   |     ^^^^^^^^^^^^^^^^^
[INFO] [stdout] 
[INFO] [stdout] 
[INFO] [stdout] warning: unused imports: `create_client`, `create_server`, and `protocol_version`
[INFO] [stdout]  --> tests/base/put.rs:2:30
[INFO] [stdout]   |
[INFO] [stdout] 2 | use crate::common::helpers::{create_client, create_server, protocol_version};
[INFO] [stdout]   |                              ^^^^^^^^^^^^^  ^^^^^^^^^^^^^  ^^^^^^^^^^^^^^^^
[INFO] [stdout] 
[INFO] [stdout] 
[INFO] [stdout] warning: unused import: `macro_rules_attribute::apply`
[INFO] [stdout]  --> tests/base/put.rs:7:5
[INFO] [stdout]   |
[INFO] [stdout] 7 | use macro_rules_attribute::apply;
[INFO] [stdout]   |     ^^^^^^^^^^^^^^^^^^^^^^^^^^^^
[INFO] [stdout] 
[INFO] [stdout] 
[INFO] [stdout] warning: unused import: `smol_macros::test`
[INFO] [stdout]  --> tests/base/put.rs:9:5
[INFO] [stdout]   |
[INFO] [stdout] 9 | use smol_macros::test;
[INFO] [stdout]   |     ^^^^^^^^^^^^^^^^^
[INFO] [stdout] 
[INFO] [stdout] 
[INFO] [stdout] Some errors have detailed explanations: E0432, E0433.
[INFO] [stdout] 
[INFO] [stdout] For more information about an error, try `rustc --explain E0432`.
[INFO] [stdout] 
[INFO] [stderr] error: could not compile `deboa-smol` (test "mod") due to 73 previous errors; 20 warnings emitted
[INFO] [stderr] warning: build failed, waiting for other jobs to finish...
[INFO] running `Command { std: "docker" "inspect" "10b1d146a9a537c8d5b98ad36b36a9a2c8bc095e964fbd7867dec57c04f5e5c9", kill_on_drop: false }`
[INFO] running `Command { std: "docker" "rm" "-f" "10b1d146a9a537c8d5b98ad36b36a9a2c8bc095e964fbd7867dec57c04f5e5c9", kill_on_drop: false }`
[INFO] [stdout] 10b1d146a9a537c8d5b98ad36b36a9a2c8bc095e964fbd7867dec57c04f5e5c9
