[INFO] fetching crate deadpool-tiberius-rustls 0.1.12...
[INFO] testing deadpool-tiberius-rustls-0.1.12 against 1.100.0-beta.1+cargoflags=--release for beta-release-1.100-2
[INFO] extracting crate deadpool-tiberius-rustls 0.1.12 into /workspace/builds/worker-5-tc2/source
[INFO] started tweaking crates.io crate deadpool-tiberius-rustls 0.1.12
[INFO] removed 0 missing tests
[INFO] finished tweaking crates.io crate deadpool-tiberius-rustls 0.1.12
[INFO] tweaked toml for crates.io crate deadpool-tiberius-rustls 0.1.12 written to /workspace/builds/worker-5-tc2/source/Cargo.toml
[INFO] validating manifest of crates.io crate deadpool-tiberius-rustls 0.1.12 on toolchain 1.100.0-beta.1
[INFO] running `Command { std: CARGO_HOME="/workspace/cargo-home" RUSTUP_HOME="/workspace/rustup-home" "/workspace/cargo-home/bin/cargo" "+1.100.0-beta.1" "metadata" "--manifest-path" "Cargo.toml" "--no-deps", kill_on_drop: false }`
[INFO] crate crates.io crate deadpool-tiberius-rustls 0.1.12 already has a lockfile, it will not be regenerated
[INFO] running `Command { std: CARGO_HOME="/workspace/cargo-home" RUSTUP_HOME="/workspace/rustup-home" "/workspace/cargo-home/bin/cargo" "+1.100.0-beta.1" "fetch" "--manifest-path" "Cargo.toml", kill_on_drop: false }`
[INFO] [stderr]     Blocking waiting for file lock on package cache
[INFO] running `Command { std: "docker" "create" "-v" "/var/lib/crater-agent-workspace/builds/worker-5-tc2/source:/opt/rustwide/workdir:ro,Z" "-v" "/var/lib/crater-agent-workspace/builds/worker-5-tc2/target:/opt/rustwide/target:rw,Z" "-v" "/var/lib/crater-agent-workspace/cargo-home:/opt/rustwide/cargo-home:ro,Z" "-v" "/var/lib/crater-agent-workspace/rustup-home:/opt/rustwide/rustup-home:ro,Z" "-m" "1610612736" "--network" "none" "ghcr.io/rust-lang/crates-build-env/linux@sha256:77db811e55d90add9212f6832c23229e3de5f1c1f9905e8cb07319ea15df73ac" "sleep" "infinity", kill_on_drop: false }`
[INFO] [stdout] 3de0b6a4f7a4cc26b5e11cb2259a0b0b8386586246790cab1361a5bbaa4b39c5
[INFO] running `Command { std: "docker" "start" "3de0b6a4f7a4cc26b5e11cb2259a0b0b8386586246790cab1361a5bbaa4b39c5", kill_on_drop: false }`
[INFO] running `Command { std: "docker" "inspect" "3de0b6a4f7a4cc26b5e11cb2259a0b0b8386586246790cab1361a5bbaa4b39c5", kill_on_drop: false }`
[INFO] running `Command { std: "docker" "exec" "-e" "SOURCE_DIR=/opt/rustwide/workdir" "-e" "CARGO_HOME=/opt/rustwide/cargo-home" "-e" "RUSTUP_HOME=/opt/rustwide/rustup-home" "-e" "CARGO_TARGET_DIR=/opt/rustwide/target" "-w" "/opt/rustwide/workdir" "--user" "0:0" "3de0b6a4f7a4cc26b5e11cb2259a0b0b8386586246790cab1361a5bbaa4b39c5" "/opt/rustwide/cargo-home/bin/cargo" "+1.100.0-beta.1" "metadata" "--no-deps" "--format-version=1", kill_on_drop: false }`
[INFO] running `Command { std: "docker" "inspect" "3de0b6a4f7a4cc26b5e11cb2259a0b0b8386586246790cab1361a5bbaa4b39c5", kill_on_drop: false }`
[INFO] running `Command { std: "docker" "exec" "-e" "SOURCE_DIR=/opt/rustwide/workdir" "-e" "CARGO_HOME=/opt/rustwide/cargo-home" "-e" "RUSTUP_HOME=/opt/rustwide/rustup-home" "-e" "CARGO_TARGET_DIR=/opt/rustwide/target" "-e" "CARGO_INCREMENTAL=0" "-e" "RUST_BACKTRACE=full" "-e" "RUSTFLAGS=--cap-lints=warn" "-e" "RUSTDOCFLAGS=--cap-lints=warn" "-w" "/opt/rustwide/workdir" "--user" "0:0" "3de0b6a4f7a4cc26b5e11cb2259a0b0b8386586246790cab1361a5bbaa4b39c5" "/opt/rustwide/cargo-home/bin/cargo" "+1.100.0-beta.1" "build" "--frozen" "--message-format=json" "--release", kill_on_drop: false }`
[INFO] [stderr]    Compiling proc-macro2 v1.0.95
[INFO] [stderr]    Compiling libc v0.2.174
[INFO] [stderr]    Compiling cfg-if v1.0.1
[INFO] [stderr]    Compiling futures-io v0.3.31
[INFO] [stderr]    Compiling rustls v0.21.12
[INFO] [stderr]    Compiling slab v0.4.10
[INFO] [stderr]    Compiling cc v1.2.27
[INFO] [stderr]    Compiling num-traits v0.2.19
[INFO] [stderr]    Compiling memchr v2.7.5
[INFO] [stderr]    Compiling rustls-pemfile v1.0.4
[INFO] [stderr]    Compiling uuid v1.17.0
[INFO] [stderr]    Compiling pretty-hex v0.3.0
[INFO] [stderr]    Compiling connection-string v0.2.0
[INFO] [stderr]    Compiling encoding_rs v0.8.35
[INFO] [stderr]    Compiling rustls-native-certs v0.6.3
[INFO] [stderr]    Compiling ring v0.17.14
[INFO] [stderr]    Compiling quote v1.0.40
[INFO] [stderr]    Compiling mio v1.0.4
[INFO] [stderr]    Compiling socket2 v0.5.10
[INFO] [stderr]    Compiling getrandom v0.2.16
[INFO] [stderr]    Compiling num_cpus v1.17.0
[INFO] [stderr]    Compiling syn v2.0.104
[INFO] [stderr]    Compiling tokio v1.45.1
[INFO] [stderr]    Compiling futures-macro v0.3.31
[INFO] [stderr]    Compiling tracing-attributes v0.1.30
[INFO] [stderr]    Compiling enumflags2_derive v0.7.12
[INFO] [stderr]    Compiling async-trait v0.1.88
[INFO] [stderr]    Compiling thiserror-impl v1.0.69
[INFO] [stderr]    Compiling enumflags2 v0.7.12
[INFO] [stderr]    Compiling deadpool-runtime v0.1.4
[INFO] [stderr]    Compiling tokio-util v0.7.15
[INFO] [stderr]    Compiling futures-util v0.3.31
[INFO] [stderr]    Compiling deadpool v0.10.0
[INFO] [stderr]    Compiling thiserror v1.0.69
[INFO] [stderr]    Compiling tracing v0.1.41
[INFO] [stderr]    Compiling asynchronous-codec v0.6.2
[INFO] [stderr]    Compiling sct v0.7.1
[INFO] [stderr]    Compiling rustls-webpki v0.101.7
[INFO] [stderr]    Compiling tokio-rustls v0.24.1
[INFO] [stderr]    Compiling tiberius-rustls v0.12.5
[INFO] [stderr]    Compiling deadpool-tiberius-rustls v0.1.12 (/opt/rustwide/workdir)
[INFO] [stderr]     Finished `release` profile [optimized] target(s) in 47.74s
[INFO] running `Command { std: "docker" "inspect" "3de0b6a4f7a4cc26b5e11cb2259a0b0b8386586246790cab1361a5bbaa4b39c5", kill_on_drop: false }`
[INFO] running `Command { std: "docker" "exec" "-e" "SOURCE_DIR=/opt/rustwide/workdir" "-e" "CARGO_HOME=/opt/rustwide/cargo-home" "-e" "RUSTUP_HOME=/opt/rustwide/rustup-home" "-e" "CARGO_TARGET_DIR=/opt/rustwide/target" "-e" "CARGO_INCREMENTAL=0" "-e" "RUST_BACKTRACE=full" "-e" "RUSTFLAGS=--cap-lints=warn" "-e" "RUSTDOCFLAGS=--cap-lints=warn" "-w" "/opt/rustwide/workdir" "--user" "0:0" "3de0b6a4f7a4cc26b5e11cb2259a0b0b8386586246790cab1361a5bbaa4b39c5" "/opt/rustwide/cargo-home/bin/cargo" "+1.100.0-beta.1" "test" "--frozen" "--no-run" "--message-format=json" "--release", kill_on_drop: false }`
[INFO] [stderr]    Compiling fastrand v1.9.0
[INFO] [stderr]    Compiling waker-fn v1.2.0
[INFO] [stderr]    Compiling tokio-macros v2.5.0
[INFO] [stderr]    Compiling futures-lite v1.13.0
[INFO] [stderr]    Compiling tokio v1.45.1
[INFO] [stderr]    Compiling deadpool-runtime v0.1.4
[INFO] [stderr]    Compiling tokio-rustls v0.24.1
[INFO] [stderr]    Compiling tokio-util v0.7.15
[INFO] [stderr]    Compiling deadpool v0.10.0
[INFO] [stderr]    Compiling tiberius-rustls v0.12.5
[INFO] [stderr]    Compiling deadpool-tiberius-rustls v0.1.12 (/opt/rustwide/workdir)
[INFO] [stdout] error[E0432]: unresolved import `deadpool_tiberius`
[INFO] [stdout]  --> tests/unitest.rs:6:9
[INFO] [stdout]   |
[INFO] [stdout] 6 |     use deadpool_tiberius::SqlServerResult;
[INFO] [stdout]   |         ^^^^^^^^^^^^^^^^^ use of unresolved module or unlinked crate `deadpool_tiberius`
[INFO] [stdout]   |
[INFO] [stdout]   = help: if you wanted to use a crate named `deadpool_tiberius`, use `cargo add deadpool_tiberius` to add it to your `Cargo.toml`
[INFO] [stdout] 
[INFO] [stdout] 
[INFO] [stdout] error[E0433]: cannot find module or crate `deadpool_tiberius` in this scope
[INFO] [stdout]   --> tests/unitest.rs:12:24
[INFO] [stdout]    |
[INFO] [stdout] 12 |             let pool = deadpool_tiberius::Manager::new()
[INFO] [stdout]    |                        ^^^^^^^^^^^^^^^^^ use of unresolved module or unlinked crate `deadpool_tiberius`
[INFO] [stdout]    |
[INFO] [stdout]    = help: if you wanted to use a crate named `deadpool_tiberius`, use `cargo add deadpool_tiberius` to add it to your `Cargo.toml`
[INFO] [stdout] 
[INFO] [stdout] 
[INFO] [stdout] error[E0433]: cannot find module or crate `deadpool_tiberius` in this scope
[INFO] [stdout]   --> tests/unitest.rs:39:24
[INFO] [stdout]    |
[INFO] [stdout] 39 |             let pool = deadpool_tiberius::Manager::new()
[INFO] [stdout]    |                        ^^^^^^^^^^^^^^^^^ use of unresolved module or unlinked crate `deadpool_tiberius`
[INFO] [stdout]    |
[INFO] [stdout]    = help: if you wanted to use a crate named `deadpool_tiberius`, use `cargo add deadpool_tiberius` to add it to your `Cargo.toml`
[INFO] [stdout] 
[INFO] [stdout] 
[INFO] [stdout] error[E0433]: cannot find module or crate `deadpool_tiberius` in this scope
[INFO] [stdout]   --> tests/unitest.rs:53:20
[INFO] [stdout]    |
[INFO] [stdout] 53 |         let pool = deadpool_tiberius::Manager::from_ado_string(CONN_STR)?
[INFO] [stdout]    |                    ^^^^^^^^^^^^^^^^^ use of unresolved module or unlinked crate `deadpool_tiberius`
[INFO] [stdout]    |
[INFO] [stdout]    = help: if you wanted to use a crate named `deadpool_tiberius`, use `cargo add deadpool_tiberius` to add it to your `Cargo.toml`
[INFO] [stdout] 
[INFO] [stdout] 
[INFO] [stdout] warning: method call on a diverging inference variable
[INFO] [stdout]   --> tests/unitest.rs:27:33
[INFO] [stdout]    |
[INFO] [stdout] 27 |             let mut rows = conn.simple_query("SELECT * FROM my_table").await?;
[INFO] [stdout]    |                                 ^^^^^^^^^^^^
[INFO] [stdout]    |
[INFO] [stdout]    = help: consider providing a type annotation
[INFO] [stdout]    = warning: this was previously accepted by the compiler but is being phased out; it will become a hard error in a future release!
[INFO] [stdout]    = note: for more information, see issue #156047 <https://github.com/rust-lang/rust/issues/156047>
[INFO] [stdout]    = note: `#[warn(method_call_on_diverging_infer_var)]` (part of `#[warn(future_incompatible)]`) on by default
[INFO] [stdout] 
[INFO] [stdout] 
[INFO] [stdout] error[E0599]: no method named `simple_query` found for type `!` in the current scope
[INFO] [stdout]   --> tests/unitest.rs:27:33
[INFO] [stdout]    |
[INFO] [stdout] 27 |             let mut rows = conn.simple_query("SELECT * FROM my_table").await?;
[INFO] [stdout]    |                                 ^^^^^^^^^^^^ method not found in `!`
[INFO] [stdout] 
[INFO] [stdout] 
[INFO] [stdout] warning: method call on a diverging inference variable
[INFO] [stdout]   --> tests/unitest.rs:28:38
[INFO] [stdout]    |
[INFO] [stdout] 28 |             while let Some(v) = rows.try_next().await? {
[INFO] [stdout]    |                                      ^^^^^^^^
[INFO] [stdout]    |
[INFO] [stdout]    = help: consider providing a type annotation
[INFO] [stdout]    = warning: this was previously accepted by the compiler but is being phased out; it will become a hard error in a future release!
[INFO] [stdout]    = note: for more information, see issue #156047 <https://github.com/rust-lang/rust/issues/156047>
[INFO] [stdout] 
[INFO] [stdout] 
[INFO] [stdout] error[E0599]: the method `try_next` exists for type `!`, but its trait bounds were not satisfied
[INFO] [stdout]   --> tests/unitest.rs:28:38
[INFO] [stdout]    |
[INFO] [stdout] 28 |             while let Some(v) = rows.try_next().await? {
[INFO] [stdout]    |                                      ^^^^^^^^ method cannot be called on `!` due to unsatisfied trait bounds
[INFO] [stdout]    |
[INFO] [stdout]    = note: the following trait bounds were not satisfied:
[INFO] [stdout]            `!: Stream`
[INFO] [stdout]            which is required by `!: StreamExt`
[INFO] [stdout] 
[INFO] [stdout] 
[INFO] [stdout] warning: method call on a diverging inference variable
[INFO] [stdout]   --> tests/unitest.rs:56:22
[INFO] [stdout]    |
[INFO] [stdout] 56 |         let _ = conn.simple_query("SELECT 1").await?;
[INFO] [stdout]    |                      ^^^^^^^^^^^^
[INFO] [stdout]    |
[INFO] [stdout]    = help: consider providing a type annotation
[INFO] [stdout]    = warning: this was previously accepted by the compiler but is being phased out; it will become a hard error in a future release!
[INFO] [stdout]    = note: for more information, see issue #156047 <https://github.com/rust-lang/rust/issues/156047>
[INFO] [stdout] 
[INFO] [stdout] 
[INFO] [stdout] error[E0599]: no method named `simple_query` found for type `!` in the current scope
[INFO] [stdout]   --> tests/unitest.rs:56:22
[INFO] [stdout]    |
[INFO] [stdout] 56 |         let _ = conn.simple_query("SELECT 1").await?;
[INFO] [stdout]    |                      ^^^^^^^^^^^^ method not found in `!`
[INFO] [stdout] 
[INFO] [stdout] 
[INFO] [stdout] Some errors have detailed explanations: E0432, E0433, E0599.
[INFO] [stdout] 
[INFO] [stdout] For more information about an error, try `rustc --explain E0432`.
[INFO] [stdout] 
[INFO] [stderr] error: could not compile `deadpool-tiberius-rustls` (test "unitest") due to 7 previous errors; 6 warnings emitted
[INFO] running `Command { std: "docker" "inspect" "3de0b6a4f7a4cc26b5e11cb2259a0b0b8386586246790cab1361a5bbaa4b39c5", kill_on_drop: false }`
[INFO] running `Command { std: "docker" "rm" "-f" "3de0b6a4f7a4cc26b5e11cb2259a0b0b8386586246790cab1361a5bbaa4b39c5", kill_on_drop: false }`
[INFO] [stdout] 3de0b6a4f7a4cc26b5e11cb2259a0b0b8386586246790cab1361a5bbaa4b39c5
