[INFO] fetching crate ddx-core 0.2.2...
[INFO] testing ddx-core-0.2.2 against 1.100.0-beta.1+cargoflags=--release for beta-release-1.100-2
[INFO] extracting crate ddx-core 0.2.2 into /workspace/builds/worker-7-tc2/source
[INFO] started tweaking crates.io crate ddx-core 0.2.2
[INFO] removed 0 missing tests
[INFO] finished tweaking crates.io crate ddx-core 0.2.2
[INFO] tweaked toml for crates.io crate ddx-core 0.2.2 written to /workspace/builds/worker-7-tc2/source/Cargo.toml
[INFO] validating manifest of crates.io crate ddx-core 0.2.2 on toolchain 1.100.0-beta.1
[INFO] running `Command { std: CARGO_HOME="/workspace/cargo-home" RUSTUP_HOME="/workspace/rustup-home" "/workspace/cargo-home/bin/cargo" "+1.100.0-beta.1" "metadata" "--manifest-path" "Cargo.toml" "--no-deps", kill_on_drop: false }`
[INFO] crate crates.io crate ddx-core 0.2.2 already has a lockfile, it will not be regenerated
[INFO] running `Command { std: CARGO_HOME="/workspace/cargo-home" RUSTUP_HOME="/workspace/rustup-home" "/workspace/cargo-home/bin/cargo" "+1.100.0-beta.1" "fetch" "--manifest-path" "Cargo.toml", kill_on_drop: false }`
[INFO] running `Command { std: "docker" "create" "-v" "/var/lib/crater-agent-workspace/builds/worker-7-tc2/source:/opt/rustwide/workdir:ro,Z" "-v" "/var/lib/crater-agent-workspace/builds/worker-7-tc2/target:/opt/rustwide/target:rw,Z" "-v" "/var/lib/crater-agent-workspace/cargo-home:/opt/rustwide/cargo-home:ro,Z" "-v" "/var/lib/crater-agent-workspace/rustup-home:/opt/rustwide/rustup-home:ro,Z" "-m" "1610612736" "--network" "none" "ghcr.io/rust-lang/crates-build-env/linux@sha256:77db811e55d90add9212f6832c23229e3de5f1c1f9905e8cb07319ea15df73ac" "sleep" "infinity", kill_on_drop: false }`
[INFO] [stdout] ecd5bff4b6c4b6a46acea74ba2d9729c1900bfe54c533f2d8ab46f7c1d99a085
[INFO] running `Command { std: "docker" "start" "ecd5bff4b6c4b6a46acea74ba2d9729c1900bfe54c533f2d8ab46f7c1d99a085", kill_on_drop: false }`
[INFO] running `Command { std: "docker" "inspect" "ecd5bff4b6c4b6a46acea74ba2d9729c1900bfe54c533f2d8ab46f7c1d99a085", kill_on_drop: false }`
[INFO] running `Command { std: "docker" "exec" "-e" "SOURCE_DIR=/opt/rustwide/workdir" "-e" "CARGO_HOME=/opt/rustwide/cargo-home" "-e" "RUSTUP_HOME=/opt/rustwide/rustup-home" "-e" "CARGO_TARGET_DIR=/opt/rustwide/target" "-w" "/opt/rustwide/workdir" "--user" "0:0" "ecd5bff4b6c4b6a46acea74ba2d9729c1900bfe54c533f2d8ab46f7c1d99a085" "/opt/rustwide/cargo-home/bin/cargo" "+1.100.0-beta.1" "metadata" "--no-deps" "--format-version=1", kill_on_drop: false }`
[INFO] running `Command { std: "docker" "inspect" "ecd5bff4b6c4b6a46acea74ba2d9729c1900bfe54c533f2d8ab46f7c1d99a085", kill_on_drop: false }`
[INFO] running `Command { std: "docker" "exec" "-e" "SOURCE_DIR=/opt/rustwide/workdir" "-e" "CARGO_HOME=/opt/rustwide/cargo-home" "-e" "RUSTUP_HOME=/opt/rustwide/rustup-home" "-e" "CARGO_TARGET_DIR=/opt/rustwide/target" "-e" "CARGO_INCREMENTAL=0" "-e" "RUST_BACKTRACE=full" "-e" "RUSTFLAGS=--cap-lints=warn" "-e" "RUSTDOCFLAGS=--cap-lints=warn" "-w" "/opt/rustwide/workdir" "--user" "0:0" "ecd5bff4b6c4b6a46acea74ba2d9729c1900bfe54c533f2d8ab46f7c1d99a085" "/opt/rustwide/cargo-home/bin/cargo" "+1.100.0-beta.1" "build" "--frozen" "--message-format=json" "--release", kill_on_drop: false }`
[INFO] [stderr]    Compiling object v0.37.3
[INFO] [stderr]    Compiling memchr v2.8.3
[INFO] [stderr]    Compiling cc v1.3.0
[INFO] [stderr]    Compiling syn v2.0.119
[INFO] [stderr]    Compiling stacker v0.1.24
[INFO] [stderr]    Compiling recursive-proc-macro-impl v0.1.1
[INFO] [stderr]    Compiling sqlparser_derive v0.5.0
[INFO] [stderr]    Compiling ar_archive_writer v0.5.2
[INFO] [stderr]    Compiling psm v0.1.31
[INFO] [stderr]    Compiling recursive v0.1.1
[INFO] [stderr]    Compiling sqlparser v0.62.0
[INFO] [stderr]    Compiling ddx-core v0.2.2 (/opt/rustwide/workdir)
[INFO] [stderr]     Finished `release` profile [optimized] target(s) in 1m 57s
[INFO] running `Command { std: "docker" "inspect" "ecd5bff4b6c4b6a46acea74ba2d9729c1900bfe54c533f2d8ab46f7c1d99a085", kill_on_drop: false }`
[INFO] running `Command { std: "docker" "exec" "-e" "SOURCE_DIR=/opt/rustwide/workdir" "-e" "CARGO_HOME=/opt/rustwide/cargo-home" "-e" "RUSTUP_HOME=/opt/rustwide/rustup-home" "-e" "CARGO_TARGET_DIR=/opt/rustwide/target" "-e" "CARGO_INCREMENTAL=0" "-e" "RUST_BACKTRACE=full" "-e" "RUSTFLAGS=--cap-lints=warn" "-e" "RUSTDOCFLAGS=--cap-lints=warn" "-w" "/opt/rustwide/workdir" "--user" "0:0" "ecd5bff4b6c4b6a46acea74ba2d9729c1900bfe54c533f2d8ab46f7c1d99a085" "/opt/rustwide/cargo-home/bin/cargo" "+1.100.0-beta.1" "test" "--frozen" "--no-run" "--message-format=json" "--release", kill_on_drop: false }`
[INFO] [stderr]    Compiling ddx-core v0.2.2 (/opt/rustwide/workdir)
[INFO] [stdout] error[E0432]: unresolved import `ddx_core::test_utils`
[INFO] [stdout]   --> tests/simulation.rs:57:15
[INFO] [stdout]    |
[INFO] [stdout] 57 | use ddx_core::test_utils::{
[INFO] [stdout]    |               ^^^^^^^^^^ could not find `test_utils` in `ddx_core`
[INFO] [stdout]    |
[INFO] [stdout] note: found an item that was configured out
[INFO] [stdout]   --> src/lib.rs:66:9
[INFO] [stdout]    |
[INFO] [stdout] 65 | #[cfg(feature = "test-utils")]
[INFO] [stdout]    |       ---------------------- the item is gated behind the `test-utils` feature
[INFO] [stdout] 66 | pub mod test_utils;
[INFO] [stdout]    |         ^^^^^^^^^^
[INFO] [stdout] 
[INFO] [stdout] 
[INFO] [stdout] error[E0432]: unresolved import `ddx_core::test_utils`
[INFO] [stdout]   --> tests/rules.rs:68:19
[INFO] [stdout]    |
[INFO] [stdout] 68 |     use ddx_core::test_utils::{eval, parse_expr};
[INFO] [stdout]    |                   ^^^^^^^^^^ could not find `test_utils` in `ddx_core`
[INFO] [stdout]    |
[INFO] [stdout] note: found an item that was configured out
[INFO] [stdout]   --> src/lib.rs:66:9
[INFO] [stdout]    |
[INFO] [stdout] 65 | #[cfg(feature = "test-utils")]
[INFO] [stdout]    |       ---------------------- the item is gated behind the `test-utils` feature
[INFO] [stdout] 66 | pub mod test_utils;
[INFO] [stdout]    |         ^^^^^^^^^^
[INFO] [stdout] 
[INFO] [stdout] 
[INFO] [stdout] error[E0432]: unresolved import `ddx_core::test_utils`
[INFO] [stdout]    --> tests/rules.rs:162:19
[INFO] [stdout]     |
[INFO] [stdout] 162 |     use ddx_core::test_utils::{eval, parse_expr};
[INFO] [stdout]     |                   ^^^^^^^^^^ could not find `test_utils` in `ddx_core`
[INFO] [stdout]     |
[INFO] [stdout] note: found an item that was configured out
[INFO] [stdout]    --> src/lib.rs:66:9
[INFO] [stdout]     |
[INFO] [stdout]  65 | #[cfg(feature = "test-utils")]
[INFO] [stdout]     |       ---------------------- the item is gated behind the `test-utils` feature
[INFO] [stdout]  66 | pub mod test_utils;
[INFO] [stdout]     |         ^^^^^^^^^^
[INFO] [stdout] 
[INFO] [stdout] 
[INFO] [stdout] For more information about this error, try `rustc --explain E0432`.
[INFO] [stdout] 
[INFO] [stderr] error: could not compile `ddx-core` (test "rules") due to 2 previous errors
[INFO] [stderr] warning: build failed, waiting for other jobs to finish...
[INFO] [stdout] error[E0277]: the size for values of type `str` cannot be known at compilation time
[INFO] [stdout]    --> tests/simulation.rs:324:104
[INFO] [stdout]     |
[INFO] [stdout] 324 |                 "[splice] expected an error (a marker derivative is undefined) but got Ok:\n  input  = {input}\n  output = {o}"
[INFO] [stdout]     |                                                                                                        ^^^^^^^ doesn't have a size known at compile-time
[INFO] [stdout]     |
[INFO] [stdout]     = help: the trait `Sized` is not implemented for `str`
[INFO] [stdout] 
[INFO] [stdout] 
[INFO] [stdout] error[E0277]: the size for values of type `str` cannot be known at compilation time
[INFO] [stdout]    --> tests/simulation.rs:331:66
[INFO] [stdout]     |
[INFO] [stdout] 331 |             "[splice] rewrite_sql splice mismatch:\n  input    = {input}\n  expected = {expected}\n  actual   = {o}"
[INFO] [stdout]     |                                                                  ^^^^^^^ doesn't have a size known at compile-time
[INFO] [stdout]     |
[INFO] [stdout]     = help: the trait `Sized` is not implemented for `str`
[INFO] [stdout] 
[INFO] [stdout] 
[INFO] [stdout] error[E0277]: the size for values of type `str` cannot be known at compilation time
[INFO] [stdout]    --> tests/simulation.rs:334:83
[INFO] [stdout]     |
[INFO] [stdout] 334 |             "[splice] rewrite_sql errored on a valid marker statement:\n  input = {input}\n  error = {e}"
[INFO] [stdout]     |                                                                                   ^^^^^^^ doesn't have a size known at compile-time
[INFO] [stdout]     |
[INFO] [stdout]     = help: the trait `Sized` is not implemented for `str`
[INFO] [stdout] 
[INFO] [stdout] 
[INFO] [stdout] error[E0277]: the size for values of type `str` cannot be known at compilation time
[INFO] [stdout]    --> tests/simulation.rs:369:89
[INFO] [stdout]     |
[INFO] [stdout] 369 |                 "[validity] rewrite_sql errored on a valid marker statement:\n  input = {input}\n  error = {e}"
[INFO] [stdout]     |                                                                                         ^^^^^^^ doesn't have a size known at compile-time
[INFO] [stdout]     |
[INFO] [stdout]     = help: the trait `Sized` is not implemented for `str`
[INFO] [stdout] 
[INFO] [stdout] 
[INFO] [stdout] error[E0277]: the size for values of type `str` cannot be known at compilation time
[INFO] [stdout]    --> tests/simulation.rs:375:74
[INFO] [stdout]     |
[INFO] [stdout] 375 |             "[validity] rewrite_sql emitted unparseable SQL:\n  input  = {input}\n  output = {out}\n  parse error = {e}"
[INFO] [stdout]     |                                                                          ^^^^^^^ doesn't have a size known at compile-time
[INFO] [stdout]     |
[INFO] [stdout]     = help: the trait `Sized` is not implemented for `str`
[INFO] [stdout] 
[INFO] [stdout] 
[INFO] [stdout] error[E0277]: the size for values of type `str` cannot be known at compilation time
[INFO] [stdout]    --> tests/simulation.rs:378:82
[INFO] [stdout]     |
[INFO] [stdout] 378 |             "[validity] rewrite_sql left a residual grad/jvp marker:\n  input  = {input}\n  output = {out}"
[INFO] [stdout]     |                                                                                  ^^^^^^^ doesn't have a size known at compile-time
[INFO] [stdout]     |
[INFO] [stdout]     = help: the trait `Sized` is not implemented for `str`
[INFO] [stdout] 
[INFO] [stdout] 
[INFO] [stdout] error[E0277]: the size for values of type `str` cannot be known at compilation time
[INFO] [stdout]    --> tests/simulation.rs:395:70
[INFO] [stdout]     |
[INFO] [stdout] 395 |             "[idempotence] rewrite_sql is not idempotent:\n  input = {input}\n  once  = {once}\n  twice = {twice}"
[INFO] [stdout]     |                                                                      ^^^^^^^ doesn't have a size known at compile-time
[INFO] [stdout]     |
[INFO] [stdout]     = help: the trait `Sized` is not implemented for `str`
[INFO] [stdout] 
[INFO] [stdout] 
[INFO] [stdout] error[E0277]: the size for values of type `str` cannot be known at compilation time
[INFO] [stdout]    --> tests/simulation.rs:398:78
[INFO] [stdout]     |
[INFO] [stdout] 398 |             "[idempotence] rewrite_sql errored on its own output:\n  input = {input}\n  once  = {once}\n  error = {e}"
[INFO] [stdout]     |                                                                              ^^^^^^^ doesn't have a size known at compile-time
[INFO] [stdout]     |
[INFO] [stdout]     = help: the trait `Sized` is not implemented for `str`
[INFO] [stdout] 
[INFO] [stdout] 
[INFO] [stdout] Some errors have detailed explanations: E0277, E0432.
[INFO] [stdout] 
[INFO] [stdout] For more information about an error, try `rustc --explain E0277`.
[INFO] [stdout] 
[INFO] [stderr] error: could not compile `ddx-core` (test "simulation") due to 9 previous errors
[INFO] running `Command { std: "docker" "inspect" "ecd5bff4b6c4b6a46acea74ba2d9729c1900bfe54c533f2d8ab46f7c1d99a085", kill_on_drop: false }`
[INFO] running `Command { std: "docker" "rm" "-f" "ecd5bff4b6c4b6a46acea74ba2d9729c1900bfe54c533f2d8ab46f7c1d99a085", kill_on_drop: false }`
[INFO] [stdout] ecd5bff4b6c4b6a46acea74ba2d9729c1900bfe54c533f2d8ab46f7c1d99a085
