[INFO] fetching crate ddk-manager 2.0.0-rc.8...
[INFO] testing ddk-manager-2.0.0-rc.8 against 1.99.0-beta.8+cargoflags=--release for beta-release-1.100-2
[INFO] extracting crate ddk-manager 2.0.0-rc.8 into /workspace/builds/worker-5-tc1/source
[INFO] started tweaking crates.io crate ddk-manager 2.0.0-rc.8
[INFO] removed 0 missing tests
[INFO] finished tweaking crates.io crate ddk-manager 2.0.0-rc.8
[INFO] tweaked toml for crates.io crate ddk-manager 2.0.0-rc.8 written to /workspace/builds/worker-5-tc1/source/Cargo.toml
[INFO] validating manifest of crates.io crate ddk-manager 2.0.0-rc.8 on toolchain 1.99.0-beta.8
[INFO] running `Command { std: CARGO_HOME="/workspace/cargo-home" RUSTUP_HOME="/workspace/rustup-home" "/workspace/cargo-home/bin/cargo" "+1.99.0-beta.8" "metadata" "--manifest-path" "Cargo.toml" "--no-deps", kill_on_drop: false }`
[INFO] crate crates.io crate ddk-manager 2.0.0-rc.8 already has a lockfile, it will not be regenerated
[INFO] running `Command { std: CARGO_HOME="/workspace/cargo-home" RUSTUP_HOME="/workspace/rustup-home" "/workspace/cargo-home/bin/cargo" "+1.99.0-beta.8" "fetch" "--manifest-path" "Cargo.toml", kill_on_drop: false }`
[INFO] [stderr]     Updating crates.io index
[INFO] [stderr]     Blocking waiting for file lock on package cache
[INFO] [stderr]  Downloading crates ...
[INFO] [stderr]   Downloaded bitcoin-io v0.1.101
[INFO] [stderr]   Downloaded bitcoin_hashes v0.14.101
[INFO] [stderr]   Downloaded secp256k1-zkp v0.11.0
[INFO] [stderr]   Downloaded arrayvec v0.7.7
[INFO] [stderr]   Downloaded base58ck v0.1.101
[INFO] [stderr]   Downloaded bitcoin-consensus-encoding v1.0.0
[INFO] [stderr]   Downloaded bitcoin-private v0.1.0
[INFO] [stderr]   Downloaded possiblyrandom v0.2.1
[INFO] [stderr]   Downloaded bitcoin-units v0.1.101
[INFO] [stderr]   Downloaded lightning-macros v0.2.1
[INFO] [stderr]   Downloaded ddk-dlc v2.0.0-rc.8
[INFO] [stderr]   Downloaded hex-conservative v0.3.2
[INFO] [stderr]   Downloaded bitcoin-internals v0.5.0
[INFO] [stderr]   Downloaded ddk-trie v2.0.0-rc.8
[INFO] [stderr]   Downloaded lightning-types v0.3.2
[INFO] [stderr]   Downloaded lightning-invoice v0.34.1
[INFO] [stderr]   Downloaded bitcoin v0.32.101
[INFO] [stderr]   Downloaded miniscript v12.3.7
[INFO] [stderr]   Downloaded ddk-messages v2.0.0-rc.8
[INFO] [stderr]   Downloaded dnssec-prover v0.6.8
[INFO] [stderr]   Downloaded lightning v0.2.3
[INFO] [stderr]   Downloaded secp256k1-zkp-sys v0.10.1
[INFO] running `Command { std: "docker" "create" "-v" "/var/lib/crater-agent-workspace/builds/worker-5-tc1/source:/opt/rustwide/workdir:ro,Z" "-v" "/var/lib/crater-agent-workspace/builds/worker-5-tc1/target:/opt/rustwide/target:rw,Z" "-v" "/var/lib/crater-agent-workspace/cargo-home:/opt/rustwide/cargo-home:ro,Z" "-v" "/var/lib/crater-agent-workspace/rustup-home:/opt/rustwide/rustup-home:ro,Z" "-m" "1610612736" "--network" "none" "ghcr.io/rust-lang/crates-build-env/linux@sha256:77db811e55d90add9212f6832c23229e3de5f1c1f9905e8cb07319ea15df73ac" "sleep" "infinity", kill_on_drop: false }`
[INFO] [stdout] 55005cb125aab45631567396ce982d84ac345512ff715fe70982a292e8a078aa
[INFO] running `Command { std: "docker" "start" "55005cb125aab45631567396ce982d84ac345512ff715fe70982a292e8a078aa", kill_on_drop: false }`
[INFO] running `Command { std: "docker" "inspect" "55005cb125aab45631567396ce982d84ac345512ff715fe70982a292e8a078aa", kill_on_drop: false }`
[INFO] running `Command { std: "docker" "exec" "-e" "SOURCE_DIR=/opt/rustwide/workdir" "-e" "CARGO_HOME=/opt/rustwide/cargo-home" "-e" "RUSTUP_HOME=/opt/rustwide/rustup-home" "-e" "CARGO_TARGET_DIR=/opt/rustwide/target" "-w" "/opt/rustwide/workdir" "--user" "0:0" "55005cb125aab45631567396ce982d84ac345512ff715fe70982a292e8a078aa" "/opt/rustwide/cargo-home/bin/cargo" "+1.99.0-beta.8" "metadata" "--no-deps" "--format-version=1", kill_on_drop: false }`
[INFO] running `Command { std: "docker" "inspect" "55005cb125aab45631567396ce982d84ac345512ff715fe70982a292e8a078aa", kill_on_drop: false }`
[INFO] running `Command { std: "docker" "exec" "-e" "SOURCE_DIR=/opt/rustwide/workdir" "-e" "CARGO_HOME=/opt/rustwide/cargo-home" "-e" "RUSTUP_HOME=/opt/rustwide/rustup-home" "-e" "CARGO_TARGET_DIR=/opt/rustwide/target" "-e" "CARGO_INCREMENTAL=0" "-e" "RUST_BACKTRACE=full" "-e" "RUSTFLAGS=--cap-lints=warn" "-e" "RUSTDOCFLAGS=--cap-lints=warn" "-w" "/opt/rustwide/workdir" "--user" "0:0" "55005cb125aab45631567396ce982d84ac345512ff715fe70982a292e8a078aa" "/opt/rustwide/cargo-home/bin/cargo" "+1.99.0-beta.8" "build" "--frozen" "--message-format=json" "--release", kill_on_drop: false }`
[INFO] [stderr]    Compiling libc v0.2.186
[INFO] [stderr]    Compiling serde_core v1.0.228
[INFO] [stderr]    Compiling serde v1.0.228
[INFO] [stderr]    Compiling bitcoin-io v0.1.101
[INFO] [stderr]    Compiling arrayvec v0.7.7
[INFO] [stderr]    Compiling hex_lit v0.1.1
[INFO] [stderr]    Compiling bitcoin v0.32.101
[INFO] [stderr]    Compiling bech32 v0.11.1
[INFO] [stderr]    Compiling bitcoin-private v0.1.0
[INFO] [stderr]    Compiling cc v1.2.65
[INFO] [stderr]    Compiling futures-core v0.3.32
[INFO] [stderr]    Compiling futures-sink v0.3.32
[INFO] [stderr]    Compiling futures-io v0.3.32
[INFO] [stderr]    Compiling lightning-macros v0.2.1
[INFO] [stderr]    Compiling hashbrown v0.13.2
[INFO] [stderr]    Compiling dnssec-prover v0.6.8
[INFO] [stderr]    Compiling futures-channel v0.3.32
[INFO] [stderr]    Compiling tracing v0.1.44
[INFO] [stderr]    Compiling futures-util v0.3.32
[INFO] [stderr]    Compiling tokio v1.52.3
[INFO] [stderr]    Compiling hex-conservative v0.1.2
[INFO] [stderr]    Compiling hex-conservative v0.2.2
[INFO] [stderr]    Compiling getrandom v0.2.17
[INFO] [stderr]    Compiling secp256k1-sys v0.10.1
[INFO] [stderr]    Compiling secp256k1-zkp-sys v0.10.1
[INFO] [stderr]    Compiling rand_core v0.6.4
[INFO] [stderr]    Compiling possiblyrandom v0.2.1
[INFO] [stderr]    Compiling rand_chacha v0.3.1
[INFO] [stderr]    Compiling rand v0.8.6
[INFO] [stderr]    Compiling futures-executor v0.3.32
[INFO] [stderr]    Compiling futures v0.3.32
[INFO] [stderr]    Compiling bitcoin_hashes v0.14.101
[INFO] [stderr]    Compiling bitcoin-units v0.1.101
[INFO] [stderr]    Compiling base58ck v0.1.101
[INFO] [stderr]    Compiling secp256k1 v0.29.1
[INFO] [stderr]    Compiling lightning-types v0.3.2
[INFO] [stderr]    Compiling miniscript v12.3.7
[INFO] [stderr]    Compiling lightning-invoice v0.34.1
[INFO] [stderr]    Compiling secp256k1-zkp v0.11.0
[INFO] [stderr]    Compiling lightning v0.2.3
[INFO] [stderr]    Compiling ddk-dlc v2.0.0-rc.8
[INFO] [stderr]    Compiling ddk-trie v2.0.0-rc.8
[INFO] [stderr]    Compiling ddk-messages v2.0.0-rc.8
[INFO] [stderr]    Compiling ddk-manager v2.0.0-rc.8 (/opt/rustwide/workdir)
[INFO] [stdout] warning: trailing semicolon in macro used in expression position
[INFO] [stdout]    --> src/manager.rs:810:17
[INFO] [stdout]     |
[INFO] [stdout] 810 | /                 log_error!(
[INFO] [stdout] 811 | |                     self.logger,
[INFO] [stdout] 812 | |                     "Error checking signed contract. contract_id={} error={}",
[INFO] [stdout] 813 | |                     c.accepted_contract.get_contract_id_string(),
[INFO] [stdout] 814 | |                     e.to_string()
[INFO] [stdout] 815 | |                 )
[INFO] [stdout]     | |_________________^
[INFO] [stdout]     |
[INFO] [stdout]     = note: macro invocations at the end of a block are treated as expressions
[INFO] [stdout]     = note: to ignore the value produced by the macro, add a semicolon after the invocation of `log_error`
[INFO] [stdout]     = warning: this was previously accepted by the compiler but is being phased out; it will become a hard error in a future release!
[INFO] [stdout]     = note: for more information, see issue #79813 <https://github.com/rust-lang/rust/issues/79813>
[INFO] [stdout]     = note: `#[warn(semicolon_in_expressions_from_non_local_macros)]` (part of `#[warn(future_incompatible)]`) on by default
[INFO] [stdout]     = note: this warning originates in the macro `log_error` (in Nightly builds, run with -Z macro-backtrace for more info)
[INFO] [stdout] 
[INFO] [stdout] 
[INFO] [stdout] warning: trailing semicolon in macro used in expression position
[INFO] [stdout]    --> src/manager.rs:873:17
[INFO] [stdout]     |
[INFO] [stdout] 873 | /                 log_error!(
[INFO] [stdout] 874 | |                     self.logger,
[INFO] [stdout] 875 | |                     "Error checking confirmed contract. contract_id={} error={}",
[INFO] [stdout] 876 | |                     c.accepted_contract.get_contract_id_string(),
[INFO] [stdout] 877 | |                     e.to_string()
[INFO] [stdout] 878 | |                 )
[INFO] [stdout]     | |_________________^
[INFO] [stdout]     |
[INFO] [stdout]     = note: macro invocations at the end of a block are treated as expressions
[INFO] [stdout]     = note: to ignore the value produced by the macro, add a semicolon after the invocation of `log_error`
[INFO] [stdout]     = warning: this was previously accepted by the compiler but is being phased out; it will become a hard error in a future release!
[INFO] [stdout]     = note: for more information, see issue #79813 <https://github.com/rust-lang/rust/issues/79813>
[INFO] [stdout]     = note: this warning originates in the macro `log_error` (in Nightly builds, run with -Z macro-backtrace for more info)
[INFO] [stdout] 
[INFO] [stdout] 
[INFO] [stdout] warning: trailing semicolon in macro used in expression position
[INFO] [stdout]     --> src/manager.rs:1232:17
[INFO] [stdout]      |
[INFO] [stdout] 1232 | /                 log_error!(
[INFO] [stdout] 1233 | |                     self.logger,
[INFO] [stdout] 1234 | |                     "Error checking pre-closed contract. contract_id={} error={}",
[INFO] [stdout] 1235 | |                     c.signed_contract.accepted_contract.get_contract_id_string(),
[INFO] [stdout] 1236 | |                     e
[INFO] [stdout] 1237 | |                 )
[INFO] [stdout]      | |_________________^
[INFO] [stdout]      |
[INFO] [stdout]      = note: macro invocations at the end of a block are treated as expressions
[INFO] [stdout]      = note: to ignore the value produced by the macro, add a semicolon after the invocation of `log_error`
[INFO] [stdout]      = warning: this was previously accepted by the compiler but is being phased out; it will become a hard error in a future release!
[INFO] [stdout]      = note: for more information, see issue #79813 <https://github.com/rust-lang/rust/issues/79813>
[INFO] [stdout]      = note: this warning originates in the macro `log_error` (in Nightly builds, run with -Z macro-backtrace for more info)
[INFO] [stdout] 
[INFO] [stdout] 
[INFO] [stderr]     Finished `release` profile [optimized] target(s) in 1m 48s
[INFO] running `Command { std: "docker" "inspect" "55005cb125aab45631567396ce982d84ac345512ff715fe70982a292e8a078aa", kill_on_drop: false }`
[INFO] running `Command { std: "docker" "exec" "-e" "SOURCE_DIR=/opt/rustwide/workdir" "-e" "CARGO_HOME=/opt/rustwide/cargo-home" "-e" "RUSTUP_HOME=/opt/rustwide/rustup-home" "-e" "CARGO_TARGET_DIR=/opt/rustwide/target" "-e" "CARGO_INCREMENTAL=0" "-e" "RUST_BACKTRACE=full" "-e" "RUSTFLAGS=--cap-lints=warn" "-e" "RUSTDOCFLAGS=--cap-lints=warn" "-w" "/opt/rustwide/workdir" "--user" "0:0" "55005cb125aab45631567396ce982d84ac345512ff715fe70982a292e8a078aa" "/opt/rustwide/cargo-home/bin/cargo" "+1.99.0-beta.8" "test" "--frozen" "--no-run" "--message-format=json" "--release", kill_on_drop: false }`
[INFO] [stdout] warning: trailing semicolon in macro used in expression position
[INFO] [stdout]    --> src/manager.rs:810:17
[INFO] [stdout]     |
[INFO] [stdout] 810 | /                 log_error!(
[INFO] [stdout] 811 | |                     self.logger,
[INFO] [stdout] 812 | |                     "Error checking signed contract. contract_id={} error={}",
[INFO] [stdout] 813 | |                     c.accepted_contract.get_contract_id_string(),
[INFO] [stdout] 814 | |                     e.to_string()
[INFO] [stdout] 815 | |                 )
[INFO] [stdout]     | |_________________^
[INFO] [stdout]     |
[INFO] [stdout]     = note: macro invocations at the end of a block are treated as expressions
[INFO] [stdout]     = note: to ignore the value produced by the macro, add a semicolon after the invocation of `log_error`
[INFO] [stdout]     = warning: this was previously accepted by the compiler but is being phased out; it will become a hard error in a future release!
[INFO] [stdout]     = note: for more information, see issue #79813 <https://github.com/rust-lang/rust/issues/79813>
[INFO] [stdout]     = note: `#[warn(semicolon_in_expressions_from_non_local_macros)]` (part of `#[warn(future_incompatible)]`) on by default
[INFO] [stdout]     = note: this warning originates in the macro `log_error` (in Nightly builds, run with -Z macro-backtrace for more info)
[INFO] [stdout] 
[INFO] [stdout] 
[INFO] [stdout] warning: trailing semicolon in macro used in expression position
[INFO] [stdout]    --> src/manager.rs:873:17
[INFO] [stdout]     |
[INFO] [stdout] 873 | /                 log_error!(
[INFO] [stdout] 874 | |                     self.logger,
[INFO] [stdout] 875 | |                     "Error checking confirmed contract. contract_id={} error={}",
[INFO] [stdout] 876 | |                     c.accepted_contract.get_contract_id_string(),
[INFO] [stdout] 877 | |                     e.to_string()
[INFO] [stdout] 878 | |                 )
[INFO] [stdout]     | |_________________^
[INFO] [stdout]     |
[INFO] [stdout]     = note: macro invocations at the end of a block are treated as expressions
[INFO] [stdout]     = note: to ignore the value produced by the macro, add a semicolon after the invocation of `log_error`
[INFO] [stdout]     = warning: this was previously accepted by the compiler but is being phased out; it will become a hard error in a future release!
[INFO] [stdout]     = note: for more information, see issue #79813 <https://github.com/rust-lang/rust/issues/79813>
[INFO] [stdout]     = note: this warning originates in the macro `log_error` (in Nightly builds, run with -Z macro-backtrace for more info)
[INFO] [stdout] 
[INFO] [stdout] 
[INFO] [stdout] warning: trailing semicolon in macro used in expression position
[INFO] [stdout]     --> src/manager.rs:1232:17
[INFO] [stdout]      |
[INFO] [stdout] 1232 | /                 log_error!(
[INFO] [stdout] 1233 | |                     self.logger,
[INFO] [stdout] 1234 | |                     "Error checking pre-closed contract. contract_id={} error={}",
[INFO] [stdout] 1235 | |                     c.signed_contract.accepted_contract.get_contract_id_string(),
[INFO] [stdout] 1236 | |                     e
[INFO] [stdout] 1237 | |                 )
[INFO] [stdout]      | |_________________^
[INFO] [stdout]      |
[INFO] [stdout]      = note: macro invocations at the end of a block are treated as expressions
[INFO] [stdout]      = note: to ignore the value produced by the macro, add a semicolon after the invocation of `log_error`
[INFO] [stdout]      = warning: this was previously accepted by the compiler but is being phased out; it will become a hard error in a future release!
[INFO] [stdout]      = note: for more information, see issue #79813 <https://github.com/rust-lang/rust/issues/79813>
[INFO] [stdout]      = note: this warning originates in the macro `log_error` (in Nightly builds, run with -Z macro-backtrace for more info)
[INFO] [stdout] 
[INFO] [stdout] 
[INFO] [stderr]    Compiling ddk-manager v2.0.0-rc.8 (/opt/rustwide/workdir)
[INFO] [stdout] error[E0432]: unresolved import `bitcoincore_rpc`
[INFO] [stdout]  --> tests/test_utils.rs:7:5
[INFO] [stdout]   |
[INFO] [stdout] 7 | use bitcoincore_rpc::{Client, RpcApi};
[INFO] [stdout]   |     ^^^^^^^^^^^^^^^ use of unresolved module or unlinked crate `bitcoincore_rpc`
[INFO] [stdout]   |
[INFO] [stdout]   = help: if you wanted to use a crate named `bitcoincore_rpc`, use `cargo add bitcoincore_rpc` to add it to your `Cargo.toml`
[INFO] [stdout] 
[INFO] [stdout] 
[INFO] [stdout] error[E0433]: cannot find module or crate `ddk` in this scope
[INFO] [stdout]  --> tests/test_utils.rs:9:5
[INFO] [stdout]   |
[INFO] [stdout] 9 | use ddk::{chain::EsploraClient, logger::Logger, wallet::DlcDevKitWallet};
[INFO] [stdout]   |     ^^^ use of unresolved module or unlinked crate `ddk`
[INFO] [stdout]   |
[INFO] [stdout]   = help: if you wanted to use a crate named `ddk`, use `cargo add ddk` to add it to your `Cargo.toml`
[INFO] [stdout] 
[INFO] [stdout] 
[INFO] [stdout] error[E0433]: cannot find module or crate `ddk` in this scope
[INFO] [stdout]   --> tests/test_utils.rs:10:5
[INFO] [stdout]    |
[INFO] [stdout] 10 | use ddk::{oracle::memory::MemoryOracle, storage::memory::MemoryStorage};
[INFO] [stdout]    |     ^^^ use of unresolved module or unlinked crate `ddk`
[INFO] [stdout]    |
[INFO] [stdout]    = help: if you wanted to use a crate named `ddk`, use `cargo add ddk` to add it to your `Cargo.toml`
[INFO] [stdout] 
[INFO] [stdout] 
[INFO] [stdout] error[E0433]: cannot find module or crate `ddk_testenv` in this scope
[INFO] [stdout]   --> tests/test_utils.rs:23:5
[INFO] [stdout]    |
[INFO] [stdout] 23 | use ddk_testenv::dlc::{self, ContractLeg};
[INFO] [stdout]    |     ^^^^^^^^^^^ use of unresolved module or unlinked crate `ddk_testenv`
[INFO] [stdout]    |
[INFO] [stdout]    = help: if you wanted to use a crate named `ddk_testenv`, use `cargo add ddk_testenv` to add it to your `Cargo.toml`
[INFO] [stdout] 
[INFO] [stdout] 
[INFO] [stdout] error[E0432]: unresolved import `bitcoincore_rpc_json`
[INFO] [stdout]  --> tests/test_utils.rs:8:5
[INFO] [stdout]   |
[INFO] [stdout] 8 | use bitcoincore_rpc_json::AddressType;
[INFO] [stdout]   |     ^^^^^^^^^^^^^^^^^^^^ use of unresolved module or unlinked crate `bitcoincore_rpc_json`
[INFO] [stdout]   |
[INFO] [stdout]   = help: if you wanted to use a crate named `bitcoincore_rpc_json`, use `cargo add bitcoincore_rpc_json` to add it to your `Cargo.toml`
[INFO] [stdout] 
[INFO] [stdout] 
[INFO] [stdout] error[E0433]: cannot find module or crate `ddk_testenv` in this scope
[INFO] [stdout]   --> tests/test_utils.rs:36:9
[INFO] [stdout]    |
[INFO] [stdout] 36 | pub use ddk_testenv::dlc::{
[INFO] [stdout]    |         ^^^^^^^^^^^ use of unresolved module or unlinked crate `ddk_testenv`
[INFO] [stdout]    |
[INFO] [stdout]    = help: if you wanted to use a crate named `ddk_testenv`, use `cargo add ddk_testenv` to add it to your `Cargo.toml`
[INFO] [stdout] 
[INFO] [stdout] 
[INFO] [stdout] error[E0433]: cannot find module or crate `ddk` in this scope
[INFO] [stdout]  --> tests/manager_tests.rs:6:5
[INFO] [stdout]   |
[INFO] [stdout] 6 | use ddk::oracle::memory::MemoryOracle;
[INFO] [stdout]   |     ^^^ use of unresolved module or unlinked crate `ddk`
[INFO] [stdout]   |
[INFO] [stdout]   = help: if you wanted to use a crate named `ddk`, use `cargo add ddk` to add it to your `Cargo.toml`
[INFO] [stdout] 
[INFO] [stdout] 
[INFO] [stdout] error[E0433]: cannot find module or crate `ddk` in this scope
[INFO] [stdout]  --> tests/manager_tests.rs:7:5
[INFO] [stdout]   |
[INFO] [stdout] 7 | use ddk::storage::memory::MemoryStorage;
[INFO] [stdout]   |     ^^^ use of unresolved module or unlinked crate `ddk`
[INFO] [stdout]   |
[INFO] [stdout]   = help: if you wanted to use a crate named `ddk`, use `cargo add ddk` to add it to your `Cargo.toml`
[INFO] [stdout] 
[INFO] [stdout] 
[INFO] [stdout] error[E0433]: cannot find module or crate `ddk` in this scope
[INFO] [stdout]  --> tests/manager_tests.rs:8:5
[INFO] [stdout]   |
[INFO] [stdout] 8 | use ddk::wallet::DlcDevKitWallet;
[INFO] [stdout]   |     ^^^ use of unresolved module or unlinked crate `ddk`
[INFO] [stdout]   |
[INFO] [stdout]   = help: if you wanted to use a crate named `ddk`, use `cargo add ddk` to add it to your `Cargo.toml`
[INFO] [stdout] 
[INFO] [stdout] 
[INFO] [stdout] error[E0433]: cannot find module or crate `ddk` in this scope
[INFO] [stdout]  --> tests/manager_tests.rs:9:5
[INFO] [stdout]   |
[INFO] [stdout] 9 | use ddk::{chain::EsploraClient, logger::Logger};
[INFO] [stdout]   |     ^^^ use of unresolved module or unlinked crate `ddk`
[INFO] [stdout]   |
[INFO] [stdout]   = help: if you wanted to use a crate named `ddk`, use `cargo add ddk` to add it to your `Cargo.toml`
[INFO] [stdout] 
[INFO] [stdout] 
[INFO] [stdout] error[E0433]: cannot find module or crate `ddk_testenv` in this scope
[INFO] [stdout]   --> tests/manager_tests.rs:12:5
[INFO] [stdout]    |
[INFO] [stdout] 12 | use ddk_testenv::dlc::{announce_enum_event, contract_input, enum_descriptor, ContractLeg};
[INFO] [stdout]    |     ^^^^^^^^^^^ use of unresolved module or unlinked crate `ddk_testenv`
[INFO] [stdout]    |
[INFO] [stdout]    = help: if you wanted to use a crate named `ddk_testenv`, use `cargo add ddk_testenv` to add it to your `Cargo.toml`
[INFO] [stdout] 
[INFO] [stdout] 
[INFO] [stdout] error[E0432]: unresolved import `ddk_testenv`
[INFO] [stdout]   --> tests/test_utils.rs:24:5
[INFO] [stdout]    |
[INFO] [stdout] 24 | use ddk_testenv::TestEnv;
[INFO] [stdout]    |     ^^^^^^^^^^^ use of unresolved module or unlinked crate `ddk_testenv`
[INFO] [stdout]    |
[INFO] [stdout]    = help: if you wanted to use a crate named `ddk_testenv`, use `cargo add ddk_testenv` to add it to your `Cargo.toml`
[INFO] [stdout] 
[INFO] [stdout] 
[INFO] [stdout] error[E0433]: cannot find `test` in `tokio`
[INFO] [stdout]   --> tests/manager_tests.rs:85:10
[INFO] [stdout]    |
[INFO] [stdout] 85 | #[tokio::test]
[INFO] [stdout]    |          ^^^^ could not find `test` in `tokio`
[INFO] [stdout] 
[INFO] [stdout] 
[INFO] [stdout] error[E0433]: cannot find `test` in `tokio`
[INFO] [stdout]    --> tests/manager_tests.rs:108:10
[INFO] [stdout]     |
[INFO] [stdout] 108 | #[tokio::test]
[INFO] [stdout]     |          ^^^^ could not find `test` in `tokio`
[INFO] [stdout] 
[INFO] [stdout] 
[INFO] [stdout] error[E0433]: cannot find `test` in `tokio`
[INFO] [stdout]    --> tests/manager_tests.rs:130:10
[INFO] [stdout]     |
[INFO] [stdout] 130 | #[tokio::test]
[INFO] [stdout]     |          ^^^^ could not find `test` in `tokio`
[INFO] [stdout] 
[INFO] [stdout] 
[INFO] [stdout] error[E0433]: cannot find `test` in `tokio`
[INFO] [stdout]    --> tests/manager_tests.rs:152:10
[INFO] [stdout]     |
[INFO] [stdout] 152 | #[tokio::test]
[INFO] [stdout]     |          ^^^^ could not find `test` in `tokio`
[INFO] [stdout] 
[INFO] [stdout] 
[INFO] [stdout] error[E0433]: cannot find `test` in `tokio`
[INFO] [stdout]    --> tests/manager_tests.rs:180:10
[INFO] [stdout]     |
[INFO] [stdout] 180 | #[tokio::test]
[INFO] [stdout]     |          ^^^^ could not find `test` in `tokio`
[INFO] [stdout] 
[INFO] [stdout] 
[INFO] [stdout] error[E0432]: unresolved import `bitcoincore_rpc`
[INFO] [stdout]  --> tests/test_utils.rs:7:5
[INFO] [stdout]   |
[INFO] [stdout] 7 | use bitcoincore_rpc::{Client, RpcApi};
[INFO] [stdout]   |     ^^^^^^^^^^^^^^^ use of unresolved module or unlinked crate `bitcoincore_rpc`
[INFO] [stdout]   |
[INFO] [stdout]   = help: if you wanted to use a crate named `bitcoincore_rpc`, use `cargo add bitcoincore_rpc` to add it to your `Cargo.toml`
[INFO] [stdout] 
[INFO] [stdout] 
[INFO] [stdout] error[E0433]: cannot find module or crate `ddk` in this scope
[INFO] [stdout]  --> tests/test_utils.rs:9:5
[INFO] [stdout]   |
[INFO] [stdout] 9 | use ddk::{chain::EsploraClient, logger::Logger, wallet::DlcDevKitWallet};
[INFO] [stdout]   |     ^^^ use of unresolved module or unlinked crate `ddk`
[INFO] [stdout]   |
[INFO] [stdout]   = help: if you wanted to use a crate named `ddk`, use `cargo add ddk` to add it to your `Cargo.toml`
[INFO] [stdout] 
[INFO] [stdout] 
[INFO] [stdout] error[E0433]: cannot find module or crate `ddk` in this scope
[INFO] [stdout]   --> tests/test_utils.rs:10:5
[INFO] [stdout]    |
[INFO] [stdout] 10 | use ddk::{oracle::memory::MemoryOracle, storage::memory::MemoryStorage};
[INFO] [stdout]    |     ^^^ use of unresolved module or unlinked crate `ddk`
[INFO] [stdout]    |
[INFO] [stdout]    = help: if you wanted to use a crate named `ddk`, use `cargo add ddk` to add it to your `Cargo.toml`
[INFO] [stdout] 
[INFO] [stdout] 
[INFO] [stdout] error[E0433]: cannot find module or crate `ddk_testenv` in this scope
[INFO] [stdout]   --> tests/test_utils.rs:23:5
[INFO] [stdout]    |
[INFO] [stdout] 23 | use ddk_testenv::dlc::{self, ContractLeg};
[INFO] [stdout]    |     ^^^^^^^^^^^ use of unresolved module or unlinked crate `ddk_testenv`
[INFO] [stdout]    |
[INFO] [stdout]    = help: if you wanted to use a crate named `ddk_testenv`, use `cargo add ddk_testenv` to add it to your `Cargo.toml`
[INFO] [stdout] 
[INFO] [stdout] 
[INFO] [stdout] error[E0432]: unresolved import `bitcoincore_rpc_json`
[INFO] [stdout]  --> tests/test_utils.rs:8:5
[INFO] [stdout]   |
[INFO] [stdout] 8 | use bitcoincore_rpc_json::AddressType;
[INFO] [stdout]   |     ^^^^^^^^^^^^^^^^^^^^ use of unresolved module or unlinked crate `bitcoincore_rpc_json`
[INFO] [stdout]   |
[INFO] [stdout]   = help: if you wanted to use a crate named `bitcoincore_rpc_json`, use `cargo add bitcoincore_rpc_json` to add it to your `Cargo.toml`
[INFO] [stdout] 
[INFO] [stdout] 
[INFO] [stdout] error[E0433]: cannot find module or crate `ddk_testenv` in this scope
[INFO] [stdout]   --> tests/test_utils.rs:36:9
[INFO] [stdout]    |
[INFO] [stdout] 36 | pub use ddk_testenv::dlc::{
[INFO] [stdout]    |         ^^^^^^^^^^^ use of unresolved module or unlinked crate `ddk_testenv`
[INFO] [stdout]    |
[INFO] [stdout]    = help: if you wanted to use a crate named `ddk_testenv`, use `cargo add ddk_testenv` to add it to your `Cargo.toml`
[INFO] [stdout] 
[INFO] [stdout] 
[INFO] [stdout] error[E0432]: unresolved import `ddk_testenv`
[INFO] [stdout]   --> tests/test_utils.rs:24:5
[INFO] [stdout]    |
[INFO] [stdout] 24 | use ddk_testenv::TestEnv;
[INFO] [stdout]    |     ^^^^^^^^^^^ use of unresolved module or unlinked crate `ddk_testenv`
[INFO] [stdout]    |
[INFO] [stdout]    = help: if you wanted to use a crate named `ddk_testenv`, use `cargo add ddk_testenv` to add it to your `Cargo.toml`
[INFO] [stdout] 
[INFO] [stdout] 
[INFO] [stdout] error[E0432]: unresolved import `bitcoincore_rpc`
[INFO] [stdout]  --> tests/test_utils.rs:7:5
[INFO] [stdout]   |
[INFO] [stdout] 7 | use bitcoincore_rpc::{Client, RpcApi};
[INFO] [stdout]   |     ^^^^^^^^^^^^^^^ use of unresolved module or unlinked crate `bitcoincore_rpc`
[INFO] [stdout]   |
[INFO] [stdout]   = help: if you wanted to use a crate named `bitcoincore_rpc`, use `cargo add bitcoincore_rpc` to add it to your `Cargo.toml`
[INFO] [stdout] 
[INFO] [stdout] 
[INFO] [stdout] error[E0433]: cannot find module or crate `ddk` in this scope
[INFO] [stdout]  --> tests/test_utils.rs:9:5
[INFO] [stdout]   |
[INFO] [stdout] 9 | use ddk::{chain::EsploraClient, logger::Logger, wallet::DlcDevKitWallet};
[INFO] [stdout]   |     ^^^ use of unresolved module or unlinked crate `ddk`
[INFO] [stdout]   |
[INFO] [stdout]   = help: if you wanted to use a crate named `ddk`, use `cargo add ddk` to add it to your `Cargo.toml`
[INFO] [stdout] 
[INFO] [stdout] 
[INFO] [stdout] error[E0433]: cannot find module or crate `ddk` in this scope
[INFO] [stdout]   --> tests/test_utils.rs:10:5
[INFO] [stdout]    |
[INFO] [stdout] 10 | use ddk::{oracle::memory::MemoryOracle, storage::memory::MemoryStorage};
[INFO] [stdout]    |     ^^^ use of unresolved module or unlinked crate `ddk`
[INFO] [stdout]    |
[INFO] [stdout]    = help: if you wanted to use a crate named `ddk`, use `cargo add ddk` to add it to your `Cargo.toml`
[INFO] [stdout] 
[INFO] [stdout] 
[INFO] [stdout] error[E0433]: cannot find module or crate `ddk_testenv` in this scope
[INFO] [stdout]   --> tests/test_utils.rs:23:5
[INFO] [stdout]    |
[INFO] [stdout] 23 | use ddk_testenv::dlc::{self, ContractLeg};
[INFO] [stdout]    |     ^^^^^^^^^^^ use of unresolved module or unlinked crate `ddk_testenv`
[INFO] [stdout]    |
[INFO] [stdout]    = help: if you wanted to use a crate named `ddk_testenv`, use `cargo add ddk_testenv` to add it to your `Cargo.toml`
[INFO] [stdout] 
[INFO] [stdout] 
[INFO] [stdout] error[E0432]: unresolved import `bitcoincore_rpc_json`
[INFO] [stdout]  --> tests/test_utils.rs:8:5
[INFO] [stdout]   |
[INFO] [stdout] 8 | use bitcoincore_rpc_json::AddressType;
[INFO] [stdout]   |     ^^^^^^^^^^^^^^^^^^^^ use of unresolved module or unlinked crate `bitcoincore_rpc_json`
[INFO] [stdout]   |
[INFO] [stdout]   = help: if you wanted to use a crate named `bitcoincore_rpc_json`, use `cargo add bitcoincore_rpc_json` to add it to your `Cargo.toml`
[INFO] [stdout] 
[INFO] [stdout] 
[INFO] [stdout] error[E0433]: cannot find module or crate `ddk_testenv` in this scope
[INFO] [stdout]   --> tests/test_utils.rs:36:9
[INFO] [stdout]    |
[INFO] [stdout] 36 | pub use ddk_testenv::dlc::{
[INFO] [stdout]    |         ^^^^^^^^^^^ use of unresolved module or unlinked crate `ddk_testenv`
[INFO] [stdout]    |
[INFO] [stdout]    = help: if you wanted to use a crate named `ddk_testenv`, use `cargo add ddk_testenv` to add it to your `Cargo.toml`
[INFO] [stdout] 
[INFO] [stdout] 
[INFO] [stdout] error[E0432]: unresolved import `ddk_testenv`
[INFO] [stdout]   --> tests/test_utils.rs:24:5
[INFO] [stdout]    |
[INFO] [stdout] 24 | use ddk_testenv::TestEnv;
[INFO] [stdout]    |     ^^^^^^^^^^^ use of unresolved module or unlinked crate `ddk_testenv`
[INFO] [stdout]    |
[INFO] [stdout]    = help: if you wanted to use a crate named `ddk_testenv`, use `cargo add ddk_testenv` to add it to your `Cargo.toml`
[INFO] [stdout] 
[INFO] [stdout] 
[INFO] [stdout] error[E0433]: cannot find module or crate `ddk` in this scope
[INFO] [stdout]  --> tests/manager_execution_tests.rs:7:5
[INFO] [stdout]   |
[INFO] [stdout] 7 | use ddk::chain::EsploraClient;
[INFO] [stdout]   |     ^^^ use of unresolved module or unlinked crate `ddk`
[INFO] [stdout]   |
[INFO] [stdout]   = help: if you wanted to use a crate named `ddk`, use `cargo add ddk` to add it to your `Cargo.toml`
[INFO] [stdout] 
[INFO] [stdout] 
[INFO] [stdout] error[E0433]: cannot find module or crate `ddk` in this scope
[INFO] [stdout]  --> tests/manager_execution_tests.rs:8:5
[INFO] [stdout]   |
[INFO] [stdout] 8 | use ddk::logger::Logger;
[INFO] [stdout]   |     ^^^ use of unresolved module or unlinked crate `ddk`
[INFO] [stdout]   |
[INFO] [stdout]   = help: if you wanted to use a crate named `ddk`, use `cargo add ddk` to add it to your `Cargo.toml`
[INFO] [stdout] 
[INFO] [stdout] 
[INFO] [stdout] error[E0433]: cannot find module or crate `ddk` in this scope
[INFO] [stdout]  --> tests/manager_execution_tests.rs:9:5
[INFO] [stdout]   |
[INFO] [stdout] 9 | use ddk::oracle::memory::MemoryOracle;
[INFO] [stdout]   |     ^^^ use of unresolved module or unlinked crate `ddk`
[INFO] [stdout]   |
[INFO] [stdout]   = help: if you wanted to use a crate named `ddk`, use `cargo add ddk` to add it to your `Cargo.toml`
[INFO] [stdout] 
[INFO] [stdout] 
[INFO] [stdout] error[E0433]: cannot find module or crate `ddk` in this scope
[INFO] [stdout]   --> tests/manager_execution_tests.rs:10:5
[INFO] [stdout]    |
[INFO] [stdout] 10 | use ddk::storage::memory::MemoryStorage;
[INFO] [stdout]    |     ^^^ use of unresolved module or unlinked crate `ddk`
[INFO] [stdout]    |
[INFO] [stdout]    = help: if you wanted to use a crate named `ddk`, use `cargo add ddk` to add it to your `Cargo.toml`
[INFO] [stdout] 
[INFO] [stdout] 
[INFO] [stdout] error[E0433]: cannot find module or crate `ddk` in this scope
[INFO] [stdout]   --> tests/manager_execution_tests.rs:11:5
[INFO] [stdout]    |
[INFO] [stdout] 11 | use ddk::wallet::DlcDevKitWallet;
[INFO] [stdout]    |     ^^^ use of unresolved module or unlinked crate `ddk`
[INFO] [stdout]    |
[INFO] [stdout]    = help: if you wanted to use a crate named `ddk`, use `cargo add ddk` to add it to your `Cargo.toml`
[INFO] [stdout] 
[INFO] [stdout] 
[INFO] [stdout] error[E0432]: unresolved import `bitcoincore_rpc`
[INFO] [stdout]  --> tests/manager_execution_tests.rs:6:5
[INFO] [stdout]   |
[INFO] [stdout] 6 | use bitcoincore_rpc::Client;
[INFO] [stdout]   |     ^^^^^^^^^^^^^^^ use of unresolved module or unlinked crate `bitcoincore_rpc`
[INFO] [stdout]   |
[INFO] [stdout]   = help: if you wanted to use a crate named `bitcoincore_rpc`, use `cargo add bitcoincore_rpc` to add it to your `Cargo.toml`
[INFO] [stdout] 
[INFO] [stdout] 
[INFO] [stdout] error[E0432]: unresolved import `serde_json`
[INFO] [stdout]   --> tests/manager_execution_tests.rs:29:5
[INFO] [stdout]    |
[INFO] [stdout] 29 | use serde_json::from_str;
[INFO] [stdout]    |     ^^^^^^^^^^ use of unresolved module or unlinked crate `serde_json`
[INFO] [stdout]    |
[INFO] [stdout]    = help: if you wanted to use a crate named `serde_json`, use `cargo add serde_json` to add it to your `Cargo.toml`
[INFO] [stdout] 
[INFO] [stdout] 
[INFO] [stdout] error[E0433]: cannot find `test` in `tokio`
[INFO] [stdout]    --> tests/manager_execution_tests.rs:393:10
[INFO] [stdout]     |
[INFO] [stdout] 393 | #[tokio::test]
[INFO] [stdout]     |          ^^^^ could not find `test` in `tokio`
[INFO] [stdout] 
[INFO] [stdout] 
[INFO] [stdout] error[E0433]: cannot find `test` in `tokio`
[INFO] [stdout]    --> tests/manager_execution_tests.rs:399:10
[INFO] [stdout]     |
[INFO] [stdout] 399 | #[tokio::test]
[INFO] [stdout]     |          ^^^^ could not find `test` in `tokio`
[INFO] [stdout] 
[INFO] [stdout] 
[INFO] [stdout] error[E0433]: cannot find `test` in `tokio`
[INFO] [stdout]    --> tests/manager_execution_tests.rs:405:10
[INFO] [stdout]     |
[INFO] [stdout] 405 | #[tokio::test]
[INFO] [stdout]     |          ^^^^ could not find `test` in `tokio`
[INFO] [stdout] 
[INFO] [stdout] 
[INFO] [stdout] error[E0433]: cannot find `test` in `tokio`
[INFO] [stdout]    --> tests/manager_execution_tests.rs:419:10
[INFO] [stdout]     |
[INFO] [stdout] 419 | #[tokio::test]
[INFO] [stdout]     |          ^^^^ could not find `test` in `tokio`
[INFO] [stdout] 
[INFO] [stdout] 
[INFO] [stdout] error[E0433]: cannot find `test` in `tokio`
[INFO] [stdout]    --> tests/manager_execution_tests.rs:425:10
[INFO] [stdout]     |
[INFO] [stdout] 425 | #[tokio::test]
[INFO] [stdout]     |          ^^^^ could not find `test` in `tokio`
[INFO] [stdout] 
[INFO] [stdout] 
[INFO] [stdout] error[E0433]: cannot find `test` in `tokio`
[INFO] [stdout]    --> tests/manager_execution_tests.rs:431:10
[INFO] [stdout]     |
[INFO] [stdout] 431 | #[tokio::test]
[INFO] [stdout]     |          ^^^^ could not find `test` in `tokio`
[INFO] [stdout] 
[INFO] [stdout] 
[INFO] [stdout] error[E0433]: cannot find `test` in `tokio`
[INFO] [stdout]    --> tests/manager_execution_tests.rs:437:10
[INFO] [stdout]     |
[INFO] [stdout] 437 | #[tokio::test]
[INFO] [stdout]     |          ^^^^ could not find `test` in `tokio`
[INFO] [stdout] 
[INFO] [stdout] 
[INFO] [stdout] error[E0433]: cannot find `test` in `tokio`
[INFO] [stdout]    --> tests/manager_execution_tests.rs:443:10
[INFO] [stdout]     |
[INFO] [stdout] 443 | #[tokio::test]
[INFO] [stdout]     |          ^^^^ could not find `test` in `tokio`
[INFO] [stdout] 
[INFO] [stdout] 
[INFO] [stdout] error[E0433]: cannot find `test` in `tokio`
[INFO] [stdout]    --> tests/manager_execution_tests.rs:449:10
[INFO] [stdout]     |
[INFO] [stdout] 449 | #[tokio::test]
[INFO] [stdout]     |          ^^^^ could not find `test` in `tokio`
[INFO] [stdout] 
[INFO] [stdout] 
[INFO] [stdout] error[E0433]: cannot find `test` in `tokio`
[INFO] [stdout]    --> tests/manager_execution_tests.rs:455:10
[INFO] [stdout]     |
[INFO] [stdout] 455 | #[tokio::test]
[INFO] [stdout]     |          ^^^^ could not find `test` in `tokio`
[INFO] [stdout] 
[INFO] [stdout] 
[INFO] [stdout] error[E0433]: cannot find `test` in `tokio`
[INFO] [stdout]    --> tests/manager_execution_tests.rs:461:10
[INFO] [stdout]     |
[INFO] [stdout] 461 | #[tokio::test]
[INFO] [stdout]     |          ^^^^ could not find `test` in `tokio`
[INFO] [stdout] 
[INFO] [stdout] 
[INFO] [stdout] error[E0433]: cannot find `test` in `tokio`
[INFO] [stdout]    --> tests/manager_execution_tests.rs:472:10
[INFO] [stdout]     |
[INFO] [stdout] 472 | #[tokio::test]
[INFO] [stdout]     |          ^^^^ could not find `test` in `tokio`
[INFO] [stdout] 
[INFO] [stdout] 
[INFO] [stdout] error[E0433]: cannot find `test` in `tokio`
[INFO] [stdout]    --> tests/manager_execution_tests.rs:483:10
[INFO] [stdout]     |
[INFO] [stdout] 483 | #[tokio::test]
[INFO] [stdout]     |          ^^^^ could not find `test` in `tokio`
[INFO] [stdout] 
[INFO] [stdout] 
[INFO] [stdout] error[E0433]: cannot find `test` in `tokio`
[INFO] [stdout]    --> tests/manager_execution_tests.rs:494:10
[INFO] [stdout]     |
[INFO] [stdout] 494 | #[tokio::test]
[INFO] [stdout]     |          ^^^^ could not find `test` in `tokio`
[INFO] [stdout] 
[INFO] [stdout] 
[INFO] [stdout] error[E0433]: cannot find `test` in `tokio`
[INFO] [stdout]    --> tests/manager_execution_tests.rs:505:10
[INFO] [stdout]     |
[INFO] [stdout] 505 | #[tokio::test]
[INFO] [stdout]     |          ^^^^ could not find `test` in `tokio`
[INFO] [stdout] 
[INFO] [stdout] 
[INFO] [stdout] error[E0433]: cannot find `test` in `tokio`
[INFO] [stdout]    --> tests/manager_execution_tests.rs:516:10
[INFO] [stdout]     |
[INFO] [stdout] 516 | #[tokio::test]
[INFO] [stdout]     |          ^^^^ could not find `test` in `tokio`
[INFO] [stdout] 
[INFO] [stdout] 
[INFO] [stdout] error[E0433]: cannot find `test` in `tokio`
[INFO] [stdout]    --> tests/manager_execution_tests.rs:527:10
[INFO] [stdout]     |
[INFO] [stdout] 527 | #[tokio::test]
[INFO] [stdout]     |          ^^^^ could not find `test` in `tokio`
[INFO] [stdout] 
[INFO] [stdout] 
[INFO] [stdout] error[E0433]: cannot find `test` in `tokio`
[INFO] [stdout]    --> tests/manager_execution_tests.rs:538:10
[INFO] [stdout]     |
[INFO] [stdout] 538 | #[tokio::test]
[INFO] [stdout]     |          ^^^^ could not find `test` in `tokio`
[INFO] [stdout] 
[INFO] [stdout] 
[INFO] [stdout] error[E0433]: cannot find `test` in `tokio`
[INFO] [stdout]    --> tests/manager_execution_tests.rs:549:10
[INFO] [stdout]     |
[INFO] [stdout] 549 | #[tokio::test]
[INFO] [stdout]     |          ^^^^ could not find `test` in `tokio`
[INFO] [stdout] 
[INFO] [stdout] 
[INFO] [stdout] error[E0433]: cannot find `test` in `tokio`
[INFO] [stdout]    --> tests/manager_execution_tests.rs:560:10
[INFO] [stdout]     |
[INFO] [stdout] 560 | #[tokio::test]
[INFO] [stdout]     |          ^^^^ could not find `test` in `tokio`
[INFO] [stdout] 
[INFO] [stdout] 
[INFO] [stdout] error[E0433]: cannot find `test` in `tokio`
[INFO] [stdout]    --> tests/manager_execution_tests.rs:571:10
[INFO] [stdout]     |
[INFO] [stdout] 571 | #[tokio::test]
[INFO] [stdout]     |          ^^^^ could not find `test` in `tokio`
[INFO] [stdout] 
[INFO] [stdout] 
[INFO] [stdout] error[E0433]: cannot find `test` in `tokio`
[INFO] [stdout]    --> tests/manager_execution_tests.rs:582:10
[INFO] [stdout]     |
[INFO] [stdout] 582 | #[tokio::test]
[INFO] [stdout]     |          ^^^^ could not find `test` in `tokio`
[INFO] [stdout] 
[INFO] [stdout] 
[INFO] [stdout] error[E0433]: cannot find `test` in `tokio`
[INFO] [stdout]    --> tests/manager_execution_tests.rs:593:10
[INFO] [stdout]     |
[INFO] [stdout] 593 | #[tokio::test]
[INFO] [stdout]     |          ^^^^ could not find `test` in `tokio`
[INFO] [stdout] 
[INFO] [stdout] 
[INFO] [stdout] error[E0433]: cannot find `test` in `tokio`
[INFO] [stdout]    --> tests/manager_execution_tests.rs:604:10
[INFO] [stdout]     |
[INFO] [stdout] 604 | #[tokio::test]
[INFO] [stdout]     |          ^^^^ could not find `test` in `tokio`
[INFO] [stdout] 
[INFO] [stdout] 
[INFO] [stdout] error[E0433]: cannot find `test` in `tokio`
[INFO] [stdout]    --> tests/manager_execution_tests.rs:615:10
[INFO] [stdout]     |
[INFO] [stdout] 615 | #[tokio::test]
[INFO] [stdout]     |          ^^^^ could not find `test` in `tokio`
[INFO] [stdout] 
[INFO] [stdout] 
[INFO] [stdout] error[E0433]: cannot find `test` in `tokio`
[INFO] [stdout]    --> tests/manager_execution_tests.rs:626:10
[INFO] [stdout]     |
[INFO] [stdout] 626 | #[tokio::test]
[INFO] [stdout]     |          ^^^^ could not find `test` in `tokio`
[INFO] [stdout] 
[INFO] [stdout] 
[INFO] [stdout] error[E0433]: cannot find `test` in `tokio`
[INFO] [stdout]    --> tests/manager_execution_tests.rs:637:10
[INFO] [stdout]     |
[INFO] [stdout] 637 | #[tokio::test]
[INFO] [stdout]     |          ^^^^ could not find `test` in `tokio`
[INFO] [stdout] 
[INFO] [stdout] 
[INFO] [stdout] error[E0433]: cannot find `test` in `tokio`
[INFO] [stdout]    --> tests/manager_execution_tests.rs:648:10
[INFO] [stdout]     |
[INFO] [stdout] 648 | #[tokio::test]
[INFO] [stdout]     |          ^^^^ could not find `test` in `tokio`
[INFO] [stdout] 
[INFO] [stdout] 
[INFO] [stdout] error[E0433]: cannot find `test` in `tokio`
[INFO] [stdout]    --> tests/manager_execution_tests.rs:659:10
[INFO] [stdout]     |
[INFO] [stdout] 659 | #[tokio::test]
[INFO] [stdout]     |          ^^^^ could not find `test` in `tokio`
[INFO] [stdout] 
[INFO] [stdout] 
[INFO] [stdout] error[E0433]: cannot find `test` in `tokio`
[INFO] [stdout]    --> tests/manager_execution_tests.rs:670:10
[INFO] [stdout]     |
[INFO] [stdout] 670 | #[tokio::test]
[INFO] [stdout]     |          ^^^^ could not find `test` in `tokio`
[INFO] [stdout] 
[INFO] [stdout] 
[INFO] [stdout] error[E0433]: cannot find `test` in `tokio`
[INFO] [stdout]    --> tests/manager_execution_tests.rs:681:10
[INFO] [stdout]     |
[INFO] [stdout] 681 | #[tokio::test]
[INFO] [stdout]     |          ^^^^ could not find `test` in `tokio`
[INFO] [stdout] 
[INFO] [stdout] 
[INFO] [stdout] error[E0433]: cannot find `test` in `tokio`
[INFO] [stdout]    --> tests/manager_execution_tests.rs:692:10
[INFO] [stdout]     |
[INFO] [stdout] 692 | #[tokio::test]
[INFO] [stdout]     |          ^^^^ could not find `test` in `tokio`
[INFO] [stdout] 
[INFO] [stdout] 
[INFO] [stdout] error[E0433]: cannot find `test` in `tokio`
[INFO] [stdout]    --> tests/manager_execution_tests.rs:698:10
[INFO] [stdout]     |
[INFO] [stdout] 698 | #[tokio::test]
[INFO] [stdout]     |          ^^^^ could not find `test` in `tokio`
[INFO] [stdout] 
[INFO] [stdout] 
[INFO] [stdout] error[E0433]: cannot find `test` in `tokio`
[INFO] [stdout]    --> tests/manager_execution_tests.rs:704:10
[INFO] [stdout]     |
[INFO] [stdout] 704 | #[tokio::test]
[INFO] [stdout]     |          ^^^^ could not find `test` in `tokio`
[INFO] [stdout] 
[INFO] [stdout] 
[INFO] [stdout] error[E0433]: cannot find `test` in `tokio`
[INFO] [stdout]    --> tests/manager_execution_tests.rs:710:10
[INFO] [stdout]     |
[INFO] [stdout] 710 | #[tokio::test]
[INFO] [stdout]     |          ^^^^ could not find `test` in `tokio`
[INFO] [stdout] 
[INFO] [stdout] 
[INFO] [stdout] error[E0433]: cannot find `test` in `tokio`
[INFO] [stdout]    --> tests/manager_execution_tests.rs:716:10
[INFO] [stdout]     |
[INFO] [stdout] 716 | #[tokio::test]
[INFO] [stdout]     |          ^^^^ could not find `test` in `tokio`
[INFO] [stdout] 
[INFO] [stdout] 
[INFO] [stdout] error[E0433]: cannot find `test` in `tokio`
[INFO] [stdout]    --> tests/manager_execution_tests.rs:722:10
[INFO] [stdout]     |
[INFO] [stdout] 722 | #[tokio::test]
[INFO] [stdout]     |          ^^^^ could not find `test` in `tokio`
[INFO] [stdout] 
[INFO] [stdout] 
[INFO] [stdout] error[E0433]: cannot find `test` in `tokio`
[INFO] [stdout]    --> tests/manager_execution_tests.rs:728:10
[INFO] [stdout]     |
[INFO] [stdout] 728 | #[tokio::test]
[INFO] [stdout]     |          ^^^^ could not find `test` in `tokio`
[INFO] [stdout] 
[INFO] [stdout] 
[INFO] [stdout] error[E0433]: cannot find `test` in `tokio`
[INFO] [stdout]    --> tests/manager_execution_tests.rs:782:10
[INFO] [stdout]     |
[INFO] [stdout] 782 | #[tokio::test]
[INFO] [stdout]     |          ^^^^ could not find `test` in `tokio`
[INFO] [stdout] 
[INFO] [stdout] 
[INFO] [stdout] error[E0433]: cannot find `test` in `tokio`
[INFO] [stdout]    --> tests/manager_execution_tests.rs:788:10
[INFO] [stdout]     |
[INFO] [stdout] 788 | #[tokio::test]
[INFO] [stdout]     |          ^^^^ could not find `test` in `tokio`
[INFO] [stdout] 
[INFO] [stdout] 
[INFO] [stdout] error[E0433]: cannot find `test` in `tokio`
[INFO] [stdout]    --> tests/manager_execution_tests.rs:794:10
[INFO] [stdout]     |
[INFO] [stdout] 794 | #[tokio::test]
[INFO] [stdout]     |          ^^^^ could not find `test` in `tokio`
[INFO] [stdout] 
[INFO] [stdout] 
[INFO] [stdout] error[E0433]: cannot find `test` in `tokio`
[INFO] [stdout]    --> tests/manager_execution_tests.rs:800:10
[INFO] [stdout]     |
[INFO] [stdout] 800 | #[tokio::test]
[INFO] [stdout]     |          ^^^^ could not find `test` in `tokio`
[INFO] [stdout] 
[INFO] [stdout] 
[INFO] [stdout] error[E0433]: cannot find `test` in `tokio`
[INFO] [stdout]    --> tests/manager_execution_tests.rs:806:10
[INFO] [stdout]     |
[INFO] [stdout] 806 | #[tokio::test]
[INFO] [stdout]     |          ^^^^ could not find `test` in `tokio`
[INFO] [stdout] 
[INFO] [stdout] 
[INFO] [stdout] error[E0433]: cannot find `test` in `tokio`
[INFO] [stdout]    --> tests/manager_execution_tests.rs:812:10
[INFO] [stdout]     |
[INFO] [stdout] 812 | #[tokio::test]
[INFO] [stdout]     |          ^^^^ could not find `test` in `tokio`
[INFO] [stdout] 
[INFO] [stdout] 
[INFO] [stdout] error[E0433]: cannot find `test` in `tokio`
[INFO] [stdout]    --> tests/manager_execution_tests.rs:818:10
[INFO] [stdout]     |
[INFO] [stdout] 818 | #[tokio::test]
[INFO] [stdout]     |          ^^^^ could not find `test` in `tokio`
[INFO] [stdout] 
[INFO] [stdout] 
[INFO] [stdout] error[E0433]: cannot find `test` in `tokio`
[INFO] [stdout]    --> tests/manager_execution_tests.rs:824:10
[INFO] [stdout]     |
[INFO] [stdout] 824 | #[tokio::test]
[INFO] [stdout]     |          ^^^^ could not find `test` in `tokio`
[INFO] [stdout] 
[INFO] [stdout] 
[INFO] [stdout] error[E0433]: cannot find `test` in `tokio`
[INFO] [stdout]    --> tests/manager_execution_tests.rs:830:10
[INFO] [stdout]     |
[INFO] [stdout] 830 | #[tokio::test]
[INFO] [stdout]     |          ^^^^ could not find `test` in `tokio`
[INFO] [stdout] 
[INFO] [stdout] 
[INFO] [stdout] error[E0433]: cannot find `test` in `tokio`
[INFO] [stdout]    --> tests/manager_execution_tests.rs:844:10
[INFO] [stdout]     |
[INFO] [stdout] 844 | #[tokio::test]
[INFO] [stdout]     |          ^^^^ could not find `test` in `tokio`
[INFO] [stdout] 
[INFO] [stdout] 
[INFO] [stdout] error[E0433]: cannot find `test` in `tokio`
[INFO] [stdout]    --> tests/manager_execution_tests.rs:858:10
[INFO] [stdout]     |
[INFO] [stdout] 858 | #[tokio::test]
[INFO] [stdout]     |          ^^^^ could not find `test` in `tokio`
[INFO] [stdout] 
[INFO] [stdout] 
[INFO] [stdout] error[E0433]: cannot find `test` in `tokio`
[INFO] [stdout]    --> tests/manager_execution_tests.rs:872:10
[INFO] [stdout]     |
[INFO] [stdout] 872 | #[tokio::test]
[INFO] [stdout]     |          ^^^^ could not find `test` in `tokio`
[INFO] [stdout] 
[INFO] [stdout] 
[INFO] [stdout] error[E0433]: cannot find `test` in `tokio`
[INFO] [stdout]    --> tests/manager_execution_tests.rs:886:10
[INFO] [stdout]     |
[INFO] [stdout] 886 | #[tokio::test]
[INFO] [stdout]     |          ^^^^ could not find `test` in `tokio`
[INFO] [stdout] 
[INFO] [stdout] 
[INFO] [stdout] error[E0433]: cannot find `test` in `tokio`
[INFO] [stdout]    --> tests/manager_execution_tests.rs:900:10
[INFO] [stdout]     |
[INFO] [stdout] 900 | #[tokio::test]
[INFO] [stdout]     |          ^^^^ could not find `test` in `tokio`
[INFO] [stdout] 
[INFO] [stdout] 
[INFO] [stdout] error[E0433]: cannot find `test` in `tokio`
[INFO] [stdout]    --> tests/manager_execution_tests.rs:914:10
[INFO] [stdout]     |
[INFO] [stdout] 914 | #[tokio::test]
[INFO] [stdout]     |          ^^^^ could not find `test` in `tokio`
[INFO] [stdout] 
[INFO] [stdout] 
[INFO] [stdout] error[E0433]: cannot find `test` in `tokio`
[INFO] [stdout]    --> tests/manager_execution_tests.rs:928:10
[INFO] [stdout]     |
[INFO] [stdout] 928 | #[tokio::test]
[INFO] [stdout]     |          ^^^^ could not find `test` in `tokio`
[INFO] [stdout] 
[INFO] [stdout] 
[INFO] [stdout] error[E0433]: cannot find `test` in `tokio`
[INFO] [stdout]    --> tests/manager_execution_tests.rs:939:10
[INFO] [stdout]     |
[INFO] [stdout] 939 | #[tokio::test]
[INFO] [stdout]     |          ^^^^ could not find `test` in `tokio`
[INFO] [stdout] 
[INFO] [stdout] 
[INFO] [stdout] error[E0433]: cannot find `test` in `tokio`
[INFO] [stdout]    --> tests/manager_execution_tests.rs:953:10
[INFO] [stdout]     |
[INFO] [stdout] 953 | #[tokio::test]
[INFO] [stdout]     |          ^^^^ could not find `test` in `tokio`
[INFO] [stdout] 
[INFO] [stdout] 
[INFO] [stdout] error[E0433]: cannot find `test` in `tokio`
[INFO] [stdout]    --> tests/manager_execution_tests.rs:964:10
[INFO] [stdout]     |
[INFO] [stdout] 964 | #[tokio::test]
[INFO] [stdout]     |          ^^^^ could not find `test` in `tokio`
[INFO] [stdout] 
[INFO] [stdout] 
[INFO] [stdout] error[E0433]: cannot find `test` in `tokio`
[INFO] [stdout]    --> tests/manager_execution_tests.rs:976:10
[INFO] [stdout]     |
[INFO] [stdout] 976 | #[tokio::test]
[INFO] [stdout]     |          ^^^^ could not find `test` in `tokio`
[INFO] [stdout] 
[INFO] [stdout] 
[INFO] [stdout] error[E0433]: cannot find `test` in `tokio`
[INFO] [stdout]    --> tests/manager_execution_tests.rs:987:10
[INFO] [stdout]     |
[INFO] [stdout] 987 | #[tokio::test]
[INFO] [stdout]     |          ^^^^ could not find `test` in `tokio`
[INFO] [stdout] 
[INFO] [stdout] 
[INFO] [stdout] error[E0433]: cannot find `test` in `tokio`
[INFO] [stdout]     --> tests/manager_execution_tests.rs:1001:10
[INFO] [stdout]      |
[INFO] [stdout] 1001 | #[tokio::test]
[INFO] [stdout]      |          ^^^^ could not find `test` in `tokio`
[INFO] [stdout] 
[INFO] [stdout] 
[INFO] [stdout] error[E0433]: cannot find `test` in `tokio`
[INFO] [stdout]     --> tests/manager_execution_tests.rs:1015:10
[INFO] [stdout]      |
[INFO] [stdout] 1015 | #[tokio::test]
[INFO] [stdout]      |          ^^^^ could not find `test` in `tokio`
[INFO] [stdout] 
[INFO] [stdout] 
[INFO] [stdout] error[E0433]: cannot find `test` in `tokio`
[INFO] [stdout]     --> tests/manager_execution_tests.rs:1026:10
[INFO] [stdout]      |
[INFO] [stdout] 1026 | #[tokio::test]
[INFO] [stdout]      |          ^^^^ could not find `test` in `tokio`
[INFO] [stdout] 
[INFO] [stdout] 
[INFO] [stdout] error[E0433]: cannot find `test` in `tokio`
[INFO] [stdout]     --> tests/manager_execution_tests.rs:1041:10
[INFO] [stdout]      |
[INFO] [stdout] 1041 | #[tokio::test]
[INFO] [stdout]      |          ^^^^ could not find `test` in `tokio`
[INFO] [stdout] 
[INFO] [stdout] 
[INFO] [stdout] error[E0433]: cannot find `test` in `tokio`
[INFO] [stdout]     --> tests/manager_execution_tests.rs:1054:10
[INFO] [stdout]      |
[INFO] [stdout] 1054 | #[tokio::test]
[INFO] [stdout]      |          ^^^^ could not find `test` in `tokio`
[INFO] [stdout] 
[INFO] [stdout] 
[INFO] [stdout] error[E0433]: cannot find `test` in `tokio`
[INFO] [stdout]     --> tests/manager_execution_tests.rs:1073:10
[INFO] [stdout]      |
[INFO] [stdout] 1073 | #[tokio::test]
[INFO] [stdout]      |          ^^^^ could not find `test` in `tokio`
[INFO] [stdout] 
[INFO] [stdout] 
[INFO] [stdout] error[E0433]: cannot find `test` in `tokio`
[INFO] [stdout]     --> tests/manager_execution_tests.rs:1091:10
[INFO] [stdout]      |
[INFO] [stdout] 1091 | #[tokio::test]
[INFO] [stdout]      |          ^^^^ could not find `test` in `tokio`
[INFO] [stdout] 
[INFO] [stdout] 
[INFO] [stdout] error[E0433]: cannot find `test` in `tokio`
[INFO] [stdout]     --> tests/manager_execution_tests.rs:1108:10
[INFO] [stdout]      |
[INFO] [stdout] 1108 | #[tokio::test]
[INFO] [stdout]      |          ^^^^ could not find `test` in `tokio`
[INFO] [stdout] 
[INFO] [stdout] 
[INFO] [stdout] error[E0433]: cannot find `test` in `tokio`
[INFO] [stdout]     --> tests/manager_execution_tests.rs:1129:10
[INFO] [stdout]      |
[INFO] [stdout] 1129 | #[tokio::test]
[INFO] [stdout]      |          ^^^^ could not find `test` in `tokio`
[INFO] [stdout] 
[INFO] [stdout] 
[INFO] [stdout] error[E0433]: cannot find `test` in `tokio`
[INFO] [stdout]     --> tests/manager_execution_tests.rs:1146:10
[INFO] [stdout]      |
[INFO] [stdout] 1146 | #[tokio::test]
[INFO] [stdout]      |          ^^^^ could not find `test` in `tokio`
[INFO] [stdout] 
[INFO] [stdout] 
[INFO] [stdout] error[E0433]: cannot find `test` in `tokio`
[INFO] [stdout]     --> tests/manager_execution_tests.rs:1152:10
[INFO] [stdout]      |
[INFO] [stdout] 1152 | #[tokio::test]
[INFO] [stdout]      |          ^^^^ could not find `test` in `tokio`
[INFO] [stdout] 
[INFO] [stdout] 
[INFO] [stdout] error[E0433]: cannot find `test` in `tokio`
[INFO] [stdout]     --> tests/manager_execution_tests.rs:1158:10
[INFO] [stdout]      |
[INFO] [stdout] 1158 | #[tokio::test]
[INFO] [stdout]      |          ^^^^ could not find `test` in `tokio`
[INFO] [stdout] 
[INFO] [stdout] 
[INFO] [stdout] error[E0433]: cannot find `test` in `tokio`
[INFO] [stdout]     --> tests/manager_execution_tests.rs:1164:10
[INFO] [stdout]      |
[INFO] [stdout] 1164 | #[tokio::test]
[INFO] [stdout]      |          ^^^^ could not find `test` in `tokio`
[INFO] [stdout] 
[INFO] [stdout] 
[INFO] [stdout] error[E0433]: cannot find `test` in `tokio`
[INFO] [stdout]     --> tests/manager_execution_tests.rs:1170:10
[INFO] [stdout]      |
[INFO] [stdout] 1170 | #[tokio::test]
[INFO] [stdout]      |          ^^^^ could not find `test` in `tokio`
[INFO] [stdout] 
[INFO] [stdout] 
[INFO] [stdout] error[E0433]: cannot find `test` in `tokio`
[INFO] [stdout]     --> tests/manager_execution_tests.rs:1176:10
[INFO] [stdout]      |
[INFO] [stdout] 1176 | #[tokio::test]
[INFO] [stdout]      |          ^^^^ could not find `test` in `tokio`
[INFO] [stdout] 
[INFO] [stdout] 
[INFO] [stdout] error[E0433]: cannot find `test` in `tokio`
[INFO] [stdout]     --> tests/manager_execution_tests.rs:1182:10
[INFO] [stdout]      |
[INFO] [stdout] 1182 | #[tokio::test]
[INFO] [stdout]      |          ^^^^ could not find `test` in `tokio`
[INFO] [stdout] 
[INFO] [stdout] 
[INFO] [stdout] error[E0433]: cannot find `test` in `tokio`
[INFO] [stdout]     --> tests/manager_execution_tests.rs:1188:10
[INFO] [stdout]      |
[INFO] [stdout] 1188 | #[tokio::test]
[INFO] [stdout]      |          ^^^^ could not find `test` in `tokio`
[INFO] [stdout] 
[INFO] [stdout] 
[INFO] [stdout] error[E0433]: cannot find `test` in `tokio`
[INFO] [stdout]     --> tests/manager_execution_tests.rs:1194:10
[INFO] [stdout]      |
[INFO] [stdout] 1194 | #[tokio::test]
[INFO] [stdout]      |          ^^^^ could not find `test` in `tokio`
[INFO] [stdout] 
[INFO] [stdout] 
[INFO] [stdout] error[E0433]: cannot find `test` in `tokio`
[INFO] [stdout]     --> tests/manager_execution_tests.rs:1200:10
[INFO] [stdout]      |
[INFO] [stdout] 1200 | #[tokio::test]
[INFO] [stdout]      |          ^^^^ could not find `test` in `tokio`
[INFO] [stdout] 
[INFO] [stdout] 
[INFO] [stdout] error[E0433]: cannot find `test` in `tokio`
[INFO] [stdout]     --> tests/manager_execution_tests.rs:1211:10
[INFO] [stdout]      |
[INFO] [stdout] 1211 | #[tokio::test]
[INFO] [stdout]      |          ^^^^ could not find `test` in `tokio`
[INFO] [stdout] 
[INFO] [stdout] 
[INFO] [stdout] error[E0433]: cannot find `test` in `tokio`
[INFO] [stdout]     --> tests/manager_execution_tests.rs:1222:10
[INFO] [stdout]      |
[INFO] [stdout] 1222 | #[tokio::test]
[INFO] [stdout]      |          ^^^^ could not find `test` in `tokio`
[INFO] [stdout] 
[INFO] [stdout] 
[INFO] [stdout] error[E0433]: cannot find module or crate `serde` in this scope
[INFO] [stdout]   --> tests/manager_execution_tests.rs:38:10
[INFO] [stdout]    |
[INFO] [stdout] 38 | #[derive(serde::Serialize, serde::Deserialize)]
[INFO] [stdout]    |          ^^^^^ use of unresolved module or unlinked crate `serde`
[INFO] [stdout] 
[INFO] [stdout] 
[INFO] [stdout] error[E0433]: cannot find module or crate `serde` in this scope
[INFO] [stdout]   --> tests/manager_execution_tests.rs:38:28
[INFO] [stdout]    |
[INFO] [stdout] 38 | #[derive(serde::Serialize, serde::Deserialize)]
[INFO] [stdout]    |                            ^^^^^ use of unresolved module or unlinked crate `serde`
[INFO] [stdout] 
[INFO] [stdout] 
[INFO] [stdout] error[E0433]: cannot find module or crate `serde` in this scope
[INFO] [stdout]   --> tests/manager_execution_tests.rs:51:10
[INFO] [stdout]    |
[INFO] [stdout] 51 | #[derive(serde::Serialize, serde::Deserialize)]
[INFO] [stdout]    |          ^^^^^ use of unresolved module or unlinked crate `serde`
[INFO] [stdout] 
[INFO] [stdout] 
[INFO] [stdout] error[E0433]: cannot find module or crate `serde` in this scope
[INFO] [stdout]   --> tests/manager_execution_tests.rs:51:28
[INFO] [stdout]    |
[INFO] [stdout] 51 | #[derive(serde::Serialize, serde::Deserialize)]
[INFO] [stdout]    |                            ^^^^^ use of unresolved module or unlinked crate `serde`
[INFO] [stdout] 
[INFO] [stdout] 
[INFO] [stdout] error[E0432]: unresolved import `bitcoincore_rpc`
[INFO] [stdout]  --> tests/test_utils.rs:7:5
[INFO] [stdout]   |
[INFO] [stdout] 7 | use bitcoincore_rpc::{Client, RpcApi};
[INFO] [stdout]   |     ^^^^^^^^^^^^^^^ use of unresolved module or unlinked crate `bitcoincore_rpc`
[INFO] [stdout]   |
[INFO] [stdout]   = help: if you wanted to use a crate named `bitcoincore_rpc`, use `cargo add bitcoincore_rpc` to add it to your `Cargo.toml`
[INFO] [stdout] 
[INFO] [stdout] 
[INFO] [stdout] error[E0433]: cannot find module or crate `ddk` in this scope
[INFO] [stdout]  --> tests/test_utils.rs:9:5
[INFO] [stdout]   |
[INFO] [stdout] 9 | use ddk::{chain::EsploraClient, logger::Logger, wallet::DlcDevKitWallet};
[INFO] [stdout]   |     ^^^ use of unresolved module or unlinked crate `ddk`
[INFO] [stdout]   |
[INFO] [stdout]   = help: if you wanted to use a crate named `ddk`, use `cargo add ddk` to add it to your `Cargo.toml`
[INFO] [stdout] 
[INFO] [stdout] 
[INFO] [stdout] error[E0433]: cannot find module or crate `ddk` in this scope
[INFO] [stdout]   --> tests/test_utils.rs:10:5
[INFO] [stdout]    |
[INFO] [stdout] 10 | use ddk::{oracle::memory::MemoryOracle, storage::memory::MemoryStorage};
[INFO] [stdout]    |     ^^^ use of unresolved module or unlinked crate `ddk`
[INFO] [stdout]    |
[INFO] [stdout]    = help: if you wanted to use a crate named `ddk`, use `cargo add ddk` to add it to your `Cargo.toml`
[INFO] [stdout] 
[INFO] [stdout] 
[INFO] [stdout] error[E0433]: cannot find module or crate `ddk_testenv` in this scope
[INFO] [stdout]   --> tests/test_utils.rs:23:5
[INFO] [stdout]    |
[INFO] [stdout] 23 | use ddk_testenv::dlc::{self, ContractLeg};
[INFO] [stdout]    |     ^^^^^^^^^^^ use of unresolved module or unlinked crate `ddk_testenv`
[INFO] [stdout]    |
[INFO] [stdout]    = help: if you wanted to use a crate named `ddk_testenv`, use `cargo add ddk_testenv` to add it to your `Cargo.toml`
[INFO] [stdout] 
[INFO] [stdout] 
[INFO] [stdout] error[E0432]: unresolved import `bitcoincore_rpc_json`
[INFO] [stdout]  --> tests/test_utils.rs:8:5
[INFO] [stdout]   |
[INFO] [stdout] 8 | use bitcoincore_rpc_json::AddressType;
[INFO] [stdout]   |     ^^^^^^^^^^^^^^^^^^^^ use of unresolved module or unlinked crate `bitcoincore_rpc_json`
[INFO] [stdout]   |
[INFO] [stdout]   = help: if you wanted to use a crate named `bitcoincore_rpc_json`, use `cargo add bitcoincore_rpc_json` to add it to your `Cargo.toml`
[INFO] [stdout] 
[INFO] [stdout] 
[INFO] [stdout] error[E0433]: cannot find module or crate `ddk_testenv` in this scope
[INFO] [stdout]   --> tests/test_utils.rs:36:9
[INFO] [stdout]    |
[INFO] [stdout] 36 | pub use ddk_testenv::dlc::{
[INFO] [stdout]    |         ^^^^^^^^^^^ use of unresolved module or unlinked crate `ddk_testenv`
[INFO] [stdout]    |
[INFO] [stdout]    = help: if you wanted to use a crate named `ddk_testenv`, use `cargo add ddk_testenv` to add it to your `Cargo.toml`
[INFO] [stdout] 
[INFO] [stdout] 
[INFO] [stdout] error[E0433]: cannot find module or crate `ddk` in this scope
[INFO] [stdout]  --> tests/contract_updater.rs:8:5
[INFO] [stdout]   |
[INFO] [stdout] 8 | use ddk::logger::Logger;
[INFO] [stdout]   |     ^^^ use of unresolved module or unlinked crate `ddk`
[INFO] [stdout]   |
[INFO] [stdout]   = help: if you wanted to use a crate named `ddk`, use `cargo add ddk` to add it to your `Cargo.toml`
[INFO] [stdout] 
[INFO] [stdout] 
[INFO] [stdout] error[E0432]: unresolved import `ddk_testenv`
[INFO] [stdout]   --> tests/test_utils.rs:24:5
[INFO] [stdout]    |
[INFO] [stdout] 24 | use ddk_testenv::TestEnv;
[INFO] [stdout]    |     ^^^^^^^^^^^ use of unresolved module or unlinked crate `ddk_testenv`
[INFO] [stdout]    |
[INFO] [stdout]    = help: if you wanted to use a crate named `ddk_testenv`, use `cargo add ddk_testenv` to add it to your `Cargo.toml`
[INFO] [stdout] 
[INFO] [stdout] 
[INFO] [stdout] error[E0433]: cannot find `test` in `tokio`
[INFO] [stdout]   --> tests/contract_updater.rs:13:10
[INFO] [stdout]    |
[INFO] [stdout] 13 | #[tokio::test]
[INFO] [stdout]    |          ^^^^ could not find `test` in `tokio`
[INFO] [stdout] 
[INFO] [stdout] 
[INFO] [stdout] error[E0433]: cannot find `time` in `tokio`
[INFO] [stdout]    --> tests/test_utils.rs:197:16
[INFO] [stdout]     |
[INFO] [stdout] 197 |         tokio::time::sleep(std::time::Duration::from_millis(200)).await;
[INFO] [stdout]     |                ^^^^ could not find `time` in `tokio`
[INFO] [stdout]     |
[INFO] [stdout] note: found an item that was configured out
[INFO] [stdout]    --> /opt/rustwide/cargo-home/registry/src/index.crates.io-1949cf8c6b5b557f/tokio-1.52.3/src/lib.rs:566:13
[INFO] [stdout]     |
[INFO] [stdout] 566 |     pub mod time;
[INFO] [stdout]     |             ^^^^
[INFO] [stdout]     |
[INFO] [stdout]    ::: /opt/rustwide/cargo-home/registry/src/index.crates.io-1949cf8c6b5b557f/tokio-1.52.3/src/macros/cfg.rs:580:19
[INFO] [stdout]     |
[INFO] [stdout] 580 |             #[cfg(feature = "time")]
[INFO] [stdout]     |                   ---------------- the item is gated behind the `time` feature
[INFO] [stdout] 
[INFO] [stdout] 
[INFO] [stdout] error[E0433]: cannot find `time` in `tokio`
[INFO] [stdout]    --> tests/test_utils.rs:197:16
[INFO] [stdout]     |
[INFO] [stdout] 197 |         tokio::time::sleep(std::time::Duration::from_millis(200)).await;
[INFO] [stdout]     |                ^^^^ could not find `time` in `tokio`
[INFO] [stdout]     |
[INFO] [stdout] note: found an item that was configured out
[INFO] [stdout]    --> /opt/rustwide/cargo-home/registry/src/index.crates.io-1949cf8c6b5b557f/tokio-1.52.3/src/lib.rs:566:13
[INFO] [stdout]     |
[INFO] [stdout] 566 |     pub mod time;
[INFO] [stdout]     |             ^^^^
[INFO] [stdout]     |
[INFO] [stdout]    ::: /opt/rustwide/cargo-home/registry/src/index.crates.io-1949cf8c6b5b557f/tokio-1.52.3/src/macros/cfg.rs:580:19
[INFO] [stdout]     |
[INFO] [stdout] 580 |             #[cfg(feature = "time")]
[INFO] [stdout]     |                   ---------------- the item is gated behind the `time` feature
[INFO] [stdout] 
[INFO] [stdout] 
[INFO] [stdout] error[E0433]: cannot find `time` in `tokio`
[INFO] [stdout]    --> tests/test_utils.rs:667:16
[INFO] [stdout]     |
[INFO] [stdout] 667 |         tokio::time::sleep(std::time::Duration::from_millis(200)).await;
[INFO] [stdout]     |                ^^^^ could not find `time` in `tokio`
[INFO] [stdout]     |
[INFO] [stdout] note: found an item that was configured out
[INFO] [stdout]    --> /opt/rustwide/cargo-home/registry/src/index.crates.io-1949cf8c6b5b557f/tokio-1.52.3/src/lib.rs:566:13
[INFO] [stdout]     |
[INFO] [stdout] 566 |     pub mod time;
[INFO] [stdout]     |             ^^^^
[INFO] [stdout]     |
[INFO] [stdout]    ::: /opt/rustwide/cargo-home/registry/src/index.crates.io-1949cf8c6b5b557f/tokio-1.52.3/src/macros/cfg.rs:580:19
[INFO] [stdout]     |
[INFO] [stdout] 580 |             #[cfg(feature = "time")]
[INFO] [stdout]     |                   ---------------- the item is gated behind the `time` feature
[INFO] [stdout] 
[INFO] [stdout] 
[INFO] [stdout] error[E0433]: cannot find `time` in `tokio`
[INFO] [stdout]    --> tests/test_utils.rs:667:16
[INFO] [stdout]     |
[INFO] [stdout] 667 |         tokio::time::sleep(std::time::Duration::from_millis(200)).await;
[INFO] [stdout]     |                ^^^^ could not find `time` in `tokio`
[INFO] [stdout]     |
[INFO] [stdout] note: found an item that was configured out
[INFO] [stdout]    --> /opt/rustwide/cargo-home/registry/src/index.crates.io-1949cf8c6b5b557f/tokio-1.52.3/src/lib.rs:566:13
[INFO] [stdout]     |
[INFO] [stdout] 566 |     pub mod time;
[INFO] [stdout]     |             ^^^^
[INFO] [stdout]     |
[INFO] [stdout]    ::: /opt/rustwide/cargo-home/registry/src/index.crates.io-1949cf8c6b5b557f/tokio-1.52.3/src/macros/cfg.rs:580:19
[INFO] [stdout]     |
[INFO] [stdout] 580 |             #[cfg(feature = "time")]
[INFO] [stdout]     |                   ---------------- the item is gated behind the `time` feature
[INFO] [stdout] 
[INFO] [stdout] 
[INFO] [stdout] error[E0433]: cannot find `time` in `tokio`
[INFO] [stdout]    --> tests/test_utils.rs:197:16
[INFO] [stdout]     |
[INFO] [stdout] 197 |         tokio::time::sleep(std::time::Duration::from_millis(200)).await;
[INFO] [stdout]     |                ^^^^ could not find `time` in `tokio`
[INFO] [stdout]     |
[INFO] [stdout] note: found an item that was configured out
[INFO] [stdout]    --> /opt/rustwide/cargo-home/registry/src/index.crates.io-1949cf8c6b5b557f/tokio-1.52.3/src/lib.rs:566:13
[INFO] [stdout]     |
[INFO] [stdout] 566 |     pub mod time;
[INFO] [stdout]     |             ^^^^
[INFO] [stdout]     |
[INFO] [stdout]    ::: /opt/rustwide/cargo-home/registry/src/index.crates.io-1949cf8c6b5b557f/tokio-1.52.3/src/macros/cfg.rs:580:19
[INFO] [stdout]     |
[INFO] [stdout] 580 |             #[cfg(feature = "time")]
[INFO] [stdout]     |                   ---------------- the item is gated behind the `time` feature
[INFO] [stdout] 
[INFO] [stdout] 
[INFO] [stdout] error[E0433]: cannot find `time` in `tokio`
[INFO] [stdout]    --> tests/test_utils.rs:706:12
[INFO] [stdout]     |
[INFO] [stdout] 706 |     tokio::time::sleep(std::time::Duration::from_millis(100)).await;
[INFO] [stdout]     |            ^^^^ could not find `time` in `tokio`
[INFO] [stdout]     |
[INFO] [stdout] note: found an item that was configured out
[INFO] [stdout]    --> /opt/rustwide/cargo-home/registry/src/index.crates.io-1949cf8c6b5b557f/tokio-1.52.3/src/lib.rs:566:13
[INFO] [stdout]     |
[INFO] [stdout] 566 |     pub mod time;
[INFO] [stdout]     |             ^^^^
[INFO] [stdout]     |
[INFO] [stdout]    ::: /opt/rustwide/cargo-home/registry/src/index.crates.io-1949cf8c6b5b557f/tokio-1.52.3/src/macros/cfg.rs:580:19
[INFO] [stdout]     |
[INFO] [stdout] 580 |             #[cfg(feature = "time")]
[INFO] [stdout]     |                   ---------------- the item is gated behind the `time` feature
[INFO] [stdout] 
[INFO] [stdout] 
[INFO] [stdout] error[E0433]: cannot find `time` in `tokio`
[INFO] [stdout]    --> tests/test_utils.rs:197:16
[INFO] [stdout]     |
[INFO] [stdout] 197 |         tokio::time::sleep(std::time::Duration::from_millis(200)).await;
[INFO] [stdout]     |                ^^^^ could not find `time` in `tokio`
[INFO] [stdout]     |
[INFO] [stdout] note: found an item that was configured out
[INFO] [stdout]    --> /opt/rustwide/cargo-home/registry/src/index.crates.io-1949cf8c6b5b557f/tokio-1.52.3/src/lib.rs:566:13
[INFO] [stdout]     |
[INFO] [stdout] 566 |     pub mod time;
[INFO] [stdout]     |             ^^^^
[INFO] [stdout]     |
[INFO] [stdout]    ::: /opt/rustwide/cargo-home/registry/src/index.crates.io-1949cf8c6b5b557f/tokio-1.52.3/src/macros/cfg.rs:580:19
[INFO] [stdout]     |
[INFO] [stdout] 580 |             #[cfg(feature = "time")]
[INFO] [stdout]     |                   ---------------- the item is gated behind the `time` feature
[INFO] [stdout] 
[INFO] [stdout] 
[INFO] [stdout] error[E0433]: cannot find `rand` in `key`
[INFO] [stdout]    --> tests/test_utils.rs:740:38
[INFO] [stdout]     |
[INFO] [stdout] 740 |     seed.try_fill(&mut bitcoin::key::rand::thread_rng())
[INFO] [stdout]     |                                      ^^^^ could not find `rand` in `key`
[INFO] [stdout]     |
[INFO] [stdout] note: found an item that was configured out
[INFO] [stdout]    --> /opt/rustwide/cargo-home/registry/src/index.crates.io-1949cf8c6b5b557f/bitcoin-0.32.101/src/crypto/key.rs:29:20
[INFO] [stdout]     |
[INFO] [stdout]  28 | #[cfg(feature = "rand-std")]
[INFO] [stdout]     |       -------------------- the item is gated behind the `rand-std` feature
[INFO] [stdout]  29 | pub use secp256k1::rand;
[INFO] [stdout]     |                    ^^^^
[INFO] [stdout] 
[INFO] [stdout] 
[INFO] [stdout] error[E0433]: cannot find `time` in `tokio`
[INFO] [stdout]    --> tests/test_utils.rs:706:12
[INFO] [stdout]     |
[INFO] [stdout] 706 |     tokio::time::sleep(std::time::Duration::from_millis(100)).await;
[INFO] [stdout]     |            ^^^^ could not find `time` in `tokio`
[INFO] [stdout]     |
[INFO] [stdout] note: found an item that was configured out
[INFO] [stdout]    --> /opt/rustwide/cargo-home/registry/src/index.crates.io-1949cf8c6b5b557f/tokio-1.52.3/src/lib.rs:566:13
[INFO] [stdout]     |
[INFO] [stdout] 566 |     pub mod time;
[INFO] [stdout]     |             ^^^^
[INFO] [stdout]     |
[INFO] [stdout]    ::: /opt/rustwide/cargo-home/registry/src/index.crates.io-1949cf8c6b5b557f/tokio-1.52.3/src/macros/cfg.rs:580:19
[INFO] [stdout]     |
[INFO] [stdout] 580 |             #[cfg(feature = "time")]
[INFO] [stdout]     |                   ---------------- the item is gated behind the `time` feature
[INFO] [stdout] 
[INFO] [stdout] 
[INFO] [stdout] error[E0433]: cannot find `time` in `tokio`
[INFO] [stdout]    --> tests/test_utils.rs:667:16
[INFO] [stdout]     |
[INFO] [stdout] 667 |         tokio::time::sleep(std::time::Duration::from_millis(200)).await;
[INFO] [stdout]     |                ^^^^ could not find `time` in `tokio`
[INFO] [stdout]     |
[INFO] [stdout] note: found an item that was configured out
[INFO] [stdout]    --> /opt/rustwide/cargo-home/registry/src/index.crates.io-1949cf8c6b5b557f/tokio-1.52.3/src/lib.rs:566:13
[INFO] [stdout]     |
[INFO] [stdout] 566 |     pub mod time;
[INFO] [stdout]     |             ^^^^
[INFO] [stdout]     |
[INFO] [stdout]    ::: /opt/rustwide/cargo-home/registry/src/index.crates.io-1949cf8c6b5b557f/tokio-1.52.3/src/macros/cfg.rs:580:19
[INFO] [stdout]     |
[INFO] [stdout] 580 |             #[cfg(feature = "time")]
[INFO] [stdout]     |                   ---------------- the item is gated behind the `time` feature
[INFO] [stdout] 
[INFO] [stdout] 
[INFO] [stdout] error[E0433]: cannot find `time` in `tokio`
[INFO] [stdout]    --> tests/test_utils.rs:667:16
[INFO] [stdout]     |
[INFO] [stdout] 667 |         tokio::time::sleep(std::time::Duration::from_millis(200)).await;
[INFO] [stdout]     |                ^^^^ could not find `time` in `tokio`
[INFO] [stdout]     |
[INFO] [stdout] note: found an item that was configured out
[INFO] [stdout]    --> /opt/rustwide/cargo-home/registry/src/index.crates.io-1949cf8c6b5b557f/tokio-1.52.3/src/lib.rs:566:13
[INFO] [stdout]     |
[INFO] [stdout] 566 |     pub mod time;
[INFO] [stdout]     |             ^^^^
[INFO] [stdout]     |
[INFO] [stdout]    ::: /opt/rustwide/cargo-home/registry/src/index.crates.io-1949cf8c6b5b557f/tokio-1.52.3/src/macros/cfg.rs:580:19
[INFO] [stdout]     |
[INFO] [stdout] 580 |             #[cfg(feature = "time")]
[INFO] [stdout]     |                   ---------------- the item is gated behind the `time` feature
[INFO] [stdout] 
[INFO] [stdout] 
[INFO] [stdout] error[E0433]: cannot find `rand` in `key`
[INFO] [stdout]   --> tests/manager_tests.rs:41:38
[INFO] [stdout]    |
[INFO] [stdout] 41 |     seed.try_fill(&mut bitcoin::key::rand::thread_rng())
[INFO] [stdout]    |                                      ^^^^ could not find `rand` in `key`
[INFO] [stdout]    |
[INFO] [stdout] note: found an item that was configured out
[INFO] [stdout]   --> /opt/rustwide/cargo-home/registry/src/index.crates.io-1949cf8c6b5b557f/bitcoin-0.32.101/src/crypto/key.rs:29:20
[INFO] [stdout]    |
[INFO] [stdout] 28 | #[cfg(feature = "rand-std")]
[INFO] [stdout]    |       -------------------- the item is gated behind the `rand-std` feature
[INFO] [stdout] 29 | pub use secp256k1::rand;
[INFO] [stdout]    |                    ^^^^
[INFO] [stdout] 
[INFO] [stdout] 
[INFO] [stdout] error[E0433]: cannot find `time` in `tokio`
[INFO] [stdout]    --> tests/test_utils.rs:706:12
[INFO] [stdout]     |
[INFO] [stdout] 706 |     tokio::time::sleep(std::time::Duration::from_millis(100)).await;
[INFO] [stdout]     |            ^^^^ could not find `time` in `tokio`
[INFO] [stdout]     |
[INFO] [stdout] note: found an item that was configured out
[INFO] [stdout]    --> /opt/rustwide/cargo-home/registry/src/index.crates.io-1949cf8c6b5b557f/tokio-1.52.3/src/lib.rs:566:13
[INFO] [stdout]     |
[INFO] [stdout] 566 |     pub mod time;
[INFO] [stdout]     |             ^^^^
[INFO] [stdout]     |
[INFO] [stdout]    ::: /opt/rustwide/cargo-home/registry/src/index.crates.io-1949cf8c6b5b557f/tokio-1.52.3/src/macros/cfg.rs:580:19
[INFO] [stdout]     |
[INFO] [stdout] 580 |             #[cfg(feature = "time")]
[INFO] [stdout]     |                   ---------------- the item is gated behind the `time` feature
[INFO] [stdout] 
[INFO] [stdout] 
[INFO] [stdout] error[E0433]: cannot find `rand` in `key`
[INFO] [stdout]    --> tests/test_utils.rs:740:38
[INFO] [stdout]     |
[INFO] [stdout] 740 |     seed.try_fill(&mut bitcoin::key::rand::thread_rng())
[INFO] [stdout]     |                                      ^^^^ could not find `rand` in `key`
[INFO] [stdout]     |
[INFO] [stdout] note: found an item that was configured out
[INFO] [stdout]    --> /opt/rustwide/cargo-home/registry/src/index.crates.io-1949cf8c6b5b557f/bitcoin-0.32.101/src/crypto/key.rs:29:20
[INFO] [stdout]     |
[INFO] [stdout]  28 | #[cfg(feature = "rand-std")]
[INFO] [stdout]     |       -------------------- the item is gated behind the `rand-std` feature
[INFO] [stdout]  29 | pub use secp256k1::rand;
[INFO] [stdout]     |                    ^^^^
[INFO] [stdout] 
[INFO] [stdout] 
[INFO] [stdout] error[E0433]: cannot find `time` in `tokio`
[INFO] [stdout]    --> tests/test_utils.rs:706:12
[INFO] [stdout]     |
[INFO] [stdout] 706 |     tokio::time::sleep(std::time::Duration::from_millis(100)).await;
[INFO] [stdout]     |            ^^^^ could not find `time` in `tokio`
[INFO] [stdout]     |
[INFO] [stdout] note: found an item that was configured out
[INFO] [stdout]    --> /opt/rustwide/cargo-home/registry/src/index.crates.io-1949cf8c6b5b557f/tokio-1.52.3/src/lib.rs:566:13
[INFO] [stdout]     |
[INFO] [stdout] 566 |     pub mod time;
[INFO] [stdout]     |             ^^^^
[INFO] [stdout]     |
[INFO] [stdout]    ::: /opt/rustwide/cargo-home/registry/src/index.crates.io-1949cf8c6b5b557f/tokio-1.52.3/src/macros/cfg.rs:580:19
[INFO] [stdout]     |
[INFO] [stdout] 580 |             #[cfg(feature = "time")]
[INFO] [stdout]     |                   ---------------- the item is gated behind the `time` feature
[INFO] [stdout] 
[INFO] [stdout] 
[INFO] [stdout] error[E0433]: cannot find `rand` in `key`
[INFO] [stdout]    --> tests/test_utils.rs:740:38
[INFO] [stdout]     |
[INFO] [stdout] 740 |     seed.try_fill(&mut bitcoin::key::rand::thread_rng())
[INFO] [stdout]     |                                      ^^^^ could not find `rand` in `key`
[INFO] [stdout]     |
[INFO] [stdout] note: found an item that was configured out
[INFO] [stdout]    --> /opt/rustwide/cargo-home/registry/src/index.crates.io-1949cf8c6b5b557f/bitcoin-0.32.101/src/crypto/key.rs:29:20
[INFO] [stdout]     |
[INFO] [stdout]  28 | #[cfg(feature = "rand-std")]
[INFO] [stdout]     |       -------------------- the item is gated behind the `rand-std` feature
[INFO] [stdout]  29 | pub use secp256k1::rand;
[INFO] [stdout]     |                    ^^^^
[INFO] [stdout] 
[INFO] [stdout] 
[INFO] [stdout] error[E0425]: cannot find function `yield_now` in module `tokio::task`
[INFO] [stdout]    --> tests/test_utils.rs:196:22
[INFO] [stdout]     |
[INFO] [stdout] 196 |         tokio::task::yield_now().await;
[INFO] [stdout]     |                      ^^^^^^^^^ not found in `tokio::task`
[INFO] [stdout]     |
[INFO] [stdout] note: found an item that was configured out
[INFO] [stdout]    --> /opt/rustwide/cargo-home/registry/src/index.crates.io-1949cf8c6b5b557f/tokio-1.52.3/src/task/mod.rs:290:9
[INFO] [stdout]     |
[INFO] [stdout] 290 |     mod yield_now;
[INFO] [stdout]     |         ^^^^^^^^^
[INFO] [stdout]     |
[INFO] [stdout]    ::: /opt/rustwide/cargo-home/registry/src/index.crates.io-1949cf8c6b5b557f/tokio-1.52.3/src/macros/cfg.rs:480:19
[INFO] [stdout]     |
[INFO] [stdout] 480 |             #[cfg(feature = "rt")]
[INFO] [stdout]     |                   -------------- the item is gated behind the `rt` feature
[INFO] [stdout] note: found an item that was configured out
[INFO] [stdout]    --> /opt/rustwide/cargo-home/registry/src/index.crates.io-1949cf8c6b5b557f/tokio-1.52.3/src/task/mod.rs:291:24
[INFO] [stdout]     |
[INFO] [stdout] 291 |     pub use yield_now::yield_now;
[INFO] [stdout]     |                        ^^^^^^^^^
[INFO] [stdout]     |
[INFO] [stdout]    ::: /opt/rustwide/cargo-home/registry/src/index.crates.io-1949cf8c6b5b557f/tokio-1.52.3/src/macros/cfg.rs:480:19
[INFO] [stdout]     |
[INFO] [stdout] 480 |             #[cfg(feature = "rt")]
[INFO] [stdout]     |                   -------------- the item is gated behind the `rt` feature
[INFO] [stdout] help: consider importing this function
[INFO] [stdout]     |
[INFO] [stdout]   3 + use std::thread::yield_now;
[INFO] [stdout]     |
[INFO] [stdout] help: if you import `yield_now`, refer to it directly
[INFO] [stdout]     |
[INFO] [stdout] 196 -         tokio::task::yield_now().await;
[INFO] [stdout] 196 +         yield_now().await;
[INFO] [stdout]     |
[INFO] [stdout] 
[INFO] [stdout] 
[INFO] [stdout] error[E0433]: cannot find `Builder` in `runtime`
[INFO] [stdout]    --> tests/test_utils.rs:870:29
[INFO] [stdout]     |
[INFO] [stdout] 870 |             tokio::runtime::Builder::new_current_thread()
[INFO] [stdout]     |                             ^^^^^^^ could not find `Builder` in `runtime`
[INFO] [stdout]     |
[INFO] [stdout] note: found an item that was configured out
[INFO] [stdout]    --> /opt/rustwide/cargo-home/registry/src/index.crates.io-1949cf8c6b5b557f/tokio-1.52.3/src/runtime/mod.rs:573:28
[INFO] [stdout]     |
[INFO] [stdout] 573 |     pub use self::builder::Builder;
[INFO] [stdout]     |                            ^^^^^^^
[INFO] [stdout]     |
[INFO] [stdout]    ::: /opt/rustwide/cargo-home/registry/src/index.crates.io-1949cf8c6b5b557f/tokio-1.52.3/src/macros/cfg.rs:480:19
[INFO] [stdout]     |
[INFO] [stdout] 480 |             #[cfg(feature = "rt")]
[INFO] [stdout]     |                   -------------- the item is gated behind the `rt` feature
[INFO] [stdout] help: consider importing this struct
[INFO] [stdout]     |
[INFO] [stdout]   3 + use std::thread::Builder;
[INFO] [stdout]     |
[INFO] [stdout] help: if you import `Builder`, refer to it directly
[INFO] [stdout]     |
[INFO] [stdout] 870 -             tokio::runtime::Builder::new_current_thread()
[INFO] [stdout] 870 +             Builder::new_current_thread()
[INFO] [stdout]     |
[INFO] [stdout] 
[INFO] [stdout] 
[INFO] [stdout] error[E0433]: cannot find `rand` in `key`
[INFO] [stdout]    --> tests/test_utils.rs:740:38
[INFO] [stdout]     |
[INFO] [stdout] 740 |     seed.try_fill(&mut bitcoin::key::rand::thread_rng())
[INFO] [stdout]     |                                      ^^^^ could not find `rand` in `key`
[INFO] [stdout]     |
[INFO] [stdout] note: found an item that was configured out
[INFO] [stdout]    --> /opt/rustwide/cargo-home/registry/src/index.crates.io-1949cf8c6b5b557f/bitcoin-0.32.101/src/crypto/key.rs:29:20
[INFO] [stdout]     |
[INFO] [stdout]  28 | #[cfg(feature = "rand-std")]
[INFO] [stdout]     |       -------------------- the item is gated behind the `rand-std` feature
[INFO] [stdout]  29 | pub use secp256k1::rand;
[INFO] [stdout]     |                    ^^^^
[INFO] [stdout] 
[INFO] [stdout] 
[INFO] [stdout] error[E0603]: module `runtime` is private
[INFO] [stdout]    --> tests/test_utils.rs:870:20
[INFO] [stdout]     |
[INFO] [stdout] 870 |             tokio::runtime::Builder::new_current_thread()
[INFO] [stdout]     |                    ^^^^^^^ private module
[INFO] [stdout]     |
[INFO] [stdout] note: the module `runtime` is defined here
[INFO] [stdout]    --> /opt/rustwide/cargo-home/registry/src/index.crates.io-1949cf8c6b5b557f/tokio-1.52.3/src/lib.rs:534:5
[INFO] [stdout]     |
[INFO] [stdout] 534 |     pub(crate) mod runtime;
[INFO] [stdout]     |     ^^^^^^^^^^^^^^^^^^^^^^
[INFO] [stdout] 
[INFO] [stdout] 
[INFO] [stdout] error[E0432]: unresolved import `secp256k1_zkp::SECP256K1`
[INFO] [stdout]    --> src/contract/contract_input.rs:127:45
[INFO] [stdout]     |
[INFO] [stdout] 127 |     use secp256k1_zkp::{Keypair, SecretKey, SECP256K1};
[INFO] [stdout]     |                                             ^^^^^^^^^ no `SECP256K1` in the root
[INFO] [stdout]     |
[INFO] [stdout] help: a similar name exists in the module
[INFO] [stdout]     |
[INFO] [stdout] 127 -     use secp256k1_zkp::{Keypair, SecretKey, SECP256K1};
[INFO] [stdout] 127 +     use secp256k1_zkp::{Keypair, SecretKey, secp256k1};
[INFO] [stdout]     |
[INFO] [stdout] 
[INFO] [stdout] 
[INFO] [stdout] error[E0425]: cannot find function `yield_now` in module `tokio::task`
[INFO] [stdout]    --> tests/test_utils.rs:196:22
[INFO] [stdout]     |
[INFO] [stdout] 196 |         tokio::task::yield_now().await;
[INFO] [stdout]     |                      ^^^^^^^^^ not found in `tokio::task`
[INFO] [stdout]     |
[INFO] [stdout] note: found an item that was configured out
[INFO] [stdout]    --> /opt/rustwide/cargo-home/registry/src/index.crates.io-1949cf8c6b5b557f/tokio-1.52.3/src/task/mod.rs:290:9
[INFO] [stdout]     |
[INFO] [stdout] 290 |     mod yield_now;
[INFO] [stdout]     |         ^^^^^^^^^
[INFO] [stdout]     |
[INFO] [stdout]    ::: /opt/rustwide/cargo-home/registry/src/index.crates.io-1949cf8c6b5b557f/tokio-1.52.3/src/macros/cfg.rs:480:19
[INFO] [stdout]     |
[INFO] [stdout] 480 |             #[cfg(feature = "rt")]
[INFO] [stdout]     |                   -------------- the item is gated behind the `rt` feature
[INFO] [stdout] note: found an item that was configured out
[INFO] [stdout]    --> /opt/rustwide/cargo-home/registry/src/index.crates.io-1949cf8c6b5b557f/tokio-1.52.3/src/task/mod.rs:291:24
[INFO] [stdout]     |
[INFO] [stdout] 291 |     pub use yield_now::yield_now;
[INFO] [stdout]     |                        ^^^^^^^^^
[INFO] [stdout]     |
[INFO] [stdout]    ::: /opt/rustwide/cargo-home/registry/src/index.crates.io-1949cf8c6b5b557f/tokio-1.52.3/src/macros/cfg.rs:480:19
[INFO] [stdout]     |
[INFO] [stdout] 480 |             #[cfg(feature = "rt")]
[INFO] [stdout]     |                   -------------- the item is gated behind the `rt` feature
[INFO] [stdout] help: consider importing this function
[INFO] [stdout]     |
[INFO] [stdout]   3 + use std::thread::yield_now;
[INFO] [stdout]     |
[INFO] [stdout] help: if you import `yield_now`, refer to it directly
[INFO] [stdout]     |
[INFO] [stdout] 196 -         tokio::task::yield_now().await;
[INFO] [stdout] 196 +         yield_now().await;
[INFO] [stdout]     |
[INFO] [stdout] 
[INFO] [stdout] 
[INFO] [stdout] error[E0433]: cannot find `Builder` in `runtime`
[INFO] [stdout]    --> tests/test_utils.rs:870:29
[INFO] [stdout]     |
[INFO] [stdout] 870 |             tokio::runtime::Builder::new_current_thread()
[INFO] [stdout]     |                             ^^^^^^^ could not find `Builder` in `runtime`
[INFO] [stdout]     |
[INFO] [stdout] note: found an item that was configured out
[INFO] [stdout]    --> /opt/rustwide/cargo-home/registry/src/index.crates.io-1949cf8c6b5b557f/tokio-1.52.3/src/runtime/mod.rs:573:28
[INFO] [stdout]     |
[INFO] [stdout] 573 |     pub use self::builder::Builder;
[INFO] [stdout]     |                            ^^^^^^^
[INFO] [stdout]     |
[INFO] [stdout]    ::: /opt/rustwide/cargo-home/registry/src/index.crates.io-1949cf8c6b5b557f/tokio-1.52.3/src/macros/cfg.rs:480:19
[INFO] [stdout]     |
[INFO] [stdout] 480 |             #[cfg(feature = "rt")]
[INFO] [stdout]     |                   -------------- the item is gated behind the `rt` feature
[INFO] [stdout] help: consider importing this struct
[INFO] [stdout]     |
[INFO] [stdout]   3 + use std::thread::Builder;
[INFO] [stdout]     |
[INFO] [stdout] help: if you import `Builder`, refer to it directly
[INFO] [stdout]     |
[INFO] [stdout] 870 -             tokio::runtime::Builder::new_current_thread()
[INFO] [stdout] 870 +             Builder::new_current_thread()
[INFO] [stdout]     |
[INFO] [stdout] 
[INFO] [stdout] 
[INFO] [stdout] error[E0433]: cannot find `rand` in `key`
[INFO] [stdout]   --> tests/contract_updater.rs:24:38
[INFO] [stdout]    |
[INFO] [stdout] 24 |         .try_fill(&mut bitcoin::key::rand::thread_rng())
[INFO] [stdout]    |                                      ^^^^ could not find `rand` in `key`
[INFO] [stdout]    |
[INFO] [stdout] note: found an item that was configured out
[INFO] [stdout]   --> /opt/rustwide/cargo-home/registry/src/index.crates.io-1949cf8c6b5b557f/bitcoin-0.32.101/src/crypto/key.rs:29:20
[INFO] [stdout]    |
[INFO] [stdout] 28 | #[cfg(feature = "rand-std")]
[INFO] [stdout]    |       -------------------- the item is gated behind the `rand-std` feature
[INFO] [stdout] 29 | pub use secp256k1::rand;
[INFO] [stdout]    |                    ^^^^
[INFO] [stdout] 
[INFO] [stdout] 
[INFO] [stdout] error[E0603]: module `runtime` is private
[INFO] [stdout]    --> tests/test_utils.rs:870:20
[INFO] [stdout]     |
[INFO] [stdout] 870 |             tokio::runtime::Builder::new_current_thread()
[INFO] [stdout]     |                    ^^^^^^^ private module
[INFO] [stdout]     |
[INFO] [stdout] note: the module `runtime` is defined here
[INFO] [stdout]    --> /opt/rustwide/cargo-home/registry/src/index.crates.io-1949cf8c6b5b557f/tokio-1.52.3/src/lib.rs:534:5
[INFO] [stdout]     |
[INFO] [stdout] 534 |     pub(crate) mod runtime;
[INFO] [stdout]     |     ^^^^^^^^^^^^^^^^^^^^^^
[INFO] [stdout] 
[INFO] [stdout] 
[INFO] [stdout] error[E0425]: cannot find function `yield_now` in module `tokio::task`
[INFO] [stdout]    --> tests/test_utils.rs:196:22
[INFO] [stdout]     |
[INFO] [stdout] 196 |         tokio::task::yield_now().await;
[INFO] [stdout]     |                      ^^^^^^^^^ not found in `tokio::task`
[INFO] [stdout]     |
[INFO] [stdout] note: found an item that was configured out
[INFO] [stdout]    --> /opt/rustwide/cargo-home/registry/src/index.crates.io-1949cf8c6b5b557f/tokio-1.52.3/src/task/mod.rs:290:9
[INFO] [stdout]     |
[INFO] [stdout] 290 |     mod yield_now;
[INFO] [stdout]     |         ^^^^^^^^^
[INFO] [stdout]     |
[INFO] [stdout]    ::: /opt/rustwide/cargo-home/registry/src/index.crates.io-1949cf8c6b5b557f/tokio-1.52.3/src/macros/cfg.rs:480:19
[INFO] [stdout]     |
[INFO] [stdout] 480 |             #[cfg(feature = "rt")]
[INFO] [stdout]     |                   -------------- the item is gated behind the `rt` feature
[INFO] [stdout] note: found an item that was configured out
[INFO] [stdout]    --> /opt/rustwide/cargo-home/registry/src/index.crates.io-1949cf8c6b5b557f/tokio-1.52.3/src/task/mod.rs:291:24
[INFO] [stdout]     |
[INFO] [stdout] 291 |     pub use yield_now::yield_now;
[INFO] [stdout]     |                        ^^^^^^^^^
[INFO] [stdout]     |
[INFO] [stdout]    ::: /opt/rustwide/cargo-home/registry/src/index.crates.io-1949cf8c6b5b557f/tokio-1.52.3/src/macros/cfg.rs:480:19
[INFO] [stdout]     |
[INFO] [stdout] 480 |             #[cfg(feature = "rt")]
[INFO] [stdout]     |                   -------------- the item is gated behind the `rt` feature
[INFO] [stdout] help: consider importing this function
[INFO] [stdout]     |
[INFO] [stdout]   3 + use std::thread::yield_now;
[INFO] [stdout]     |
[INFO] [stdout] help: if you import `yield_now`, refer to it directly
[INFO] [stdout]     |
[INFO] [stdout] 196 -         tokio::task::yield_now().await;
[INFO] [stdout] 196 +         yield_now().await;
[INFO] [stdout]     |
[INFO] [stdout] 
[INFO] [stdout] 
[INFO] [stdout] error[E0433]: cannot find `Builder` in `runtime`
[INFO] [stdout]    --> tests/test_utils.rs:870:29
[INFO] [stdout]     |
[INFO] [stdout] 870 |             tokio::runtime::Builder::new_current_thread()
[INFO] [stdout]     |                             ^^^^^^^ could not find `Builder` in `runtime`
[INFO] [stdout]     |
[INFO] [stdout] note: found an item that was configured out
[INFO] [stdout]    --> /opt/rustwide/cargo-home/registry/src/index.crates.io-1949cf8c6b5b557f/tokio-1.52.3/src/runtime/mod.rs:573:28
[INFO] [stdout]     |
[INFO] [stdout] 573 |     pub use self::builder::Builder;
[INFO] [stdout]     |                            ^^^^^^^
[INFO] [stdout]     |
[INFO] [stdout]    ::: /opt/rustwide/cargo-home/registry/src/index.crates.io-1949cf8c6b5b557f/tokio-1.52.3/src/macros/cfg.rs:480:19
[INFO] [stdout]     |
[INFO] [stdout] 480 |             #[cfg(feature = "rt")]
[INFO] [stdout]     |                   -------------- the item is gated behind the `rt` feature
[INFO] [stdout] help: consider importing this struct
[INFO] [stdout]     |
[INFO] [stdout]   3 + use std::thread::Builder;
[INFO] [stdout]     |
[INFO] [stdout] help: if you import `Builder`, refer to it directly
[INFO] [stdout]     |
[INFO] [stdout] 870 -             tokio::runtime::Builder::new_current_thread()
[INFO] [stdout] 870 +             Builder::new_current_thread()
[INFO] [stdout]     |
[INFO] [stdout] 
[INFO] [stdout] 
[INFO] [stdout] error[E0425]: cannot find value `SECP256K1` in crate `secp256k1_zkp`
[INFO] [stdout]   --> tests/contract_updater.rs:38:24
[INFO] [stdout]    |
[INFO] [stdout] 38 |         secp256k1_zkp::SECP256K1,
[INFO] [stdout]    |                        ^^^^^^^^^ not found in `secp256k1_zkp`
[INFO] [stdout] 
[INFO] [stdout] 
[INFO] [stdout] error[E0603]: module `runtime` is private
[INFO] [stdout]    --> tests/test_utils.rs:870:20
[INFO] [stdout]     |
[INFO] [stdout] 870 |             tokio::runtime::Builder::new_current_thread()
[INFO] [stdout]     |                    ^^^^^^^ private module
[INFO] [stdout]     |
[INFO] [stdout] note: the module `runtime` is defined here
[INFO] [stdout]    --> /opt/rustwide/cargo-home/registry/src/index.crates.io-1949cf8c6b5b557f/tokio-1.52.3/src/lib.rs:534:5
[INFO] [stdout]     |
[INFO] [stdout] 534 |     pub(crate) mod runtime;
[INFO] [stdout]     |     ^^^^^^^^^^^^^^^^^^^^^^
[INFO] [stdout] 
[INFO] [stdout] 
[INFO] [stdout] error[E0433]: cannot find module or crate `ddk_testenv` in this scope
[INFO] [stdout]   --> tests/manager_tests.rs:33:13
[INFO] [stdout]    |
[INFO] [stdout] 33 |             ddk_testenv::env().esplora_host(),
[INFO] [stdout]    |             ^^^^^^^^^^^ use of unresolved module or unlinked crate `ddk_testenv`
[INFO] [stdout]    |
[INFO] [stdout]    = help: if you wanted to use a crate named `ddk_testenv`, use `cargo add ddk_testenv` to add it to your `Cargo.toml`
[INFO] [stdout] 
[INFO] [stdout] 
[INFO] [stdout] error[E0433]: cannot find module or crate `serde_json` in this scope
[INFO] [stdout]   --> tests/manager_tests.rs:89:9
[INFO] [stdout]    |
[INFO] [stdout] 89 |         serde_json::from_str(include_str!("../test_inputs/offer_contract.json")).unwrap(),
[INFO] [stdout]    |         ^^^^^^^^^^ use of unresolved module or unlinked crate `serde_json`
[INFO] [stdout]    |
[INFO] [stdout]    = help: if you wanted to use a crate named `serde_json`, use `cargo add serde_json` to add it to your `Cargo.toml`
[INFO] [stdout] 
[INFO] [stdout] 
[INFO] [stdout] error[E0433]: cannot find module or crate `serde_json` in this scope
[INFO] [stdout]    --> tests/manager_tests.rs:112:9
[INFO] [stdout]     |
[INFO] [stdout] 112 |         serde_json::from_str(include_str!("../test_inputs/offer_contract.json")).unwrap(),
[INFO] [stdout]     |         ^^^^^^^^^^ use of unresolved module or unlinked crate `serde_json`
[INFO] [stdout]     |
[INFO] [stdout]     = help: if you wanted to use a crate named `serde_json`, use `cargo add serde_json` to add it to your `Cargo.toml`
[INFO] [stdout] 
[INFO] [stdout] 
[INFO] [stdout] error[E0433]: cannot find module or crate `serde_json` in this scope
[INFO] [stdout]    --> tests/manager_tests.rs:134:9
[INFO] [stdout]     |
[INFO] [stdout] 134 |         serde_json::from_str(include_str!("../test_inputs/offer_contract.json")).unwrap();
[INFO] [stdout]     |         ^^^^^^^^^^ use of unresolved module or unlinked crate `serde_json`
[INFO] [stdout]     |
[INFO] [stdout]     = help: if you wanted to use a crate named `serde_json`, use `cargo add serde_json` to add it to your `Cargo.toml`
[INFO] [stdout] 
[INFO] [stdout] 
[INFO] [stdout] warning: trailing semicolon in macro used in expression position
[INFO] [stdout]    --> src/manager.rs:810:17
[INFO] [stdout]     |
[INFO] [stdout] 810 | /                 log_error!(
[INFO] [stdout] 811 | |                     self.logger,
[INFO] [stdout] 812 | |                     "Error checking signed contract. contract_id={} error={}",
[INFO] [stdout] 813 | |                     c.accepted_contract.get_contract_id_string(),
[INFO] [stdout] 814 | |                     e.to_string()
[INFO] [stdout] 815 | |                 )
[INFO] [stdout]     | |_________________^
[INFO] [stdout]     |
[INFO] [stdout]     = note: macro invocations at the end of a block are treated as expressions
[INFO] [stdout]     = note: to ignore the value produced by the macro, add a semicolon after the invocation of `log_error`
[INFO] [stdout]     = warning: this was previously accepted by the compiler but is being phased out; it will become a hard error in a future release!
[INFO] [stdout]     = note: for more information, see issue #79813 <https://github.com/rust-lang/rust/issues/79813>
[INFO] [stdout]     = note: `#[warn(semicolon_in_expressions_from_non_local_macros)]` (part of `#[warn(future_incompatible)]`) on by default
[INFO] [stdout]     = note: this warning originates in the macro `log_error` (in Nightly builds, run with -Z macro-backtrace for more info)
[INFO] [stdout] 
[INFO] [stdout] 
[INFO] [stdout] error[E0433]: cannot find module or crate `serde_json` in this scope
[INFO] [stdout]    --> tests/manager_tests.rs:187:9
[INFO] [stdout]     |
[INFO] [stdout] 187 |         serde_json::from_str(include_str!("../test_inputs/offer_contract.json")).unwrap();
[INFO] [stdout]     |         ^^^^^^^^^^ use of unresolved module or unlinked crate `serde_json`
[INFO] [stdout]     |
[INFO] [stdout]     = help: if you wanted to use a crate named `serde_json`, use `cargo add serde_json` to add it to your `Cargo.toml`
[INFO] [stdout] 
[INFO] [stdout] 
[INFO] [stdout] warning: trailing semicolon in macro used in expression position
[INFO] [stdout]    --> src/manager.rs:873:17
[INFO] [stdout]     |
[INFO] [stdout] 873 | /                 log_error!(
[INFO] [stdout] 874 | |                     self.logger,
[INFO] [stdout] 875 | |                     "Error checking confirmed contract. contract_id={} error={}",
[INFO] [stdout] 876 | |                     c.accepted_contract.get_contract_id_string(),
[INFO] [stdout] 877 | |                     e.to_string()
[INFO] [stdout] 878 | |                 )
[INFO] [stdout]     | |_________________^
[INFO] [stdout]     |
[INFO] [stdout]     = note: macro invocations at the end of a block are treated as expressions
[INFO] [stdout]     = note: to ignore the value produced by the macro, add a semicolon after the invocation of `log_error`
[INFO] [stdout]     = warning: this was previously accepted by the compiler but is being phased out; it will become a hard error in a future release!
[INFO] [stdout]     = note: for more information, see issue #79813 <https://github.com/rust-lang/rust/issues/79813>
[INFO] [stdout]     = note: this warning originates in the macro `log_error` (in Nightly builds, run with -Z macro-backtrace for more info)
[INFO] [stdout] 
[INFO] [stdout] 
[INFO] [stdout] warning: trailing semicolon in macro used in expression position
[INFO] [stdout]     --> src/manager.rs:1232:17
[INFO] [stdout]      |
[INFO] [stdout] 1232 | /                 log_error!(
[INFO] [stdout] 1233 | |                     self.logger,
[INFO] [stdout] 1234 | |                     "Error checking pre-closed contract. contract_id={} error={}",
[INFO] [stdout] 1235 | |                     c.signed_contract.accepted_contract.get_contract_id_string(),
[INFO] [stdout] 1236 | |                     e
[INFO] [stdout] 1237 | |                 )
[INFO] [stdout]      | |_________________^
[INFO] [stdout]      |
[INFO] [stdout]      = note: macro invocations at the end of a block are treated as expressions
[INFO] [stdout]      = note: to ignore the value produced by the macro, add a semicolon after the invocation of `log_error`
[INFO] [stdout]      = warning: this was previously accepted by the compiler but is being phased out; it will become a hard error in a future release!
[INFO] [stdout]      = note: for more information, see issue #79813 <https://github.com/rust-lang/rust/issues/79813>
[INFO] [stdout]      = note: this warning originates in the macro `log_error` (in Nightly builds, run with -Z macro-backtrace for more info)
[INFO] [stdout] 
[INFO] [stdout] 
[INFO] [stdout] error[E0425]: cannot find function `yield_now` in module `tokio::task`
[INFO] [stdout]    --> tests/test_utils.rs:196:22
[INFO] [stdout]     |
[INFO] [stdout] 196 |         tokio::task::yield_now().await;
[INFO] [stdout]     |                      ^^^^^^^^^ not found in `tokio::task`
[INFO] [stdout]     |
[INFO] [stdout] note: found an item that was configured out
[INFO] [stdout]    --> /opt/rustwide/cargo-home/registry/src/index.crates.io-1949cf8c6b5b557f/tokio-1.52.3/src/task/mod.rs:290:9
[INFO] [stdout]     |
[INFO] [stdout] 290 |     mod yield_now;
[INFO] [stdout]     |         ^^^^^^^^^
[INFO] [stdout]     |
[INFO] [stdout]    ::: /opt/rustwide/cargo-home/registry/src/index.crates.io-1949cf8c6b5b557f/tokio-1.52.3/src/macros/cfg.rs:480:19
[INFO] [stdout]     |
[INFO] [stdout] 480 |             #[cfg(feature = "rt")]
[INFO] [stdout]     |                   -------------- the item is gated behind the `rt` feature
[INFO] [stdout] note: found an item that was configured out
[INFO] [stdout]    --> /opt/rustwide/cargo-home/registry/src/index.crates.io-1949cf8c6b5b557f/tokio-1.52.3/src/task/mod.rs:291:24
[INFO] [stdout]     |
[INFO] [stdout] 291 |     pub use yield_now::yield_now;
[INFO] [stdout]     |                        ^^^^^^^^^
[INFO] [stdout]     |
[INFO] [stdout]    ::: /opt/rustwide/cargo-home/registry/src/index.crates.io-1949cf8c6b5b557f/tokio-1.52.3/src/macros/cfg.rs:480:19
[INFO] [stdout]     |
[INFO] [stdout] 480 |             #[cfg(feature = "rt")]
[INFO] [stdout]     |                   -------------- the item is gated behind the `rt` feature
[INFO] [stdout] help: consider importing this function
[INFO] [stdout]     |
[INFO] [stdout]   3 + use std::thread::yield_now;
[INFO] [stdout]     |
[INFO] [stdout] help: if you import `yield_now`, refer to it directly
[INFO] [stdout]     |
[INFO] [stdout] 196 -         tokio::task::yield_now().await;
[INFO] [stdout] 196 +         yield_now().await;
[INFO] [stdout]     |
[INFO] [stdout] 
[INFO] [stdout] 
[INFO] [stdout] error[E0433]: cannot find `Builder` in `runtime`
[INFO] [stdout]    --> tests/test_utils.rs:870:29
[INFO] [stdout]     |
[INFO] [stdout] 870 |             tokio::runtime::Builder::new_current_thread()
[INFO] [stdout]     |                             ^^^^^^^ could not find `Builder` in `runtime`
[INFO] [stdout]     |
[INFO] [stdout] note: found an item that was configured out
[INFO] [stdout]    --> /opt/rustwide/cargo-home/registry/src/index.crates.io-1949cf8c6b5b557f/tokio-1.52.3/src/runtime/mod.rs:573:28
[INFO] [stdout]     |
[INFO] [stdout] 573 |     pub use self::builder::Builder;
[INFO] [stdout]     |                            ^^^^^^^
[INFO] [stdout]     |
[INFO] [stdout]    ::: /opt/rustwide/cargo-home/registry/src/index.crates.io-1949cf8c6b5b557f/tokio-1.52.3/src/macros/cfg.rs:480:19
[INFO] [stdout]     |
[INFO] [stdout] 480 |             #[cfg(feature = "rt")]
[INFO] [stdout]     |                   -------------- the item is gated behind the `rt` feature
[INFO] [stdout] help: consider importing this struct
[INFO] [stdout]     |
[INFO] [stdout]   3 + use std::thread::Builder;
[INFO] [stdout]     |
[INFO] [stdout] help: if you import `Builder`, refer to it directly
[INFO] [stdout]     |
[INFO] [stdout] 870 -             tokio::runtime::Builder::new_current_thread()
[INFO] [stdout] 870 +             Builder::new_current_thread()
[INFO] [stdout]     |
[INFO] [stdout] 
[INFO] [stdout] 
[INFO] [stdout] error[E0433]: cannot find `fs` in `tokio`
[INFO] [stdout]    --> tests/manager_execution_tests.rs:79:25
[INFO] [stdout]     |
[INFO] [stdout]  79 |                 &tokio::fs::read_to_string("offer_message.json")
[INFO] [stdout]     |                         ^^ could not find `fs` in `tokio`
[INFO] [stdout]     |
[INFO] [stdout] note: found an item that was configured out
[INFO] [stdout]    --> /opt/rustwide/cargo-home/registry/src/index.crates.io-1949cf8c6b5b557f/tokio-1.52.3/src/lib.rs:508:13
[INFO] [stdout]     |
[INFO] [stdout] 508 |     pub mod fs;
[INFO] [stdout]     |             ^^
[INFO] [stdout]     |
[INFO] [stdout]    ::: /opt/rustwide/cargo-home/registry/src/index.crates.io-1949cf8c6b5b557f/tokio-1.52.3/src/macros/cfg.rs:132:19
[INFO] [stdout]     |
[INFO] [stdout] 132 |             #[cfg(feature = "fs")]
[INFO] [stdout]     |                   -------------- the item is gated behind the `fs` feature
[INFO] [stdout] help: consider importing this module
[INFO] [stdout]     |
[INFO] [stdout]   5 + use std::fs;
[INFO] [stdout]     |
[INFO] [stdout] help: if you import `fs`, refer to it directly
[INFO] [stdout]     |
[INFO] [stdout]  79 -                 &tokio::fs::read_to_string("offer_message.json")
[INFO] [stdout]  79 +                 &fs::read_to_string("offer_message.json")
[INFO] [stdout]     |
[INFO] [stdout] 
[INFO] [stdout] 
[INFO] [stdout] error[E0433]: cannot find `fs` in `tokio`
[INFO] [stdout]    --> tests/manager_execution_tests.rs:85:25
[INFO] [stdout]     |
[INFO] [stdout]  85 |                 &tokio::fs::read_to_string("accept_message.json")
[INFO] [stdout]     |                         ^^ could not find `fs` in `tokio`
[INFO] [stdout]     |
[INFO] [stdout] note: found an item that was configured out
[INFO] [stdout]    --> /opt/rustwide/cargo-home/registry/src/index.crates.io-1949cf8c6b5b557f/tokio-1.52.3/src/lib.rs:508:13
[INFO] [stdout]     |
[INFO] [stdout] 508 |     pub mod fs;
[INFO] [stdout]     |             ^^
[INFO] [stdout]     |
[INFO] [stdout]    ::: /opt/rustwide/cargo-home/registry/src/index.crates.io-1949cf8c6b5b557f/tokio-1.52.3/src/macros/cfg.rs:132:19
[INFO] [stdout]     |
[INFO] [stdout] 132 |             #[cfg(feature = "fs")]
[INFO] [stdout]     |                   -------------- the item is gated behind the `fs` feature
[INFO] [stdout] help: consider importing this module
[INFO] [stdout]     |
[INFO] [stdout]   5 + use std::fs;
[INFO] [stdout]     |
[INFO] [stdout] help: if you import `fs`, refer to it directly
[INFO] [stdout]     |
[INFO] [stdout]  85 -                 &tokio::fs::read_to_string("accept_message.json")
[INFO] [stdout]  85 +                 &fs::read_to_string("accept_message.json")
[INFO] [stdout]     |
[INFO] [stdout] 
[INFO] [stdout] 
[INFO] [stdout] error[E0433]: cannot find `fs` in `tokio`
[INFO] [stdout]    --> tests/manager_execution_tests.rs:91:25
[INFO] [stdout]     |
[INFO] [stdout]  91 |                 &tokio::fs::read_to_string("sign_message.json")
[INFO] [stdout]     |                         ^^ could not find `fs` in `tokio`
[INFO] [stdout]     |
[INFO] [stdout] note: found an item that was configured out
[INFO] [stdout]    --> /opt/rustwide/cargo-home/registry/src/index.crates.io-1949cf8c6b5b557f/tokio-1.52.3/src/lib.rs:508:13
[INFO] [stdout]     |
[INFO] [stdout] 508 |     pub mod fs;
[INFO] [stdout]     |             ^^
[INFO] [stdout]     |
[INFO] [stdout]    ::: /opt/rustwide/cargo-home/registry/src/index.crates.io-1949cf8c6b5b557f/tokio-1.52.3/src/macros/cfg.rs:132:19
[INFO] [stdout]     |
[INFO] [stdout] 132 |             #[cfg(feature = "fs")]
[INFO] [stdout]     |                   -------------- the item is gated behind the `fs` feature
[INFO] [stdout] help: consider importing this module
[INFO] [stdout]     |
[INFO] [stdout]   5 + use std::fs;
[INFO] [stdout]     |
[INFO] [stdout] help: if you import `fs`, refer to it directly
[INFO] [stdout]     |
[INFO] [stdout]  91 -                 &tokio::fs::read_to_string("sign_message.json")
[INFO] [stdout]  91 +                 &fs::read_to_string("sign_message.json")
[INFO] [stdout]     |
[INFO] [stdout] 
[INFO] [stdout] 
[INFO] [stdout] error[E0425]: cannot find function `spawn` in crate `tokio`
[INFO] [stdout]     --> tests/test_utils.rs:50:16
[INFO] [stdout]      |
[INFO] [stdout]   50 |           tokio::spawn(async move {
[INFO] [stdout]      |                  ^^^^^ not found in `tokio`
[INFO] [stdout]      |
[INFO] [stdout]     ::: tests/manager_execution_tests.rs:1415:24
[INFO] [stdout]      |
[INFO] [stdout] 1415 |       let alice_handle = receive_loop!(
[INFO] [stdout]      |  ________________________-
[INFO] [stdout] 1416 | |         alice_receive,
[INFO] [stdout] 1417 | |         alice_manager_loop,
[INFO] [stdout] 1418 | |         alice_send_loop,
[INFO] [stdout] ...    |
[INFO] [stdout] 1422 | |         msg_callback
[INFO] [stdout] 1423 | |     );
[INFO] [stdout]      | |_____- in this macro invocation
[INFO] [stdout]      |
[INFO] [stdout] note: found an item that was configured out
[INFO] [stdout]     --> /opt/rustwide/cargo-home/registry/src/index.crates.io-1949cf8c6b5b557f/tokio-1.52.3/src/lib.rs:562:19
[INFO] [stdout]      |
[INFO] [stdout]  562 |     pub use task::spawn;
[INFO] [stdout]      |                   ^^^^^
[INFO] [stdout]      |
[INFO] [stdout]     ::: /opt/rustwide/cargo-home/registry/src/index.crates.io-1949cf8c6b5b557f/tokio-1.52.3/src/macros/cfg.rs:480:19
[INFO] [stdout]      |
[INFO] [stdout]  480 |             #[cfg(feature = "rt")]
[INFO] [stdout]      |                   -------------- the item is gated behind the `rt` feature
[INFO] [stdout]      = note: this error originates in the macro `receive_loop` (in Nightly builds, run with -Z macro-backtrace for more info)
[INFO] [stdout] help: consider importing this function
[INFO] [stdout]     -->  tests/manager_execution_tests.rs:5:1
[INFO] [stdout]      |
[INFO] [stdout]    5 + use std::thread::spawn;
[INFO] [stdout]      |
[INFO] [stdout] 
[INFO] [stdout] 
[INFO] [stdout] error[E0425]: cannot find function `yield_now` in module `tokio::task`
[INFO] [stdout]     --> tests/test_utils.rs:51:26
[INFO] [stdout]      |
[INFO] [stdout]   51 |               tokio::task::yield_now().await;
[INFO] [stdout]      |                            ^^^^^^^^^ not found in `tokio::task`
[INFO] [stdout]      |
[INFO] [stdout]     ::: tests/manager_execution_tests.rs:1415:24
[INFO] [stdout]      |
[INFO] [stdout] 1415 |       let alice_handle = receive_loop!(
[INFO] [stdout]      |  ________________________-
[INFO] [stdout] 1416 | |         alice_receive,
[INFO] [stdout] 1417 | |         alice_manager_loop,
[INFO] [stdout] 1418 | |         alice_send_loop,
[INFO] [stdout] ...    |
[INFO] [stdout] 1422 | |         msg_callback
[INFO] [stdout] 1423 | |     );
[INFO] [stdout]      | |_____- in this macro invocation
[INFO] [stdout]      |
[INFO] [stdout] note: found an item that was configured out
[INFO] [stdout]     --> /opt/rustwide/cargo-home/registry/src/index.crates.io-1949cf8c6b5b557f/tokio-1.52.3/src/task/mod.rs:290:9
[INFO] [stdout]      |
[INFO] [stdout]  290 |     mod yield_now;
[INFO] [stdout]      |         ^^^^^^^^^
[INFO] [stdout]      |
[INFO] [stdout]     ::: /opt/rustwide/cargo-home/registry/src/index.crates.io-1949cf8c6b5b557f/tokio-1.52.3/src/macros/cfg.rs:480:19
[INFO] [stdout]      |
[INFO] [stdout]  480 |             #[cfg(feature = "rt")]
[INFO] [stdout]      |                   -------------- the item is gated behind the `rt` feature
[INFO] [stdout] note: found an item that was configured out
[INFO] [stdout]     --> /opt/rustwide/cargo-home/registry/src/index.crates.io-1949cf8c6b5b557f/tokio-1.52.3/src/task/mod.rs:291:24
[INFO] [stdout]      |
[INFO] [stdout]  291 |     pub use yield_now::yield_now;
[INFO] [stdout]      |                        ^^^^^^^^^
[INFO] [stdout]      |
[INFO] [stdout]     ::: /opt/rustwide/cargo-home/registry/src/index.crates.io-1949cf8c6b5b557f/tokio-1.52.3/src/macros/cfg.rs:480:19
[INFO] [stdout]      |
[INFO] [stdout]  480 |             #[cfg(feature = "rt")]
[INFO] [stdout]      |                   -------------- the item is gated behind the `rt` feature
[INFO] [stdout]      = note: this error originates in the macro `receive_loop` (in Nightly builds, run with -Z macro-backtrace for more info)
[INFO] [stdout] help: consider importing this function
[INFO] [stdout]     -->  tests/manager_execution_tests.rs:5:1
[INFO] [stdout]      |
[INFO] [stdout]    5 + use std::thread::yield_now;
[INFO] [stdout]      |
[INFO] [stdout] 
[INFO] [stdout] 
[INFO] [stdout] error[E0425]: cannot find function `spawn` in crate `tokio`
[INFO] [stdout]     --> tests/test_utils.rs:50:16
[INFO] [stdout]      |
[INFO] [stdout]   50 |           tokio::spawn(async move {
[INFO] [stdout]      |                  ^^^^^ not found in `tokio`
[INFO] [stdout]      |
[INFO] [stdout]     ::: tests/manager_execution_tests.rs:1425:22
[INFO] [stdout]      |
[INFO] [stdout] 1425 |       let bob_handle = receive_loop!(
[INFO] [stdout]      |  ______________________-
[INFO] [stdout] 1426 | |         bob_receive,
[INFO] [stdout] 1427 | |         bob_manager_loop,
[INFO] [stdout] 1428 | |         bob_send_loop,
[INFO] [stdout] ...    |
[INFO] [stdout] 1432 | |         msg_callback
[INFO] [stdout] 1433 | |     );
[INFO] [stdout]      | |_____- in this macro invocation
[INFO] [stdout]      |
[INFO] [stdout] note: found an item that was configured out
[INFO] [stdout]     --> /opt/rustwide/cargo-home/registry/src/index.crates.io-1949cf8c6b5b557f/tokio-1.52.3/src/lib.rs:562:19
[INFO] [stdout]      |
[INFO] [stdout]  562 |     pub use task::spawn;
[INFO] [stdout]      |                   ^^^^^
[INFO] [stdout]      |
[INFO] [stdout]     ::: /opt/rustwide/cargo-home/registry/src/index.crates.io-1949cf8c6b5b557f/tokio-1.52.3/src/macros/cfg.rs:480:19
[INFO] [stdout]      |
[INFO] [stdout]  480 |             #[cfg(feature = "rt")]
[INFO] [stdout]      |                   -------------- the item is gated behind the `rt` feature
[INFO] [stdout]      = note: this error originates in the macro `receive_loop` (in Nightly builds, run with -Z macro-backtrace for more info)
[INFO] [stdout] help: consider importing this function
[INFO] [stdout]     -->  tests/manager_execution_tests.rs:5:1
[INFO] [stdout]      |
[INFO] [stdout]    5 + use std::thread::spawn;
[INFO] [stdout]      |
[INFO] [stdout] 
[INFO] [stdout] 
[INFO] [stdout] error[E0425]: cannot find function `yield_now` in module `tokio::task`
[INFO] [stdout]     --> tests/test_utils.rs:51:26
[INFO] [stdout]      |
[INFO] [stdout]   51 |               tokio::task::yield_now().await;
[INFO] [stdout]      |                            ^^^^^^^^^ not found in `tokio::task`
[INFO] [stdout]      |
[INFO] [stdout]     ::: tests/manager_execution_tests.rs:1425:22
[INFO] [stdout]      |
[INFO] [stdout] 1425 |       let bob_handle = receive_loop!(
[INFO] [stdout]      |  ______________________-
[INFO] [stdout] 1426 | |         bob_receive,
[INFO] [stdout] 1427 | |         bob_manager_loop,
[INFO] [stdout] 1428 | |         bob_send_loop,
[INFO] [stdout] ...    |
[INFO] [stdout] 1432 | |         msg_callback
[INFO] [stdout] 1433 | |     );
[INFO] [stdout]      | |_____- in this macro invocation
[INFO] [stdout]      |
[INFO] [stdout] note: found an item that was configured out
[INFO] [stdout]     --> /opt/rustwide/cargo-home/registry/src/index.crates.io-1949cf8c6b5b557f/tokio-1.52.3/src/task/mod.rs:290:9
[INFO] [stdout]      |
[INFO] [stdout]  290 |     mod yield_now;
[INFO] [stdout]      |         ^^^^^^^^^
[INFO] [stdout]      |
[INFO] [stdout]     ::: /opt/rustwide/cargo-home/registry/src/index.crates.io-1949cf8c6b5b557f/tokio-1.52.3/src/macros/cfg.rs:480:19
[INFO] [stdout]      |
[INFO] [stdout]  480 |             #[cfg(feature = "rt")]
[INFO] [stdout]      |                   -------------- the item is gated behind the `rt` feature
[INFO] [stdout] note: found an item that was configured out
[INFO] [stdout]     --> /opt/rustwide/cargo-home/registry/src/index.crates.io-1949cf8c6b5b557f/tokio-1.52.3/src/task/mod.rs:291:24
[INFO] [stdout]      |
[INFO] [stdout]  291 |     pub use yield_now::yield_now;
[INFO] [stdout]      |                        ^^^^^^^^^
[INFO] [stdout]      |
[INFO] [stdout]     ::: /opt/rustwide/cargo-home/registry/src/index.crates.io-1949cf8c6b5b557f/tokio-1.52.3/src/macros/cfg.rs:480:19
[INFO] [stdout]      |
[INFO] [stdout]  480 |             #[cfg(feature = "rt")]
[INFO] [stdout]      |                   -------------- the item is gated behind the `rt` feature
[INFO] [stdout]      = note: this error originates in the macro `receive_loop` (in Nightly builds, run with -Z macro-backtrace for more info)
[INFO] [stdout] help: consider importing this function
[INFO] [stdout]     -->  tests/manager_execution_tests.rs:5:1
[INFO] [stdout]      |
[INFO] [stdout]    5 + use std::thread::yield_now;
[INFO] [stdout]      |
[INFO] [stdout] 
[INFO] [stdout] 
[INFO] [stdout] error[E0603]: module `runtime` is private
[INFO] [stdout]    --> tests/test_utils.rs:870:20
[INFO] [stdout]     |
[INFO] [stdout] 870 |             tokio::runtime::Builder::new_current_thread()
[INFO] [stdout]     |                    ^^^^^^^ private module
[INFO] [stdout]     |
[INFO] [stdout] note: the module `runtime` is defined here
[INFO] [stdout]    --> /opt/rustwide/cargo-home/registry/src/index.crates.io-1949cf8c6b5b557f/tokio-1.52.3/src/lib.rs:534:5
[INFO] [stdout]     |
[INFO] [stdout] 534 |     pub(crate) mod runtime;
[INFO] [stdout]     |     ^^^^^^^^^^^^^^^^^^^^^^
[INFO] [stdout] 
[INFO] [stdout] 
[INFO] [stdout] Some errors have detailed explanations: E0425, E0432, E0433, E0603.
[INFO] [stdout] 
[INFO] [stdout] For more information about an error, try `rustc --explain E0425`.
[INFO] [stdout] 
[INFO] [stderr] error: could not compile `ddk-manager` (test "manager_tests") due to 30 previous errors
[INFO] [stderr] warning: build failed, waiting for other jobs to finish...
[INFO] [stdout] Some errors have detailed explanations: E0425, E0432, E0433, E0603.
[INFO] [stdout] 
[INFO] [stdout] For more information about an error, try `rustc --explain E0425`.
[INFO] [stdout] 
[INFO] [stderr] error: could not compile `ddk-manager` (test "test_utils") due to 14 previous errors
[INFO] [stdout] error[E0433]: cannot find module or crate `serde` in this scope
[INFO] [stdout]   --> tests/manager_execution_tests.rs:58:33
[INFO] [stdout]    |
[INFO] [stdout] 58 | fn write_message<T: Writeable + serde::Serialize + Type>(_msg_name: &str, s: T) {
[INFO] [stdout]    |                                 ^^^^^ use of unresolved module or unlinked crate `serde`
[INFO] [stdout]    |
[INFO] [stdout]    = help: if you wanted to use a crate named `serde`, use `cargo add serde` to add it to your `Cargo.toml`
[INFO] [stdout] 
[INFO] [stdout] 
[INFO] [stdout] error[E0433]: cannot find module or crate `env_logger` in this scope
[INFO] [stdout]     --> tests/manager_execution_tests.rs:1301:5
[INFO] [stdout]      |
[INFO] [stdout] 1301 |     env_logger::try_init().ok();
[INFO] [stdout]      |     ^^^^^^^^^^ use of unresolved module or unlinked crate `env_logger`
[INFO] [stdout]      |
[INFO] [stdout]      = help: if you wanted to use a crate named `env_logger`, use `cargo add env_logger` to add it to your `Cargo.toml`
[INFO] [stdout] 
[INFO] [stdout] 
[INFO] [stdout] Some errors have detailed explanations: E0425, E0432, E0433, E0603.
[INFO] [stdout] 
[INFO] [stdout] For more information about an error, try `rustc --explain E0425`.
[INFO] [stdout] 
[INFO] [stderr] error: could not compile `ddk-manager` (test "manager_execution_tests") due to 114 previous errors
[INFO] [stdout] error[E0433]: cannot find module or crate `serde_json` in this scope
[INFO] [stdout]   --> tests/contract_updater.rs:17:9
[INFO] [stdout]    |
[INFO] [stdout] 17 |         serde_json::from_str(include_str!("../test_inputs/offer_contract.json")).unwrap();
[INFO] [stdout]    |         ^^^^^^^^^^ use of unresolved module or unlinked crate `serde_json`
[INFO] [stdout]    |
[INFO] [stdout]    = help: if you wanted to use a crate named `serde_json`, use `cargo add serde_json` to add it to your `Cargo.toml`
[INFO] [stdout] 
[INFO] [stdout] 
[INFO] [stdout] Some errors have detailed explanations: E0425, E0432, E0433, E0603.
[INFO] [stdout] 
[INFO] [stdout] For more information about an error, try `rustc --explain E0425`.
[INFO] [stdout] 
[INFO] [stderr] error: could not compile `ddk-manager` (test "contract_updater") due to 19 previous errors
[INFO] [stdout] error[E0433]: cannot find module or crate `serde_json` in this scope
[INFO] [stdout]    --> src/contract/offered_contract.rs:246:38
[INFO] [stdout]     |
[INFO] [stdout] 246 |         let offer: OfferedContract = serde_json::from_str(input).unwrap();
[INFO] [stdout]     |                                      ^^^^^^^^^^ use of unresolved module or unlinked crate `serde_json`
[INFO] [stdout]     |
[INFO] [stdout]     = help: if you wanted to use a crate named `serde_json`, use `cargo add serde_json` to add it to your `Cargo.toml`
[INFO] [stdout] 
[INFO] [stdout] 
[INFO] [stdout] error[E0433]: cannot find module or crate `serde_json` in this scope
[INFO] [stdout]    --> src/contract/offered_contract.rs:252:13
[INFO] [stdout]     |
[INFO] [stdout] 252 |             serde_json::from_str(include_str!("../../test_inputs/offer_contract.json")).unwrap();
[INFO] [stdout]     |             ^^^^^^^^^^ use of unresolved module or unlinked crate `serde_json`
[INFO] [stdout]     |
[INFO] [stdout]     = help: if you wanted to use a crate named `serde_json`, use `cargo add serde_json` to add it to your `Cargo.toml`
[INFO] [stdout] 
[INFO] [stdout] 
[INFO] [stdout] error[E0433]: cannot find module or crate `serde_json` in this scope
[INFO] [stdout]    --> src/contract/ser.rs:719:13
[INFO] [stdout]     |
[INFO] [stdout] 719 |             serde_json::from_str(include_str!("../../test_inputs/offer_contract.json")).unwrap();
[INFO] [stdout]     |             ^^^^^^^^^^ use of unresolved module or unlinked crate `serde_json`
[INFO] [stdout]     |
[INFO] [stdout]     = help: if you wanted to use a crate named `serde_json`, use `cargo add serde_json` to add it to your `Cargo.toml`
[INFO] [stdout] 
[INFO] [stdout] 
[INFO] [stdout] Some errors have detailed explanations: E0432, E0433.
[INFO] [stdout] 
[INFO] [stdout] For more information about an error, try `rustc --explain E0432`.
[INFO] [stdout] 
[INFO] [stderr] error: could not compile `ddk-manager` (lib test) due to 4 previous errors; 3 warnings emitted
[INFO] running `Command { std: "docker" "inspect" "55005cb125aab45631567396ce982d84ac345512ff715fe70982a292e8a078aa", kill_on_drop: false }`
[INFO] running `Command { std: "docker" "rm" "-f" "55005cb125aab45631567396ce982d84ac345512ff715fe70982a292e8a078aa", kill_on_drop: false }`
[INFO] [stdout] 55005cb125aab45631567396ce982d84ac345512ff715fe70982a292e8a078aa
