[INFO] fetching crate dce-tokio 1.0.0...
[INFO] testing dce-tokio-1.0.0 against 1.99.0-beta.8+cargoflags=--release for beta-release-1.100-2
[INFO] extracting crate dce-tokio 1.0.0 into /workspace/builds/worker-7-tc1/source
[INFO] started tweaking crates.io crate dce-tokio 1.0.0
[INFO] finished tweaking crates.io crate dce-tokio 1.0.0
[INFO] tweaked toml for crates.io crate dce-tokio 1.0.0 written to /workspace/builds/worker-7-tc1/source/Cargo.toml
[INFO] validating manifest of crates.io crate dce-tokio 1.0.0 on toolchain 1.99.0-beta.8
[INFO] running `Command { std: CARGO_HOME="/workspace/cargo-home" RUSTUP_HOME="/workspace/rustup-home" "/workspace/cargo-home/bin/cargo" "+1.99.0-beta.8" "metadata" "--manifest-path" "Cargo.toml" "--no-deps", kill_on_drop: false }`
[INFO] running `Command { std: CARGO_HOME="/workspace/cargo-home" RUSTUP_HOME="/workspace/rustup-home" "/workspace/cargo-home/bin/cargo" "+1.99.0-beta.8" "generate-lockfile" "--manifest-path" "Cargo.toml", kill_on_drop: false }`
[INFO] [stderr]     Updating crates.io index
[INFO] [stderr]      Locking 42 packages to highest compatible versions
[INFO] running `Command { std: CARGO_HOME="/workspace/cargo-home" RUSTUP_HOME="/workspace/rustup-home" "/workspace/cargo-home/bin/cargo" "+1.99.0-beta.8" "fetch" "--manifest-path" "Cargo.toml", kill_on_drop: false }`
[INFO] [stderr]  Downloading crates ...
[INFO] [stderr]   Downloaded dce-macro v1.8.0
[INFO] running `Command { std: "docker" "create" "-v" "/var/lib/crater-agent-workspace/builds/worker-7-tc1/source:/opt/rustwide/workdir:ro,Z" "-v" "/var/lib/crater-agent-workspace/builds/worker-7-tc1/target:/opt/rustwide/target:rw,Z" "-v" "/var/lib/crater-agent-workspace/cargo-home:/opt/rustwide/cargo-home:ro,Z" "-v" "/var/lib/crater-agent-workspace/rustup-home:/opt/rustwide/rustup-home:ro,Z" "-m" "1610612736" "--network" "none" "ghcr.io/rust-lang/crates-build-env/linux@sha256:77db811e55d90add9212f6832c23229e3de5f1c1f9905e8cb07319ea15df73ac" "sleep" "infinity", kill_on_drop: false }`
[INFO] [stdout] fec5da17fa298d648305a329e87ada0b1be140b18ec2293e7ecf43ab840234d8
[INFO] running `Command { std: "docker" "start" "fec5da17fa298d648305a329e87ada0b1be140b18ec2293e7ecf43ab840234d8", kill_on_drop: false }`
[INFO] running `Command { std: "docker" "inspect" "fec5da17fa298d648305a329e87ada0b1be140b18ec2293e7ecf43ab840234d8", kill_on_drop: false }`
[INFO] running `Command { std: "docker" "exec" "-e" "SOURCE_DIR=/opt/rustwide/workdir" "-e" "CARGO_HOME=/opt/rustwide/cargo-home" "-e" "RUSTUP_HOME=/opt/rustwide/rustup-home" "-e" "CARGO_TARGET_DIR=/opt/rustwide/target" "-w" "/opt/rustwide/workdir" "--user" "0:0" "fec5da17fa298d648305a329e87ada0b1be140b18ec2293e7ecf43ab840234d8" "/opt/rustwide/cargo-home/bin/cargo" "+1.99.0-beta.8" "metadata" "--no-deps" "--format-version=1", kill_on_drop: false }`
[INFO] running `Command { std: "docker" "inspect" "fec5da17fa298d648305a329e87ada0b1be140b18ec2293e7ecf43ab840234d8", kill_on_drop: false }`
[INFO] running `Command { std: "docker" "exec" "-e" "SOURCE_DIR=/opt/rustwide/workdir" "-e" "CARGO_HOME=/opt/rustwide/cargo-home" "-e" "RUSTUP_HOME=/opt/rustwide/rustup-home" "-e" "CARGO_TARGET_DIR=/opt/rustwide/target" "-e" "CARGO_INCREMENTAL=0" "-e" "RUST_BACKTRACE=full" "-e" "RUSTFLAGS=--cap-lints=warn" "-e" "RUSTDOCFLAGS=--cap-lints=warn" "-w" "/opt/rustwide/workdir" "--user" "0:0" "fec5da17fa298d648305a329e87ada0b1be140b18ec2293e7ecf43ab840234d8" "/opt/rustwide/cargo-home/bin/cargo" "+1.99.0-beta.8" "build" "--frozen" "--message-format=json" "--release", kill_on_drop: false }`
[INFO] [stderr]    Compiling serde_core v1.0.229
[INFO] [stderr]    Compiling serde v1.0.229
[INFO] [stderr]    Compiling log v0.4.34
[INFO] [stderr]    Compiling dce-util v1.8.0
[INFO] [stderr]    Compiling futures-sink v0.3.34
[INFO] [stderr]    Compiling futures-core v0.3.34
[INFO] [stderr]    Compiling hashbrown v0.15.5
[INFO] [stderr]    Compiling futures-io v0.3.34
[INFO] [stderr]    Compiling syn v3.0.9
[INFO] [stderr]    Compiling syn v2.0.119
[INFO] [stderr]    Compiling bytes v1.12.1
[INFO] [stderr]    Compiling async-trait v0.1.92
[INFO] [stderr]    Compiling tokio-macros v2.7.2
[INFO] [stderr]    Compiling futures-macro v0.3.34
[INFO] [stderr]    Compiling futures-util v0.3.34
[INFO] [stderr]    Compiling dce-router v1.8.0
[INFO] [stderr]    Compiling tokio v1.53.3
[INFO] [stderr]    Compiling dce-macro v1.8.0
[INFO] [stderr]    Compiling tokio-util v0.7.20
[INFO] [stderr]    Compiling dce-tokio v1.0.0 (/opt/rustwide/workdir)
[INFO] [stdout] error[E0432]: unresolved imports `dce_router::protocol::HEAD_ID_NAME`, `dce_router::protocol::HEAD_PATH_NAME`, `dce_router::protocol::Meta`
[INFO] [stdout]   --> src/protocol.rs:15:28
[INFO] [stdout]    |
[INFO] [stdout] 15 | use dce_router::protocol::{HEAD_ID_NAME, HEAD_PATH_NAME, Meta, RoutableProtocol};
[INFO] [stdout]    |                            ^^^^^^^^^^^^  ^^^^^^^^^^^^^^  ^^^^ no `Meta` in `protocol`
[INFO] [stdout]    |                            |             |
[INFO] [stdout]    |                            |             no `HEAD_PATH_NAME` in `protocol`
[INFO] [stdout]    |                            no `HEAD_ID_NAME` in `protocol`
[INFO] [stdout] 
[INFO] [stdout] 
[INFO] [stdout] error[E0432]: unresolved import `dce_router::request`
[INFO] [stdout]   --> src/protocol.rs:16:17
[INFO] [stdout]    |
[INFO] [stdout] 16 | use dce_router::request::{Request, Response};
[INFO] [stdout]    |                 ^^^^^^^ could not find `request` in `dce_router`
[INFO] [stdout] 
[INFO] [stdout] 
[INFO] [stdout] error[E0432]: unresolved import `dce_router::serializer`
[INFO] [stdout]   --> src/protocol.rs:18:17
[INFO] [stdout]    |
[INFO] [stdout] 18 | use dce_router::serializer::Serialized;
[INFO] [stdout]    |                 ^^^^^^^^^^ could not find `serializer` in `dce_router`
[INFO] [stdout] 
[INFO] [stdout] 
[INFO] [stdout] error[E0432]: unresolved import `dce_util::mixed`
[INFO] [stdout]   --> src/protocol.rs:19:15
[INFO] [stdout]    |
[INFO] [stdout] 19 | use dce_util::mixed::{DceErr, DceResult};
[INFO] [stdout]    |               ^^^^^ could not find `mixed` in `dce_util`
[INFO] [stdout] 
[INFO] [stdout] 
[INFO] [stdout] error[E0437]: type `Resp` is not a member of trait `RoutableProtocol`
[INFO] [stdout]    --> src/protocol.rs:127:5
[INFO] [stdout]     |
[INFO] [stdout] 127 |     type Resp = Self::Req;
[INFO] [stdout]     |     ^^^^^^^^^^^^^^^^^^^^^^ not a member of trait `RoutableProtocol`
[INFO] [stdout] 
[INFO] [stdout] 
[INFO] [stdout] error[E0407]: method `pack_resp` is not a member of trait `RoutableProtocol`
[INFO] [stdout]    --> src/protocol.rs:134:5
[INFO] [stdout]     |
[INFO] [stdout] 134 | /     fn pack_resp(&self, serialized: Serialized) -> Self::Resp {
[INFO] [stdout] 135 | |         let mut text = BytesMut::new();
[INFO] [stdout] 136 | |         match serialized {
[INFO] [stdout] 137 | |             Serialized::String(str) => text.put_slice(str.as_bytes()),
[INFO] [stdout] ...   |
[INFO] [stdout] 140 | |         text
[INFO] [stdout] 141 | |     }
[INFO] [stdout]     | |_____^ not a member of trait `RoutableProtocol`
[INFO] [stdout] 
[INFO] [stdout] 
[INFO] [stdout] error[E0046]: not all trait items implemented, missing: `path`
[INFO] [stdout]    --> src/protocol.rs:125:1
[INFO] [stdout]     |
[INFO] [stdout] 125 | impl RoutableProtocol for SemiTcpProtocol {
[INFO] [stdout]     | ^^^^^^^^^^^^^^^^^^^^^^^^^^^^^^^^^^^^^^^^^ missing `path` in implementation
[INFO] [stdout]     |
[INFO] [stdout]     = help: implement the missing item: `fn path(&self) -> &str { todo!() }`
[INFO] [stdout] 
[INFO] [stdout] 
[INFO] [stdout] error[E0220]: associated type `Resp` not found for `Self`
[INFO] [stdout]    --> src/protocol.rs:134:58
[INFO] [stdout]     |
[INFO] [stdout] 134 |     fn pack_resp(&self, serialized: Serialized) -> Self::Resp {
[INFO] [stdout]     |                                                          ^^^^ associated type `Resp` not found
[INFO] [stdout] 
[INFO] [stdout] 
[INFO] [stdout] error[E0599]: no associated function or constant named `handle` found for struct `SemiTcpProtocol` in the current scope
[INFO] [stdout]   --> src/protocol.rs:45:38
[INFO] [stdout]    |
[INFO] [stdout] 33 | pub struct SemiTcpProtocol {
[INFO] [stdout]    | -------------------------- associated function or constant `handle` not found for this struct
[INFO] [stdout] ...
[INFO] [stdout] 45 |         if let Some(handled) = Self::handle(self, router, context_data).await {
[INFO] [stdout]    |                                      ^^^^^^ associated function or constant not found in `SemiTcpProtocol`
[INFO] [stdout] 
[INFO] [stdout] 
[INFO] [stdout] error[E0599]: no associated function or constant named `handle` found for struct `SemiTcpProtocol` in the current scope
[INFO] [stdout]   --> src/protocol.rs:57:38
[INFO] [stdout]    |
[INFO] [stdout] 33 | pub struct SemiTcpProtocol {
[INFO] [stdout]    | -------------------------- associated function or constant `handle` not found for this struct
[INFO] [stdout] ...
[INFO] [stdout] 57 |         if let Some(handled) = Self::handle(self, router, context_data).await {
[INFO] [stdout]    |                                      ^^^^^^ associated function or constant not found in `SemiTcpProtocol`
[INFO] [stdout] 
[INFO] [stdout] 
[INFO] [stdout] Some errors have detailed explanations: E0046, E0220, E0407, E0432, E0437, E0599.
[INFO] [stdout] 
[INFO] [stdout] For more information about an error, try `rustc --explain E0046`.
[INFO] [stdout] 
[INFO] [stderr] error: could not compile `dce-tokio` (lib) due to 10 previous errors
[INFO] [stderr] warning: build failed, waiting for other jobs to finish...
[INFO] running `Command { std: "docker" "inspect" "fec5da17fa298d648305a329e87ada0b1be140b18ec2293e7ecf43ab840234d8", kill_on_drop: false }`
[INFO] running `Command { std: "docker" "rm" "-f" "fec5da17fa298d648305a329e87ada0b1be140b18ec2293e7ecf43ab840234d8", kill_on_drop: false }`
[INFO] [stdout] fec5da17fa298d648305a329e87ada0b1be140b18ec2293e7ecf43ab840234d8
