[INFO] fetching crate dce-tokio-tungstenite 1.0.0...
[INFO] testing dce-tokio-tungstenite-1.0.0 against 1.100.0-beta.1+cargoflags=--release for beta-release-1.100-2
[INFO] extracting crate dce-tokio-tungstenite 1.0.0 into /workspace/builds/worker-5-tc2/source
[INFO] started tweaking crates.io crate dce-tokio-tungstenite 1.0.0
[INFO] finished tweaking crates.io crate dce-tokio-tungstenite 1.0.0
[INFO] tweaked toml for crates.io crate dce-tokio-tungstenite 1.0.0 written to /workspace/builds/worker-5-tc2/source/Cargo.toml
[INFO] validating manifest of crates.io crate dce-tokio-tungstenite 1.0.0 on toolchain 1.100.0-beta.1
[INFO] running `Command { std: CARGO_HOME="/workspace/cargo-home" RUSTUP_HOME="/workspace/rustup-home" "/workspace/cargo-home/bin/cargo" "+1.100.0-beta.1" "metadata" "--manifest-path" "Cargo.toml" "--no-deps", kill_on_drop: false }`
[INFO] running `Command { std: CARGO_HOME="/workspace/cargo-home" RUSTUP_HOME="/workspace/rustup-home" "/workspace/cargo-home/bin/cargo" "+1.100.0-beta.1" "generate-lockfile" "--manifest-path" "Cargo.toml", kill_on_drop: false }`
[INFO] [stderr]     Updating crates.io index
[INFO] [stderr]      Locking 81 packages to highest compatible versions
[INFO] [stderr]       Adding generic-array v0.14.7 (available: v0.14.9)
[INFO] [stderr]       Adding tokio-tungstenite v0.21.0 (available: v0.30.0)
[INFO] running `Command { std: CARGO_HOME="/workspace/cargo-home" RUSTUP_HOME="/workspace/rustup-home" "/workspace/cargo-home/bin/cargo" "+1.100.0-beta.1" "fetch" "--manifest-path" "Cargo.toml", kill_on_drop: false }`
[INFO] running `Command { std: "docker" "create" "-v" "/var/lib/crater-agent-workspace/builds/worker-5-tc2/source:/opt/rustwide/workdir:ro,Z" "-v" "/var/lib/crater-agent-workspace/builds/worker-5-tc2/target:/opt/rustwide/target:rw,Z" "-v" "/var/lib/crater-agent-workspace/cargo-home:/opt/rustwide/cargo-home:ro,Z" "-v" "/var/lib/crater-agent-workspace/rustup-home:/opt/rustwide/rustup-home:ro,Z" "-m" "1610612736" "--network" "none" "ghcr.io/rust-lang/crates-build-env/linux@sha256:77db811e55d90add9212f6832c23229e3de5f1c1f9905e8cb07319ea15df73ac" "sleep" "infinity", kill_on_drop: false }`
[INFO] [stdout] d85b22c55d5c15ac5645b33ddd87fb30984b455048c0c1131e909c1d5bbd1cf5
[INFO] running `Command { std: "docker" "start" "d85b22c55d5c15ac5645b33ddd87fb30984b455048c0c1131e909c1d5bbd1cf5", kill_on_drop: false }`
[INFO] running `Command { std: "docker" "inspect" "d85b22c55d5c15ac5645b33ddd87fb30984b455048c0c1131e909c1d5bbd1cf5", kill_on_drop: false }`
[INFO] running `Command { std: "docker" "exec" "-e" "SOURCE_DIR=/opt/rustwide/workdir" "-e" "CARGO_HOME=/opt/rustwide/cargo-home" "-e" "RUSTUP_HOME=/opt/rustwide/rustup-home" "-e" "CARGO_TARGET_DIR=/opt/rustwide/target" "-w" "/opt/rustwide/workdir" "--user" "0:0" "d85b22c55d5c15ac5645b33ddd87fb30984b455048c0c1131e909c1d5bbd1cf5" "/opt/rustwide/cargo-home/bin/cargo" "+1.100.0-beta.1" "metadata" "--no-deps" "--format-version=1", kill_on_drop: false }`
[INFO] running `Command { std: "docker" "inspect" "d85b22c55d5c15ac5645b33ddd87fb30984b455048c0c1131e909c1d5bbd1cf5", kill_on_drop: false }`
[INFO] running `Command { std: "docker" "exec" "-e" "SOURCE_DIR=/opt/rustwide/workdir" "-e" "CARGO_HOME=/opt/rustwide/cargo-home" "-e" "RUSTUP_HOME=/opt/rustwide/rustup-home" "-e" "CARGO_TARGET_DIR=/opt/rustwide/target" "-e" "CARGO_INCREMENTAL=0" "-e" "RUST_BACKTRACE=full" "-e" "RUSTFLAGS=--cap-lints=warn" "-e" "RUSTDOCFLAGS=--cap-lints=warn" "-w" "/opt/rustwide/workdir" "--user" "0:0" "d85b22c55d5c15ac5645b33ddd87fb30984b455048c0c1131e909c1d5bbd1cf5" "/opt/rustwide/cargo-home/bin/cargo" "+1.100.0-beta.1" "build" "--frozen" "--message-format=json" "--release", kill_on_drop: false }`
[INFO] [stderr]    Compiling syn v3.0.9
[INFO] [stderr]    Compiling serde_core v1.0.229
[INFO] [stderr]    Compiling serde v1.0.229
[INFO] [stderr]    Compiling litemap v0.8.3
[INFO] [stderr]    Compiling writeable v0.6.4
[INFO] [stderr]    Compiling icu_properties_data v2.3.0
[INFO] [stderr]    Compiling icu_normalizer_data v2.3.0
[INFO] [stderr]    Compiling smallvec v1.16.3
[INFO] [stderr]    Compiling syn v2.0.119
[INFO] [stderr]    Compiling getrandom v0.2.17
[INFO] [stderr]    Compiling mio v1.2.4
[INFO] [stderr]    Compiling socket2 v0.6.5
[INFO] [stderr]    Compiling digest v0.10.7
[INFO] [stderr]    Compiling futures-sink v0.3.34
[INFO] [stderr]    Compiling utf-8 v0.7.6
[INFO] [stderr]    Compiling dce-util v1.8.0
[INFO] [stderr]    Compiling data-encoding v2.11.1
[INFO] [stderr]    Compiling futures-util v0.3.34
[INFO] [stderr]    Compiling rand_core v0.6.4
[INFO] [stderr]    Compiling sha1 v0.10.7
[INFO] [stderr]    Compiling rand_chacha v0.3.1
[INFO] [stderr]    Compiling rand v0.8.8
[INFO] [stderr]    Compiling bytes v1.12.1
[INFO] [stderr]    Compiling http v1.5.0
[INFO] [stderr]    Compiling tokio v1.53.3
[INFO] [stderr]    Compiling thiserror-impl v1.0.69
[INFO] [stderr]    Compiling thiserror v1.0.69
[INFO] [stderr]    Compiling synstructure v0.14.0
[INFO] [stderr]    Compiling zerovec-derive v0.11.6
[INFO] [stderr]    Compiling displaydoc v0.2.7
[INFO] [stderr]    Compiling async-trait v0.1.92
[INFO] [stderr]    Compiling zerofrom-derive v0.1.8
[INFO] [stderr]    Compiling yoke-derive v0.8.4
[INFO] [stderr]    Compiling dce-router v1.8.0
[INFO] [stderr]    Compiling zerofrom v0.1.8
[INFO] [stderr]    Compiling dce-macro v1.8.0
[INFO] [stderr]    Compiling yoke v0.8.3
[INFO] [stderr]    Compiling zerovec v0.11.8
[INFO] [stderr]    Compiling zerotrie v0.2.5
[INFO] [stderr]    Compiling tinystr v0.8.4
[INFO] [stderr]    Compiling potential_utf v0.1.6
[INFO] [stderr]    Compiling icu_collections v2.3.0
[INFO] [stderr]    Compiling icu_locale_core v2.3.0
[INFO] [stderr]    Compiling icu_provider v2.3.1
[INFO] [stderr]    Compiling icu_properties v2.3.0
[INFO] [stderr]    Compiling icu_normalizer v2.3.0
[INFO] [stderr]    Compiling idna_adapter v1.2.2
[INFO] [stderr]    Compiling idna v1.1.0
[INFO] [stderr]    Compiling url v2.5.8
[INFO] [stderr]    Compiling tungstenite v0.21.0
[INFO] [stderr]    Compiling tokio-tungstenite v0.21.0
[INFO] [stderr]    Compiling dce-tokio-tungstenite v1.0.0 (/opt/rustwide/workdir)
[INFO] [stdout] error[E0432]: unresolved imports `dce_router::protocol::HEAD_ID_NAME`, `dce_router::protocol::HEAD_PATH_NAME`, `dce_router::protocol::Meta`
[INFO] [stdout]   --> src/protocol.rs:12:28
[INFO] [stdout]    |
[INFO] [stdout] 12 | use dce_router::protocol::{HEAD_ID_NAME, HEAD_PATH_NAME, Meta, RoutableProtocol};
[INFO] [stdout]    |                            ^^^^^^^^^^^^  ^^^^^^^^^^^^^^  ^^^^ no `Meta` in `protocol`
[INFO] [stdout]    |                            |             |
[INFO] [stdout]    |                            |             no `HEAD_PATH_NAME` in `protocol`
[INFO] [stdout]    |                            no `HEAD_ID_NAME` in `protocol`
[INFO] [stdout] 
[INFO] [stdout] 
[INFO] [stdout] error[E0432]: unresolved import `dce_router::request`
[INFO] [stdout]   --> src/protocol.rs:13:17
[INFO] [stdout]    |
[INFO] [stdout] 13 | use dce_router::request::{Request, Response};
[INFO] [stdout]    |                 ^^^^^^^ could not find `request` in `dce_router`
[INFO] [stdout] 
[INFO] [stdout] 
[INFO] [stdout] error[E0432]: unresolved import `dce_router::serializer`
[INFO] [stdout]   --> src/protocol.rs:15:17
[INFO] [stdout]    |
[INFO] [stdout] 15 | use dce_router::serializer::Serialized;
[INFO] [stdout]    |                 ^^^^^^^^^^ could not find `serializer` in `dce_router`
[INFO] [stdout] 
[INFO] [stdout] 
[INFO] [stdout] error[E0432]: unresolved import `dce_util::mixed`
[INFO] [stdout]   --> src/protocol.rs:16:15
[INFO] [stdout]    |
[INFO] [stdout] 16 | use dce_util::mixed::{DceErr, DceResult};
[INFO] [stdout]    |               ^^^^^ could not find `mixed` in `dce_util`
[INFO] [stdout] 
[INFO] [stdout] 
[INFO] [stdout] error[E0437]: type `Resp` is not a member of trait `RoutableProtocol`
[INFO] [stdout]    --> src/protocol.rs:140:5
[INFO] [stdout]     |
[INFO] [stdout] 140 |     type Resp = Self::Req;
[INFO] [stdout]     |     ^^^^^^^^^^^^^^^^^^^^^^ not a member of trait `RoutableProtocol`
[INFO] [stdout] 
[INFO] [stdout] 
[INFO] [stdout] error[E0407]: method `pack_resp` is not a member of trait `RoutableProtocol`
[INFO] [stdout]    --> src/protocol.rs:147:5
[INFO] [stdout]     |
[INFO] [stdout] 147 | /     fn pack_resp(&self, serialized: Serialized) -> Self::Resp {
[INFO] [stdout] 148 | |         Message::Text(match serialized {
[INFO] [stdout] 149 | |             Serialized::Bytes(bts) => String::from_utf8_lossy(bts.deref()).to_string(),
[INFO] [stdout] 150 | |             Serialized::String(str) => str,
[INFO] [stdout] 151 | |         })
[INFO] [stdout] 152 | |     }
[INFO] [stdout]     | |_____^ not a member of trait `RoutableProtocol`
[INFO] [stdout] 
[INFO] [stdout] 
[INFO] [stdout] error[E0046]: not all trait items implemented, missing: `path`
[INFO] [stdout]    --> src/protocol.rs:138:1
[INFO] [stdout]     |
[INFO] [stdout] 138 | impl RoutableProtocol for SemiWebsocketProtocol {
[INFO] [stdout]     | ^^^^^^^^^^^^^^^^^^^^^^^^^^^^^^^^^^^^^^^^^^^^^^^ missing `path` in implementation
[INFO] [stdout]     |
[INFO] [stdout]     = help: implement the missing item: `fn path(&self) -> &str { todo!() }`
[INFO] [stdout] 
[INFO] [stdout] 
[INFO] [stdout] error[E0220]: associated type `Resp` not found for `Self`
[INFO] [stdout]    --> src/protocol.rs:147:58
[INFO] [stdout]     |
[INFO] [stdout] 147 |     fn pack_resp(&self, serialized: Serialized) -> Self::Resp {
[INFO] [stdout]     |                                                          ^^^^ there is a similarly named associated type `Rest` in the trait `generic_array::sequence::Concat`
[INFO] [stdout] 
[INFO] [stdout] 
[INFO] [stdout] error[E0599]: no associated function or constant named `handle` found for struct `SemiWebsocketProtocol` in the current scope
[INFO] [stdout]   --> src/protocol.rs:47:38
[INFO] [stdout]    |
[INFO] [stdout] 29 | pub struct SemiWebsocketProtocol {
[INFO] [stdout]    | -------------------------------- associated function or constant `handle` not found for this struct
[INFO] [stdout] ...
[INFO] [stdout] 47 |         if let Some(handled) = Self::handle(self, router, context_data).await {
[INFO] [stdout]    |                                      ^^^^^^ associated function or constant not found in `SemiWebsocketProtocol`
[INFO] [stdout] 
[INFO] [stdout] 
[INFO] [stdout] Some errors have detailed explanations: E0046, E0220, E0407, E0432, E0437, E0599.
[INFO] [stdout] 
[INFO] [stdout] For more information about an error, try `rustc --explain E0046`.
[INFO] [stdout] 
[INFO] [stderr] error: could not compile `dce-tokio-tungstenite` (lib) due to 9 previous errors
[INFO] [stderr] warning: build failed, waiting for other jobs to finish...
[INFO] [stderr] warning: unused dependency `dce-macro`
[INFO] [stderr]  --> Cargo.toml:4:15
[INFO] [stderr]   |
[INFO] [stderr] 4 | [dependencies.dce-macro]
[INFO] [stderr]   |               ^^^^^^^^^^
[INFO] [stderr]   |
[INFO] [stderr]   = note: `cargo::unused_dependencies` is set to `warn` by default
[INFO] [stderr] help: consider removing the dependency on `dce-macro`
[INFO] [stderr] warning: `dce-tokio-tungstenite` (manifest) generated 1 warning
[INFO] running `Command { std: "docker" "inspect" "d85b22c55d5c15ac5645b33ddd87fb30984b455048c0c1131e909c1d5bbd1cf5", kill_on_drop: false }`
[INFO] running `Command { std: "docker" "rm" "-f" "d85b22c55d5c15ac5645b33ddd87fb30984b455048c0c1131e909c1d5bbd1cf5", kill_on_drop: false }`
[INFO] [stdout] d85b22c55d5c15ac5645b33ddd87fb30984b455048c0c1131e909c1d5bbd1cf5
