[INFO] fetching crate dcc-lsystem 0.6.3...
[INFO] testing dcc-lsystem-0.6.3 against 1.99.0-beta.8+cargoflags=--release for beta-release-1.100-2
[INFO] extracting crate dcc-lsystem 0.6.3 into /workspace/builds/worker-1-tc1/source
[INFO] started tweaking crates.io crate dcc-lsystem 0.6.3
[INFO] removed 0 missing examples
[INFO] finished tweaking crates.io crate dcc-lsystem 0.6.3
[INFO] tweaked toml for crates.io crate dcc-lsystem 0.6.3 written to /workspace/builds/worker-1-tc1/source/Cargo.toml
[INFO] validating manifest of crates.io crate dcc-lsystem 0.6.3 on toolchain 1.99.0-beta.8
[INFO] running `Command { std: CARGO_HOME="/workspace/cargo-home" RUSTUP_HOME="/workspace/rustup-home" "/workspace/cargo-home/bin/cargo" "+1.99.0-beta.8" "metadata" "--manifest-path" "Cargo.toml" "--no-deps", kill_on_drop: false }`
[INFO] crate crates.io crate dcc-lsystem 0.6.3 already has a lockfile, it will not be regenerated
[INFO] running `Command { std: CARGO_HOME="/workspace/cargo-home" RUSTUP_HOME="/workspace/rustup-home" "/workspace/cargo-home/bin/cargo" "+1.99.0-beta.8" "fetch" "--manifest-path" "Cargo.toml", kill_on_drop: false }`
[INFO] [stderr]     Updating crates.io index
[INFO] [stderr]  Downloading crates ...
[INFO] [stderr]   Downloaded rand_hc v0.3.0
[INFO] [stderr]   Downloaded redox_syscall v0.2.8
[INFO] [stderr]   Downloaded tempfile v3.2.0
[INFO] [stderr]   Downloaded rand_core v0.6.2
[INFO] [stderr]   Downloaded pbr v1.0.4
[INFO] [stderr]   Downloaded rawpointer v0.1.0
[INFO] [stderr]   Downloaded num-iter v0.1.42
[INFO] [stderr]   Downloaded ab_glyph_rasterizer v0.1.4
[INFO] [stderr]   Downloaded num_cpus v1.13.0
[INFO] [stderr]   Downloaded adler32 v1.2.0
[INFO] [stderr]   Downloaded rand_chacha v0.3.0
[INFO] [stderr]   Downloaded scopeguard v1.1.0
[INFO] [stderr]   Downloaded hermit-abi v0.1.18
[INFO] [stderr]   Downloaded scoped_threadpool v0.1.9
[INFO] [stderr]   Downloaded num v0.1.42
[INFO] [stderr]   Downloaded memoffset v0.6.3
[INFO] [stderr]   Downloaded custom_derive v0.1.7
[INFO] [stderr]   Downloaded wild v2.0.4
[INFO] [stderr]   Downloaded resize v0.7.2
[INFO] [stderr]   Downloaded rgb v0.8.27
[INFO] [stderr]   Downloaded natord v1.0.9
[INFO] [stderr]   Downloaded gif-dispose v3.1.1
[INFO] [stderr]   Downloaded dunce v1.0.1
[INFO] [stderr]   Downloaded dcc-lsystem-derive v0.1.2
[INFO] [stderr]   Downloaded matrixmultiply v0.1.15
[INFO] [stderr]   Downloaded ppv-lite86 v0.2.10
[INFO] [stderr]   Downloaded getrandom v0.2.2
[INFO] [stderr]   Downloaded rusttype v0.9.2
[INFO] [stderr]   Downloaded crossbeam-deque v0.8.0
[INFO] [stderr]   Downloaded time v0.1.43
[INFO] [stderr]   Downloaded bytemuck v1.5.1
[INFO] [stderr]   Downloaded conv v0.3.3
[INFO] [stderr]   Downloaded crossbeam-utils v0.8.4
[INFO] [stderr]   Downloaded owned_ttf_parser v0.6.0
[INFO] [stderr]   Downloaded weezl v0.1.5
[INFO] [stderr]   Downloaded gif v0.11.2
[INFO] [stderr]   Downloaded gifski v1.4.3
[INFO] [stderr]   Downloaded glob v0.3.0
[INFO] [stderr]   Downloaded dyn-clone v1.0.4
[INFO] [stderr]   Downloaded quote v1.0.9
[INFO] [stderr]   Downloaded miniz_oxide v0.3.7
[INFO] [stderr]   Downloaded imagequant v3.0.4-alpha.2
[INFO] [stderr]   Downloaded crossbeam-epoch v0.9.4
[INFO] [stderr]   Downloaded miniz_oxide v0.4.4
[INFO] [stderr]   Downloaded deflate v0.8.6
[INFO] [stderr]   Downloaded crc32fast v1.2.1
[INFO] [stderr]   Downloaded rand v0.8.3
[INFO] [stderr]   Downloaded rand_distr v0.2.2
[INFO] [stderr]   Downloaded lodepng v3.4.5
[INFO] [stderr]   Downloaded proc-macro2 v1.0.26
[INFO] [stderr]   Downloaded memchr v2.4.0
[INFO] [stderr]   Downloaded rayon-core v1.9.0
[INFO] [stderr]   Downloaded png v0.16.8
[INFO] [stderr]   Downloaded fallible_collections v0.4.2
[INFO] [stderr]   Downloaded ahash v0.4.7
[INFO] [stderr]   Downloaded imgref v1.9.0
[INFO] [stderr]   Downloaded cc v1.0.67
[INFO] [stderr]   Downloaded flate2 v1.0.20
[INFO] [stderr]   Downloaded hashbrown v0.9.1
[INFO] [stderr]   Downloaded crossbeam-channel v0.5.1
[INFO] [stderr]   Downloaded itertools v0.9.0
[INFO] [stderr]   Downloaded ttf-parser v0.6.2
[INFO] [stderr]   Downloaded rulinalg v0.4.2
[INFO] [stderr]   Downloaded num-bigint v0.3.2
[INFO] [stderr]   Downloaded imagequant-sys v3.0.6+sys2.15.0
[INFO] [stderr]   Downloaded aho-corasick v0.7.18
[INFO] [stderr]   Downloaded gifsicle v1.92.5
[INFO] [stderr]   Downloaded rayon v1.5.0
[INFO] [stderr]   Downloaded image v0.23.14
[INFO] [stderr]   Downloaded jpeg-decoder v0.1.22
[INFO] [stderr]   Downloaded syn v1.0.72
[INFO] [stderr]   Downloaded regex v1.5.4
[INFO] [stderr]   Downloaded regex-syntax v0.6.25
[INFO] [stderr]   Downloaded libc v0.2.94
[INFO] [stderr]   Downloaded tiff v0.6.1
[INFO] [stderr]   Downloaded imageproc v0.22.0
[INFO] running `Command { std: "docker" "create" "-v" "/var/lib/crater-agent-workspace/builds/worker-1-tc1/source:/opt/rustwide/workdir:ro,Z" "-v" "/var/lib/crater-agent-workspace/builds/worker-1-tc1/target:/opt/rustwide/target:rw,Z" "-v" "/var/lib/crater-agent-workspace/cargo-home:/opt/rustwide/cargo-home:ro,Z" "-v" "/var/lib/crater-agent-workspace/rustup-home:/opt/rustwide/rustup-home:ro,Z" "-m" "1610612736" "--network" "none" "ghcr.io/rust-lang/crates-build-env/linux@sha256:77db811e55d90add9212f6832c23229e3de5f1c1f9905e8cb07319ea15df73ac" "sleep" "infinity", kill_on_drop: false }`
[INFO] [stdout] aa66857509a6d65d7a7f8510e8b5549381e157e5f884c07dcd6b1f4100b2fb21
[INFO] running `Command { std: "docker" "start" "aa66857509a6d65d7a7f8510e8b5549381e157e5f884c07dcd6b1f4100b2fb21", kill_on_drop: false }`
[INFO] running `Command { std: "docker" "inspect" "aa66857509a6d65d7a7f8510e8b5549381e157e5f884c07dcd6b1f4100b2fb21", kill_on_drop: false }`
[INFO] running `Command { std: "docker" "exec" "-e" "SOURCE_DIR=/opt/rustwide/workdir" "-e" "CARGO_HOME=/opt/rustwide/cargo-home" "-e" "RUSTUP_HOME=/opt/rustwide/rustup-home" "-e" "CARGO_TARGET_DIR=/opt/rustwide/target" "-w" "/opt/rustwide/workdir" "--user" "0:0" "aa66857509a6d65d7a7f8510e8b5549381e157e5f884c07dcd6b1f4100b2fb21" "/opt/rustwide/cargo-home/bin/cargo" "+1.99.0-beta.8" "metadata" "--no-deps" "--format-version=1", kill_on_drop: false }`
[INFO] running `Command { std: "docker" "inspect" "aa66857509a6d65d7a7f8510e8b5549381e157e5f884c07dcd6b1f4100b2fb21", kill_on_drop: false }`
[INFO] running `Command { std: "docker" "exec" "-e" "SOURCE_DIR=/opt/rustwide/workdir" "-e" "CARGO_HOME=/opt/rustwide/cargo-home" "-e" "RUSTUP_HOME=/opt/rustwide/rustup-home" "-e" "CARGO_TARGET_DIR=/opt/rustwide/target" "-e" "CARGO_INCREMENTAL=0" "-e" "RUST_BACKTRACE=full" "-e" "RUSTFLAGS=--cap-lints=warn" "-e" "RUSTDOCFLAGS=--cap-lints=warn" "-w" "/opt/rustwide/workdir" "--user" "0:0" "aa66857509a6d65d7a7f8510e8b5549381e157e5f884c07dcd6b1f4100b2fb21" "/opt/rustwide/cargo-home/bin/cargo" "+1.99.0-beta.8" "build" "--frozen" "--message-format=json" "--release", kill_on_drop: false }`
[INFO] [stderr]    Compiling libc v0.2.94
[INFO] [stderr]    Compiling crossbeam-utils v0.8.4
[INFO] [stderr]    Compiling num-traits v0.2.14
[INFO] [stderr]    Compiling memoffset v0.6.3
[INFO] [stderr]    Compiling num-integer v0.1.44
[INFO] [stderr]    Compiling bytemuck v1.5.1
[INFO] [stderr]    Compiling miniz_oxide v0.4.4
[INFO] [stderr]    Compiling scopeguard v1.1.0
[INFO] [stderr]    Compiling cc v1.0.67
[INFO] [stderr]    Compiling crc32fast v1.2.1
[INFO] [stderr]    Compiling rayon-core v1.9.0
[INFO] [stderr]    Compiling num-iter v0.1.42
[INFO] [stderr]    Compiling getrandom v0.1.16
[INFO] [stderr]    Compiling adler v1.0.2
[INFO] [stderr]    Compiling ppv-lite86 v0.2.10
[INFO] [stderr]    Compiling num-bigint v0.3.2
[INFO] [stderr]    Compiling rayon v1.5.0
[INFO] [stderr]    Compiling rgb v0.8.27
[INFO] [stderr]    Compiling getrandom v0.2.2
[INFO] [stderr]    Compiling either v1.6.1
[INFO] [stderr]    Compiling weezl v0.1.5
[INFO] [stderr]    Compiling num-rational v0.3.2
[INFO] [stderr]    Compiling proc-macro2 v1.0.26
[INFO] [stderr]    Compiling adler32 v1.2.0
[INFO] [stderr]    Compiling color_quant v1.1.0
[INFO] [stderr]    Compiling ahash v0.4.7
[INFO] [stderr]    Compiling memchr v2.4.0
[INFO] [stderr]    Compiling unicode-xid v0.2.2
[INFO] [stderr]    Compiling matrixmultiply v0.1.15
[INFO] [stderr]    Compiling byteorder v1.4.3
[INFO] [stderr]    Compiling hashbrown v0.9.1
[INFO] [stderr]    Compiling miniz_oxide v0.3.7
[INFO] [stderr]    Compiling ttf-parser v0.6.2
[INFO] [stderr]    Compiling rawpointer v0.1.0
[INFO] [stderr]    Compiling syn v1.0.72
[INFO] [stderr]    Compiling ab_glyph_rasterizer v0.1.4
[INFO] [stderr]    Compiling gif v0.11.2
[INFO] [stderr]    Compiling scoped_threadpool v0.1.9
[INFO] [stderr]    Compiling crossbeam-channel v0.5.1
[INFO] [stderr]    Compiling crossbeam-epoch v0.9.4
[INFO] [stderr]    Compiling deflate v0.8.6
[INFO] [stderr]    Compiling crossbeam-deque v0.8.0
[INFO] [stderr]    Compiling fallible_collections v0.4.2
[INFO] [stderr]    Compiling quote v1.0.9
[INFO] [stderr]    Compiling num_cpus v1.13.0
[INFO] [stderr]    Compiling rand_core v0.5.1
[INFO] [stderr]    Compiling imagequant-sys v3.0.6+sys2.15.0
[INFO] [stderr]    Compiling gifsicle v1.92.5
[INFO] [stderr]    Compiling rand_core v0.6.2
[INFO] [stderr]    Compiling num v0.1.42
[INFO] [stderr]    Compiling png v0.16.8
[INFO] [stderr]    Compiling time v0.1.43
[INFO] [stderr]    Compiling flate2 v1.0.20
[INFO] [stderr]    Compiling rand_chacha v0.2.2
[INFO] [stderr]    Compiling rand_chacha v0.3.0
[INFO] [stderr]    Compiling atty v0.2.14
[INFO] [stderr]    Compiling num-complex v0.3.1
[INFO] [stdout] error[E0308]: mismatched types
[INFO] [stdout]   --> /opt/rustwide/cargo-home/registry/src/index.crates.io-1949cf8c6b5b557f/num-bigint-0.3.2/src/biguint/convert.rs:70:19
[INFO] [stdout]    |
[INFO] [stdout] 70 |         .div_ceil(&big_digit::BITS.into())
[INFO] [stdout]    |          -------- ^^^^^^^^^^^^^^^^^^^^^^^ expected `u64`, found `&_`
[INFO] [stdout]    |          |
[INFO] [stdout]    |          arguments to this method are incorrect
[INFO] [stdout]    |
[INFO] [stdout]    = note:   expected type `u64`
[INFO] [stdout]            found reference `&_`
[INFO] [stdout] note: method defined here
[INFO] [stdout]   --> /rustc/dfb0accb7f508ae8be965d8629557221c889dd98/library/core/src/num/uint_macros.rs:3787:21
[INFO] [stdout]   --> /rustc/dfb0accb7f508ae8be965d8629557221c889dd98/library/core/src/num/mod.rs:1322:4
[INFO] [stdout]   ::: /rustc/dfb0accb7f508ae8be965d8629557221c889dd98/library/core/src/num/mod.rs:1346:5
[INFO] [stdout]    |
[INFO] [stdout]    = note: in this macro invocation
[INFO] [stdout]    = note: this error originates in the macro `uint_impl` (in Nightly builds, run with -Z macro-backtrace for more info)
[INFO] [stdout] help: consider removing the borrow
[INFO] [stdout]    |
[INFO] [stdout] 70 -         .div_ceil(&big_digit::BITS.into())
[INFO] [stdout] 70 +         .div_ceil(big_digit::BITS.into())
[INFO] [stdout]    |
[INFO] [stdout] 
[INFO] [stdout] 
[INFO] [stderr]    Compiling rand v0.7.3
[INFO] [stdout] error[E0308]: mismatched types
[INFO] [stdout]    --> /opt/rustwide/cargo-home/registry/src/index.crates.io-1949cf8c6b5b557f/num-bigint-0.3.2/src/biguint/convert.rs:585:19
[INFO] [stdout]     |
[INFO] [stdout] 585 |         .div_ceil(&u64::from(bits))
[INFO] [stdout]     |          -------- ^^^^^^^^^^^^^^^^ expected `u64`, found `&u64`
[INFO] [stdout]     |          |
[INFO] [stdout]     |          arguments to this method are incorrect
[INFO] [stdout]     |
[INFO] [stdout] note: method defined here
[INFO] [stdout]    --> /rustc/dfb0accb7f508ae8be965d8629557221c889dd98/library/core/src/num/uint_macros.rs:3787:21
[INFO] [stdout]    --> /rustc/dfb0accb7f508ae8be965d8629557221c889dd98/library/core/src/num/mod.rs:1322:4
[INFO] [stdout]    ::: /rustc/dfb0accb7f508ae8be965d8629557221c889dd98/library/core/src/num/mod.rs:1346:5
[INFO] [stdout]     |
[INFO] [stdout]     = note: in this macro invocation
[INFO] [stdout]     = note: this error originates in the macro `uint_impl` (in Nightly builds, run with -Z macro-backtrace for more info)
[INFO] [stdout] help: consider removing the borrow
[INFO] [stdout]     |
[INFO] [stdout] 585 -         .div_ceil(&u64::from(bits))
[INFO] [stdout] 585 +         .div_ceil(u64::from(bits))
[INFO] [stdout]     |
[INFO] [stdout] 
[INFO] [stdout] 
[INFO] [stdout] error[E0308]: mismatched types
[INFO] [stdout]    --> /opt/rustwide/cargo-home/registry/src/index.crates.io-1949cf8c6b5b557f/num-bigint-0.3.2/src/biguint/convert.rs:613:19
[INFO] [stdout]     |
[INFO] [stdout] 613 |         .div_ceil(&u64::from(bits))
[INFO] [stdout]     |          -------- ^^^^^^^^^^^^^^^^ expected `u64`, found `&u64`
[INFO] [stdout]     |          |
[INFO] [stdout]     |          arguments to this method are incorrect
[INFO] [stdout]     |
[INFO] [stdout] note: method defined here
[INFO] [stdout]    --> /rustc/dfb0accb7f508ae8be965d8629557221c889dd98/library/core/src/num/uint_macros.rs:3787:21
[INFO] [stdout]    --> /rustc/dfb0accb7f508ae8be965d8629557221c889dd98/library/core/src/num/mod.rs:1322:4
[INFO] [stdout]    ::: /rustc/dfb0accb7f508ae8be965d8629557221c889dd98/library/core/src/num/mod.rs:1346:5
[INFO] [stdout]     |
[INFO] [stdout]     = note: in this macro invocation
[INFO] [stdout]     = note: this error originates in the macro `uint_impl` (in Nightly builds, run with -Z macro-backtrace for more info)
[INFO] [stdout] help: consider removing the borrow
[INFO] [stdout]     |
[INFO] [stdout] 613 -         .div_ceil(&u64::from(bits))
[INFO] [stdout] 613 +         .div_ceil(u64::from(bits))
[INFO] [stdout]     |
[INFO] [stdout] 
[INFO] [stdout] 
[INFO] [stderr]    Compiling owned_ttf_parser v0.6.0
[INFO] [stdout] error[E0308]: mismatched types
[INFO] [stdout]    --> /opt/rustwide/cargo-home/registry/src/index.crates.io-1949cf8c6b5b557f/num-bigint-0.3.2/src/biguint.rs:393:54
[INFO] [stdout]     |
[INFO] [stdout] 393 |                 let root_scale = extra_bits.div_ceil(&n64);
[INFO] [stdout]     |                                             -------- ^^^^ expected `u64`, found `&u64`
[INFO] [stdout]     |                                             |
[INFO] [stdout]     |                                             arguments to this method are incorrect
[INFO] [stdout]     |
[INFO] [stdout] note: method defined here
[INFO] [stdout]    --> /rustc/dfb0accb7f508ae8be965d8629557221c889dd98/library/core/src/num/uint_macros.rs:3787:21
[INFO] [stdout]    --> /rustc/dfb0accb7f508ae8be965d8629557221c889dd98/library/core/src/num/mod.rs:1322:4
[INFO] [stdout]    ::: /rustc/dfb0accb7f508ae8be965d8629557221c889dd98/library/core/src/num/mod.rs:1346:5
[INFO] [stdout]     |
[INFO] [stdout]     = note: in this macro invocation
[INFO] [stdout]     = note: this error originates in the macro `uint_impl` (in Nightly builds, run with -Z macro-backtrace for more info)
[INFO] [stdout] help: consider removing the borrow
[INFO] [stdout]     |
[INFO] [stdout] 393 -                 let root_scale = extra_bits.div_ceil(&n64);
[INFO] [stdout] 393 +                 let root_scale = extra_bits.div_ceil(n64);
[INFO] [stdout]     |
[INFO] [stdout] 
[INFO] [stdout] 
[INFO] [stderr]    Compiling custom_derive v0.1.7
[INFO] [stderr]    Compiling imgref v1.9.0
[INFO] [stderr]    Compiling conv v0.3.3
[INFO] [stderr]    Compiling clap v2.33.3
[INFO] [stdout] For more information about this error, try `rustc --explain E0308`.
[INFO] [stdout] 
[INFO] [stderr] error: could not compile `num-bigint` (lib) due to 4 previous errors
[INFO] [stderr] warning: build failed, waiting for other jobs to finish...
[INFO] running `Command { std: "docker" "inspect" "aa66857509a6d65d7a7f8510e8b5549381e157e5f884c07dcd6b1f4100b2fb21", kill_on_drop: false }`
[INFO] running `Command { std: "docker" "rm" "-f" "aa66857509a6d65d7a7f8510e8b5549381e157e5f884c07dcd6b1f4100b2fb21", kill_on_drop: false }`
[INFO] [stdout] aa66857509a6d65d7a7f8510e8b5549381e157e5f884c07dcd6b1f4100b2fb21
