[INFO] fetching crate dcb-layer 0.2.2...
[INFO] testing dcb-layer-0.2.2 against 1.99.0-beta.8+cargoflags=--release for beta-release-1.100-2
[INFO] extracting crate dcb-layer 0.2.2 into /workspace/builds/worker-3-tc1/source
[INFO] removed /workspace/builds/worker-3-tc1/source/.cargo/config.toml
[INFO] started tweaking crates.io crate dcb-layer 0.2.2
[INFO] removed 0 missing tests
[INFO] finished tweaking crates.io crate dcb-layer 0.2.2
[INFO] tweaked toml for crates.io crate dcb-layer 0.2.2 written to /workspace/builds/worker-3-tc1/source/Cargo.toml
[INFO] validating manifest of crates.io crate dcb-layer 0.2.2 on toolchain 1.99.0-beta.8
[INFO] running `Command { std: CARGO_HOME="/workspace/cargo-home" RUSTUP_HOME="/workspace/rustup-home" "/workspace/cargo-home/bin/cargo" "+1.99.0-beta.8" "metadata" "--manifest-path" "Cargo.toml" "--no-deps", kill_on_drop: false }`
[INFO] crate crates.io crate dcb-layer 0.2.2 already has a lockfile, it will not be regenerated
[INFO] running `Command { std: CARGO_HOME="/workspace/cargo-home" RUSTUP_HOME="/workspace/rustup-home" "/workspace/cargo-home/bin/cargo" "+1.99.0-beta.8" "fetch" "--manifest-path" "Cargo.toml", kill_on_drop: false }`
[INFO] [stderr]     Updating crates.io index
[INFO] [stderr]  Downloading crates ...
[INFO] [stderr]   Downloaded foundationdb-macros v0.3.3
[INFO] [stderr]   Downloaded try_map v0.3.1
[INFO] [stderr]   Downloaded foundationdb v0.10.0
[INFO] [stderr]   Downloaded foundationdb-tuple v0.10.0
[INFO] [stderr]   Downloaded xml-rs v1.0.0
[INFO] [stderr]   Downloaded xml v1.3.0
[INFO] [stderr]   Downloaded foundationdb-gen v0.10.0
[INFO] [stderr]   Downloaded foundationdb-sys v0.10.0
[INFO] running `Command { std: "docker" "create" "-v" "/var/lib/crater-agent-workspace/builds/worker-3-tc1/source:/opt/rustwide/workdir:ro,Z" "-v" "/var/lib/crater-agent-workspace/builds/worker-3-tc1/target:/opt/rustwide/target:rw,Z" "-v" "/var/lib/crater-agent-workspace/cargo-home:/opt/rustwide/cargo-home:ro,Z" "-v" "/var/lib/crater-agent-workspace/rustup-home:/opt/rustwide/rustup-home:ro,Z" "-m" "1610612736" "--network" "none" "ghcr.io/rust-lang/crates-build-env/linux@sha256:77db811e55d90add9212f6832c23229e3de5f1c1f9905e8cb07319ea15df73ac" "sleep" "infinity", kill_on_drop: false }`
[INFO] [stdout] 42d6534912752396c2051ec30104a644c1c3f70c4a63cd5b4e8bb7466aa252db
[INFO] running `Command { std: "docker" "start" "42d6534912752396c2051ec30104a644c1c3f70c4a63cd5b4e8bb7466aa252db", kill_on_drop: false }`
[INFO] running `Command { std: "docker" "inspect" "42d6534912752396c2051ec30104a644c1c3f70c4a63cd5b4e8bb7466aa252db", kill_on_drop: false }`
[INFO] running `Command { std: "docker" "exec" "-e" "SOURCE_DIR=/opt/rustwide/workdir" "-e" "CARGO_HOME=/opt/rustwide/cargo-home" "-e" "RUSTUP_HOME=/opt/rustwide/rustup-home" "-e" "CARGO_TARGET_DIR=/opt/rustwide/target" "-w" "/opt/rustwide/workdir" "--user" "0:0" "42d6534912752396c2051ec30104a644c1c3f70c4a63cd5b4e8bb7466aa252db" "/opt/rustwide/cargo-home/bin/cargo" "+1.99.0-beta.8" "metadata" "--no-deps" "--format-version=1", kill_on_drop: false }`
[INFO] running `Command { std: "docker" "inspect" "42d6534912752396c2051ec30104a644c1c3f70c4a63cd5b4e8bb7466aa252db", kill_on_drop: false }`
[INFO] running `Command { std: "docker" "exec" "-e" "SOURCE_DIR=/opt/rustwide/workdir" "-e" "CARGO_HOME=/opt/rustwide/cargo-home" "-e" "RUSTUP_HOME=/opt/rustwide/rustup-home" "-e" "CARGO_TARGET_DIR=/opt/rustwide/target" "-e" "CARGO_INCREMENTAL=0" "-e" "RUST_BACKTRACE=full" "-e" "RUSTFLAGS=--cap-lints=warn" "-e" "RUSTDOCFLAGS=--cap-lints=warn" "-w" "/opt/rustwide/workdir" "--user" "0:0" "42d6534912752396c2051ec30104a644c1c3f70c4a63cd5b4e8bb7466aa252db" "/opt/rustwide/cargo-home/bin/cargo" "+1.99.0-beta.8" "build" "--frozen" "--message-format=json" "--release", kill_on_drop: false }`
[INFO] [stderr]    Compiling libc v0.2.186
[INFO] [stderr]    Compiling log v0.4.32
[INFO] [stderr]    Compiling xml v1.3.0
[INFO] [stderr]    Compiling futures-core v0.3.32
[INFO] [stderr]    Compiling futures-sink v0.3.32
[INFO] [stderr]    Compiling zerocopy v0.8.52
[INFO] [stderr]    Compiling syn v2.0.118
[INFO] [stderr]    Compiling getrandom v0.3.4
[INFO] [stderr]    Compiling try_map v0.3.1
[INFO] [stderr]    Compiling uuid v1.23.3
[INFO] [stderr]    Compiling serde_bytes v0.11.19
[INFO] [stderr]    Compiling bytes v1.12.0
[INFO] [stderr]    Compiling serde_json v1.0.150
[INFO] [stderr]    Compiling futures-channel v0.3.32
[INFO] [stderr]    Compiling rand_core v0.9.5
[INFO] [stderr]    Compiling foundationdb-tuple v0.10.0
[INFO] [stderr]    Compiling xml-rs v1.0.0
[INFO] [stderr]    Compiling foundationdb-gen v0.10.0
[INFO] [stderr]    Compiling foundationdb v0.10.0
[INFO] [stderr]    Compiling clang-sys v1.8.1
[INFO] [stderr]    Compiling prettyplease v0.2.37
[INFO] [stderr]    Compiling futures-macro v0.3.32
[INFO] [stderr]    Compiling serde_derive v1.0.228
[INFO] [stderr]    Compiling async-recursion v1.1.1
[INFO] [stderr]    Compiling async-trait v0.1.89
[INFO] [stderr]    Compiling foundationdb-macros v0.3.3
[INFO] [stderr]    Compiling thiserror-impl v1.0.69
[INFO] [stderr]    Compiling bindgen v0.72.1
[INFO] [stderr]    Compiling futures-util v0.3.32
[INFO] [stderr]    Compiling thiserror v1.0.69
[INFO] [stderr]    Compiling ppv-lite86 v0.2.21
[INFO] [stderr]    Compiling rand_chacha v0.9.0
[INFO] [stderr]    Compiling rand v0.9.4
[INFO] [stderr]    Compiling serde v1.0.228
[INFO] [stderr]    Compiling futures-executor v0.3.32
[INFO] [stderr]    Compiling futures v0.3.32
[INFO] [stderr]    Compiling foundationdb-sys v0.10.0
[INFO] [stderr]    Compiling dcb-layer v0.2.2 (/opt/rustwide/workdir)
[INFO] [stderr]     Finished `release` profile [optimized] target(s) in 24.29s
[INFO] running `Command { std: "docker" "inspect" "42d6534912752396c2051ec30104a644c1c3f70c4a63cd5b4e8bb7466aa252db", kill_on_drop: false }`
[INFO] running `Command { std: "docker" "exec" "-e" "SOURCE_DIR=/opt/rustwide/workdir" "-e" "CARGO_HOME=/opt/rustwide/cargo-home" "-e" "RUSTUP_HOME=/opt/rustwide/rustup-home" "-e" "CARGO_TARGET_DIR=/opt/rustwide/target" "-e" "CARGO_INCREMENTAL=0" "-e" "RUST_BACKTRACE=full" "-e" "RUSTFLAGS=--cap-lints=warn" "-e" "RUSTDOCFLAGS=--cap-lints=warn" "-w" "/opt/rustwide/workdir" "--user" "0:0" "42d6534912752396c2051ec30104a644c1c3f70c4a63cd5b4e8bb7466aa252db" "/opt/rustwide/cargo-home/bin/cargo" "+1.99.0-beta.8" "test" "--frozen" "--no-run" "--message-format=json" "--release", kill_on_drop: false }`
[INFO] [stderr]    Compiling syn v2.0.118
[INFO] [stderr]    Compiling aho-corasick v1.1.4
[INFO] [stderr]    Compiling cc v1.2.64
[INFO] [stderr]    Compiling rustls-pki-types v1.14.1
[INFO] [stderr]    Compiling http v1.4.2
[INFO] [stderr]    Compiling serde_json v1.0.150
[INFO] [stderr]    Compiling form_urlencoded v1.2.2
[INFO] [stderr]    Compiling num-traits v0.2.19
[INFO] [stderr]    Compiling xattr v1.6.1
[INFO] [stderr]    Compiling serde_bytes v0.11.19
[INFO] [stderr]    Compiling filetime v0.2.29
[INFO] [stderr]    Compiling wait-timeout v0.2.1
[INFO] [stderr]    Compiling log v0.4.32
[INFO] [stderr]    Compiling bit-vec v0.8.0
[INFO] [stderr]    Compiling etcetera v0.8.0
[INFO] [stderr]    Compiling rand_xorshift v0.4.0
[INFO] [stderr]    Compiling bit-set v0.8.0
[INFO] [stderr]    Compiling rusty-fork v0.3.1
[INFO] [stderr]    Compiling unarray v0.1.4
[INFO] [stderr]    Compiling rustls-native-certs v0.8.4
[INFO] [stderr]    Compiling rustls-pemfile v2.2.0
[INFO] [stderr]    Compiling http-body v1.0.1
[INFO] [stderr]    Compiling regex-automata v0.4.14
[INFO] [stderr]    Compiling ring v0.17.14
[INFO] [stderr]    Compiling http-body-util v0.1.3
[INFO] [stderr]    Compiling proptest v1.11.0
[INFO] [stderr]    Compiling regex v1.12.4
[INFO] [stderr]    Compiling synstructure v0.13.2
[INFO] [stderr]    Compiling darling_core v0.23.0
[INFO] [stderr]    Compiling prettyplease v0.2.37
[INFO] [stderr]    Compiling bindgen v0.72.1
[INFO] [stderr]    Compiling zerofrom-derive v0.1.7
[INFO] [stderr]    Compiling yoke-derive v0.8.2
[INFO] [stderr]    Compiling zerovec-derive v0.11.3
[INFO] [stderr]    Compiling displaydoc v0.2.6
[INFO] [stderr]    Compiling tokio-macros v2.7.0
[INFO] [stderr]    Compiling futures-macro v0.3.32
[INFO] [stderr]    Compiling serde_derive v1.0.228
[INFO] [stderr]    Compiling structmeta-derive v0.3.0
[INFO] [stderr]    Compiling serde_repr v0.1.20
[INFO] [stderr]    Compiling async-trait v0.1.89
[INFO] [stderr]    Compiling thiserror-impl v2.0.18
[INFO] [stderr]    Compiling tokio v1.52.3
[INFO] [stderr]    Compiling structmeta v0.3.0
[INFO] [stderr]    Compiling futures-util v0.3.32
[INFO] [stderr]    Compiling foundationdb-macros v0.3.3
[INFO] [stderr]    Compiling thiserror-impl v1.0.69
[INFO] [stderr]    Compiling parse-display-derive v0.9.1
[INFO] [stderr]    Compiling async-recursion v1.1.1
[INFO] [stderr]    Compiling zerofrom v0.1.8
[INFO] [stderr]    Compiling thiserror v2.0.18
[INFO] [stderr]    Compiling yoke v0.8.3
[INFO] [stderr]    Compiling thiserror v1.0.69
[INFO] [stderr]    Compiling zerovec v0.11.6
[INFO] [stderr]    Compiling zerotrie v0.2.4
[INFO] [stderr]    Compiling parse-display v0.9.1
[INFO] [stderr]    Compiling tinystr v0.8.3
[INFO] [stderr]    Compiling potential_utf v0.1.5
[INFO] [stderr]    Compiling icu_locale_core v2.2.0
[INFO] [stderr]    Compiling icu_collections v2.2.0
[INFO] [stderr]    Compiling darling_macro v0.23.0
[INFO] [stderr]    Compiling darling v0.23.0
[INFO] [stderr]    Compiling futures-executor v0.3.32
[INFO] [stderr]    Compiling serde_with_macros v3.21.0
[INFO] [stderr]    Compiling futures v0.3.32
[INFO] [stderr]    Compiling icu_provider v2.2.0
[INFO] [stderr]    Compiling icu_properties v2.2.0
[INFO] [stderr]    Compiling icu_normalizer v2.2.0
[INFO] [stderr]    Compiling serde_with v3.21.0
[INFO] [stderr]    Compiling idna_adapter v1.2.2
[INFO] [stderr]    Compiling serde v1.0.228
[INFO] [stderr]    Compiling idna v1.1.0
[INFO] [stderr]    Compiling serde_urlencoded v0.7.1
[INFO] [stderr]    Compiling url v2.5.8
[INFO] [stderr]    Compiling docker_credential v1.4.0
[INFO] [stderr]    Compiling foundationdb-sys v0.10.0
[INFO] [stderr]    Compiling hyper v1.10.1
[INFO] [stderr]    Compiling tokio-stream v0.1.18
[INFO] [stderr]    Compiling tokio-util v0.7.18
[INFO] [stderr]    Compiling bollard-stubs v1.47.1-rc.27.3.1
[INFO] [stderr]    Compiling tokio-tar v0.3.1
[INFO] [stderr]    Compiling rustls v0.23.40
[INFO] [stderr]    Compiling hyper-util v0.1.20
[INFO] [stderr]    Compiling foundationdb v0.10.0
[INFO] [stderr]    Compiling hyperlocal v0.9.1
[INFO] [stderr]    Compiling rustls-webpki v0.103.13
[INFO] [stderr]    Compiling dcb-layer v0.2.2 (/opt/rustwide/workdir)
[INFO] [stderr]    Compiling tokio-rustls v0.26.4
[INFO] [stderr]    Compiling hyper-rustls v0.27.9
[INFO] [stderr]    Compiling bollard v0.18.1
[INFO] [stderr]    Compiling testcontainers v0.23.3
[INFO] [stdout] error: linking with `cc` failed: exit status: 1
[INFO] [stdout]   |
[INFO] [stdout]   = note:  "cc" "-m64" "/opt/rustwide/target/release/deps/rustchU2O7S/symbols.o" "<7 object files omitted>" "-Wl,--as-needed" "-Wl,-Bstatic" "/opt/rustwide/target/release/deps/{libhex-ffa975566df5dac7,libtokio-d50437038a6f4dbd,libsignal_hook_registry-e4a9764ff21d3abc,liberrno-4f9c146176600aa7,libsocket2-1e5c8c5b9988435f,libmio-62d7ca75605665c4,libparking_lot-b9e43cfbb5a59c68,libparking_lot_core-1b41b39640184756,libsmallvec-1c0b75fb5d2d69fa,liblock_api-0c6a3406bef68330,libscopeguard-5f9373ec660020b4}.rlib" "<sysroot>/lib/rustlib/x86_64-unknown-linux-gnu/lib/{libtest-*,libgetopts-*,librustc_std_workspace_std-*}.rlib" "/opt/rustwide/target/release/deps/{libfoundationdb-6866d0fbfeca6e2f,librand-b85d46351861c072,librand_chacha-c7a938c45027094c,libppv_lite86-0e94806c6ad51786,libzerocopy-73b65af1f2bd577f,librand_core-de42ad1bd7216314,libgetrandom-07af8178127aa107,liblibc-9127009e093ab63a,libcfg_if-6d8dca19095bb388,libfoundationdb_tuple-f7aec27a89c4843d,libuuid-c57c224fa8759948,libfutures-8f079e39c8409f75,libfutures_executor-89cd52c3160a162c,libfutures_util-f1ac196cec8f700b,libmemchr-9575c149ea6f36a0,libfutures_io-a2c128f3959708f8,libslab-19b8bc1074c00c3a,libfutures_channel-b346a92cc9fb4782,libpin_project_lite-9a89bb36c0c56875,libfutures_sink-4d99fc481e57207b,libfutures_task-4380614d65d5c09c,libfutures_core-7a56e2b755152ce5,libfoundationdb_sys-fdaaa6602ed00e37,libstatic_assertions-306fc8cfb43dc741,libbytes-8e6bd6dd77d50766,libthiserror-42988db79ff8af5c}.rlib" "<sysroot>/lib/rustlib/x86_64-unknown-linux-gnu/lib/{libstd-*,libpanic_unwind-*,libobject-*,libmemchr-*,libaddr2line-*,libgimli-*,libcfg_if-*,librustc_demangle-*,libstd_detect-*,libhashbrown-*,librustc_std_workspace_alloc-*,libminiz_oxide-*,libadler2-*,libunwind-*,liblibc-*,librustc_std_workspace_core-*,liballoc-*,libcore-*,libcompiler_builtins-*}.rlib" "-Wl,-Bdynamic" "-lfdb_c" "-lgcc_s" "-lutil" "-lrt" "-lpthread" "-lm" "-ldl" "-lc" "-L" "/opt/rustwide/target/release/deps/rustchU2O7S/raw-dylibs" "-B<sysroot>/lib/rustlib/x86_64-unknown-linux-gnu/bin/gcc-ld" "-fuse-ld=lld" "-Wl,--eh-frame-hdr" "-Wl,-z,noexecstack" "-L" "/opt/rustwide/target/release/build/ring-7b166be2fe610d99/out" "-L" "<sysroot>/lib/rustlib/x86_64-unknown-linux-gnu/lib" "-o" "/opt/rustwide/target/release/deps/dcb_layer-bd0c7032154dde1a" "-Wl,--gc-sections" "-pie" "-Wl,-z,relro,-z,now" "-Wl,-O1" "-Wl,--strip-debug" "-nodefaultlibs"
[INFO] [stdout]   = note: some arguments are omitted. use `--verbose` to show all linker arguments
[INFO] [stdout]   = note: rust-lld: error: unable to find library -lfdb_c
[INFO] [stdout]           collect2: error: ld returned 1 exit status
[INFO] [stdout]           
[INFO] [stdout] 
[INFO] [stdout] 
[INFO] [stderr] error: could not compile `dcb-layer` (lib test) due to 1 previous error
[INFO] [stderr] warning: build failed, waiting for other jobs to finish...
[INFO] [stderr] error: could not compile `dcb-layer` (test "subscribe_tests")
[INFO] [stderr] 
[INFO] [stderr] Caused by:
[INFO] [stderr]   process didn't exit successfully: `/opt/rustwide/rustup-home/toolchains/1.99.0-beta.8-x86_64-unknown-linux-gnu/bin/rustc --crate-name subscribe_tests --edition=2021 tests/subscribe_tests.rs --error-format=json --json=diagnostic-rendered-ansi,artifacts,future-incompat --emit=dep-info,link -C opt-level=3 -C embed-bitcode=no --test --cfg 'feature="default"' --cfg 'feature="fdb-7_4"' --check-cfg 'cfg(docsrs,test)' --check-cfg 'cfg(feature, values("default", "fdb-7_3", "fdb-7_4"))' -C metadata=38a39f85b49fba9d -C extra-filename=-87a8e8eee71ebb6f --out-dir /opt/rustwide/target/release/deps -C strip=debuginfo -L dependency=/opt/rustwide/target/release/deps --extern bytes=/opt/rustwide/target/release/deps/libbytes-8e6bd6dd77d50766.rlib --extern dcb_layer=/opt/rustwide/target/release/deps/libdcb_layer-c0b5f02161a158d5.rlib --extern foundationdb=/opt/rustwide/target/release/deps/libfoundationdb-6866d0fbfeca6e2f.rlib --extern futures=/opt/rustwide/target/release/deps/libfutures-8f079e39c8409f75.rlib --extern hex=/opt/rustwide/target/release/deps/libhex-ffa975566df5dac7.rlib --extern proptest=/opt/rustwide/target/release/deps/libproptest-e1ed840e0b967a6e.rlib --extern testcontainers=/opt/rustwide/target/release/deps/libtestcontainers-c3856fda532adf20.rlib --extern thiserror=/opt/rustwide/target/release/deps/libthiserror-42988db79ff8af5c.rlib --extern tokio=/opt/rustwide/target/release/deps/libtokio-d50437038a6f4dbd.rlib --cap-lints=warn -L native=/opt/rustwide/target/release/build/ring-7b166be2fe610d99/out` (signal: 9, SIGKILL: kill)
[INFO] [stderr] error: could not compile `dcb-layer` (test "query_validation_tests")
[INFO] [stderr] 
[INFO] [stderr] Caused by:
[INFO] [stderr]   process didn't exit successfully: `/opt/rustwide/rustup-home/toolchains/1.99.0-beta.8-x86_64-unknown-linux-gnu/bin/rustc --crate-name query_validation_tests --edition=2021 tests/query_validation_tests.rs --error-format=json --json=diagnostic-rendered-ansi,artifacts,future-incompat --emit=dep-info,link -C opt-level=3 -C embed-bitcode=no --test --cfg 'feature="default"' --cfg 'feature="fdb-7_4"' --check-cfg 'cfg(docsrs,test)' --check-cfg 'cfg(feature, values("default", "fdb-7_3", "fdb-7_4"))' -C metadata=d4dff6f86c47f7dc -C extra-filename=-974abbcfa1976945 --out-dir /opt/rustwide/target/release/deps -C strip=debuginfo -L dependency=/opt/rustwide/target/release/deps --extern bytes=/opt/rustwide/target/release/deps/libbytes-8e6bd6dd77d50766.rlib --extern dcb_layer=/opt/rustwide/target/release/deps/libdcb_layer-c0b5f02161a158d5.rlib --extern foundationdb=/opt/rustwide/target/release/deps/libfoundationdb-6866d0fbfeca6e2f.rlib --extern futures=/opt/rustwide/target/release/deps/libfutures-8f079e39c8409f75.rlib --extern hex=/opt/rustwide/target/release/deps/libhex-ffa975566df5dac7.rlib --extern proptest=/opt/rustwide/target/release/deps/libproptest-e1ed840e0b967a6e.rlib --extern testcontainers=/opt/rustwide/target/release/deps/libtestcontainers-c3856fda532adf20.rlib --extern thiserror=/opt/rustwide/target/release/deps/libthiserror-42988db79ff8af5c.rlib --extern tokio=/opt/rustwide/target/release/deps/libtokio-d50437038a6f4dbd.rlib --cap-lints=warn -L native=/opt/rustwide/target/release/build/ring-7b166be2fe610d99/out` (signal: 9, SIGKILL: kill)
[INFO] [stdout] error: linking with `cc` failed: exit status: 1
[INFO] [stdout]   |
[INFO] [stdout]   = note:  "cc" "-m64" "/opt/rustwide/target/release/deps/rustcUHIAe2/symbols.o" "<17 object files omitted>" "-Wl,--as-needed" "-Wl,-Bstatic" "<sysroot>/lib/rustlib/x86_64-unknown-linux-gnu/lib/{libtest-*,libgetopts-*,librustc_std_workspace_std-*}.rlib" "/opt/rustwide/target/release/deps/{libtestcontainers-c3856fda532adf20,libtokio_tar-c27384bb996146d8,libxattr-d9db848278bc0cc2,librustix-48a23f16d67a599f,libbitflags-8efa47acb54f2bfe,liblinux_raw_sys-6cd558001fb913e0,libfiletime-2730195bb59368ea,libeither-237c2b7959eda17b,libdocker_credential-b6aef0374f2a8de0,libparse_display-b311bf33863f9025,libregex-8713f009b24da423,libregex_automata-703854652e1db079,libaho_corasick-a3f0e793f6b7ae0a,libregex_syntax-7010b26951f94357,libetcetera-47c267c075403330,libtokio_stream-929c4e70707a7b89,libbollard-4988db4d62b42e42,libserde_urlencoded-8703476e2accc877,libryu-cc0a3553ff73174e,librustls_native_certs-b6c5fd907cb105c5,libopenssl_probe-9a558ebf8c836060,librustls_pemfile-59e7aa471b33c139,libhome-22e974aa352e127b,libthiserror-3d5d602398501cef,libserde_json-6424bbf68ce270ed,libzmij-3fd0fbc0da54c581,liblog-0056f2f9478e998a,libhyperlocal-999ccd8ce0dfdf96,libhyper_rustls-dfd7a3197a97f1e0,libtokio_rustls-3fc66cda1d8c0490,libhyper_util-b464c1ca0d7ebc37,libtower_service-1eef8393de4ac64f,libtracing-eb4139e2fb2a0b10,libtracing_core-3e7f99a7051d5219,libonce_cell-a92ce0590bdd2571,librustls-0d7d90e1746fa32f,libsubtle-55d0ad28af99a64a,libwebpki-a1c8cffc4b943d69,libring-81c3154fee6fe60e,libgetrandom-b1378f931812ec87,libuntrusted-5ab0aa40ecba79ee,librustls_pki_types-cb348bfbf235b46a,libzeroize-8127b282d78d45ca,libtokio_util-edccc158b46e56c9,libhyper-3cff21602daa559e,libwant-6ec9107ca7562ffd,libtry_lock-f6d0b473a0eeeda4,libhttparse-5ae8896e125f1bfe,libtokio-d50437038a6f4dbd,libsignal_hook_registry-e4a9764ff21d3abc,liberrno-4f9c146176600aa7,libsocket2-1e5c8c5b9988435f,libmio-62d7ca75605665c4,libparking_lot-b9e43cfbb5a59c68,libparking_lot_core-1b41b39640184756,liblock_api-0c6a3406bef68330,libscopeguard-5f9373ec660020b4,libatomic_waker-3c8bacd3de7778a7,libhttpdate-640331056eb5ecbb,libhttp_body_util-4b3909b47a1b155d,libhttp_body-b8726b2dc9d33e7e,libhttp-759f1d89d0ccfdcd,libitoa-1e9e3b22820c4a15,libbase64-5ba8d8f2fe9c6ccd,libbollard_stubs-d5c33c23052ca279,libserde_with-465260aaf3f3b037,liburl-bf49346297252c22,libidna-3078b3a4c36c8250,libidna_adapter-32554903c21421c3,libicu_properties-230996a1a7dc2069,libicu_properties_data-3b22ee4d54a8ef94,libicu_normalizer-5f890cc57896020c,libsmallvec-1c0b75fb5d2d69fa,libicu_normalizer_data-ec18cea5227907fc,libicu_collections-a7833fd885f7cc40,libutf8_iter-050834cd1b25caa4,libpotential_utf-d9463c47acafdfb0,libicu_provider-e29c1e387e1f0644,libicu_locale_core-00dddf9f08bd5379,libtinystr-92b804bc141feadf,liblitemap-9027a9464d06b78c,libwriteable-93f874a44acb2524,libzerovec-65aa3b85a032909b,libzerotrie-67e703cccc58a1e5,libyoke-c7f7f4d1020b2776,libstable_deref_trait-1fabeba25560deaf,libzerofrom-5ca79918a6dfd155,libform_urlencoded-92dbe1db1e967fc3,libpercent_encoding-ab8bca3f3e17a0eb,libserde-b43f256db5ded827,libserde_core-4f65e16965cb3eb0,libdcb_layer-c0b5f02161a158d5,libhex-ffa975566df5dac7,libfoundationdb-6866d0fbfeca6e2f,librand-b85d46351861c072,librand_chacha-c7a938c45027094c,libppv_lite86-0e94806c6ad51786,libzerocopy-73b65af1f2bd577f,librand_core-de42ad1bd7216314,libgetrandom-07af8178127aa107,liblibc-9127009e093ab63a,libcfg_if-6d8dca19095bb388,libfoundationdb_tuple-f7aec27a89c4843d,libuuid-c57c224fa8759948,libfutures-8f079e39c8409f75,libfutures_executor-89cd52c3160a162c,libfutures_util-f1ac196cec8f700b,libmemchr-9575c149ea6f36a0,libfutures_io-a2c128f3959708f8,libslab-19b8bc1074c00c3a,libfutures_channel-b346a92cc9fb4782,libpin_project_lite-9a89bb36c0c56875,libfutures_sink-4d99fc481e57207b,libfutures_task-4380614d65d5c09c,libfutures_core-7a56e2b755152ce5,libfoundationdb_sys-fdaaa6602ed00e37,libstatic_assertions-306fc8cfb43dc741,libthiserror-42988db79ff8af5c,libbytes-8e6bd6dd77d50766}.rlib" "<sysroot>/lib/rustlib/x86_64-unknown-linux-gnu/lib/{libstd-*,libpanic_unwind-*,libobject-*,libmemchr-*,libaddr2line-*,libgimli-*,libcfg_if-*,librustc_demangle-*,libstd_detect-*,libhashbrown-*,librustc_std_workspace_alloc-*,libminiz_oxide-*,libadler2-*,libunwind-*,liblibc-*,librustc_std_workspace_core-*,liballoc-*,libcore-*,libcompiler_builtins-*}.rlib" "-Wl,-Bdynamic" "-lfdb_c" "-lgcc_s" "-lutil" "-lrt" "-lpthread" "-lm" "-ldl" "-lc" "-L" "/opt/rustwide/target/release/deps/rustcUHIAe2/raw-dylibs" "-B<sysroot>/lib/rustlib/x86_64-unknown-linux-gnu/bin/gcc-ld" "-fuse-ld=lld" "-Wl,--eh-frame-hdr" "-Wl,-z,noexecstack" "-L" "/opt/rustwide/target/release/build/ring-7b166be2fe610d99/out" "-L" "<sysroot>/lib/rustlib/x86_64-unknown-linux-gnu/lib" "-o" "/opt/rustwide/target/release/deps/condition_semantics_tests-10c4b993fe9638dc" "-Wl,--gc-sections" "-pie" "-Wl,-z,relro,-z,now" "-Wl,-O1" "-Wl,--strip-debug" "-nodefaultlibs"
[INFO] [stdout]   = note: some arguments are omitted. use `--verbose` to show all linker arguments
[INFO] [stdout]   = note: rust-lld: error: unable to find library -lfdb_c
[INFO] [stdout]           collect2: error: ld returned 1 exit status
[INFO] [stdout]           
[INFO] [stdout] 
[INFO] [stdout] 
[INFO] [stderr] error: could not compile `dcb-layer` (test "condition_semantics_tests") due to 1 previous error
[INFO] [stdout] error: linking with `cc` failed: exit status: 1
[INFO] [stdout]   |
[INFO] [stdout]   = note:  "cc" "-m64" "/opt/rustwide/target/release/deps/rustcnNleka/symbols.o" "<17 object files omitted>" "-Wl,--as-needed" "-Wl,-Bstatic" "<sysroot>/lib/rustlib/x86_64-unknown-linux-gnu/lib/{libtest-*,libgetopts-*,librustc_std_workspace_std-*}.rlib" "/opt/rustwide/target/release/deps/{libtestcontainers-c3856fda532adf20,libtokio_tar-c27384bb996146d8,libxattr-d9db848278bc0cc2,librustix-48a23f16d67a599f,libbitflags-8efa47acb54f2bfe,liblinux_raw_sys-6cd558001fb913e0,libfiletime-2730195bb59368ea,libeither-237c2b7959eda17b,libdocker_credential-b6aef0374f2a8de0,libparse_display-b311bf33863f9025,libregex-8713f009b24da423,libregex_automata-703854652e1db079,libaho_corasick-a3f0e793f6b7ae0a,libregex_syntax-7010b26951f94357,libetcetera-47c267c075403330,libtokio_stream-929c4e70707a7b89,libbollard-4988db4d62b42e42,libserde_urlencoded-8703476e2accc877,libryu-cc0a3553ff73174e,librustls_native_certs-b6c5fd907cb105c5,libopenssl_probe-9a558ebf8c836060,librustls_pemfile-59e7aa471b33c139,libhome-22e974aa352e127b,libthiserror-3d5d602398501cef,libserde_json-6424bbf68ce270ed,libzmij-3fd0fbc0da54c581,liblog-0056f2f9478e998a,libhyperlocal-999ccd8ce0dfdf96,libhyper_rustls-dfd7a3197a97f1e0,libtokio_rustls-3fc66cda1d8c0490,libhyper_util-b464c1ca0d7ebc37,libtower_service-1eef8393de4ac64f,libtracing-eb4139e2fb2a0b10,libtracing_core-3e7f99a7051d5219,libonce_cell-a92ce0590bdd2571,librustls-0d7d90e1746fa32f,libsubtle-55d0ad28af99a64a,libwebpki-a1c8cffc4b943d69,libring-81c3154fee6fe60e,libgetrandom-b1378f931812ec87,libuntrusted-5ab0aa40ecba79ee,librustls_pki_types-cb348bfbf235b46a,libzeroize-8127b282d78d45ca,libtokio_util-edccc158b46e56c9,libhyper-3cff21602daa559e,libwant-6ec9107ca7562ffd,libtry_lock-f6d0b473a0eeeda4,libhttparse-5ae8896e125f1bfe,libtokio-d50437038a6f4dbd,libsignal_hook_registry-e4a9764ff21d3abc,liberrno-4f9c146176600aa7,libsocket2-1e5c8c5b9988435f,libmio-62d7ca75605665c4,libparking_lot-b9e43cfbb5a59c68,libparking_lot_core-1b41b39640184756,liblock_api-0c6a3406bef68330,libscopeguard-5f9373ec660020b4,libatomic_waker-3c8bacd3de7778a7,libhttpdate-640331056eb5ecbb,libhttp_body_util-4b3909b47a1b155d,libhttp_body-b8726b2dc9d33e7e,libhttp-759f1d89d0ccfdcd,libitoa-1e9e3b22820c4a15,libbase64-5ba8d8f2fe9c6ccd,libbollard_stubs-d5c33c23052ca279,libserde_with-465260aaf3f3b037,liburl-bf49346297252c22,libidna-3078b3a4c36c8250,libidna_adapter-32554903c21421c3,libicu_properties-230996a1a7dc2069,libicu_properties_data-3b22ee4d54a8ef94,libicu_normalizer-5f890cc57896020c,libsmallvec-1c0b75fb5d2d69fa,libicu_normalizer_data-ec18cea5227907fc,libicu_collections-a7833fd885f7cc40,libutf8_iter-050834cd1b25caa4,libpotential_utf-d9463c47acafdfb0,libicu_provider-e29c1e387e1f0644,libicu_locale_core-00dddf9f08bd5379,libtinystr-92b804bc141feadf,liblitemap-9027a9464d06b78c,libwriteable-93f874a44acb2524,libzerovec-65aa3b85a032909b,libzerotrie-67e703cccc58a1e5,libyoke-c7f7f4d1020b2776,libstable_deref_trait-1fabeba25560deaf,libzerofrom-5ca79918a6dfd155,libform_urlencoded-92dbe1db1e967fc3,libpercent_encoding-ab8bca3f3e17a0eb,libserde-b43f256db5ded827,libserde_core-4f65e16965cb3eb0,libdcb_layer-c0b5f02161a158d5,libhex-ffa975566df5dac7,libfoundationdb-6866d0fbfeca6e2f,librand-b85d46351861c072,librand_chacha-c7a938c45027094c,libppv_lite86-0e94806c6ad51786,libzerocopy-73b65af1f2bd577f,librand_core-de42ad1bd7216314,libgetrandom-07af8178127aa107,liblibc-9127009e093ab63a,libcfg_if-6d8dca19095bb388,libfoundationdb_tuple-f7aec27a89c4843d,libuuid-c57c224fa8759948,libfutures-8f079e39c8409f75,libfutures_executor-89cd52c3160a162c,libfutures_util-f1ac196cec8f700b,libmemchr-9575c149ea6f36a0,libfutures_io-a2c128f3959708f8,libslab-19b8bc1074c00c3a,libfutures_channel-b346a92cc9fb4782,libpin_project_lite-9a89bb36c0c56875,libfutures_sink-4d99fc481e57207b,libfutures_task-4380614d65d5c09c,libfutures_core-7a56e2b755152ce5,libfoundationdb_sys-fdaaa6602ed00e37,libstatic_assertions-306fc8cfb43dc741,libthiserror-42988db79ff8af5c,libbytes-8e6bd6dd77d50766}.rlib" "<sysroot>/lib/rustlib/x86_64-unknown-linux-gnu/lib/{libstd-*,libpanic_unwind-*,libobject-*,libmemchr-*,libaddr2line-*,libgimli-*,libcfg_if-*,librustc_demangle-*,libstd_detect-*,libhashbrown-*,librustc_std_workspace_alloc-*,libminiz_oxide-*,libadler2-*,libunwind-*,liblibc-*,librustc_std_workspace_core-*,liballoc-*,libcore-*,libcompiler_builtins-*}.rlib" "-Wl,-Bdynamic" "-lfdb_c" "-lgcc_s" "-lutil" "-lrt" "-lpthread" "-lm" "-ldl" "-lc" "-L" "/opt/rustwide/target/release/deps/rustcnNleka/raw-dylibs" "-B<sysroot>/lib/rustlib/x86_64-unknown-linux-gnu/bin/gcc-ld" "-fuse-ld=lld" "-Wl,--eh-frame-hdr" "-Wl,-z,noexecstack" "-L" "/opt/rustwide/target/release/build/ring-7b166be2fe610d99/out" "-L" "<sysroot>/lib/rustlib/x86_64-unknown-linux-gnu/lib" "-o" "/opt/rustwide/target/release/deps/append_conditions-0d284dad4badd762" "-Wl,--gc-sections" "-pie" "-Wl,-z,relro,-z,now" "-Wl,-O1" "-Wl,--strip-debug" "-nodefaultlibs"
[INFO] [stdout]   = note: some arguments are omitted. use `--verbose` to show all linker arguments
[INFO] [stdout]   = note: rust-lld: error: unable to find library -lfdb_c
[INFO] [stdout]           collect2: error: ld returned 1 exit status
[INFO] [stdout]           
[INFO] [stdout] 
[INFO] [stdout] 
[INFO] [stderr] error: could not compile `dcb-layer` (test "append_conditions") due to 1 previous error
[INFO] [stdout] error: linking with `cc` failed: exit status: 1
[INFO] [stdout]   |
[INFO] [stdout]   = note:  "cc" "-m64" "/opt/rustwide/target/release/deps/rustc1Req5j/symbols.o" "<17 object files omitted>" "-Wl,--as-needed" "-Wl,-Bstatic" "<sysroot>/lib/rustlib/x86_64-unknown-linux-gnu/lib/{libtest-*,libgetopts-*,librustc_std_workspace_std-*}.rlib" "/opt/rustwide/target/release/deps/{libtestcontainers-c3856fda532adf20,libtokio_tar-c27384bb996146d8,libxattr-d9db848278bc0cc2,librustix-48a23f16d67a599f,libbitflags-8efa47acb54f2bfe,liblinux_raw_sys-6cd558001fb913e0,libfiletime-2730195bb59368ea,libeither-237c2b7959eda17b,libdocker_credential-b6aef0374f2a8de0,libparse_display-b311bf33863f9025,libregex-8713f009b24da423,libregex_automata-703854652e1db079,libaho_corasick-a3f0e793f6b7ae0a,libregex_syntax-7010b26951f94357,libetcetera-47c267c075403330,libtokio_stream-929c4e70707a7b89,libbollard-4988db4d62b42e42,libserde_urlencoded-8703476e2accc877,libryu-cc0a3553ff73174e,librustls_native_certs-b6c5fd907cb105c5,libopenssl_probe-9a558ebf8c836060,librustls_pemfile-59e7aa471b33c139,libhome-22e974aa352e127b,libthiserror-3d5d602398501cef,libserde_json-6424bbf68ce270ed,libzmij-3fd0fbc0da54c581,liblog-0056f2f9478e998a,libhyperlocal-999ccd8ce0dfdf96,libhyper_rustls-dfd7a3197a97f1e0,libtokio_rustls-3fc66cda1d8c0490,libhyper_util-b464c1ca0d7ebc37,libtower_service-1eef8393de4ac64f,libtracing-eb4139e2fb2a0b10,libtracing_core-3e7f99a7051d5219,libonce_cell-a92ce0590bdd2571,librustls-0d7d90e1746fa32f,libsubtle-55d0ad28af99a64a,libwebpki-a1c8cffc4b943d69,libring-81c3154fee6fe60e,libgetrandom-b1378f931812ec87,libuntrusted-5ab0aa40ecba79ee,librustls_pki_types-cb348bfbf235b46a,libzeroize-8127b282d78d45ca,libtokio_util-edccc158b46e56c9,libhyper-3cff21602daa559e,libwant-6ec9107ca7562ffd,libtry_lock-f6d0b473a0eeeda4,libhttparse-5ae8896e125f1bfe,libtokio-d50437038a6f4dbd,libsignal_hook_registry-e4a9764ff21d3abc,liberrno-4f9c146176600aa7,libsocket2-1e5c8c5b9988435f,libmio-62d7ca75605665c4,libparking_lot-b9e43cfbb5a59c68,libparking_lot_core-1b41b39640184756,liblock_api-0c6a3406bef68330,libscopeguard-5f9373ec660020b4,libatomic_waker-3c8bacd3de7778a7,libhttpdate-640331056eb5ecbb,libhttp_body_util-4b3909b47a1b155d,libhttp_body-b8726b2dc9d33e7e,libhttp-759f1d89d0ccfdcd,libitoa-1e9e3b22820c4a15,libbase64-5ba8d8f2fe9c6ccd,libbollard_stubs-d5c33c23052ca279,libserde_with-465260aaf3f3b037,liburl-bf49346297252c22,libidna-3078b3a4c36c8250,libidna_adapter-32554903c21421c3,libicu_properties-230996a1a7dc2069,libicu_properties_data-3b22ee4d54a8ef94,libicu_normalizer-5f890cc57896020c,libsmallvec-1c0b75fb5d2d69fa,libicu_normalizer_data-ec18cea5227907fc,libicu_collections-a7833fd885f7cc40,libutf8_iter-050834cd1b25caa4,libpotential_utf-d9463c47acafdfb0,libicu_provider-e29c1e387e1f0644,libicu_locale_core-00dddf9f08bd5379,libtinystr-92b804bc141feadf,liblitemap-9027a9464d06b78c,libwriteable-93f874a44acb2524,libzerovec-65aa3b85a032909b,libzerotrie-67e703cccc58a1e5,libyoke-c7f7f4d1020b2776,libstable_deref_trait-1fabeba25560deaf,libzerofrom-5ca79918a6dfd155,libform_urlencoded-92dbe1db1e967fc3,libpercent_encoding-ab8bca3f3e17a0eb,libserde-b43f256db5ded827,libserde_core-4f65e16965cb3eb0,libdcb_layer-c0b5f02161a158d5,libhex-ffa975566df5dac7,libfoundationdb-6866d0fbfeca6e2f,librand-b85d46351861c072,librand_chacha-c7a938c45027094c,libppv_lite86-0e94806c6ad51786,libzerocopy-73b65af1f2bd577f,librand_core-de42ad1bd7216314,libgetrandom-07af8178127aa107,liblibc-9127009e093ab63a,libcfg_if-6d8dca19095bb388,libfoundationdb_tuple-f7aec27a89c4843d,libuuid-c57c224fa8759948,libfutures-8f079e39c8409f75,libfutures_executor-89cd52c3160a162c,libfutures_util-f1ac196cec8f700b,libmemchr-9575c149ea6f36a0,libfutures_io-a2c128f3959708f8,libslab-19b8bc1074c00c3a,libfutures_channel-b346a92cc9fb4782,libpin_project_lite-9a89bb36c0c56875,libfutures_sink-4d99fc481e57207b,libfutures_task-4380614d65d5c09c,libfutures_core-7a56e2b755152ce5,libfoundationdb_sys-fdaaa6602ed00e37,libstatic_assertions-306fc8cfb43dc741,libthiserror-42988db79ff8af5c,libbytes-8e6bd6dd77d50766}.rlib" "<sysroot>/lib/rustlib/x86_64-unknown-linux-gnu/lib/{libstd-*,libpanic_unwind-*,libobject-*,libmemchr-*,libaddr2line-*,libgimli-*,libcfg_if-*,librustc_demangle-*,libstd_detect-*,libhashbrown-*,librustc_std_workspace_alloc-*,libminiz_oxide-*,libadler2-*,libunwind-*,liblibc-*,librustc_std_workspace_core-*,liballoc-*,libcore-*,libcompiler_builtins-*}.rlib" "-Wl,-Bdynamic" "-lfdb_c" "-lgcc_s" "-lutil" "-lrt" "-lpthread" "-lm" "-ldl" "-lc" "-L" "/opt/rustwide/target/release/deps/rustc1Req5j/raw-dylibs" "-B<sysroot>/lib/rustlib/x86_64-unknown-linux-gnu/bin/gcc-ld" "-fuse-ld=lld" "-Wl,--eh-frame-hdr" "-Wl,-z,noexecstack" "-L" "/opt/rustwide/target/release/build/ring-7b166be2fe610d99/out" "-L" "<sysroot>/lib/rustlib/x86_64-unknown-linux-gnu/lib" "-o" "/opt/rustwide/target/release/deps/concurrency_tests-7df4e29c27cd0a22" "-Wl,--gc-sections" "-pie" "-Wl,-z,relro,-z,now" "-Wl,-O1" "-Wl,--strip-debug" "-nodefaultlibs"
[INFO] [stdout]   = note: some arguments are omitted. use `--verbose` to show all linker arguments
[INFO] [stdout]   = note: rust-lld: error: unable to find library -lfdb_c
[INFO] [stdout]           collect2: error: ld returned 1 exit status
[INFO] [stdout]           
[INFO] [stdout] 
[INFO] [stdout] 
[INFO] [stderr] error: could not compile `dcb-layer` (test "concurrency_tests") due to 1 previous error
[INFO] [stdout] error: linking with `cc` failed: exit status: 1
[INFO] [stdout]   |
[INFO] [stdout]   = note:  "cc" "-m64" "/opt/rustwide/target/release/deps/rustcWCy5bC/symbols.o" "<17 object files omitted>" "-Wl,--as-needed" "-Wl,-Bstatic" "<sysroot>/lib/rustlib/x86_64-unknown-linux-gnu/lib/{libtest-*,libgetopts-*,librustc_std_workspace_std-*}.rlib" "/opt/rustwide/target/release/deps/{libtestcontainers-c3856fda532adf20,libtokio_tar-c27384bb996146d8,libxattr-d9db848278bc0cc2,librustix-48a23f16d67a599f,libbitflags-8efa47acb54f2bfe,liblinux_raw_sys-6cd558001fb913e0,libfiletime-2730195bb59368ea,libeither-237c2b7959eda17b,libdocker_credential-b6aef0374f2a8de0,libparse_display-b311bf33863f9025,libregex-8713f009b24da423,libregex_automata-703854652e1db079,libaho_corasick-a3f0e793f6b7ae0a,libregex_syntax-7010b26951f94357,libetcetera-47c267c075403330,libtokio_stream-929c4e70707a7b89,libbollard-4988db4d62b42e42,libserde_urlencoded-8703476e2accc877,libryu-cc0a3553ff73174e,librustls_native_certs-b6c5fd907cb105c5,libopenssl_probe-9a558ebf8c836060,librustls_pemfile-59e7aa471b33c139,libhome-22e974aa352e127b,libthiserror-3d5d602398501cef,libserde_json-6424bbf68ce270ed,libzmij-3fd0fbc0da54c581,liblog-0056f2f9478e998a,libhyperlocal-999ccd8ce0dfdf96,libhyper_rustls-dfd7a3197a97f1e0,libtokio_rustls-3fc66cda1d8c0490,libhyper_util-b464c1ca0d7ebc37,libtower_service-1eef8393de4ac64f,libtracing-eb4139e2fb2a0b10,libtracing_core-3e7f99a7051d5219,libonce_cell-a92ce0590bdd2571,librustls-0d7d90e1746fa32f,libsubtle-55d0ad28af99a64a,libwebpki-a1c8cffc4b943d69,libring-81c3154fee6fe60e,libgetrandom-b1378f931812ec87,libuntrusted-5ab0aa40ecba79ee,librustls_pki_types-cb348bfbf235b46a,libzeroize-8127b282d78d45ca,libtokio_util-edccc158b46e56c9,libhyper-3cff21602daa559e,libwant-6ec9107ca7562ffd,libtry_lock-f6d0b473a0eeeda4,libhttparse-5ae8896e125f1bfe,libtokio-d50437038a6f4dbd,libsignal_hook_registry-e4a9764ff21d3abc,liberrno-4f9c146176600aa7,libsocket2-1e5c8c5b9988435f,libmio-62d7ca75605665c4,libparking_lot-b9e43cfbb5a59c68,libparking_lot_core-1b41b39640184756,liblock_api-0c6a3406bef68330,libscopeguard-5f9373ec660020b4,libatomic_waker-3c8bacd3de7778a7,libhttpdate-640331056eb5ecbb,libhttp_body_util-4b3909b47a1b155d,libhttp_body-b8726b2dc9d33e7e,libhttp-759f1d89d0ccfdcd,libitoa-1e9e3b22820c4a15,libbase64-5ba8d8f2fe9c6ccd,libbollard_stubs-d5c33c23052ca279,libserde_with-465260aaf3f3b037,liburl-bf49346297252c22,libidna-3078b3a4c36c8250,libidna_adapter-32554903c21421c3,libicu_properties-230996a1a7dc2069,libicu_properties_data-3b22ee4d54a8ef94,libicu_normalizer-5f890cc57896020c,libsmallvec-1c0b75fb5d2d69fa,libicu_normalizer_data-ec18cea5227907fc,libicu_collections-a7833fd885f7cc40,libutf8_iter-050834cd1b25caa4,libpotential_utf-d9463c47acafdfb0,libicu_provider-e29c1e387e1f0644,libicu_locale_core-00dddf9f08bd5379,libtinystr-92b804bc141feadf,liblitemap-9027a9464d06b78c,libwriteable-93f874a44acb2524,libzerovec-65aa3b85a032909b,libzerotrie-67e703cccc58a1e5,libyoke-c7f7f4d1020b2776,libstable_deref_trait-1fabeba25560deaf,libzerofrom-5ca79918a6dfd155,libform_urlencoded-92dbe1db1e967fc3,libpercent_encoding-ab8bca3f3e17a0eb,libserde-b43f256db5ded827,libserde_core-4f65e16965cb3eb0,libdcb_layer-c0b5f02161a158d5,libhex-ffa975566df5dac7,libfoundationdb-6866d0fbfeca6e2f,librand-b85d46351861c072,librand_chacha-c7a938c45027094c,libppv_lite86-0e94806c6ad51786,libzerocopy-73b65af1f2bd577f,librand_core-de42ad1bd7216314,libgetrandom-07af8178127aa107,liblibc-9127009e093ab63a,libcfg_if-6d8dca19095bb388,libfoundationdb_tuple-f7aec27a89c4843d,libuuid-c57c224fa8759948,libfutures-8f079e39c8409f75,libfutures_executor-89cd52c3160a162c,libfutures_util-f1ac196cec8f700b,libmemchr-9575c149ea6f36a0,libfutures_io-a2c128f3959708f8,libslab-19b8bc1074c00c3a,libfutures_channel-b346a92cc9fb4782,libpin_project_lite-9a89bb36c0c56875,libfutures_sink-4d99fc481e57207b,libfutures_task-4380614d65d5c09c,libfutures_core-7a56e2b755152ce5,libfoundationdb_sys-fdaaa6602ed00e37,libstatic_assertions-306fc8cfb43dc741,libthiserror-42988db79ff8af5c,libbytes-8e6bd6dd77d50766}.rlib" "<sysroot>/lib/rustlib/x86_64-unknown-linux-gnu/lib/{libstd-*,libpanic_unwind-*,libobject-*,libmemchr-*,libaddr2line-*,libgimli-*,libcfg_if-*,librustc_demangle-*,libstd_detect-*,libhashbrown-*,librustc_std_workspace_alloc-*,libminiz_oxide-*,libadler2-*,libunwind-*,liblibc-*,librustc_std_workspace_core-*,liballoc-*,libcore-*,libcompiler_builtins-*}.rlib" "-Wl,-Bdynamic" "-lfdb_c" "-lgcc_s" "-lutil" "-lrt" "-lpthread" "-lm" "-ldl" "-lc" "-L" "/opt/rustwide/target/release/deps/rustcWCy5bC/raw-dylibs" "-B<sysroot>/lib/rustlib/x86_64-unknown-linux-gnu/bin/gcc-ld" "-fuse-ld=lld" "-Wl,--eh-frame-hdr" "-Wl,-z,noexecstack" "-L" "/opt/rustwide/target/release/build/ring-7b166be2fe610d99/out" "-L" "<sysroot>/lib/rustlib/x86_64-unknown-linux-gnu/lib" "-o" "/opt/rustwide/target/release/deps/read_all_tests-58ae10aa3ffe244c" "-Wl,--gc-sections" "-pie" "-Wl,-z,relro,-z,now" "-Wl,-O1" "-Wl,--strip-debug" "-nodefaultlibs"
[INFO] [stdout]   = note: some arguments are omitted. use `--verbose` to show all linker arguments
[INFO] [stdout]   = note: rust-lld: error: unable to find library -lfdb_c
[INFO] [stdout]           collect2: error: ld returned 1 exit status
[INFO] [stdout]           
[INFO] [stdout] 
[INFO] [stdout] 
[INFO] [stderr] error: could not compile `dcb-layer` (test "read_all_tests") due to 1 previous error
[INFO] [stdout] error: linking with `cc` failed: exit status: 1
[INFO] [stdout]   |
[INFO] [stdout]   = note:  "cc" "-m64" "/opt/rustwide/target/release/deps/rustcY9Sw2t/symbols.o" "<17 object files omitted>" "-Wl,--as-needed" "-Wl,-Bstatic" "<sysroot>/lib/rustlib/x86_64-unknown-linux-gnu/lib/{libtest-*,libgetopts-*,librustc_std_workspace_std-*}.rlib" "/opt/rustwide/target/release/deps/{libtestcontainers-c3856fda532adf20,libtokio_tar-c27384bb996146d8,libxattr-d9db848278bc0cc2,librustix-48a23f16d67a599f,libbitflags-8efa47acb54f2bfe,liblinux_raw_sys-6cd558001fb913e0,libfiletime-2730195bb59368ea,libeither-237c2b7959eda17b,libdocker_credential-b6aef0374f2a8de0,libparse_display-b311bf33863f9025,libregex-8713f009b24da423,libregex_automata-703854652e1db079,libaho_corasick-a3f0e793f6b7ae0a,libregex_syntax-7010b26951f94357,libetcetera-47c267c075403330,libtokio_stream-929c4e70707a7b89,libbollard-4988db4d62b42e42,libserde_urlencoded-8703476e2accc877,libryu-cc0a3553ff73174e,librustls_native_certs-b6c5fd907cb105c5,libopenssl_probe-9a558ebf8c836060,librustls_pemfile-59e7aa471b33c139,libhome-22e974aa352e127b,libthiserror-3d5d602398501cef,libserde_json-6424bbf68ce270ed,libzmij-3fd0fbc0da54c581,liblog-0056f2f9478e998a,libhyperlocal-999ccd8ce0dfdf96,libhyper_rustls-dfd7a3197a97f1e0,libtokio_rustls-3fc66cda1d8c0490,libhyper_util-b464c1ca0d7ebc37,libtower_service-1eef8393de4ac64f,libtracing-eb4139e2fb2a0b10,libtracing_core-3e7f99a7051d5219,libonce_cell-a92ce0590bdd2571,librustls-0d7d90e1746fa32f,libsubtle-55d0ad28af99a64a,libwebpki-a1c8cffc4b943d69,libring-81c3154fee6fe60e,libgetrandom-b1378f931812ec87,libuntrusted-5ab0aa40ecba79ee,librustls_pki_types-cb348bfbf235b46a,libzeroize-8127b282d78d45ca,libtokio_util-edccc158b46e56c9,libhyper-3cff21602daa559e,libwant-6ec9107ca7562ffd,libtry_lock-f6d0b473a0eeeda4,libhttparse-5ae8896e125f1bfe,libtokio-d50437038a6f4dbd,libsignal_hook_registry-e4a9764ff21d3abc,liberrno-4f9c146176600aa7,libsocket2-1e5c8c5b9988435f,libmio-62d7ca75605665c4,libparking_lot-b9e43cfbb5a59c68,libparking_lot_core-1b41b39640184756,liblock_api-0c6a3406bef68330,libscopeguard-5f9373ec660020b4,libatomic_waker-3c8bacd3de7778a7,libhttpdate-640331056eb5ecbb,libhttp_body_util-4b3909b47a1b155d,libhttp_body-b8726b2dc9d33e7e,libhttp-759f1d89d0ccfdcd,libitoa-1e9e3b22820c4a15,libbase64-5ba8d8f2fe9c6ccd,libbollard_stubs-d5c33c23052ca279,libserde_with-465260aaf3f3b037,liburl-bf49346297252c22,libidna-3078b3a4c36c8250,libidna_adapter-32554903c21421c3,libicu_properties-230996a1a7dc2069,libicu_properties_data-3b22ee4d54a8ef94,libicu_normalizer-5f890cc57896020c,libsmallvec-1c0b75fb5d2d69fa,libicu_normalizer_data-ec18cea5227907fc,libicu_collections-a7833fd885f7cc40,libutf8_iter-050834cd1b25caa4,libpotential_utf-d9463c47acafdfb0,libicu_provider-e29c1e387e1f0644,libicu_locale_core-00dddf9f08bd5379,libtinystr-92b804bc141feadf,liblitemap-9027a9464d06b78c,libwriteable-93f874a44acb2524,libzerovec-65aa3b85a032909b,libzerotrie-67e703cccc58a1e5,libyoke-c7f7f4d1020b2776,libstable_deref_trait-1fabeba25560deaf,libzerofrom-5ca79918a6dfd155,libform_urlencoded-92dbe1db1e967fc3,libpercent_encoding-ab8bca3f3e17a0eb,libserde-b43f256db5ded827,libserde_core-4f65e16965cb3eb0,libdcb_layer-c0b5f02161a158d5,libhex-ffa975566df5dac7,libfoundationdb-6866d0fbfeca6e2f,librand-b85d46351861c072,librand_chacha-c7a938c45027094c,libppv_lite86-0e94806c6ad51786,libzerocopy-73b65af1f2bd577f,librand_core-de42ad1bd7216314,libgetrandom-07af8178127aa107,liblibc-9127009e093ab63a,libcfg_if-6d8dca19095bb388,libfoundationdb_tuple-f7aec27a89c4843d,libuuid-c57c224fa8759948,libfutures-8f079e39c8409f75,libfutures_executor-89cd52c3160a162c,libfutures_util-f1ac196cec8f700b,libmemchr-9575c149ea6f36a0,libfutures_io-a2c128f3959708f8,libslab-19b8bc1074c00c3a,libfutures_channel-b346a92cc9fb4782,libpin_project_lite-9a89bb36c0c56875,libfutures_sink-4d99fc481e57207b,libfutures_task-4380614d65d5c09c,libfutures_core-7a56e2b755152ce5,libfoundationdb_sys-fdaaa6602ed00e37,libstatic_assertions-306fc8cfb43dc741,libthiserror-42988db79ff8af5c,libbytes-8e6bd6dd77d50766}.rlib" "<sysroot>/lib/rustlib/x86_64-unknown-linux-gnu/lib/{libstd-*,libpanic_unwind-*,libobject-*,libmemchr-*,libaddr2line-*,libgimli-*,libcfg_if-*,librustc_demangle-*,libstd_detect-*,libhashbrown-*,librustc_std_workspace_alloc-*,libminiz_oxide-*,libadler2-*,libunwind-*,liblibc-*,librustc_std_workspace_core-*,liballoc-*,libcore-*,libcompiler_builtins-*}.rlib" "-Wl,-Bdynamic" "-lfdb_c" "-lgcc_s" "-lutil" "-lrt" "-lpthread" "-lm" "-ldl" "-lc" "-L" "/opt/rustwide/target/release/deps/rustcY9Sw2t/raw-dylibs" "-B<sysroot>/lib/rustlib/x86_64-unknown-linux-gnu/bin/gcc-ld" "-fuse-ld=lld" "-Wl,--eh-frame-hdr" "-Wl,-z,noexecstack" "-L" "/opt/rustwide/target/release/build/ring-7b166be2fe610d99/out" "-L" "<sysroot>/lib/rustlib/x86_64-unknown-linux-gnu/lib" "-o" "/opt/rustwide/target/release/deps/append_tests-9427a1888fd54314" "-Wl,--gc-sections" "-pie" "-Wl,-z,relro,-z,now" "-Wl,-O1" "-Wl,--strip-debug" "-nodefaultlibs"
[INFO] [stdout]   = note: some arguments are omitted. use `--verbose` to show all linker arguments
[INFO] [stdout]   = note: rust-lld: error: unable to find library -lfdb_c
[INFO] [stdout]           collect2: error: ld returned 1 exit status
[INFO] [stdout]           
[INFO] [stdout] 
[INFO] [stdout] 
[INFO] [stderr] error: could not compile `dcb-layer` (test "append_tests") due to 1 previous error
[INFO] [stdout] error: linking with `cc` failed: exit status: 1
[INFO] [stdout]   |
[INFO] [stdout]   = note:  "cc" "-m64" "/opt/rustwide/target/release/deps/rustcYcwEhY/symbols.o" "<17 object files omitted>" "-Wl,--as-needed" "-Wl,-Bstatic" "<sysroot>/lib/rustlib/x86_64-unknown-linux-gnu/lib/{libtest-*,libgetopts-*,librustc_std_workspace_std-*}.rlib" "/opt/rustwide/target/release/deps/{libtestcontainers-c3856fda532adf20,libtokio_tar-c27384bb996146d8,libxattr-d9db848278bc0cc2,librustix-48a23f16d67a599f,libbitflags-8efa47acb54f2bfe,liblinux_raw_sys-6cd558001fb913e0,libfiletime-2730195bb59368ea,libeither-237c2b7959eda17b,libdocker_credential-b6aef0374f2a8de0,libparse_display-b311bf33863f9025,libregex-8713f009b24da423,libregex_automata-703854652e1db079,libaho_corasick-a3f0e793f6b7ae0a,libregex_syntax-7010b26951f94357,libetcetera-47c267c075403330,libtokio_stream-929c4e70707a7b89,libbollard-4988db4d62b42e42,libserde_urlencoded-8703476e2accc877,libryu-cc0a3553ff73174e,librustls_native_certs-b6c5fd907cb105c5,libopenssl_probe-9a558ebf8c836060,librustls_pemfile-59e7aa471b33c139,libhome-22e974aa352e127b,libthiserror-3d5d602398501cef,libserde_json-6424bbf68ce270ed,libzmij-3fd0fbc0da54c581,liblog-0056f2f9478e998a,libhyperlocal-999ccd8ce0dfdf96,libhyper_rustls-dfd7a3197a97f1e0,libtokio_rustls-3fc66cda1d8c0490,libhyper_util-b464c1ca0d7ebc37,libtower_service-1eef8393de4ac64f,libtracing-eb4139e2fb2a0b10,libtracing_core-3e7f99a7051d5219,libonce_cell-a92ce0590bdd2571,librustls-0d7d90e1746fa32f,libsubtle-55d0ad28af99a64a,libwebpki-a1c8cffc4b943d69,libring-81c3154fee6fe60e,libgetrandom-b1378f931812ec87,libuntrusted-5ab0aa40ecba79ee,librustls_pki_types-cb348bfbf235b46a,libzeroize-8127b282d78d45ca,libtokio_util-edccc158b46e56c9,libhyper-3cff21602daa559e,libwant-6ec9107ca7562ffd,libtry_lock-f6d0b473a0eeeda4,libhttparse-5ae8896e125f1bfe,libtokio-d50437038a6f4dbd,libsignal_hook_registry-e4a9764ff21d3abc,liberrno-4f9c146176600aa7,libsocket2-1e5c8c5b9988435f,libmio-62d7ca75605665c4,libparking_lot-b9e43cfbb5a59c68,libparking_lot_core-1b41b39640184756,liblock_api-0c6a3406bef68330,libscopeguard-5f9373ec660020b4,libatomic_waker-3c8bacd3de7778a7,libhttpdate-640331056eb5ecbb,libhttp_body_util-4b3909b47a1b155d,libhttp_body-b8726b2dc9d33e7e,libhttp-759f1d89d0ccfdcd,libitoa-1e9e3b22820c4a15,libbase64-5ba8d8f2fe9c6ccd,libbollard_stubs-d5c33c23052ca279,libserde_with-465260aaf3f3b037,liburl-bf49346297252c22,libidna-3078b3a4c36c8250,libidna_adapter-32554903c21421c3,libicu_properties-230996a1a7dc2069,libicu_properties_data-3b22ee4d54a8ef94,libicu_normalizer-5f890cc57896020c,libsmallvec-1c0b75fb5d2d69fa,libicu_normalizer_data-ec18cea5227907fc,libicu_collections-a7833fd885f7cc40,libutf8_iter-050834cd1b25caa4,libpotential_utf-d9463c47acafdfb0,libicu_provider-e29c1e387e1f0644,libicu_locale_core-00dddf9f08bd5379,libtinystr-92b804bc141feadf,liblitemap-9027a9464d06b78c,libwriteable-93f874a44acb2524,libzerovec-65aa3b85a032909b,libzerotrie-67e703cccc58a1e5,libyoke-c7f7f4d1020b2776,libstable_deref_trait-1fabeba25560deaf,libzerofrom-5ca79918a6dfd155,libform_urlencoded-92dbe1db1e967fc3,libpercent_encoding-ab8bca3f3e17a0eb,libserde-b43f256db5ded827,libserde_core-4f65e16965cb3eb0,libdcb_layer-c0b5f02161a158d5,libhex-ffa975566df5dac7,libfoundationdb-6866d0fbfeca6e2f,librand-b85d46351861c072,librand_chacha-c7a938c45027094c,libppv_lite86-0e94806c6ad51786,libzerocopy-73b65af1f2bd577f,librand_core-de42ad1bd7216314,libgetrandom-07af8178127aa107,liblibc-9127009e093ab63a,libcfg_if-6d8dca19095bb388,libfoundationdb_tuple-f7aec27a89c4843d,libuuid-c57c224fa8759948,libfutures-8f079e39c8409f75,libfutures_executor-89cd52c3160a162c,libfutures_util-f1ac196cec8f700b,libmemchr-9575c149ea6f36a0,libfutures_io-a2c128f3959708f8,libslab-19b8bc1074c00c3a,libfutures_channel-b346a92cc9fb4782,libpin_project_lite-9a89bb36c0c56875,libfutures_sink-4d99fc481e57207b,libfutures_task-4380614d65d5c09c,libfutures_core-7a56e2b755152ce5,libfoundationdb_sys-fdaaa6602ed00e37,libstatic_assertions-306fc8cfb43dc741,libthiserror-42988db79ff8af5c,libbytes-8e6bd6dd77d50766}.rlib" "<sysroot>/lib/rustlib/x86_64-unknown-linux-gnu/lib/{libstd-*,libpanic_unwind-*,libobject-*,libmemchr-*,libaddr2line-*,libgimli-*,libcfg_if-*,librustc_demangle-*,libstd_detect-*,libhashbrown-*,librustc_std_workspace_alloc-*,libminiz_oxide-*,libadler2-*,libunwind-*,liblibc-*,librustc_std_workspace_core-*,liballoc-*,libcore-*,libcompiler_builtins-*}.rlib" "-Wl,-Bdynamic" "-lfdb_c" "-lgcc_s" "-lutil" "-lrt" "-lpthread" "-lm" "-ldl" "-lc" "-L" "/opt/rustwide/target/release/deps/rustcYcwEhY/raw-dylibs" "-B<sysroot>/lib/rustlib/x86_64-unknown-linux-gnu/bin/gcc-ld" "-fuse-ld=lld" "-Wl,--eh-frame-hdr" "-Wl,-z,noexecstack" "-L" "/opt/rustwide/target/release/build/ring-7b166be2fe610d99/out" "-L" "<sysroot>/lib/rustlib/x86_64-unknown-linux-gnu/lib" "-o" "/opt/rustwide/target/release/deps/read_tests-c641f225918f5c27" "-Wl,--gc-sections" "-pie" "-Wl,-z,relro,-z,now" "-Wl,-O1" "-Wl,--strip-debug" "-nodefaultlibs"
[INFO] [stdout]   = note: some arguments are omitted. use `--verbose` to show all linker arguments
[INFO] [stdout]   = note: rust-lld: error: unable to find library -lfdb_c
[INFO] [stdout]           collect2: error: ld returned 1 exit status
[INFO] [stdout]           
[INFO] [stdout] 
[INFO] [stdout] 
[INFO] [stderr] error: could not compile `dcb-layer` (test "read_tests") due to 1 previous error
[INFO] running `Command { std: "docker" "inspect" "42d6534912752396c2051ec30104a644c1c3f70c4a63cd5b4e8bb7466aa252db", kill_on_drop: false }`
[INFO] running `Command { std: "docker" "rm" "-f" "42d6534912752396c2051ec30104a644c1c3f70c4a63cd5b4e8bb7466aa252db", kill_on_drop: false }`
[INFO] [stdout] 42d6534912752396c2051ec30104a644c1c3f70c4a63cd5b4e8bb7466aa252db
