[INFO] fetching crate dcap-provider 0.4.0...
[INFO] testing dcap-provider-0.4.0 against 1.100.0-beta.1+cargoflags=--release for beta-release-1.100-2
[INFO] extracting crate dcap-provider 0.4.0 into /workspace/builds/worker-5-tc2/source
[INFO] started tweaking crates.io crate dcap-provider 0.4.0
[INFO] finished tweaking crates.io crate dcap-provider 0.4.0
[INFO] tweaked toml for crates.io crate dcap-provider 0.4.0 written to /workspace/builds/worker-5-tc2/source/Cargo.toml
[INFO] validating manifest of crates.io crate dcap-provider 0.4.0 on toolchain 1.100.0-beta.1
[INFO] running `Command { std: CARGO_HOME="/workspace/cargo-home" RUSTUP_HOME="/workspace/rustup-home" "/workspace/cargo-home/bin/cargo" "+1.100.0-beta.1" "metadata" "--manifest-path" "Cargo.toml" "--no-deps", kill_on_drop: false }`
[INFO] running `Command { std: CARGO_HOME="/workspace/cargo-home" RUSTUP_HOME="/workspace/rustup-home" "/workspace/cargo-home/bin/cargo" "+1.100.0-beta.1" "generate-lockfile" "--manifest-path" "Cargo.toml", kill_on_drop: false }`
[INFO] [stderr]     Updating crates.io index
[INFO] [stderr]      Locking 217 packages to highest compatible versions
[INFO] [stderr]       Adding env_logger v0.6.2 (available: v0.11.11)
[INFO] [stderr]       Adding report-test v0.4.0 (available: v0.5.3)
[INFO] [stderr]       Adding reqwest v0.11.27 (available: v0.13.5)
[INFO] running `Command { std: CARGO_HOME="/workspace/cargo-home" RUSTUP_HOME="/workspace/rustup-home" "/workspace/cargo-home/bin/cargo" "+1.100.0-beta.1" "fetch" "--manifest-path" "Cargo.toml", kill_on_drop: false }`
[INFO] running `Command { std: "docker" "create" "-v" "/var/lib/crater-agent-workspace/builds/worker-5-tc2/source:/opt/rustwide/workdir:ro,Z" "-v" "/var/lib/crater-agent-workspace/builds/worker-5-tc2/target:/opt/rustwide/target:rw,Z" "-v" "/var/lib/crater-agent-workspace/cargo-home:/opt/rustwide/cargo-home:ro,Z" "-v" "/var/lib/crater-agent-workspace/rustup-home:/opt/rustwide/rustup-home:ro,Z" "-m" "1610612736" "--network" "none" "ghcr.io/rust-lang/crates-build-env/linux@sha256:77db811e55d90add9212f6832c23229e3de5f1c1f9905e8cb07319ea15df73ac" "sleep" "infinity", kill_on_drop: false }`
[INFO] [stdout] 6934bcf7dcb042cb252748722d03e147bcc1a630ddaa005be3f00cd6371ae00d
[INFO] running `Command { std: "docker" "start" "6934bcf7dcb042cb252748722d03e147bcc1a630ddaa005be3f00cd6371ae00d", kill_on_drop: false }`
[INFO] running `Command { std: "docker" "inspect" "6934bcf7dcb042cb252748722d03e147bcc1a630ddaa005be3f00cd6371ae00d", kill_on_drop: false }`
[INFO] running `Command { std: "docker" "exec" "-e" "SOURCE_DIR=/opt/rustwide/workdir" "-e" "CARGO_HOME=/opt/rustwide/cargo-home" "-e" "RUSTUP_HOME=/opt/rustwide/rustup-home" "-e" "CARGO_TARGET_DIR=/opt/rustwide/target" "-w" "/opt/rustwide/workdir" "--user" "0:0" "6934bcf7dcb042cb252748722d03e147bcc1a630ddaa005be3f00cd6371ae00d" "/opt/rustwide/cargo-home/bin/cargo" "+1.100.0-beta.1" "metadata" "--no-deps" "--format-version=1", kill_on_drop: false }`
[INFO] running `Command { std: "docker" "inspect" "6934bcf7dcb042cb252748722d03e147bcc1a630ddaa005be3f00cd6371ae00d", kill_on_drop: false }`
[INFO] running `Command { std: "docker" "exec" "-e" "SOURCE_DIR=/opt/rustwide/workdir" "-e" "CARGO_HOME=/opt/rustwide/cargo-home" "-e" "RUSTUP_HOME=/opt/rustwide/rustup-home" "-e" "CARGO_TARGET_DIR=/opt/rustwide/target" "-e" "CARGO_INCREMENTAL=0" "-e" "RUST_BACKTRACE=full" "-e" "RUSTFLAGS=--cap-lints=warn" "-e" "RUSTDOCFLAGS=--cap-lints=warn" "-w" "/opt/rustwide/workdir" "--user" "0:0" "6934bcf7dcb042cb252748722d03e147bcc1a630ddaa005be3f00cd6371ae00d" "/opt/rustwide/cargo-home/bin/cargo" "+1.100.0-beta.1" "build" "--frozen" "--message-format=json" "--release", kill_on_drop: false }`
[INFO] [stderr]    Compiling unicode-ident v1.0.27
[INFO] [stderr]    Compiling libc v0.2.191
[INFO] [stderr]    Compiling find-msvc-tools v0.1.14
[INFO] [stderr]    Compiling smallvec v1.16.3
[INFO] [stderr]    Compiling futures v0.1.31
[INFO] [stderr]    Compiling futures-io v0.3.34
[INFO] [stderr]    Compiling proc-macro2 v1.0.107
[INFO] [stderr]    Compiling crossbeam-utils v0.8.23
[INFO] [stderr]    Compiling bitflags v2.13.2
[INFO] [stderr]    Compiling num_threads v0.1.8
[INFO] [stderr]    Compiling time-macros v0.2.32
[INFO] [stderr]    Compiling powerfmt v0.2.1
[INFO] [stderr]    Compiling deranged v0.5.9
[INFO] [stderr]    Compiling crossbeam-epoch v0.9.21
[INFO] [stderr]    Compiling http v0.2.12
[INFO] [stderr]    Compiling equivalent v1.0.3
[INFO] [stderr]    Compiling crossbeam-deque v0.8.8
[INFO] [stderr]    Compiling indexmap v2.14.2
[INFO] [stderr]    Compiling tracing v0.1.44
[INFO] [stderr]    Compiling cc v1.8.0
[INFO] [stderr]    Compiling sgx-isa v0.6.0
[INFO] [stderr]    Compiling nix v0.13.1
[INFO] [stderr]    Compiling serde v1.0.229
[INFO] [stderr]    Compiling nix v0.15.0
[INFO] [stderr]    Compiling quote v1.0.47
[INFO] [stderr]    Compiling want v0.3.2
[INFO] [stderr]    Compiling encoding_rs v0.8.42
[INFO] [stderr]    Compiling sgx-isa v0.5.0
[INFO] [stderr]    Compiling aho-corasick v1.1.5
[INFO] [stderr]    Compiling fortanix-sgx-abi v0.5.0
[INFO] [stderr]    Compiling enclave-runner v0.6.0
[INFO] [stderr]    Compiling syn v3.0.9
[INFO] [stderr]    Compiling syn v2.0.119
[INFO] [stderr]    Compiling dcap-ql-sys v0.2.3
[INFO] [stderr]    Compiling crossbeam-channel v0.5.17
[INFO] [stderr]    Compiling crossbeam-queue v0.3.14
[INFO] [stderr]    Compiling ipc-queue v0.3.0
[INFO] [stderr]    Compiling sgx-isa v0.4.1
[INFO] [stderr]    Compiling multiversion_no_op v1.0.0
[INFO] [stderr]    Compiling http-body v0.4.6
[INFO] [stderr]    Compiling core_detect v1.0.0
[INFO] [stderr]    Compiling simdutf8 v0.1.5
[INFO] [stderr]    Compiling humantime v1.3.0
[INFO] [stderr]    Compiling rustc-serialize v0.3.25
[INFO] [stderr]    Compiling crossbeam v0.8.5
[INFO] [stderr]    Compiling serde_urlencoded v0.7.1
[INFO] [stderr]    Compiling openssl-sys v0.9.117
[INFO] [stderr]    Compiling libloading v0.5.2
[INFO] [stderr]    Compiling openssl v0.10.81
[INFO] [stderr]    Compiling native-tls v0.2.18
[INFO] [stderr]    Compiling regex-automata v0.4.18
[INFO] [stderr]    Compiling iovec v0.1.4
[INFO] [stderr]    Compiling parking_lot_core v0.9.12
[INFO] [stderr]    Compiling errno v0.3.14
[INFO] [stderr]    Compiling mio v1.2.4
[INFO] [stderr]    Compiling socket2 v0.6.5
[INFO] [stderr]    Compiling time v0.3.55
[INFO] [stderr]    Compiling socket2 v0.5.10
[INFO] [stderr]    Compiling bytes v0.4.12
[INFO] [stderr]    Compiling signal-hook-registry v1.4.8
[INFO] [stderr]    Compiling parking_lot v0.12.5
[INFO] [stderr]    Compiling tokio-io v0.1.13
[INFO] [stderr]    Compiling num_cpus v1.17.0
[INFO] [stderr]    Compiling atty v0.2.14
[INFO] [stderr]    Compiling openssl-macros v0.1.1
[INFO] [stderr]    Compiling thiserror-impl v1.0.69
[INFO] [stderr]    Compiling num-derive v0.4.2
[INFO] [stderr]    Compiling synstructure v0.14.0
[INFO] [stderr]    Compiling regex v1.13.1
[INFO] [stderr]    Compiling zerovec-derive v0.11.6
[INFO] [stderr]    Compiling displaydoc v0.2.7
[INFO] [stderr]    Compiling futures-macro v0.3.34
[INFO] [stderr]    Compiling tokio-macros v2.7.2
[INFO] [stderr]    Compiling thiserror v1.0.69
[INFO] [stderr]    Compiling sgxs v0.9.0
[INFO] [stderr]    Compiling zerofrom-derive v0.1.8
[INFO] [stderr]    Compiling yoke-derive v0.8.4
[INFO] [stderr]    Compiling tokio v1.53.3
[INFO] [stderr]    Compiling env_logger v0.6.2
[INFO] [stderr]    Compiling futures-util v0.3.34
[INFO] [stderr]    Compiling sgxs-loaders v0.5.2
[INFO] [stderr]    Compiling zerofrom v0.1.8
[INFO] [stderr]    Compiling yoke v0.8.3
[INFO] [stderr]    Compiling zerovec v0.11.8
[INFO] [stderr]    Compiling zerotrie v0.2.5
[INFO] [stderr]    Compiling dcap-ql v0.4.3
[INFO] [stderr]    Compiling tinystr v0.8.4
[INFO] [stderr]    Compiling potential_utf v0.1.6
[INFO] [stderr]    Compiling icu_locale_core v2.3.0
[INFO] [stderr]    Compiling icu_collections v2.3.0
[INFO] [stderr]    Compiling sgxs v0.8.2
[INFO] [stderr]    Compiling icu_provider v2.3.1
[INFO] [stderr]    Compiling icu_properties v2.3.0
[INFO] [stderr]    Compiling icu_normalizer v2.3.0
[INFO] [stderr]    Compiling futures-executor v0.3.34
[INFO] [stderr]    Compiling futures v0.3.34
[INFO] [stderr]    Compiling idna_adapter v1.2.2
[INFO] [stderr]    Compiling idna v1.1.0
[INFO] [stderr]    Compiling url v2.5.8
[INFO] [stderr]    Compiling tokio-util v0.7.20
[INFO] [stderr]    Compiling tokio-native-tls v0.3.1
[INFO] [stdout] error[E0053]: method `exit` has an incompatible type for trait
[INFO] [stdout]    --> /opt/rustwide/cargo-home/registry/src/index.crates.io-1949cf8c6b5b557f/enclave-runner-0.6.0/src/usercalls/interface.rs:189:10
[INFO] [stdout]     |
[INFO] [stdout] 189 |       ) -> std::pin::Pin<Box<dyn Future<Output = (Self, EnclaveAbort<bool>)> + 'future>> {
[INFO] [stdout]     |            ^^^^^^^^^^^^^^^^^^^^^^^^^^^^^^^^^^^^^^^^^^^^^^^^^^^^^^^^^^^^^^^^^^^^^^^^^^^^^ expected `Result<!, EnclaveAbort<bool>>`, found `usercalls::EnclaveAbort<bool>`
[INFO] [stdout]     |
[INFO] [stdout]    ::: /opt/rustwide/cargo-home/registry/src/index.crates.io-1949cf8c6b5b557f/enclave-runner-0.6.0/src/usercalls/abi.rs:174:1
[INFO] [stdout]     |
[INFO] [stdout] 174 | / macro_rules! dispatch_return_type {
[INFO] [stdout] 175 | |     (-> ! $l:lifetime) => { std::pin::Pin<Box<dyn Future<Output = (Self, EnclaveAbort)> + $l>> };
[INFO] [stdout] 176 | |     (-> $r:tt $l:lifetime) => {
[INFO] [stdout] 177 | |                 std::pin::Pin<Box<dyn Future<Output = (Self, UsercallResult<$r>)> + $l>>
[INFO] [stdout] ...   |
[INFO] [stdout] 181 | |             };
[INFO] [stdout] 182 | | }
[INFO] [stdout]     | |_- this error originates in the macro `dispatch_return_type` which comes from the expansion of the macro `invoke_with_usercalls`
[INFO] [stdout]     |
[INFO] [stdout] note: type in trait
[INFO] [stdout]    --> /opt/rustwide/cargo-home/registry/src/index.crates.io-1949cf8c6b5b557f/enclave-runner-0.6.0/src/usercalls/abi.rs:177:17
[INFO] [stdout]     |
[INFO] [stdout] 177 |                 std::pin::Pin<Box<dyn Future<Output = (Self, UsercallResult<$r>)> + $l>>
[INFO] [stdout]     |                 ^^^^^^^^^^^^^^^^^^^^^^^^^^^^^^^^^^^^^^^^^^^^^^^^^^^^^^^^^^^^^^^^^^^^^^^^
[INFO] [stdout] ...
[INFO] [stdout] 311 | invoke_with_usercalls!(define_usercalls);
[INFO] [stdout]     | ---------------------------------------- in this macro invocation
[INFO] [stdout]     = note: expected signature `fn(Handler<'_, '_>, _) -> Pin<Box<(dyn futures::Future<Output = (interface::Handler<'ioinput, 'tcs>, std::result::Result<!, usercalls::EnclaveAbort<bool>>)> + 'future)>>`
[INFO] [stdout]                found signature `fn(Handler<'_, '_>, _) -> Pin<Box<(dyn futures::Future<Output = (interface::Handler<'ioinput, 'tcs>, usercalls::EnclaveAbort<bool>)> + 'future)>>`
[INFO] [stdout] help: change the output type to match the trait
[INFO] [stdout]     |
[INFO] [stdout] 189 -     ) -> std::pin::Pin<Box<dyn Future<Output = (Self, EnclaveAbort<bool>)> + 'future>> {
[INFO] [stdout] 189 +     ) -> Pin<Box<(dyn futures::Future<Output = (interface::Handler<'ioinput, 'tcs>, std::result::Result<!, usercalls::EnclaveAbort<bool>>)> + 'future)>> {
[INFO] [stdout]     |
[INFO] [stdout] 
[INFO] [stdout] 
[INFO] [stdout] error[E0277]: the trait bound `!: RegisterArgument` is not satisfied
[INFO] [stdout]    --> /opt/rustwide/cargo-home/registry/src/index.crates.io-1949cf8c6b5b557f/enclave-runner-0.6.0/src/usercalls/abi.rs:64:59
[INFO] [stdout]     |
[INFO] [stdout]  36 | / macro_rules! define_usercalls {
[INFO] [stdout]  37 | |     // Using `$r:tt` because `$r:ty` doesn't match ! in `dispatch_return_type`
[INFO] [stdout]  38 | |     ($(fn $f:ident($($n:ident: $t:ty),*) $(-> $r:tt)*; )*) => {
[INFO] [stdout]  39 | |         #[repr(C)]
[INFO] [stdout] ...   |
[INFO] [stdout]  64 | |                     (handler, ReturnValue::into_registers(ret))
[INFO] [stdout]     | |                               --------------------------- ^^^ the trait `RegisterArgument` is not implemented for `!`
[INFO] [stdout]     | |                               |
[INFO] [stdout]     | |                               required by a bound introduced by this call
[INFO] [stdout] ...   |
[INFO] [stdout]  76 | |     };
[INFO] [stdout]  77 | | }
[INFO] [stdout]     | |_- this error originates in the macro `define_usercalls` which comes from the expansion of the macro `invoke_with_usercalls`
[INFO] [stdout] ...
[INFO] [stdout] 311 |   invoke_with_usercalls!(define_usercalls);
[INFO] [stdout]     |   ---------------------------------------- in this macro invocation
[INFO] [stdout]     |
[INFO] [stdout]     = help: the following other types implement trait `RegisterArgument`:
[INFO] [stdout]               ()
[INFO] [stdout]               *const T
[INFO] [stdout]               *mut T
[INFO] [stdout]               Option<NonNull<T>>
[INFO] [stdout]               bool
[INFO] [stdout]               i16
[INFO] [stdout]               i32
[INFO] [stdout]               i64
[INFO] [stdout]             and 7 others
[INFO] [stdout] note: required for `std::result::Result<!, usercalls::EnclaveAbort<bool>>` to implement `ReturnValue`
[INFO] [stdout]    --> /opt/rustwide/cargo-home/registry/src/index.crates.io-1949cf8c6b5b557f/enclave-runner-0.6.0/src/usercalls/abi.rs:162:27
[INFO] [stdout]     |
[INFO] [stdout] 162 | impl<T: RegisterArgument> ReturnValue for UsercallResult<T> {
[INFO] [stdout]     |         ----------------  ^^^^^^^^^^^     ^^^^^^^^^^^^^^^^^
[INFO] [stdout]     |         |
[INFO] [stdout]     |         unsatisfied trait bound introduced here
[INFO] [stdout] 
[INFO] [stdout] 
[INFO] [stdout] error[E0308]: mismatched types
[INFO] [stdout]    --> /opt/rustwide/cargo-home/registry/src/index.crates.io-1949cf8c6b5b557f/enclave-runner-0.6.0/src/loader.rs:178:31
[INFO] [stdout]     |
[INFO] [stdout] 178 |             .attributes_flags(attributes.flags, !0)
[INFO] [stdout]     |              ---------------- ^^^^^^^^^^^^^^^^ expected `sgxs::sigstruct::AttributesFlags`, found `sgx_isa::AttributesFlags`
[INFO] [stdout]     |              |
[INFO] [stdout]     |              arguments to this method are incorrect
[INFO] [stdout]     |
[INFO] [stdout] note: there are multiple different versions of crate `sgx_isa` in the dependency graph
[INFO] [stdout]    --> /opt/rustwide/cargo-home/registry/src/index.crates.io-1949cf8c6b5b557f/bitflags-1.3.2/src/lib.rs:364:9
[INFO] [stdout]     |
[INFO] [stdout] 364 | /         $vis struct $BitFlags {
[INFO] [stdout] 365 | |             bits: $T,
[INFO] [stdout] 366 | |         }
[INFO] [stdout]     | |         ^
[INFO] [stdout]     | |         |
[INFO] [stdout]     | |_________this is the expected type
[INFO] [stdout]     |           this is the found type
[INFO] [stdout]     |
[INFO] [stdout]    ::: /opt/rustwide/cargo-home/registry/src/index.crates.io-1949cf8c6b5b557f/sgx-isa-0.5.0/src/lib.rs:393:1
[INFO] [stdout]     |
[INFO] [stdout] 393 | / bitflags! {
[INFO] [stdout] 394 | |     #[repr(C)]
[INFO] [stdout] 395 | |     #[cfg_attr(feature = "serde", derive(Serialize, Deserialize))]
[INFO] [stdout] 396 | |     pub struct AttributesFlags: u64 {
[INFO] [stdout] ...   |
[INFO] [stdout] 405 | | }
[INFO] [stdout]     | |_- in this macro invocation
[INFO] [stdout]     = help: you can use `cargo tree` to explore your dependency tree
[INFO] [stdout] note: method defined here
[INFO] [stdout]    --> /opt/rustwide/cargo-home/registry/src/index.crates.io-1949cf8c6b5b557f/sgxs-0.8.2/src/sigstruct.rs:225:12
[INFO] [stdout]     |
[INFO] [stdout] 225 |     pub fn attributes_flags(&mut self, flags: AttributesFlags, mask: u64) -> &mut Self {
[INFO] [stdout]     |            ^^^^^^^^^^^^^^^^
[INFO] [stdout]     = note: this error originates in the macro `bitflags` (in Nightly builds, run with -Z macro-backtrace for more info)
[INFO] [stdout] 
[INFO] [stdout] 
[INFO] [stdout] error[E0308]: mismatched types
[INFO] [stdout]    --> /opt/rustwide/cargo-home/registry/src/index.crates.io-1949cf8c6b5b557f/enclave-runner-0.6.0/src/loader.rs:182:31
[INFO] [stdout]     |
[INFO] [stdout] 182 |             signer.miscselect(miscselect, !0);
[INFO] [stdout]     |                    ---------- ^^^^^^^^^^ expected `sgxs::sigstruct::Miscselect`, found `sgx_isa::Miscselect`
[INFO] [stdout]     |                    |
[INFO] [stdout]     |                    arguments to this method are incorrect
[INFO] [stdout]     |
[INFO] [stdout] note: there are multiple different versions of crate `sgx_isa` in the dependency graph
[INFO] [stdout]    --> /opt/rustwide/cargo-home/registry/src/index.crates.io-1949cf8c6b5b557f/bitflags-1.3.2/src/lib.rs:364:9
[INFO] [stdout]     |
[INFO] [stdout] 364 | /         $vis struct $BitFlags {
[INFO] [stdout] 365 | |             bits: $T,
[INFO] [stdout] 366 | |         }
[INFO] [stdout]     | |         ^
[INFO] [stdout]     | |         |
[INFO] [stdout]     | |_________this is the expected type
[INFO] [stdout]     |           this is the found type
[INFO] [stdout]     |
[INFO] [stdout]    ::: /opt/rustwide/cargo-home/registry/src/index.crates.io-1949cf8c6b5b557f/sgx-isa-0.5.0/src/lib.rs:413:1
[INFO] [stdout]     |
[INFO] [stdout] 413 | / bitflags! {
[INFO] [stdout] 414 | |     #[repr(C)]
[INFO] [stdout] 415 | |     #[cfg_attr(feature = "serde", derive(Serialize, Deserialize))]
[INFO] [stdout] 416 | |     pub struct Miscselect: u32 {
[INFO] [stdout] ...   |
[INFO] [stdout] 419 | | }
[INFO] [stdout]     | |_- in this macro invocation
[INFO] [stdout]     = help: you can use `cargo tree` to explore your dependency tree
[INFO] [stdout] note: method defined here
[INFO] [stdout]    --> /opt/rustwide/cargo-home/registry/src/index.crates.io-1949cf8c6b5b557f/sgxs-0.8.2/src/sigstruct.rs:219:12
[INFO] [stdout]     |
[INFO] [stdout] 219 |     pub fn miscselect(&mut self, miscselect: Miscselect, mask: u32) -> &mut Self {
[INFO] [stdout]     |            ^^^^^^^^^^
[INFO] [stdout]     = note: this error originates in the macro `bitflags` (in Nightly builds, run with -Z macro-backtrace for more info)
[INFO] [stdout] 
[INFO] [stdout] 
[INFO] [stdout] error[E0308]: mismatched types
[INFO] [stdout]    --> /opt/rustwide/cargo-home/registry/src/index.crates.io-1949cf8c6b5b557f/enclave-runner-0.6.0/src/loader.rs:215:13
[INFO] [stdout]     |
[INFO] [stdout] 215 |             signer.sign::<_, H>(key.as_ref()).map_err(|e| e.into())
[INFO] [stdout]     |             ^^^^^^^^^^^^^^^^^^^^^^^^^^^^^^^^^^^^^^^^^^^^^^^^^^^^^^^ expected `Result<Sigstruct, Error>`, found `Result<Sigstruct, _>`
[INFO] [stdout]     |
[INFO] [stdout] note: there are multiple different versions of crate `sgx_isa` in the dependency graph
[INFO] [stdout]    --> /opt/rustwide/cargo-home/registry/src/index.crates.io-1949cf8c6b5b557f/sgx-isa-0.4.1/src/lib.rs:158:9
[INFO] [stdout]     |
[INFO] [stdout] 158 |           pub struct $name $impl
[INFO] [stdout]     |           ^^^^^^^^^^^^^^^^^^^^^^ this is the expected type
[INFO] [stdout] ...
[INFO] [stdout] 553 | / struct_def! {
[INFO] [stdout] 554 | | #[repr(C, align(4096))]
[INFO] [stdout] 555 | | #[cfg_attr(
[INFO] [stdout] 556 | |     feature = "large_array_derive",
[INFO] [stdout] ...   |
[INFO] [stdout] 582 | | }
[INFO] [stdout]     | |_- in this macro invocation
[INFO] [stdout]     |
[INFO] [stdout]    ::: /opt/rustwide/cargo-home/registry/src/index.crates.io-1949cf8c6b5b557f/sgx-isa-0.5.0/src/lib.rs:162:9
[INFO] [stdout]     |
[INFO] [stdout] 162 |           pub struct $name $impl
[INFO] [stdout]     |           ---------------------- this is the found type
[INFO] [stdout]     = help: you can use `cargo tree` to explore your dependency tree
[INFO] [stdout]     = note: this error originates in the macro `struct_def` (in Nightly builds, run with -Z macro-backtrace for more info)
[INFO] [stdout] 
[INFO] [stdout] 
[INFO] [stdout] error[E0308]: `?` operator has incompatible types
[INFO] [stdout]    --> /opt/rustwide/cargo-home/registry/src/index.crates.io-1949cf8c6b5b557f/enclave-runner-0.6.0/src/loader.rs:236:31
[INFO] [stdout]     |
[INFO] [stdout] 236 |         self.signature = Some(sigstruct::read(&mut file)?);
[INFO] [stdout]     |                               ^^^^^^^^^^^^^^^^^^^^^^^^^^^ expected `sgx_isa::Sigstruct`, found `sgxs::sigstruct::Sigstruct`
[INFO] [stdout]     |
[INFO] [stdout]     = note: `?` operator cannot convert from `sgxs::sigstruct::Sigstruct` to `sgx_isa::Sigstruct`
[INFO] [stdout] note: there are multiple different versions of crate `sgx_isa` in the dependency graph
[INFO] [stdout]    --> /opt/rustwide/cargo-home/registry/src/index.crates.io-1949cf8c6b5b557f/sgx-isa-0.4.1/src/lib.rs:158:9
[INFO] [stdout]     |
[INFO] [stdout] 158 |           pub struct $name $impl
[INFO] [stdout]     |           ^^^^^^^^^^^^^^^^^^^^^^ this is the expected type
[INFO] [stdout] ...
[INFO] [stdout] 553 | / struct_def! {
[INFO] [stdout] 554 | | #[repr(C, align(4096))]
[INFO] [stdout] 555 | | #[cfg_attr(
[INFO] [stdout] 556 | |     feature = "large_array_derive",
[INFO] [stdout] ...   |
[INFO] [stdout] 582 | | }
[INFO] [stdout]     | |_- in this macro invocation
[INFO] [stdout]     |
[INFO] [stdout]    ::: /opt/rustwide/cargo-home/registry/src/index.crates.io-1949cf8c6b5b557f/sgx-isa-0.5.0/src/lib.rs:162:9
[INFO] [stdout]     |
[INFO] [stdout] 162 |           pub struct $name $impl
[INFO] [stdout]     |           ---------------------- this is the found type
[INFO] [stdout]     = help: you can use `cargo tree` to explore your dependency tree
[INFO] [stdout]     = note: this error originates in the macro `struct_def` (in Nightly builds, run with -Z macro-backtrace for more info)
[INFO] [stdout] 
[INFO] [stdout] 
[INFO] [stdout] error[E0308]: arguments to this method are incorrect
[INFO] [stdout]    --> /opt/rustwide/cargo-home/registry/src/index.crates.io-1949cf8c6b5b557f/enclave-runner-0.6.0/src/loader.rs:321:30
[INFO] [stdout]     |
[INFO] [stdout] 321 |         let mapping = loader.load(&mut self.enclave, &signature, attributes, miscselect)?;
[INFO] [stdout]     |                              ^^^^                    ----------  ----------  ---------- expected `sgxs::sigstruct::Miscselect`, found `sgx_isa::Miscselect`
[INFO] [stdout]     |                                                      |           |
[INFO] [stdout]     |                                                      |           expected `sgxs::sigstruct::Attributes`, found `sgx_isa::Attributes`
[INFO] [stdout]     |                                                      expected `sgxs::sigstruct::Sigstruct`, found `sgx_isa::Sigstruct`
[INFO] [stdout]     |
[INFO] [stdout] note: there are multiple different versions of crate `sgx_isa` in the dependency graph
[INFO] [stdout]    --> /opt/rustwide/cargo-home/registry/src/index.crates.io-1949cf8c6b5b557f/sgx-isa-0.5.0/src/lib.rs:162:9
[INFO] [stdout]     |
[INFO] [stdout] 162 |           pub struct $name $impl
[INFO] [stdout]     |           ^^^^^^^^^^^^^^^^^^^^^^ this is the expected type
[INFO] [stdout] ...
[INFO] [stdout] 562 | / struct_def! {
[INFO] [stdout] 563 | | #[repr(C, align(4096))]
[INFO] [stdout] 564 | | #[cfg_attr(
[INFO] [stdout] 565 | |     feature = "large_array_derive",
[INFO] [stdout] ...   |
[INFO] [stdout] 591 | | }
[INFO] [stdout]     | |_- in this macro invocation
[INFO] [stdout]     |
[INFO] [stdout]    ::: /opt/rustwide/cargo-home/registry/src/index.crates.io-1949cf8c6b5b557f/sgx-isa-0.4.1/src/lib.rs:158:9
[INFO] [stdout]     |
[INFO] [stdout] 158 |           pub struct $name $impl
[INFO] [stdout]     |           ---------------------- this is the found type
[INFO] [stdout]     = help: you can use `cargo tree` to explore your dependency tree
[INFO] [stdout] note: there are multiple different versions of crate `sgx_isa` in the dependency graph
[INFO] [stdout]    --> /opt/rustwide/cargo-home/registry/src/index.crates.io-1949cf8c6b5b557f/sgx-isa-0.5.0/src/lib.rs:162:9
[INFO] [stdout]     |
[INFO] [stdout] 162 |           pub struct $name $impl
[INFO] [stdout]     |           ^^^^^^^^^^^^^^^^^^^^^^ this is the expected type
[INFO] [stdout] ...
[INFO] [stdout] 379 | / struct_def! {
[INFO] [stdout] 380 | | #[repr(C)]
[INFO] [stdout] 381 | | #[cfg_attr(feature = "serde", derive(Serialize, Deserialize))]
[INFO] [stdout] 382 | | #[derive(Clone, Copy, Debug, Default, Eq, PartialEq)]
[INFO] [stdout] ...   |
[INFO] [stdout] 387 | | }
[INFO] [stdout]     | |_- in this macro invocation
[INFO] [stdout]     |
[INFO] [stdout]    ::: /opt/rustwide/cargo-home/registry/src/index.crates.io-1949cf8c6b5b557f/sgx-isa-0.4.1/src/lib.rs:158:9
[INFO] [stdout]     |
[INFO] [stdout] 158 |           pub struct $name $impl
[INFO] [stdout]     |           ---------------------- this is the found type
[INFO] [stdout]     = help: you can use `cargo tree` to explore your dependency tree
[INFO] [stdout] note: there are multiple different versions of crate `sgx_isa` in the dependency graph
[INFO] [stdout]    --> /opt/rustwide/cargo-home/registry/src/index.crates.io-1949cf8c6b5b557f/bitflags-1.3.2/src/lib.rs:364:9
[INFO] [stdout]     |
[INFO] [stdout] 364 | /         $vis struct $BitFlags {
[INFO] [stdout] 365 | |             bits: $T,
[INFO] [stdout] 366 | |         }
[INFO] [stdout]     | |         ^
[INFO] [stdout]     | |         |
[INFO] [stdout]     | |_________this is the expected type
[INFO] [stdout]     |           this is the found type
[INFO] [stdout]     |
[INFO] [stdout]    ::: /opt/rustwide/cargo-home/registry/src/index.crates.io-1949cf8c6b5b557f/sgx-isa-0.5.0/src/lib.rs:413:1
[INFO] [stdout]     |
[INFO] [stdout] 413 | / bitflags! {
[INFO] [stdout] 414 | |     #[repr(C)]
[INFO] [stdout] 415 | |     #[cfg_attr(feature = "serde", derive(Serialize, Deserialize))]
[INFO] [stdout] 416 | |     pub struct Miscselect: u32 {
[INFO] [stdout] ...   |
[INFO] [stdout] 419 | | }
[INFO] [stdout]     | |_- in this macro invocation
[INFO] [stdout]     = help: you can use `cargo tree` to explore your dependency tree
[INFO] [stdout] note: method defined here
[INFO] [stdout]    --> /opt/rustwide/cargo-home/registry/src/index.crates.io-1949cf8c6b5b557f/sgxs-0.8.2/src/loader.rs:42:8
[INFO] [stdout]     |
[INFO] [stdout]  42 |     fn load<R: SgxsRead>(
[INFO] [stdout]     |        ^^^^
[INFO] [stdout]     = note: this error originates in the macro `struct_def` which comes from the expansion of the macro `bitflags` (in Nightly builds, run with -Z macro-backtrace for more info)
[INFO] [stdout] 
[INFO] [stdout] 
[INFO] [stdout] Some errors have detailed explanations: E0053, E0277, E0308.
[INFO] [stdout] 
[INFO] [stdout] For more information about an error, try `rustc --explain E0053`.
[INFO] [stdout] 
[INFO] [stderr] error: could not compile `enclave-runner` (lib) due to 7 previous errors
[INFO] [stderr] warning: build failed, waiting for other jobs to finish...
[INFO] running `Command { std: "docker" "inspect" "6934bcf7dcb042cb252748722d03e147bcc1a630ddaa005be3f00cd6371ae00d", kill_on_drop: false }`
[INFO] running `Command { std: "docker" "rm" "-f" "6934bcf7dcb042cb252748722d03e147bcc1a630ddaa005be3f00cd6371ae00d", kill_on_drop: false }`
[INFO] [stdout] 6934bcf7dcb042cb252748722d03e147bcc1a630ddaa005be3f00cd6371ae00d
