[INFO] fetching crate dbiewlite-tui 0.5.0...
[INFO] testing dbiewlite-tui-0.5.0 against 1.99.0-beta.8+cargoflags=--release for beta-release-1.100-2
[INFO] extracting crate dbiewlite-tui 0.5.0 into /workspace/builds/worker-7-tc1/source
[INFO] started tweaking crates.io crate dbiewlite-tui 0.5.0
[INFO] finished tweaking crates.io crate dbiewlite-tui 0.5.0
[INFO] tweaked toml for crates.io crate dbiewlite-tui 0.5.0 written to /workspace/builds/worker-7-tc1/source/Cargo.toml
[INFO] validating manifest of crates.io crate dbiewlite-tui 0.5.0 on toolchain 1.99.0-beta.8
[INFO] running `Command { std: CARGO_HOME="/workspace/cargo-home" RUSTUP_HOME="/workspace/rustup-home" "/workspace/cargo-home/bin/cargo" "+1.99.0-beta.8" "metadata" "--manifest-path" "Cargo.toml" "--no-deps", kill_on_drop: false }`
[INFO] crate crates.io crate dbiewlite-tui 0.5.0 already has a lockfile, it will not be regenerated
[INFO] running `Command { std: CARGO_HOME="/workspace/cargo-home" RUSTUP_HOME="/workspace/rustup-home" "/workspace/cargo-home/bin/cargo" "+1.99.0-beta.8" "fetch" "--manifest-path" "Cargo.toml", kill_on_drop: false }`
[INFO] [stderr]     Updating crates.io index
[INFO] [stderr]  Downloading crates ...
[INFO] [stderr]   Downloaded arrow v58.1.0
[INFO] [stderr]   Downloaded arrow-string v58.1.0
[INFO] [stderr]   Downloaded dbiewlite-core v0.5.0
[INFO] [stderr]   Downloaded arrow-arith v58.1.0
[INFO] [stderr]   Downloaded arrow-row v58.1.0
[INFO] [stderr]   Downloaded arrow-ord v58.1.0
[INFO] [stderr]   Downloaded arrow-data v58.1.0
[INFO] [stderr]   Downloaded arrow-schema v58.1.0
[INFO] [stderr]   Downloaded arrow-cast v58.1.0
[INFO] [stderr]   Downloaded rusqlite v0.34.0
[INFO] [stderr]   Downloaded arrow-select v58.1.0
[INFO] [stderr]   Downloaded arrow-buffer v58.1.0
[INFO] [stderr]   Downloaded arrow-array v58.1.0
[INFO] [stderr]   Downloaded libsqlite3-sys v0.32.0
[INFO] running `Command { std: "docker" "create" "-v" "/var/lib/crater-agent-workspace/builds/worker-7-tc1/source:/opt/rustwide/workdir:ro,Z" "-v" "/var/lib/crater-agent-workspace/builds/worker-7-tc1/target:/opt/rustwide/target:rw,Z" "-v" "/var/lib/crater-agent-workspace/cargo-home:/opt/rustwide/cargo-home:ro,Z" "-v" "/var/lib/crater-agent-workspace/rustup-home:/opt/rustwide/rustup-home:ro,Z" "-m" "1610612736" "--network" "none" "ghcr.io/rust-lang/crates-build-env/linux@sha256:77db811e55d90add9212f6832c23229e3de5f1c1f9905e8cb07319ea15df73ac" "sleep" "infinity", kill_on_drop: false }`
[INFO] [stdout] 078733b16de441db6a0cb59201c979e7af7c22c73359aa6bfb42951f88e4b8da
[INFO] running `Command { std: "docker" "start" "078733b16de441db6a0cb59201c979e7af7c22c73359aa6bfb42951f88e4b8da", kill_on_drop: false }`
[INFO] running `Command { std: "docker" "inspect" "078733b16de441db6a0cb59201c979e7af7c22c73359aa6bfb42951f88e4b8da", kill_on_drop: false }`
[INFO] running `Command { std: "docker" "exec" "-e" "SOURCE_DIR=/opt/rustwide/workdir" "-e" "CARGO_HOME=/opt/rustwide/cargo-home" "-e" "RUSTUP_HOME=/opt/rustwide/rustup-home" "-e" "CARGO_TARGET_DIR=/opt/rustwide/target" "-w" "/opt/rustwide/workdir" "--user" "0:0" "078733b16de441db6a0cb59201c979e7af7c22c73359aa6bfb42951f88e4b8da" "/opt/rustwide/cargo-home/bin/cargo" "+1.99.0-beta.8" "metadata" "--no-deps" "--format-version=1", kill_on_drop: false }`
[INFO] running `Command { std: "docker" "inspect" "078733b16de441db6a0cb59201c979e7af7c22c73359aa6bfb42951f88e4b8da", kill_on_drop: false }`
[INFO] running `Command { std: "docker" "exec" "-e" "SOURCE_DIR=/opt/rustwide/workdir" "-e" "CARGO_HOME=/opt/rustwide/cargo-home" "-e" "RUSTUP_HOME=/opt/rustwide/rustup-home" "-e" "CARGO_TARGET_DIR=/opt/rustwide/target" "-e" "CARGO_INCREMENTAL=0" "-e" "RUST_BACKTRACE=full" "-e" "RUSTFLAGS=--cap-lints=warn" "-e" "RUSTDOCFLAGS=--cap-lints=warn" "-w" "/opt/rustwide/workdir" "--user" "0:0" "078733b16de441db6a0cb59201c979e7af7c22c73359aa6bfb42951f88e4b8da" "/opt/rustwide/cargo-home/bin/cargo" "+1.99.0-beta.8" "build" "--frozen" "--message-format=json" "--release", kill_on_drop: false }`
[INFO] [stderr]    Compiling libc v0.2.183
[INFO] [stderr]    Compiling num-traits v0.2.19
[INFO] [stderr]    Compiling bitflags v2.11.0
[INFO] [stderr]    Compiling zerocopy v0.8.47
[INFO] [stderr]    Compiling ahash v0.8.12
[INFO] [stderr]    Compiling zerocopy-derive v0.8.47
[INFO] [stderr]    Compiling once_cell v1.21.4
[INFO] [stderr]    Compiling zeroize v1.8.2
[INFO] [stderr]    Compiling rustls-pki-types v1.14.0
[INFO] [stderr]    Compiling crc32fast v1.5.0
[INFO] [stderr]    Compiling arrow-schema v58.1.0
[INFO] [stderr]    Compiling log v0.4.29
[INFO] [stderr]    Compiling httparse v1.10.1
[INFO] [stderr]    Compiling rustix v1.1.4
[INFO] [stderr]    Compiling rustix v0.38.44
[INFO] [stderr]    Compiling lexical-util v1.0.7
[INFO] [stderr]    Compiling simd-adler32 v0.3.9
[INFO] [stderr]    Compiling num-integer v0.1.46
[INFO] [stderr]    Compiling chrono v0.4.44
[INFO] [stderr]    Compiling num-complex v0.4.6
[INFO] [stderr]    Compiling num-bigint v0.4.6
[INFO] [stderr]    Compiling jobserver v0.1.34
[INFO] [stderr]    Compiling getrandom v0.2.17
[INFO] [stderr]    Compiling getrandom v0.3.4
[INFO] [stderr]    Compiling cc v1.2.58
[INFO] [stderr]    Compiling errno v0.3.14
[INFO] [stderr]    Compiling parking_lot_core v0.9.12
[INFO] [stderr]    Compiling mio v1.2.0
[INFO] [stderr]    Compiling signal-hook-registry v1.4.8
[INFO] [stderr]    Compiling signal-hook v0.3.18
[INFO] [stderr]    Compiling serde_core v1.0.228
[INFO] [stderr]    Compiling linux-raw-sys v0.4.15
[INFO] [stderr]    Compiling bytes v1.11.1
[INFO] [stderr]    Compiling rustls v0.23.38
[INFO] [stderr]    Compiling http v1.4.0
[INFO] [stderr]    Compiling ring v0.17.14
[INFO] [stderr]    Compiling miniz_oxide v0.8.9
[INFO] [stderr]    Compiling zmij v1.0.21
[INFO] [stderr]    Compiling signal-hook-mio v0.2.5
[INFO] [stderr]    Compiling parking_lot v0.12.5
[INFO] [stderr]    Compiling bumpalo v3.20.2
[INFO] [stderr]    Compiling memchr v2.8.0
[INFO] [stderr]    Compiling zlib-rs v0.6.3
[INFO] [stderr]    Compiling unicode-segmentation v1.13.2
[INFO] [stderr]    Compiling foldhash v0.1.5
[INFO] [stderr]    Compiling serde_json v1.0.149
[INFO] [stderr]    Compiling ureq-proto v0.6.0
[INFO] [stderr]    Compiling hashbrown v0.15.5
[INFO] [stderr]    Compiling aho-corasick v1.1.4
[INFO] [stderr]    Compiling zopfli v0.8.3
[INFO] [stderr]    Compiling crossterm v0.28.1
[INFO] [stderr]    Compiling xattr v1.6.1
[INFO] [stderr]    Compiling filetime v0.2.27
[INFO] [stderr]    Compiling lexical-write-integer v1.0.6
[INFO] [stderr]    Compiling lexical-parse-integer v1.0.6
[INFO] [stderr]    Compiling serde v1.0.228
[INFO] [stderr]    Compiling half v2.7.1
[INFO] [stderr]    Compiling webpki-roots v1.0.7
[INFO] [stderr]    Compiling utf8-zero v0.8.1
[INFO] [stderr]    Compiling regex-syntax v0.8.10
[INFO] [stderr]    Compiling lexical-write-float v1.0.6
[INFO] [stderr]    Compiling lexical-parse-float v1.0.6
[INFO] [stderr]    Compiling arrow-buffer v58.1.0
[INFO] [stderr]    Compiling tar v0.4.45
[INFO] [stderr]    Compiling rustls-webpki v0.103.12
[INFO] [stderr]    Compiling arrow-data v58.1.0
[INFO] [stderr]    Compiling flate2 v1.1.9
[INFO] [stderr]    Compiling lexical-core v1.0.6
[INFO] [stderr]    Compiling regex-automata v0.4.14
[INFO] [stderr]    Compiling zip v6.0.0
[INFO] [stderr]    Compiling comfy-table v7.1.4
[INFO] [stderr]    Compiling arrow-array v58.1.0
[INFO] [stderr]    Compiling libsqlite3-sys v0.32.0
[INFO] [stderr]    Compiling atoi v2.0.0
[INFO] [stderr]    Compiling hashlink v0.10.0
[INFO] [stderr]    Compiling regex v1.12.3
[INFO] [stderr]    Compiling strum_macros v0.27.2
[INFO] [stderr]    Compiling ureq v3.3.0
[INFO] [stderr]    Compiling arrow-select v58.1.0
[INFO] [stderr]    Compiling arrow-row v58.1.0
[INFO] [stderr]    Compiling arrow-arith v58.1.0
[INFO] [stderr]    Compiling libduckdb-sys v1.10505.0
[INFO] [stderr]    Compiling either v1.15.0
[INFO] [stderr]    Compiling itertools v0.13.0
[INFO] [stderr]    Compiling strum v0.27.2
[INFO] [stderr]    Compiling strum_macros v0.26.4
[INFO] [stderr]    Compiling arrow-ord v58.1.0
[INFO] [stderr] error: could not compile `arrow-select` (lib)
[INFO] [stderr] 
[INFO] [stderr] Caused by:
[INFO] [stderr]   process didn't exit successfully: `/opt/rustwide/rustup-home/toolchains/1.99.0-beta.8-x86_64-unknown-linux-gnu/bin/rustc --crate-name arrow_select --edition=2024 /opt/rustwide/cargo-home/registry/src/index.crates.io-1949cf8c6b5b557f/arrow-select-58.1.0/src/lib.rs --error-format=json --json=diagnostic-rendered-ansi,artifacts,future-incompat --crate-type lib --emit=dep-info,metadata,link -C opt-level=3 -C embed-bitcode=no --check-cfg 'cfg(docsrs,test)' --check-cfg 'cfg(feature, values())' -C metadata=e6561952b8b9035b -C extra-filename=-2e8e44e6f8591032 --out-dir /opt/rustwide/target/release/deps -C strip=debuginfo -L dependency=/opt/rustwide/target/release/deps --extern ahash=/opt/rustwide/target/release/deps/libahash-5a7cbb3dbd430f4c.rmeta --extern arrow_array=/opt/rustwide/target/release/deps/libarrow_array-44512170a21534ce.rmeta --extern arrow_buffer=/opt/rustwide/target/release/deps/libarrow_buffer-6413dfa5de8a1991.rmeta --extern arrow_data=/opt/rustwide/target/release/deps/libarrow_data-db079d3715ea1b78.rmeta --extern arrow_schema=/opt/rustwide/target/release/deps/libarrow_schema-8c1744f996d2a8fa.rmeta --extern num_traits=/opt/rustwide/target/release/deps/libnum_traits-a488885a457d8518.rmeta --cap-lints allow --cap-lints=warn` (signal: 9, SIGKILL: kill)
[INFO] [stderr] warning: build failed, waiting for other jobs to finish...
[INFO] [stderr] error: could not compile `arrow-arith` (lib)
[INFO] [stderr] 
[INFO] [stderr] Caused by:
[INFO] [stderr]   process didn't exit successfully: `/opt/rustwide/rustup-home/toolchains/1.99.0-beta.8-x86_64-unknown-linux-gnu/bin/rustc --crate-name arrow_arith --edition=2024 /opt/rustwide/cargo-home/registry/src/index.crates.io-1949cf8c6b5b557f/arrow-arith-58.1.0/src/lib.rs --error-format=json --json=diagnostic-rendered-ansi,artifacts,future-incompat --crate-type lib --emit=dep-info,metadata,link -C opt-level=3 -C embed-bitcode=no --check-cfg 'cfg(docsrs,test)' --check-cfg 'cfg(feature, values())' -C metadata=8cc1d5be07f21531 -C extra-filename=-199cf453771e52b3 --out-dir /opt/rustwide/target/release/deps -C strip=debuginfo -L dependency=/opt/rustwide/target/release/deps --extern arrow_array=/opt/rustwide/target/release/deps/libarrow_array-44512170a21534ce.rmeta --extern arrow_buffer=/opt/rustwide/target/release/deps/libarrow_buffer-6413dfa5de8a1991.rmeta --extern arrow_data=/opt/rustwide/target/release/deps/libarrow_data-db079d3715ea1b78.rmeta --extern arrow_schema=/opt/rustwide/target/release/deps/libarrow_schema-8c1744f996d2a8fa.rmeta --extern chrono=/opt/rustwide/target/release/deps/libchrono-61064ad6af3ac373.rmeta --extern num_traits=/opt/rustwide/target/release/deps/libnum_traits-a488885a457d8518.rmeta --cap-lints allow --cap-lints=warn` (signal: 9, SIGKILL: kill)
[INFO] [stderr] warning: libsqlite3-sys@0.32.0: cc: fatal error: Killed signal terminated program cc1
[INFO] [stderr] warning: libsqlite3-sys@0.32.0: compilation terminated.
[INFO] [stderr] error: failed to run custom build command for `libsqlite3-sys v0.32.0`
[INFO] [stderr] note: To improve backtraces for build dependencies, set the CARGO_PROFILE_RELEASE_BUILD_OVERRIDE_DEBUG=true environment variable to enable debug information generation.
[INFO] [stderr] 
[INFO] [stderr] Caused by:
[INFO] [stderr]   process didn't exit successfully: `/opt/rustwide/target/release/build/libsqlite3-sys-a6d0178bf78ed184/build-script-build` (exit status: 1)
[INFO] [stderr]   --- stdout
[INFO] [stderr]   cargo:rerun-if-env-changed=LIBSQLITE3_SYS_USE_PKG_CONFIG
[INFO] [stderr]   cargo:include=/opt/rustwide/cargo-home/registry/src/index.crates.io-1949cf8c6b5b557f/libsqlite3-sys-0.32.0/sqlite3
[INFO] [stderr]   cargo:rerun-if-changed=sqlite3/sqlite3.c
[INFO] [stderr]   cargo:rerun-if-changed=sqlite3/wasm32-wasi-vfs.c
[INFO] [stderr]   cargo:rerun-if-env-changed=SQLITE_MAX_VARIABLE_NUMBER
[INFO] [stderr]   cargo:rerun-if-env-changed=SQLITE_MAX_EXPR_DEPTH
[INFO] [stderr]   cargo:rerun-if-env-changed=SQLITE_MAX_COLUMN
[INFO] [stderr]   cargo:rerun-if-env-changed=LIBSQLITE3_FLAGS
[INFO] [stderr]   cargo:rerun-if-env-changed=CC_FORCE_DISABLE
[INFO] [stderr]   CC_FORCE_DISABLE = None
[INFO] [stderr]   cargo:rerun-if-env-changed=CC_x86_64-unknown-linux-gnu
[INFO] [stderr]   CC_x86_64-unknown-linux-gnu = None
[INFO] [stderr]   cargo:rerun-if-env-changed=CC_x86_64_unknown_linux_gnu
[INFO] [stderr]   CC_x86_64_unknown_linux_gnu = None
[INFO] [stderr]   cargo:rerun-if-env-changed=HOST_CC
[INFO] [stderr]   HOST_CC = None
[INFO] [stderr]   cargo:rerun-if-env-changed=CC
[INFO] [stderr]   CC = None
[INFO] [stderr]   cargo:rerun-if-env-changed=CC_ENABLE_DEBUG_OUTPUT
[INFO] [stderr]   cargo:rerun-if-env-changed=CRATE_CC_NO_DEFAULTS
[INFO] [stderr]   CRATE_CC_NO_DEFAULTS = None
[INFO] [stderr]   cargo:rerun-if-env-changed=CFLAGS
[INFO] [stderr]   CFLAGS = None
[INFO] [stderr]   cargo:rerun-if-env-changed=HOST_CFLAGS
[INFO] [stderr]   HOST_CFLAGS = None
[INFO] [stderr]   cargo:rerun-if-env-changed=CFLAGS_x86_64_unknown_linux_gnu
[INFO] [stderr]   CFLAGS_x86_64_unknown_linux_gnu = None
[INFO] [stderr]   cargo:rerun-if-env-changed=CFLAGS_x86_64-unknown-linux-gnu
[INFO] [stderr]   CFLAGS_x86_64-unknown-linux-gnu = None
[INFO] [stderr]   cargo:warning=cc: fatal error: Killed signal terminated program cc1
[INFO] [stderr]   cargo:warning=compilation terminated.
[INFO] [stderr] 
[INFO] [stderr]   --- stderr
[INFO] [stderr] 
[INFO] [stderr] 
[INFO] [stderr]   error occurred in cc-rs: command did not execute successfully (status code exit status: 1): LC_ALL="C" "cc" "-O3" "-ffunction-sections" "-fdata-sections" "-fPIC" "-m64" "-w" "-DSQLITE_CORE" "-DSQLITE_DEFAULT_FOREIGN_KEYS=1" "-DSQLITE_ENABLE_API_ARMOR" "-DSQLITE_ENABLE_COLUMN_METADATA" "-DSQLITE_ENABLE_DBSTAT_VTAB" "-DSQLITE_ENABLE_FTS3" "-DSQLITE_ENABLE_FTS3_PARENTHESIS" "-DSQLITE_ENABLE_FTS5" "-DSQLITE_ENABLE_JSON1" "-DSQLITE_ENABLE_LOAD_EXTENSION=1" "-DSQLITE_ENABLE_MEMORY_MANAGEMENT" "-DSQLITE_ENABLE_RTREE" "-DSQLITE_ENABLE_STAT4" "-DSQLITE_SOUNDEX" "-DSQLITE_THREADSAFE=1" "-DSQLITE_USE_URI" "-DHAVE_USLEEP=1" "-DHAVE_ISNAN" "-D_POSIX_THREAD_SAFE_FUNCTIONS" "-DHAVE_LOCALTIME_R" "-o" "/opt/rustwide/target/release/build/libsqlite3-sys-4834e5caa9df5d90/out/c877a2978823c39d-sqlite3.o" "-c" "sqlite3/sqlite3.c"
[INFO] [stderr] 
[INFO] [stderr] 
[INFO] [stderr] error: could not compile `arrow-ord` (lib)
[INFO] [stderr] 
[INFO] [stderr] Caused by:
[INFO] [stderr]   process didn't exit successfully: `/opt/rustwide/rustup-home/toolchains/1.99.0-beta.8-x86_64-unknown-linux-gnu/bin/rustc --crate-name arrow_ord --edition=2024 /opt/rustwide/cargo-home/registry/src/index.crates.io-1949cf8c6b5b557f/arrow-ord-58.1.0/src/lib.rs --error-format=json --json=diagnostic-rendered-ansi,artifacts,future-incompat --crate-type lib --emit=dep-info,metadata,link -C opt-level=3 -C embed-bitcode=no --check-cfg 'cfg(docsrs,test)' --check-cfg 'cfg(feature, values())' -C metadata=967d73ff3660f55e -C extra-filename=-15982ef0af7e3ccd --out-dir /opt/rustwide/target/release/deps -C strip=debuginfo -L dependency=/opt/rustwide/target/release/deps --extern arrow_array=/opt/rustwide/target/release/deps/libarrow_array-44512170a21534ce.rmeta --extern arrow_buffer=/opt/rustwide/target/release/deps/libarrow_buffer-6413dfa5de8a1991.rmeta --extern arrow_data=/opt/rustwide/target/release/deps/libarrow_data-db079d3715ea1b78.rmeta --extern arrow_schema=/opt/rustwide/target/release/deps/libarrow_schema-8c1744f996d2a8fa.rmeta --extern arrow_select=/opt/rustwide/target/release/deps/libarrow_select-2e8e44e6f8591032.rmeta --cap-lints allow --cap-lints=warn` (signal: 9, SIGKILL: kill)
[ERROR] error running command: no output for 300 seconds
[INFO] running `Command { std: "docker" "inspect" "078733b16de441db6a0cb59201c979e7af7c22c73359aa6bfb42951f88e4b8da", kill_on_drop: false }`
[INFO] running `Command { std: "docker" "rm" "-f" "078733b16de441db6a0cb59201c979e7af7c22c73359aa6bfb42951f88e4b8da", kill_on_drop: false }`
[INFO] [stdout] 078733b16de441db6a0cb59201c979e7af7c22c73359aa6bfb42951f88e4b8da
