[INFO] fetching crate dazzle-core 0.4.6...
[INFO] testing dazzle-core-0.4.6 against 1.100.0-beta.1+cargoflags=--release for beta-release-1.100-2
[INFO] extracting crate dazzle-core 0.4.6 into /workspace/builds/worker-6-tc2/source
[INFO] started tweaking crates.io crate dazzle-core 0.4.6
[INFO] removed 0 missing tests
[INFO] finished tweaking crates.io crate dazzle-core 0.4.6
[INFO] tweaked toml for crates.io crate dazzle-core 0.4.6 written to /workspace/builds/worker-6-tc2/source/Cargo.toml
[INFO] validating manifest of crates.io crate dazzle-core 0.4.6 on toolchain 1.100.0-beta.1
[INFO] running `Command { std: CARGO_HOME="/workspace/cargo-home" RUSTUP_HOME="/workspace/rustup-home" "/workspace/cargo-home/bin/cargo" "+1.100.0-beta.1" "metadata" "--manifest-path" "Cargo.toml" "--no-deps", kill_on_drop: false }`
[INFO] crate crates.io crate dazzle-core 0.4.6 already has a lockfile, it will not be regenerated
[INFO] running `Command { std: CARGO_HOME="/workspace/cargo-home" RUSTUP_HOME="/workspace/rustup-home" "/workspace/cargo-home/bin/cargo" "+1.100.0-beta.1" "fetch" "--manifest-path" "Cargo.toml", kill_on_drop: false }`
[INFO] [stderr] warning: `package.homepage` is redundant with `package.repository`
[INFO] [stderr]   --> Cargo.toml:35:12
[INFO] [stderr]    |
[INFO] [stderr] 35 | homepage = "https://github.com/rschleitzer/dazzle"
[INFO] [stderr]    |            ^^^^^^^^^^^^^^^^^^^^^^^^^^^^^^^^^^^^^^^
[INFO] [stderr] ...
[INFO] [stderr] 39 | repository = "https://github.com/rschleitzer/dazzle"
[INFO] [stderr]    |              ---------------------------------------
[INFO] [stderr]    |
[INFO] [stderr]    = note: `cargo::redundant_homepage` is set to `warn` by default
[INFO] [stderr] help: consider removing `package.homepage`
[INFO] [stderr] warning: `dazzle-core` (manifest) generated 1 warning
[INFO] [stderr]     Blocking waiting for file lock on package cache
[INFO] running `Command { std: "docker" "create" "-v" "/var/lib/crater-agent-workspace/builds/worker-6-tc2/source:/opt/rustwide/workdir:ro,Z" "-v" "/var/lib/crater-agent-workspace/builds/worker-6-tc2/target:/opt/rustwide/target:rw,Z" "-v" "/var/lib/crater-agent-workspace/cargo-home:/opt/rustwide/cargo-home:ro,Z" "-v" "/var/lib/crater-agent-workspace/rustup-home:/opt/rustwide/rustup-home:ro,Z" "-m" "1610612736" "--network" "none" "ghcr.io/rust-lang/crates-build-env/linux@sha256:77db811e55d90add9212f6832c23229e3de5f1c1f9905e8cb07319ea15df73ac" "sleep" "infinity", kill_on_drop: false }`
[INFO] [stdout] c9abbd52f60bb74c059bb113cc27455ff26bf24cb0b876ed66d737d465b3322e
[INFO] running `Command { std: "docker" "start" "c9abbd52f60bb74c059bb113cc27455ff26bf24cb0b876ed66d737d465b3322e", kill_on_drop: false }`
[INFO] running `Command { std: "docker" "inspect" "c9abbd52f60bb74c059bb113cc27455ff26bf24cb0b876ed66d737d465b3322e", kill_on_drop: false }`
[INFO] running `Command { std: "docker" "exec" "-e" "SOURCE_DIR=/opt/rustwide/workdir" "-e" "CARGO_HOME=/opt/rustwide/cargo-home" "-e" "RUSTUP_HOME=/opt/rustwide/rustup-home" "-e" "CARGO_TARGET_DIR=/opt/rustwide/target" "-w" "/opt/rustwide/workdir" "--user" "0:0" "c9abbd52f60bb74c059bb113cc27455ff26bf24cb0b876ed66d737d465b3322e" "/opt/rustwide/cargo-home/bin/cargo" "+1.100.0-beta.1" "metadata" "--no-deps" "--format-version=1", kill_on_drop: false }`
[INFO] running `Command { std: "docker" "inspect" "c9abbd52f60bb74c059bb113cc27455ff26bf24cb0b876ed66d737d465b3322e", kill_on_drop: false }`
[INFO] running `Command { std: "docker" "exec" "-e" "SOURCE_DIR=/opt/rustwide/workdir" "-e" "CARGO_HOME=/opt/rustwide/cargo-home" "-e" "RUSTUP_HOME=/opt/rustwide/rustup-home" "-e" "CARGO_TARGET_DIR=/opt/rustwide/target" "-e" "CARGO_INCREMENTAL=0" "-e" "RUST_BACKTRACE=full" "-e" "RUSTFLAGS=--cap-lints=warn" "-e" "RUSTDOCFLAGS=--cap-lints=warn" "-w" "/opt/rustwide/workdir" "--user" "0:0" "c9abbd52f60bb74c059bb113cc27455ff26bf24cb0b876ed66d737d465b3322e" "/opt/rustwide/cargo-home/bin/cargo" "+1.100.0-beta.1" "build" "--frozen" "--message-format=json" "--release", kill_on_drop: false }`
[INFO] [stderr] warning: `package.homepage` is redundant with `package.repository`
[INFO] [stderr]   --> Cargo.toml:35:12
[INFO] [stderr]    |
[INFO] [stderr] 35 | homepage = "https://github.com/rschleitzer/dazzle"
[INFO] [stderr]    |            ^^^^^^^^^^^^^^^^^^^^^^^^^^^^^^^^^^^^^^^
[INFO] [stderr] ...
[INFO] [stderr] 39 | repository = "https://github.com/rschleitzer/dazzle"
[INFO] [stderr]    |              ---------------------------------------
[INFO] [stderr]    |
[INFO] [stderr]    = note: `cargo::redundant_homepage` is set to `warn` by default
[INFO] [stderr] help: consider removing `package.homepage`
[INFO] [stderr] warning: `dazzle-core` (manifest) generated 1 warning
[INFO] [stderr]    Compiling proc-macro2 v1.0.101
[INFO] [stderr]    Compiling quote v1.0.41
[INFO] [stderr]    Compiling unicode-ident v1.0.19
[INFO] [stderr]    Compiling tracing-core v0.1.34
[INFO] [stderr]    Compiling syn v2.0.106
[INFO] [stderr]    Compiling syn v1.0.109
[INFO] [stderr]    Compiling synstructure v0.12.6
[INFO] [stderr]    Compiling gc_derive v0.5.0
[INFO] [stderr]    Compiling gc v0.5.1
[INFO] [stderr]    Compiling thiserror-impl v1.0.69
[INFO] [stderr]    Compiling tracing-attributes v0.1.30
[INFO] [stderr]    Compiling tracing v0.1.41
[INFO] [stderr]    Compiling thiserror v1.0.69
[INFO] [stderr]    Compiling dazzle-core v0.4.6 (/opt/rustwide/workdir)
[INFO] [stdout] warning: value assigned to `required_count` is never read
[INFO] [stdout]     --> src/scheme/compiler.rs:1306:42
[INFO] [stdout]      |
[INFO] [stdout] 1306 |                 let mut required_count = 0;
[INFO] [stdout]      |                                          ^ this value is reassigned later and never used
[INFO] [stdout] ...
[INFO] [stdout] 1313 |                             required_count = names.len();
[INFO] [stdout]      |                             ---------------------------- `required_count` is overwritten here before the previous value is read
[INFO] [stdout]      |
[INFO] [stdout]      = note: `#[warn(unused_assignments)]` (part of `#[warn(unused)]`) on by default
[INFO] [stdout] 
[INFO] [stdout] 
[INFO] [stdout] warning: field `lambda_cache` is never read
[INFO] [stdout]    --> src/scheme/evaluator.rs:414:5
[INFO] [stdout]     |
[INFO] [stdout] 346 | pub struct Evaluator {
[INFO] [stdout]     |            --------- field in this struct
[INFO] [stdout] ...
[INFO] [stdout] 414 |     lambda_cache: HashMap<usize, (Vec<Instruction>, usize)>,
[INFO] [stdout]     |     ^^^^^^^^^^^^
[INFO] [stdout]     |
[INFO] [stdout]     = note: `#[warn(dead_code)]` (part of `#[warn(unused)]`) on by default
[INFO] [stdout] 
[INFO] [stdout] 
[INFO] [stdout] warning: function `from_number` is never used
[INFO] [stdout]    --> src/scheme/primitives.rs:572:4
[INFO] [stdout]     |
[INFO] [stdout] 572 | fn from_number(arena: &mut Arena, n: f64) -> ValueId {
[INFO] [stdout]     |    ^^^^^^^^^^^
[INFO] [stdout] 
[INFO] [stdout] 
[INFO] [stdout] warning: function `int_to_roman` is never used
[INFO] [stdout]     --> src/scheme/primitives.rs:5394:4
[INFO] [stdout]      |
[INFO] [stdout] 5394 | fn int_to_roman(mut n: i32, uppercase: bool) -> String {
[INFO] [stdout]      |    ^^^^^^^^^^^^
[INFO] [stdout] 
[INFO] [stdout] 
[INFO] [stdout] warning: function `int_to_alpha` is never used
[INFO] [stdout]     --> src/scheme/primitives.rs:5415:4
[INFO] [stdout]      |
[INFO] [stdout] 5415 | fn int_to_alpha(n: i32, uppercase: bool) -> String {
[INFO] [stdout]      |    ^^^^^^^^^^^^
[INFO] [stdout] 
[INFO] [stdout] 
[INFO] [stdout] warning: non-local `impl` definition, `impl` blocks should be written at the same level as their item
[INFO] [stdout]    --> src/scheme/parser.rs:115:39
[INFO] [stdout]     |
[INFO] [stdout] 115 | #[derive(Debug, Clone, PartialEq, Eq, gc::Trace, gc::Finalize)]
[INFO] [stdout]     |                                       ^--------
[INFO] [stdout]     |                                       |
[INFO] [stdout]     |                                       `Trace` is not local
[INFO] [stdout]     |                                       move the `impl` block outside of this constant `_DERIVE_gc_Trace_FOR_Position`
[INFO] [stdout] 116 | pub struct Position {
[INFO] [stdout]     |            -------- `Position` is not local
[INFO] [stdout]     |
[INFO] [stdout]     = note: the derive macro `gc::Trace` defines the non-local `impl`, and may need to be changed
[INFO] [stdout]     = note: the derive macro `gc::Trace` may come from an old version of the `gc_derive` crate, try updating your dependency with `cargo update -p gc_derive`
[INFO] [stdout]     = note: an `impl` is never scoped, even when it is nested inside an item, as it may impact type checking outside of that item, which can be the case if neither the trait or the self type are at the same nesting level as the `impl`
[INFO] [stdout]     = note: items in an anonymous const item (`const _: () = { ... }`) are treated as in the same scope as the anonymous const's declaration for the purpose of this lint
[INFO] [stdout]     = note: `#[warn(non_local_definitions)]` on by default
[INFO] [stdout]     = note: this warning originates in the derive macro `gc::Trace` (in Nightly builds, run with -Z macro-backtrace for more info)
[INFO] [stdout] 
[INFO] [stdout] 
[INFO] [stdout] warning: non-local `impl` definition, `impl` blocks should be written at the same level as their item
[INFO] [stdout]    --> src/scheme/parser.rs:115:39
[INFO] [stdout]     |
[INFO] [stdout] 115 | #[derive(Debug, Clone, PartialEq, Eq, gc::Trace, gc::Finalize)]
[INFO] [stdout]     |                                       ^--------
[INFO] [stdout]     |                                       |
[INFO] [stdout]     |                                       `Drop` is not local
[INFO] [stdout]     |                                       move the `impl` block outside of this constant `_DERIVE_std_ops_Drop_FOR_Position`
[INFO] [stdout] 116 | pub struct Position {
[INFO] [stdout]     |            -------- `Position` is not local
[INFO] [stdout]     |
[INFO] [stdout]     = note: the derive macro `gc::Trace` defines the non-local `impl`, and may need to be changed
[INFO] [stdout]     = note: the derive macro `gc::Trace` may come from an old version of the `gc_derive` crate, try updating your dependency with `cargo update -p gc_derive`
[INFO] [stdout]     = note: an `impl` is never scoped, even when it is nested inside an item, as it may impact type checking outside of that item, which can be the case if neither the trait or the self type are at the same nesting level as the `impl`
[INFO] [stdout]     = note: items in an anonymous const item (`const _: () = { ... }`) are treated as in the same scope as the anonymous const's declaration for the purpose of this lint
[INFO] [stdout]     = note: this warning originates in the derive macro `gc::Trace` (in Nightly builds, run with -Z macro-backtrace for more info)
[INFO] [stdout] 
[INFO] [stdout] 
[INFO] [stdout] warning: non-local `impl` definition, `impl` blocks should be written at the same level as their item
[INFO] [stdout]    --> src/scheme/parser.rs:115:50
[INFO] [stdout]     |
[INFO] [stdout] 115 | #[derive(Debug, Clone, PartialEq, Eq, gc::Trace, gc::Finalize)]
[INFO] [stdout]     |                                                  ^-----------
[INFO] [stdout]     |                                                  |
[INFO] [stdout]     |                                                  `Finalize` is not local
[INFO] [stdout]     |                                                  move the `impl` block outside of this constant `_DERIVE_gc_Finalize_FOR_Position`
[INFO] [stdout] 116 | pub struct Position {
[INFO] [stdout]     |            -------- `Position` is not local
[INFO] [stdout]     |
[INFO] [stdout]     = note: the derive macro `gc::Finalize` defines the non-local `impl`, and may need to be changed
[INFO] [stdout]     = note: the derive macro `gc::Finalize` may come from an old version of the `gc_derive` crate, try updating your dependency with `cargo update -p gc_derive`
[INFO] [stdout]     = note: an `impl` is never scoped, even when it is nested inside an item, as it may impact type checking outside of that item, which can be the case if neither the trait or the self type are at the same nesting level as the `impl`
[INFO] [stdout]     = note: items in an anonymous const item (`const _: () = { ... }`) are treated as in the same scope as the anonymous const's declaration for the purpose of this lint
[INFO] [stdout]     = note: this warning originates in the derive macro `gc::Finalize` (in Nightly builds, run with -Z macro-backtrace for more info)
[INFO] [stdout] 
[INFO] [stdout] 
[INFO] [stderr] warning: unused dependency `anyhow`
[INFO] [stderr]  --> Cargo.toml:1:15
[INFO] [stderr]   |
[INFO] [stderr] 1 | [dependencies.anyhow]
[INFO] [stderr]   |               ^^^^^^^
[INFO] [stderr]   |
[INFO] [stderr]   = note: `cargo::unused_dependencies` is set to `warn` by default
[INFO] [stderr] help: consider removing the dependency on `anyhow`
[INFO] [stderr] warning: unused dependency `thiserror`
[INFO] [stderr]  --> Cargo.toml:8:15
[INFO] [stderr]   |
[INFO] [stderr] 8 | [dependencies.thiserror]
[INFO] [stderr]   |               ^^^^^^^^^^
[INFO] [stderr]   |
[INFO] [stderr] help: consider removing the dependency on `thiserror`
[INFO] [stderr] warning: unused dependency `tracing`
[INFO] [stderr]   --> Cargo.toml:11:15
[INFO] [stderr]    |
[INFO] [stderr] 11 | [dependencies.tracing]
[INFO] [stderr]    |               ^^^^^^^^
[INFO] [stderr]    |
[INFO] [stderr] help: consider removing the dependency on `tracing`
[INFO] [stderr] warning: `dazzle-core` (manifest) generated 3 warnings
[INFO] [stderr]     Finished `release` profile [optimized] target(s) in 18.21s
[INFO] running `Command { std: "docker" "inspect" "c9abbd52f60bb74c059bb113cc27455ff26bf24cb0b876ed66d737d465b3322e", kill_on_drop: false }`
[INFO] running `Command { std: "docker" "exec" "-e" "SOURCE_DIR=/opt/rustwide/workdir" "-e" "CARGO_HOME=/opt/rustwide/cargo-home" "-e" "RUSTUP_HOME=/opt/rustwide/rustup-home" "-e" "CARGO_TARGET_DIR=/opt/rustwide/target" "-e" "CARGO_INCREMENTAL=0" "-e" "RUST_BACKTRACE=full" "-e" "RUSTFLAGS=--cap-lints=warn" "-e" "RUSTDOCFLAGS=--cap-lints=warn" "-w" "/opt/rustwide/workdir" "--user" "0:0" "c9abbd52f60bb74c059bb113cc27455ff26bf24cb0b876ed66d737d465b3322e" "/opt/rustwide/cargo-home/bin/cargo" "+1.100.0-beta.1" "test" "--frozen" "--no-run" "--message-format=json" "--release", kill_on_drop: false }`
[INFO] [stderr] warning: `package.homepage` is redundant with `package.repository`
[INFO] [stderr]   --> Cargo.toml:35:12
[INFO] [stderr]    |
[INFO] [stderr] 35 | homepage = "https://github.com/rschleitzer/dazzle"
[INFO] [stderr]    |            ^^^^^^^^^^^^^^^^^^^^^^^^^^^^^^^^^^^^^^^
[INFO] [stderr] ...
[INFO] [stderr] 39 | repository = "https://github.com/rschleitzer/dazzle"
[INFO] [stderr]    |              ---------------------------------------
[INFO] [stderr]    |
[INFO] [stderr]    = note: `cargo::redundant_homepage` is set to `warn` by default
[INFO] [stderr] help: consider removing `package.homepage`
[INFO] [stderr] warning: `dazzle-core` (manifest) generated 1 warning
[INFO] [stderr]    Compiling libc v0.2.177
[INFO] [stderr]    Compiling regex-syntax v0.8.8
[INFO] [stderr]    Compiling log v0.4.28
[INFO] [stderr]    Compiling bitflags v2.9.4
[INFO] [stderr]    Compiling tracing v0.1.41
[INFO] [stderr]    Compiling nu-ansi-term v0.50.3
[INFO] [stderr]    Compiling dazzle-core v0.4.6 (/opt/rustwide/workdir)
[INFO] [stderr]    Compiling tracing-log v0.2.0
[INFO] [stderr]    Compiling rustix v1.1.2
[INFO] [stderr]    Compiling getrandom v0.3.4
[INFO] [stdout] warning: value assigned to `required_count` is never read
[INFO] [stdout]     --> src/scheme/compiler.rs:1306:42
[INFO] [stdout]      |
[INFO] [stdout] 1306 |                 let mut required_count = 0;
[INFO] [stdout]      |                                          ^ this value is reassigned later and never used
[INFO] [stdout] ...
[INFO] [stdout] 1313 |                             required_count = names.len();
[INFO] [stdout]      |                             ---------------------------- `required_count` is overwritten here before the previous value is read
[INFO] [stdout]      |
[INFO] [stdout]      = note: `#[warn(unused_assignments)]` (part of `#[warn(unused)]`) on by default
[INFO] [stdout] 
[INFO] [stdout] 
[INFO] [stderr]    Compiling regex-automata v0.4.13
[INFO] [stdout] warning: field `lambda_cache` is never read
[INFO] [stdout]    --> src/scheme/evaluator.rs:414:5
[INFO] [stdout]     |
[INFO] [stdout] 346 | pub struct Evaluator {
[INFO] [stdout]     |            --------- field in this struct
[INFO] [stdout] ...
[INFO] [stdout] 414 |     lambda_cache: HashMap<usize, (Vec<Instruction>, usize)>,
[INFO] [stdout]     |     ^^^^^^^^^^^^
[INFO] [stdout]     |
[INFO] [stdout]     = note: `#[warn(dead_code)]` (part of `#[warn(unused)]`) on by default
[INFO] [stdout] 
[INFO] [stdout] 
[INFO] [stdout] warning: function `from_number` is never used
[INFO] [stdout]    --> src/scheme/primitives.rs:572:4
[INFO] [stdout]     |
[INFO] [stdout] 572 | fn from_number(arena: &mut Arena, n: f64) -> ValueId {
[INFO] [stdout]     |    ^^^^^^^^^^^
[INFO] [stdout] 
[INFO] [stdout] 
[INFO] [stdout] warning: function `int_to_roman` is never used
[INFO] [stdout]     --> src/scheme/primitives.rs:5394:4
[INFO] [stdout]      |
[INFO] [stdout] 5394 | fn int_to_roman(mut n: i32, uppercase: bool) -> String {
[INFO] [stdout]      |    ^^^^^^^^^^^^
[INFO] [stdout] 
[INFO] [stdout] 
[INFO] [stdout] warning: function `int_to_alpha` is never used
[INFO] [stdout]     --> src/scheme/primitives.rs:5415:4
[INFO] [stdout]      |
[INFO] [stdout] 5415 | fn int_to_alpha(n: i32, uppercase: bool) -> String {
[INFO] [stdout]      |    ^^^^^^^^^^^^
[INFO] [stdout] 
[INFO] [stdout] 
[INFO] [stdout] warning: non-local `impl` definition, `impl` blocks should be written at the same level as their item
[INFO] [stdout]    --> src/scheme/parser.rs:115:39
[INFO] [stdout]     |
[INFO] [stdout] 115 | #[derive(Debug, Clone, PartialEq, Eq, gc::Trace, gc::Finalize)]
[INFO] [stdout]     |                                       ^--------
[INFO] [stdout]     |                                       |
[INFO] [stdout]     |                                       `Trace` is not local
[INFO] [stdout]     |                                       move the `impl` block outside of this constant `_DERIVE_gc_Trace_FOR_Position`
[INFO] [stdout] 116 | pub struct Position {
[INFO] [stdout]     |            -------- `Position` is not local
[INFO] [stdout]     |
[INFO] [stdout]     = note: the derive macro `gc::Trace` defines the non-local `impl`, and may need to be changed
[INFO] [stdout]     = note: the derive macro `gc::Trace` may come from an old version of the `gc_derive` crate, try updating your dependency with `cargo update -p gc_derive`
[INFO] [stdout]     = note: an `impl` is never scoped, even when it is nested inside an item, as it may impact type checking outside of that item, which can be the case if neither the trait or the self type are at the same nesting level as the `impl`
[INFO] [stdout]     = note: items in an anonymous const item (`const _: () = { ... }`) are treated as in the same scope as the anonymous const's declaration for the purpose of this lint
[INFO] [stdout]     = note: `#[warn(non_local_definitions)]` on by default
[INFO] [stdout]     = note: this warning originates in the derive macro `gc::Trace` (in Nightly builds, run with -Z macro-backtrace for more info)
[INFO] [stdout] 
[INFO] [stdout] 
[INFO] [stdout] warning: non-local `impl` definition, `impl` blocks should be written at the same level as their item
[INFO] [stdout]    --> src/scheme/parser.rs:115:39
[INFO] [stdout]     |
[INFO] [stdout] 115 | #[derive(Debug, Clone, PartialEq, Eq, gc::Trace, gc::Finalize)]
[INFO] [stdout]     |                                       ^--------
[INFO] [stdout]     |                                       |
[INFO] [stdout]     |                                       `Drop` is not local
[INFO] [stdout]     |                                       move the `impl` block outside of this constant `_DERIVE_std_ops_Drop_FOR_Position`
[INFO] [stdout] 116 | pub struct Position {
[INFO] [stdout]     |            -------- `Position` is not local
[INFO] [stdout]     |
[INFO] [stdout]     = note: the derive macro `gc::Trace` defines the non-local `impl`, and may need to be changed
[INFO] [stdout]     = note: the derive macro `gc::Trace` may come from an old version of the `gc_derive` crate, try updating your dependency with `cargo update -p gc_derive`
[INFO] [stdout]     = note: an `impl` is never scoped, even when it is nested inside an item, as it may impact type checking outside of that item, which can be the case if neither the trait or the self type are at the same nesting level as the `impl`
[INFO] [stdout]     = note: items in an anonymous const item (`const _: () = { ... }`) are treated as in the same scope as the anonymous const's declaration for the purpose of this lint
[INFO] [stdout]     = note: this warning originates in the derive macro `gc::Trace` (in Nightly builds, run with -Z macro-backtrace for more info)
[INFO] [stdout] 
[INFO] [stdout] 
[INFO] [stdout] warning: non-local `impl` definition, `impl` blocks should be written at the same level as their item
[INFO] [stdout]    --> src/scheme/parser.rs:115:50
[INFO] [stdout]     |
[INFO] [stdout] 115 | #[derive(Debug, Clone, PartialEq, Eq, gc::Trace, gc::Finalize)]
[INFO] [stdout]     |                                                  ^-----------
[INFO] [stdout]     |                                                  |
[INFO] [stdout]     |                                                  `Finalize` is not local
[INFO] [stdout]     |                                                  move the `impl` block outside of this constant `_DERIVE_gc_Finalize_FOR_Position`
[INFO] [stdout] 116 | pub struct Position {
[INFO] [stdout]     |            -------- `Position` is not local
[INFO] [stdout]     |
[INFO] [stdout]     = note: the derive macro `gc::Finalize` defines the non-local `impl`, and may need to be changed
[INFO] [stdout]     = note: the derive macro `gc::Finalize` may come from an old version of the `gc_derive` crate, try updating your dependency with `cargo update -p gc_derive`
[INFO] [stdout]     = note: an `impl` is never scoped, even when it is nested inside an item, as it may impact type checking outside of that item, which can be the case if neither the trait or the self type are at the same nesting level as the `impl`
[INFO] [stdout]     = note: items in an anonymous const item (`const _: () = { ... }`) are treated as in the same scope as the anonymous const's declaration for the purpose of this lint
[INFO] [stdout]     = note: this warning originates in the derive macro `gc::Finalize` (in Nightly builds, run with -Z macro-backtrace for more info)
[INFO] [stdout] 
[INFO] [stdout] 
[INFO] [stderr]    Compiling tempfile v3.23.0
[INFO] [stderr]    Compiling matchers v0.2.0
[INFO] [stderr]    Compiling tracing-subscriber v0.3.20
[INFO] [stdout] error[E0432]: unresolved import `dazzle_grove_libxml2`
[INFO] [stdout]   --> tests/grove_integration.rs:11:5
[INFO] [stdout]    |
[INFO] [stdout] 11 | use dazzle_grove_libxml2::LibXml2Grove;
[INFO] [stdout]    |     ^^^^^^^^^^^^^^^^^^^^ use of unresolved module or unlinked crate `dazzle_grove_libxml2`
[INFO] [stdout]    |
[INFO] [stdout]    = help: if you wanted to use a crate named `dazzle_grove_libxml2`, use `cargo add dazzle_grove_libxml2` to add it to your `Cargo.toml`
[INFO] [stdout] 
[INFO] [stdout] 
[INFO] [stdout] error[E0432]: unresolved import `dazzle_backend_sgml`
[INFO] [stdout]   --> tests/sgml_output.rs:12:5
[INFO] [stdout]    |
[INFO] [stdout] 12 | use dazzle_backend_sgml::SgmlBackend;
[INFO] [stdout]    |     ^^^^^^^^^^^^^^^^^^^ use of unresolved module or unlinked crate `dazzle_backend_sgml`
[INFO] [stdout]    |
[INFO] [stdout]    = help: if you wanted to use a crate named `dazzle_backend_sgml`, use `cargo add dazzle_backend_sgml` to add it to your `Cargo.toml`
[INFO] [stdout] 
[INFO] [stdout] 
[INFO] [stdout] error[E0432]: unresolved import `dazzle_grove_libxml2`
[INFO] [stdout]   --> tests/sgml_output.rs:13:5
[INFO] [stdout]    |
[INFO] [stdout] 13 | use dazzle_grove_libxml2::LibXml2Grove;
[INFO] [stdout]    |     ^^^^^^^^^^^^^^^^^^^^ use of unresolved module or unlinked crate `dazzle_grove_libxml2`
[INFO] [stdout]    |
[INFO] [stdout]    = help: if you wanted to use a crate named `dazzle_grove_libxml2`, use `cargo add dazzle_grove_libxml2` to add it to your `Cargo.toml`
[INFO] [stdout] 
[INFO] [stdout] 
[INFO] [stdout] For more information about this error, try `rustc --explain E0432`.
[INFO] [stdout] 
[INFO] [stderr] error: could not compile `dazzle-core` (test "sgml_output") due to 2 previous errors
[INFO] [stderr] warning: build failed, waiting for other jobs to finish...
[INFO] [stdout] For more information about this error, try `rustc --explain E0432`.
[INFO] [stdout] 
[INFO] [stderr] error: could not compile `dazzle-core` (test "grove_integration") due to 1 previous error
[INFO] [stdout] warning: value assigned to `required_count` is never read
[INFO] [stdout]     --> src/scheme/compiler.rs:1306:42
[INFO] [stdout]      |
[INFO] [stdout] 1306 |                 let mut required_count = 0;
[INFO] [stdout]      |                                          ^ this value is reassigned later and never used
[INFO] [stdout] ...
[INFO] [stdout] 1313 |                             required_count = names.len();
[INFO] [stdout]      |                             ---------------------------- `required_count` is overwritten here before the previous value is read
[INFO] [stdout]      |
[INFO] [stdout]      = note: `#[warn(unused_assignments)]` (part of `#[warn(unused)]`) on by default
[INFO] [stdout] 
[INFO] [stdout] 
[INFO] [stdout] warning: field `lambda_cache` is never read
[INFO] [stdout]    --> src/scheme/evaluator.rs:414:5
[INFO] [stdout]     |
[INFO] [stdout] 346 | pub struct Evaluator {
[INFO] [stdout]     |            --------- field in this struct
[INFO] [stdout] ...
[INFO] [stdout] 414 |     lambda_cache: HashMap<usize, (Vec<Instruction>, usize)>,
[INFO] [stdout]     |     ^^^^^^^^^^^^
[INFO] [stdout]     |
[INFO] [stdout]     = note: `#[warn(dead_code)]` (part of `#[warn(unused)]`) on by default
[INFO] [stdout] 
[INFO] [stdout] 
[INFO] [stdout] warning: function `from_number` is never used
[INFO] [stdout]    --> src/scheme/primitives.rs:572:4
[INFO] [stdout]     |
[INFO] [stdout] 572 | fn from_number(arena: &mut Arena, n: f64) -> ValueId {
[INFO] [stdout]     |    ^^^^^^^^^^^
[INFO] [stdout] 
[INFO] [stdout] 
[INFO] [stdout] warning: function `int_to_roman` is never used
[INFO] [stdout]     --> src/scheme/primitives.rs:5394:4
[INFO] [stdout]      |
[INFO] [stdout] 5394 | fn int_to_roman(mut n: i32, uppercase: bool) -> String {
[INFO] [stdout]      |    ^^^^^^^^^^^^
[INFO] [stdout] 
[INFO] [stdout] 
[INFO] [stdout] warning: function `int_to_alpha` is never used
[INFO] [stdout]     --> src/scheme/primitives.rs:5415:4
[INFO] [stdout]      |
[INFO] [stdout] 5415 | fn int_to_alpha(n: i32, uppercase: bool) -> String {
[INFO] [stdout]      |    ^^^^^^^^^^^^
[INFO] [stdout] 
[INFO] [stdout] 
[INFO] [stdout] warning: non-local `impl` definition, `impl` blocks should be written at the same level as their item
[INFO] [stdout]    --> src/scheme/parser.rs:115:39
[INFO] [stdout]     |
[INFO] [stdout] 115 | #[derive(Debug, Clone, PartialEq, Eq, gc::Trace, gc::Finalize)]
[INFO] [stdout]     |                                       ^--------
[INFO] [stdout]     |                                       |
[INFO] [stdout]     |                                       `Trace` is not local
[INFO] [stdout]     |                                       move the `impl` block outside of this constant `_DERIVE_gc_Trace_FOR_Position`
[INFO] [stdout] 116 | pub struct Position {
[INFO] [stdout]     |            -------- `Position` is not local
[INFO] [stdout]     |
[INFO] [stdout]     = note: the derive macro `gc::Trace` defines the non-local `impl`, and may need to be changed
[INFO] [stdout]     = note: the derive macro `gc::Trace` may come from an old version of the `gc_derive` crate, try updating your dependency with `cargo update -p gc_derive`
[INFO] [stdout]     = note: an `impl` is never scoped, even when it is nested inside an item, as it may impact type checking outside of that item, which can be the case if neither the trait or the self type are at the same nesting level as the `impl`
[INFO] [stdout]     = note: items in an anonymous const item (`const _: () = { ... }`) are treated as in the same scope as the anonymous const's declaration for the purpose of this lint
[INFO] [stdout]     = note: `#[warn(non_local_definitions)]` on by default
[INFO] [stdout]     = note: this warning originates in the derive macro `gc::Trace` (in Nightly builds, run with -Z macro-backtrace for more info)
[INFO] [stdout] 
[INFO] [stdout] 
[INFO] [stdout] warning: non-local `impl` definition, `impl` blocks should be written at the same level as their item
[INFO] [stdout]    --> src/scheme/parser.rs:115:39
[INFO] [stdout]     |
[INFO] [stdout] 115 | #[derive(Debug, Clone, PartialEq, Eq, gc::Trace, gc::Finalize)]
[INFO] [stdout]     |                                       ^--------
[INFO] [stdout]     |                                       |
[INFO] [stdout]     |                                       `Drop` is not local
[INFO] [stdout]     |                                       move the `impl` block outside of this constant `_DERIVE_std_ops_Drop_FOR_Position`
[INFO] [stdout] 116 | pub struct Position {
[INFO] [stdout]     |            -------- `Position` is not local
[INFO] [stdout]     |
[INFO] [stdout]     = note: the derive macro `gc::Trace` defines the non-local `impl`, and may need to be changed
[INFO] [stdout]     = note: the derive macro `gc::Trace` may come from an old version of the `gc_derive` crate, try updating your dependency with `cargo update -p gc_derive`
[INFO] [stdout]     = note: an `impl` is never scoped, even when it is nested inside an item, as it may impact type checking outside of that item, which can be the case if neither the trait or the self type are at the same nesting level as the `impl`
[INFO] [stdout]     = note: items in an anonymous const item (`const _: () = { ... }`) are treated as in the same scope as the anonymous const's declaration for the purpose of this lint
[INFO] [stdout]     = note: this warning originates in the derive macro `gc::Trace` (in Nightly builds, run with -Z macro-backtrace for more info)
[INFO] [stdout] 
[INFO] [stdout] 
[INFO] [stdout] warning: non-local `impl` definition, `impl` blocks should be written at the same level as their item
[INFO] [stdout]    --> src/scheme/parser.rs:115:50
[INFO] [stdout]     |
[INFO] [stdout] 115 | #[derive(Debug, Clone, PartialEq, Eq, gc::Trace, gc::Finalize)]
[INFO] [stdout]     |                                                  ^-----------
[INFO] [stdout]     |                                                  |
[INFO] [stdout]     |                                                  `Finalize` is not local
[INFO] [stdout]     |                                                  move the `impl` block outside of this constant `_DERIVE_gc_Finalize_FOR_Position`
[INFO] [stdout] 116 | pub struct Position {
[INFO] [stdout]     |            -------- `Position` is not local
[INFO] [stdout]     |
[INFO] [stdout]     = note: the derive macro `gc::Finalize` defines the non-local `impl`, and may need to be changed
[INFO] [stdout]     = note: the derive macro `gc::Finalize` may come from an old version of the `gc_derive` crate, try updating your dependency with `cargo update -p gc_derive`
[INFO] [stdout]     = note: an `impl` is never scoped, even when it is nested inside an item, as it may impact type checking outside of that item, which can be the case if neither the trait or the self type are at the same nesting level as the `impl`
[INFO] [stdout]     = note: items in an anonymous const item (`const _: () = { ... }`) are treated as in the same scope as the anonymous const's declaration for the purpose of this lint
[INFO] [stdout]     = note: this warning originates in the derive macro `gc::Finalize` (in Nightly builds, run with -Z macro-backtrace for more info)
[INFO] [stdout] 
[INFO] [stdout] 
[INFO] [stderr] warning: unused dependency `anyhow`
[INFO] [stderr]  --> Cargo.toml:1:15
[INFO] [stderr]   |
[INFO] [stderr] 1 | [dependencies.anyhow]
[INFO] [stderr]   |               ^^^^^^^
[INFO] [stderr]   |
[INFO] [stderr]   = note: `cargo::unused_dependencies` is set to `warn` by default
[INFO] [stderr] help: consider removing the dependency on `anyhow`
[INFO] [stderr] warning: unused dependency `thiserror`
[INFO] [stderr]  --> Cargo.toml:8:15
[INFO] [stderr]   |
[INFO] [stderr] 8 | [dependencies.thiserror]
[INFO] [stderr]   |               ^^^^^^^^^^
[INFO] [stderr]   |
[INFO] [stderr] help: consider removing the dependency on `thiserror`
[INFO] [stderr] warning: unused dependency `tracing`
[INFO] [stderr]   --> Cargo.toml:11:15
[INFO] [stderr]    |
[INFO] [stderr] 11 | [dependencies.tracing]
[INFO] [stderr]    |               ^^^^^^^^
[INFO] [stderr]    |
[INFO] [stderr] help: consider removing the dependency on `tracing`
[INFO] [stderr] warning: `dazzle-core` (manifest) generated 3 warnings
[INFO] running `Command { std: "docker" "inspect" "c9abbd52f60bb74c059bb113cc27455ff26bf24cb0b876ed66d737d465b3322e", kill_on_drop: false }`
[INFO] running `Command { std: "docker" "rm" "-f" "c9abbd52f60bb74c059bb113cc27455ff26bf24cb0b876ed66d737d465b3322e", kill_on_drop: false }`
[INFO] [stdout] c9abbd52f60bb74c059bb113cc27455ff26bf24cb0b876ed66d737d465b3322e
