[INFO] fetching crate dawn-rs 0.1.2...
[INFO] testing dawn-rs-0.1.2 against 1.100.0-beta.1+cargoflags=--release for beta-release-1.100-2
[INFO] extracting crate dawn-rs 0.1.2 into /workspace/builds/worker-6-tc2/source
[INFO] started tweaking crates.io crate dawn-rs 0.1.2
[INFO] removed 0 missing examples
[INFO] finished tweaking crates.io crate dawn-rs 0.1.2
[INFO] tweaked toml for crates.io crate dawn-rs 0.1.2 written to /workspace/builds/worker-6-tc2/source/Cargo.toml
[INFO] validating manifest of crates.io crate dawn-rs 0.1.2 on toolchain 1.100.0-beta.1
[INFO] running `Command { std: CARGO_HOME="/workspace/cargo-home" RUSTUP_HOME="/workspace/rustup-home" "/workspace/cargo-home/bin/cargo" "+1.100.0-beta.1" "metadata" "--manifest-path" "Cargo.toml" "--no-deps", kill_on_drop: false }`
[INFO] crate crates.io crate dawn-rs 0.1.2 already has a lockfile, it will not be regenerated
[INFO] running `Command { std: CARGO_HOME="/workspace/cargo-home" RUSTUP_HOME="/workspace/rustup-home" "/workspace/cargo-home/bin/cargo" "+1.100.0-beta.1" "fetch" "--manifest-path" "Cargo.toml", kill_on_drop: false }`
[INFO] [stderr] warning: `package.homepage` is redundant with `package.repository`
[INFO] [stderr]   --> Cargo.toml:67:12
[INFO] [stderr]    |
[INFO] [stderr] 67 | homepage = "https://github.com/csmoe/dawn-rs"
[INFO] [stderr]    |            ^^^^^^^^^^^^^^^^^^^^^^^^^^^^^^^^^^
[INFO] [stderr] ...
[INFO] [stderr] 72 | repository = "https://github.com/csmoe/dawn-rs"
[INFO] [stderr]    |              ----------------------------------
[INFO] [stderr]    |
[INFO] [stderr]    = note: `cargo::redundant_homepage` is set to `warn` by default
[INFO] [stderr] help: consider removing `package.homepage`
[INFO] [stderr] warning: `dawn-rs` (manifest) generated 1 warning
[INFO] running `Command { std: "docker" "create" "-v" "/var/lib/crater-agent-workspace/builds/worker-6-tc2/source:/opt/rustwide/workdir:ro,Z" "-v" "/var/lib/crater-agent-workspace/builds/worker-6-tc2/target:/opt/rustwide/target:rw,Z" "-v" "/var/lib/crater-agent-workspace/cargo-home:/opt/rustwide/cargo-home:ro,Z" "-v" "/var/lib/crater-agent-workspace/rustup-home:/opt/rustwide/rustup-home:ro,Z" "-m" "1610612736" "--network" "none" "ghcr.io/rust-lang/crates-build-env/linux@sha256:77db811e55d90add9212f6832c23229e3de5f1c1f9905e8cb07319ea15df73ac" "sleep" "infinity", kill_on_drop: false }`
[INFO] [stdout] 77994e7e27cf538048f833ba55a5119afd424caad16cceb812d97d68923e3f5d
[INFO] running `Command { std: "docker" "start" "77994e7e27cf538048f833ba55a5119afd424caad16cceb812d97d68923e3f5d", kill_on_drop: false }`
[INFO] running `Command { std: "docker" "inspect" "77994e7e27cf538048f833ba55a5119afd424caad16cceb812d97d68923e3f5d", kill_on_drop: false }`
[INFO] running `Command { std: "docker" "exec" "-e" "SOURCE_DIR=/opt/rustwide/workdir" "-e" "CARGO_HOME=/opt/rustwide/cargo-home" "-e" "RUSTUP_HOME=/opt/rustwide/rustup-home" "-e" "CARGO_TARGET_DIR=/opt/rustwide/target" "-w" "/opt/rustwide/workdir" "--user" "0:0" "77994e7e27cf538048f833ba55a5119afd424caad16cceb812d97d68923e3f5d" "/opt/rustwide/cargo-home/bin/cargo" "+1.100.0-beta.1" "metadata" "--no-deps" "--format-version=1", kill_on_drop: false }`
[INFO] running `Command { std: "docker" "inspect" "77994e7e27cf538048f833ba55a5119afd424caad16cceb812d97d68923e3f5d", kill_on_drop: false }`
[INFO] running `Command { std: "docker" "exec" "-e" "SOURCE_DIR=/opt/rustwide/workdir" "-e" "CARGO_HOME=/opt/rustwide/cargo-home" "-e" "RUSTUP_HOME=/opt/rustwide/rustup-home" "-e" "CARGO_TARGET_DIR=/opt/rustwide/target" "-e" "CARGO_INCREMENTAL=0" "-e" "RUST_BACKTRACE=full" "-e" "RUSTFLAGS=--cap-lints=warn" "-e" "RUSTDOCFLAGS=--cap-lints=warn" "-w" "/opt/rustwide/workdir" "--user" "0:0" "77994e7e27cf538048f833ba55a5119afd424caad16cceb812d97d68923e3f5d" "/opt/rustwide/cargo-home/bin/cargo" "+1.100.0-beta.1" "build" "--frozen" "--message-format=json" "--release", kill_on_drop: false }`
[INFO] [stderr] warning: `package.homepage` is redundant with `package.repository`
[INFO] [stderr]   --> Cargo.toml:67:12
[INFO] [stderr]    |
[INFO] [stderr] 67 | homepage = "https://github.com/csmoe/dawn-rs"
[INFO] [stderr]    |            ^^^^^^^^^^^^^^^^^^^^^^^^^^^^^^^^^^
[INFO] [stderr] ...
[INFO] [stderr] 72 | repository = "https://github.com/csmoe/dawn-rs"
[INFO] [stderr]    |              ----------------------------------
[INFO] [stderr]    |
[INFO] [stderr]    = note: `cargo::redundant_homepage` is set to `warn` by default
[INFO] [stderr] help: consider removing `package.homepage`
[INFO] [stderr] warning: `dawn-rs` (manifest) generated 1 warning
[INFO] [stderr]    Compiling unicode-ident v1.0.23
[INFO] [stderr]    Compiling cc v1.2.55
[INFO] [stderr]    Compiling proc-macro2 v1.0.106
[INFO] [stderr]    Compiling quote v1.0.44
[INFO] [stderr]    Compiling syn v2.0.114
[INFO] [stderr]    Compiling dawn-rs v0.1.2 (/opt/rustwide/workdir)
[INFO] [stderr] warning: dawn-rs@0.1.2: DAWN_ROOT not set; skipping Dawn link directives
[INFO] [stderr]    Compiling thiserror-impl v2.0.18
[INFO] [stderr]    Compiling thiserror v2.0.18
[INFO] [stderr] warning: unused dependency `thiserror`
[INFO] [stderr]   --> Cargo.toml:22:15
[INFO] [stderr]    |
[INFO] [stderr] 22 | [dependencies.thiserror]
[INFO] [stderr]    |               ^^^^^^^^^^
[INFO] [stderr]    |
[INFO] [stderr]    = note: `cargo::unused_dependencies` is set to `warn` by default
[INFO] [stderr] help: consider removing the dependency on `thiserror`
[INFO] [stderr] warning: `dawn-rs` (manifest) generated 1 warning
[INFO] [stderr]     Finished `release` profile [optimized] target(s) in 10.46s
[INFO] running `Command { std: "docker" "inspect" "77994e7e27cf538048f833ba55a5119afd424caad16cceb812d97d68923e3f5d", kill_on_drop: false }`
[INFO] running `Command { std: "docker" "exec" "-e" "SOURCE_DIR=/opt/rustwide/workdir" "-e" "CARGO_HOME=/opt/rustwide/cargo-home" "-e" "RUSTUP_HOME=/opt/rustwide/rustup-home" "-e" "CARGO_TARGET_DIR=/opt/rustwide/target" "-e" "CARGO_INCREMENTAL=0" "-e" "RUST_BACKTRACE=full" "-e" "RUSTFLAGS=--cap-lints=warn" "-e" "RUSTDOCFLAGS=--cap-lints=warn" "-w" "/opt/rustwide/workdir" "--user" "0:0" "77994e7e27cf538048f833ba55a5119afd424caad16cceb812d97d68923e3f5d" "/opt/rustwide/cargo-home/bin/cargo" "+1.100.0-beta.1" "test" "--frozen" "--no-run" "--message-format=json" "--release", kill_on_drop: false }`
[INFO] [stderr] warning: `package.homepage` is redundant with `package.repository`
[INFO] [stderr]   --> Cargo.toml:67:12
[INFO] [stderr]    |
[INFO] [stderr] 67 | homepage = "https://github.com/csmoe/dawn-rs"
[INFO] [stderr]    |            ^^^^^^^^^^^^^^^^^^^^^^^^^^^^^^^^^^
[INFO] [stderr] ...
[INFO] [stderr] 72 | repository = "https://github.com/csmoe/dawn-rs"
[INFO] [stderr]    |              ----------------------------------
[INFO] [stderr]    |
[INFO] [stderr]    = note: `cargo::redundant_homepage` is set to `warn` by default
[INFO] [stderr] help: consider removing `package.homepage`
[INFO] [stderr] warning: `dawn-rs` (manifest) generated 1 warning
[INFO] [stderr]    Compiling rustix v1.1.3
[INFO] [stderr]    Compiling linux-raw-sys v0.11.0
[INFO] [stderr]    Compiling libc v0.2.181
[INFO] [stderr]    Compiling wayland-sys v0.31.8
[INFO] [stderr]    Compiling dlib v0.5.2
[INFO] [stderr]    Compiling quick-xml v0.38.4
[INFO] [stderr]    Compiling wayland-client v0.31.12
[INFO] [stderr]    Compiling wayland-backend v0.3.12
[INFO] [stderr]    Compiling thiserror-impl v1.0.69
[INFO] [stderr]    Compiling rustix v0.38.44
[INFO] [stderr]    Compiling zerocopy v0.8.39
[INFO] [stderr]    Compiling owned_ttf_parser v0.25.1
[INFO] [stderr]    Compiling winit v0.30.12
[INFO] [stderr]    Compiling x11rb-protocol v0.13.2
[INFO] [stderr]    Compiling tracing v0.1.44
[INFO] [stderr]    Compiling dawn-rs v0.1.2 (/opt/rustwide/workdir)
[INFO] [stderr] warning: dawn-rs@0.1.2: DAWN_ROOT not set; skipping Dawn link directives
[INFO] [stderr]    Compiling xkbcommon-dl v0.4.2
[INFO] [stderr]    Compiling ab_glyph v0.2.32
[INFO] [stderr]    Compiling thiserror v1.0.69
[INFO] [stderr]    Compiling wayland-scanner v0.31.8
[INFO] [stderr]    Compiling memmap2 v0.9.9
[INFO] [stderr]    Compiling getrandom v0.3.4
[INFO] [stderr]    Compiling x11-dl v2.21.0
[INFO] [stderr]    Compiling ahash v0.8.12
[INFO] [stderr]    Compiling polling v3.11.0
[INFO] [stderr]    Compiling gethostname v1.1.0
[INFO] [stderr]    Compiling calloop v0.13.0
[INFO] [stderr]    Compiling wayland-csd-frame v0.3.0
[INFO] [stderr]    Compiling wayland-protocols v0.32.10
[INFO] [stderr]    Compiling wayland-cursor v0.31.12
[INFO] [stderr]    Compiling calloop-wayland-source v0.3.0
[INFO] [stderr]    Compiling wayland-protocols-wlr v0.3.10
[INFO] [stderr]    Compiling wayland-protocols-plasma v0.3.10
[INFO] [stderr]    Compiling x11rb v0.13.2
[INFO] [stderr]    Compiling smithay-client-toolkit v0.19.2
[INFO] [stderr]    Compiling sctk-adwaita v0.10.1
[INFO] [stdout] error: linking with `cc` failed: exit status: 1
[INFO] [stdout]   |
[INFO] [stdout]   = note:  "cc" "-m64" "/opt/rustwide/target/release/build/dawn-rs/bebf1ae8bb2b597b/out/rustcQM4M9v/symbols.o" "<5 object files omitted>" "-Wl,--as-needed" "-Wl,-Bstatic" "/opt/rustwide/target/release/build/dawn-rs/1d67909fcceddbeb/out/libdawn_rs-1d67909fcceddbeb.rlib" "/opt/rustwide/target/release/build/bitflags/4b509395af94d244/out/libbitflags-4b509395af94d244.rlib" "<sysroot>/lib/rustlib/x86_64-unknown-linux-gnu/lib/{libstd-*,libpanic_unwind-*,libobject-*,libmemchr-*,libaddr2line-*,libgimli-*,libcfg_if-*,librustc_demangle-*,libstd_detect-*,libhashbrown-*,librustc_std_workspace_alloc-*,libminiz_oxide-*,libadler2-*,libunwind-*,liblibc-*,librustc_std_workspace_core-*,liballoc-*,libcore-*,libcompiler_builtins-*}.rlib" "-Wl,-Bdynamic" "-lgcc_s" "-lutil" "-lrt" "-lpthread" "-lm" "-ldl" "-lc" "-L" "/opt/rustwide/target/release/build/dawn-rs/bebf1ae8bb2b597b/out/rustcQM4M9v/raw-dylibs" "-B<sysroot>/lib/rustlib/x86_64-unknown-linux-gnu/bin/gcc-ld" "-fuse-ld=lld" "-Wl,--eh-frame-hdr" "-Wl,-z,noexecstack" "-L" "<sysroot>/lib/rustlib/x86_64-unknown-linux-gnu/lib" "-o" "/opt/rustwide/target/release/build/dawn-rs/bebf1ae8bb2b597b/out/adapter_info" "-Wl,--gc-sections" "-pie" "-Wl,-z,relro,-z,now" "-Wl,-O1" "-Wl,--strip-debug" "-nodefaultlibs"
[INFO] [stdout]   = note: some arguments are omitted. use `--verbose` to show all linker arguments
[INFO] [stdout]   = note: rust-lld: error: undefined symbol: wgpuInstanceRequestAdapter
[INFO] [stdout]           >>> referenced by adapter_info.63ffb6fe3f067d10-cgu.2
[INFO] [stdout]           >>>               /opt/rustwide/target/release/build/dawn-rs/bebf1ae8bb2b597b/out/adapter_info.adapter_info.63ffb6fe3f067d10-cgu.2.rcgu.o:(adapter_info::main)
[INFO] [stdout]           
[INFO] [stdout]           rust-lld: error: undefined symbol: wgpuAdapterPropertiesSubgroupMatrixConfigsFreeMembers
[INFO] [stdout]           >>> referenced by dawn_rs.ae02808d22150ff0-cgu.2
[INFO] [stdout]           >>>               dawn_rs-1d67909fcceddbeb.dawn_rs.ae02808d22150ff0-cgu.2.rcgu.o:(core::ptr::drop_glue::<dawn_rs::generated::linux_x86_64::extensions::AdapterInfoExtension> (.llvm.12772951495024049746)) in archive /opt/rustwide/target/release/build/dawn-rs/1d67909fcceddbeb/out/libdawn_rs-1d67909fcceddbeb.rlib
[INFO] [stdout]           >>> referenced by dawn_rs.ae02808d22150ff0-cgu.0
[INFO] [stdout]           >>>               dawn_rs-1d67909fcceddbeb.dawn_rs.ae02808d22150ff0-cgu.0.rcgu.o:(<dawn_rs::generated::linux_x86_64::structs::AdapterPropertiesSubgroupMatrixConfigs as core::ops::drop::Drop>::drop) in archive /opt/rustwide/target/release/build/dawn-rs/1d67909fcceddbeb/out/libdawn_rs-1d67909fcceddbeb.rlib
[INFO] [stdout]           
[INFO] [stdout]           rust-lld: error: undefined symbol: wgpuAdapterPropertiesMemoryHeapsFreeMembers
[INFO] [stdout]           >>> referenced by dawn_rs.ae02808d22150ff0-cgu.2
[INFO] [stdout]           >>>               dawn_rs-1d67909fcceddbeb.dawn_rs.ae02808d22150ff0-cgu.2.rcgu.o:(core::ptr::drop_glue::<dawn_rs::generated::linux_x86_64::extensions::AdapterInfoExtension> (.llvm.12772951495024049746)) in archive /opt/rustwide/target/release/build/dawn-rs/1d67909fcceddbeb/out/libdawn_rs-1d67909fcceddbeb.rlib
[INFO] [stdout]           >>> referenced by dawn_rs.ae02808d22150ff0-cgu.0
[INFO] [stdout]           >>>               dawn_rs-1d67909fcceddbeb.dawn_rs.ae02808d22150ff0-cgu.0.rcgu.o:(<dawn_rs::generated::linux_x86_64::structs::AdapterPropertiesMemoryHeaps as core::ops::drop::Drop>::drop) in archive /opt/rustwide/target/release/build/dawn-rs/1d67909fcceddbeb/out/libdawn_rs-1d67909fcceddbeb.rlib
[INFO] [stdout]           
[INFO] [stdout]           rust-lld: error: undefined symbol: wgpuAdapterInfoFreeMembers
[INFO] [stdout]           >>> referenced by dawn_rs.ae02808d22150ff0-cgu.3
[INFO] [stdout]           >>>               dawn_rs-1d67909fcceddbeb.dawn_rs.ae02808d22150ff0-cgu.3.rcgu.o:(core::ptr::drop_glue::<dawn_rs::generated::linux_x86_64::structs::AdapterInfo>) in archive /opt/rustwide/target/release/build/dawn-rs/1d67909fcceddbeb/out/libdawn_rs-1d67909fcceddbeb.rlib
[INFO] [stdout]           >>> referenced by dawn_rs.ae02808d22150ff0-cgu.0
[INFO] [stdout]           >>>               dawn_rs-1d67909fcceddbeb.dawn_rs.ae02808d22150ff0-cgu.0.rcgu.o:(<dawn_rs::generated::linux_x86_64::structs::AdapterInfo as core::ops::drop::Drop>::drop) in archive /opt/rustwide/target/release/build/dawn-rs/1d67909fcceddbeb/out/libdawn_rs-1d67909fcceddbeb.rlib
[INFO] [stdout]           
[INFO] [stdout]           rust-lld: error: undefined symbol: wgpuAdapterGetInfo
[INFO] [stdout]           >>> referenced by dawn_rs.ae02808d22150ff0-cgu.3
[INFO] [stdout]           >>>               dawn_rs-1d67909fcceddbeb.dawn_rs.ae02808d22150ff0-cgu.3.rcgu.o:(<dawn_rs::generated::linux_x86_64::objects::Adapter>::get_info) in archive /opt/rustwide/target/release/build/dawn-rs/1d67909fcceddbeb/out/libdawn_rs-1d67909fcceddbeb.rlib
[INFO] [stdout]           
[INFO] [stdout]           rust-lld: error: undefined symbol: wgpuCreateInstance
[INFO] [stdout]           >>> referenced by dawn_rs.ae02808d22150ff0-cgu.3
[INFO] [stdout]           >>>               dawn_rs-1d67909fcceddbeb.dawn_rs.ae02808d22150ff0-cgu.3.rcgu.o:(<dawn_rs::generated::linux_x86_64::objects::Instance>::new) in archive /opt/rustwide/target/release/build/dawn-rs/1d67909fcceddbeb/out/libdawn_rs-1d67909fcceddbeb.rlib
[INFO] [stdout]           
[INFO] [stdout]           rust-lld: error: undefined symbol: wgpuInstanceWaitAny
[INFO] [stdout]           >>> referenced by dawn_rs.ae02808d22150ff0-cgu.3
[INFO] [stdout]           >>>               dawn_rs-1d67909fcceddbeb.dawn_rs.ae02808d22150ff0-cgu.3.rcgu.o:(<dawn_rs::generated::linux_x86_64::objects::Instance>::wait_any) in archive /opt/rustwide/target/release/build/dawn-rs/1d67909fcceddbeb/out/libdawn_rs-1d67909fcceddbeb.rlib
[INFO] [stdout]           
[INFO] [stdout]           rust-lld: error: undefined symbol: wgpuInstanceRelease
[INFO] [stdout]           >>> referenced by dawn_rs.ae02808d22150ff0-cgu.3
[INFO] [stdout]           >>>               dawn_rs-1d67909fcceddbeb.dawn_rs.ae02808d22150ff0-cgu.3.rcgu.o:(<dawn_rs::generated::linux_x86_64::objects::Instance as core::ops::drop::Drop>::drop) in archive /opt/rustwide/target/release/build/dawn-rs/1d67909fcceddbeb/out/libdawn_rs-1d67909fcceddbeb.rlib
[INFO] [stdout]           
[INFO] [stdout]           rust-lld: error: undefined symbol: wgpuAdapterRelease
[INFO] [stdout]           >>> referenced by dawn_rs.ae02808d22150ff0-cgu.3
[INFO] [stdout]           >>>               dawn_rs-1d67909fcceddbeb.dawn_rs.ae02808d22150ff0-cgu.3.rcgu.o:(<dawn_rs::generated::linux_x86_64::objects::Adapter as core::ops::drop::Drop>::drop) in archive /opt/rustwide/target/release/build/dawn-rs/1d67909fcceddbeb/out/libdawn_rs-1d67909fcceddbeb.rlib
[INFO] [stdout]           >>> referenced by dawn_rs.ae02808d22150ff0-cgu.7
[INFO] [stdout]           >>>               dawn_rs-1d67909fcceddbeb.dawn_rs.ae02808d22150ff0-cgu.7.rcgu.o:(core::ptr::drop_glue::<core::option::Option<dawn_rs::generated::linux_x86_64::objects::Adapter>>) in archive /opt/rustwide/target/release/build/dawn-rs/1d67909fcceddbeb/out/libdawn_rs-1d67909fcceddbeb.rlib
[INFO] [stdout]           >>> referenced by dawn_rs.ae02808d22150ff0-cgu.7
[INFO] [stdout]           >>>               dawn_rs-1d67909fcceddbeb.dawn_rs.ae02808d22150ff0-cgu.7.rcgu.o:(dawn_rs::generated::linux_x86_64::callbacks::request_adapter_callback_trampoline) in archive /opt/rustwide/target/release/build/dawn-rs/1d67909fcceddbeb/out/libdawn_rs-1d67909fcceddbeb.rlib
[INFO] [stdout]           collect2: error: ld returned 1 exit status
[INFO] [stdout]           
[INFO] [stdout] 
[INFO] [stdout] 
[INFO] [stderr] warning: dawn-rs@0.1.2: DAWN_ROOT not set; skipping Dawn link directives
[INFO] [stderr] error: could not compile `dawn-rs` (example "adapter-info") due to 1 previous error
[INFO] [stderr] warning: build failed, waiting for other jobs to finish...
[INFO] [stdout] error: linking with `cc` failed: exit status: 1
[INFO] [stdout]   |
[INFO] [stdout]   = note:  "cc" "-m64" "/opt/rustwide/target/release/build/dawn-rs/345ef890afa972de/out/rustcocQqCl/symbols.o" "<17 object files omitted>" "-Wl,--as-needed" "-Wl,-Bstatic" "/opt/rustwide/target/release/build/winit/bbbb9401cf8bd2f0/out/libwinit-bbbb9401cf8bd2f0.rlib" "/opt/rustwide/target/release/build/sctk-adwaita/d18c3f667003f123/out/libsctk_adwaita-d18c3f667003f123.rlib" "/opt/rustwide/target/release/build/ab_glyph/1f13c2bcea19b4e2/out/libab_glyph-1f13c2bcea19b4e2.rlib" "/opt/rustwide/target/release/build/owned_ttf_parser/1efa7058ae452ac6/out/libowned_ttf_parser-1efa7058ae452ac6.rlib" "/opt/rustwide/target/release/build/ttf-parser/a6c0b475746747ad/out/libttf_parser-a6c0b475746747ad.rlib" "/opt/rustwide/target/release/build/ab_glyph_rasterizer/2b74033bdbe53065/out/libab_glyph_rasterizer-2b74033bdbe53065.rlib" "/opt/rustwide/target/release/build/tiny-skia/af8812b338a3a314/out/libtiny_skia-af8812b338a3a314.rlib" "/opt/rustwide/target/release/build/arrayvec/e6d39b1d3520eea1/out/libarrayvec-e6d39b1d3520eea1.rlib" "/opt/rustwide/target/release/build/tiny-skia-path/a6fefa5aa3275fb8/out/libtiny_skia_path-a6fefa5aa3275fb8.rlib" "/opt/rustwide/target/release/build/strict-num/d7ee68f5c184a65f/out/libstrict_num-d7ee68f5c184a65f.rlib" "/opt/rustwide/target/release/build/arrayref/b29b114356c49262/out/libarrayref-b29b114356c49262.rlib" "/opt/rustwide/target/release/build/bytemuck/c75acb6bd3160231/out/libbytemuck-c75acb6bd3160231.rlib" "/opt/rustwide/target/release/build/percent-encoding/6ee9e8dd7e10ccaa/out/libpercent_encoding-6ee9e8dd7e10ccaa.rlib" "/opt/rustwide/target/release/build/x11rb/276967b33b414bd1/out/libx11rb-276967b33b414bd1.rlib" "/opt/rustwide/target/release/build/gethostname/2a6359f30dff14f1/out/libgethostname-2a6359f30dff14f1.rlib" "/opt/rustwide/target/release/build/as-raw-xcb-connection/13456a2bc3d587d0/out/libas_raw_xcb_connection-13456a2bc3d587d0.rlib" "/opt/rustwide/target/release/build/x11rb-protocol/5a1455e6aedec1b2/out/libx11rb_protocol-5a1455e6aedec1b2.rlib" "/opt/rustwide/target/release/build/wayland-protocols-plasma/d97247090282cd97/out/libwayland_protocols_plasma-d97247090282cd97.rlib" "/opt/rustwide/target/release/build/ahash/860d3c86ea18a85b/out/libahash-860d3c86ea18a85b.rlib" "/opt/rustwide/target/release/build/getrandom/191c39f1d3241850/out/libgetrandom-191c39f1d3241850.rlib" "/opt/rustwide/target/release/build/zerocopy/07e6cb6fc08628e0/out/libzerocopy-07e6cb6fc08628e0.rlib" "/opt/rustwide/target/release/build/smithay-client-toolkit/13059d5e637340c0/out/libsmithay_client_toolkit-13059d5e637340c0.rlib" "/opt/rustwide/target/release/build/wayland-cursor/c6600080792f98ec/out/libwayland_cursor-c6600080792f98ec.rlib" "/opt/rustwide/target/release/build/xcursor/f287a595461eceaa/out/libxcursor-f287a595461eceaa.rlib" "/opt/rustwide/target/release/build/wayland-protocols-wlr/d6a7fae3a4b9f5ae/out/libwayland_protocols_wlr-d6a7fae3a4b9f5ae.rlib" "/opt/rustwide/target/release/build/wayland-protocols/bea22c08b80e5d1e/out/libwayland_protocols-bea22c08b80e5d1e.rlib" "/opt/rustwide/target/release/build/wayland-csd-frame/726553e6c429ad77/out/libwayland_csd_frame-726553e6c429ad77.rlib" "/opt/rustwide/target/release/build/calloop-wayland-source/7096bab962285bfb/out/libcalloop_wayland_source-7096bab962285bfb.rlib" "/opt/rustwide/target/release/build/wayland-client/0805eb0aa34928f4/out/libwayland_client-0805eb0aa34928f4.rlib" "/opt/rustwide/target/release/build/wayland-backend/a39e25d81a62023c/out/libwayland_backend-a39e25d81a62023c.rlib" "/opt/rustwide/target/release/build/downcast-rs/437c0146d70bb3b3/out/libdowncast_rs-437c0146d70bb3b3.rlib" "/opt/rustwide/target/release/build/scoped-tls/ddd7a6418f92471c/out/libscoped_tls-ddd7a6418f92471c.rlib" "/opt/rustwide/target/release/build/wayland-sys/0a61d3075590c1b4/out/libwayland_sys-0a61d3075590c1b4.rlib" "/opt/rustwide/target/release/build/smallvec/cceb5f276923f9ef/out/libsmallvec-cceb5f276923f9ef.rlib" "/opt/rustwide/target/release/build/calloop/de6e95cbb1adcf31/out/libcalloop-de6e95cbb1adcf31.rlib" "/opt/rustwide/target/release/build/thiserror/a85950c913be79d0/out/libthiserror-a85950c913be79d0.rlib" "/opt/rustwide/target/release/build/rustix/4b1aeec2e67079d0/out/librustix-4b1aeec2e67079d0.rlib" "/opt/rustwide/target/release/build/linux-raw-sys/bd667ce2f92944cc/out/liblinux_raw_sys-bd667ce2f92944cc.rlib" "/opt/rustwide/target/release/build/polling/f37b6528a22ccc1c/out/libpolling-f37b6528a22ccc1c.rlib" "/opt/rustwide/target/release/build/rustix/f6351a6bd4f2a01f/out/librustix-f6351a6bd4f2a01f.rlib" "/opt/rustwide/target/release/build/linux-raw-sys/fdd8a969df5cbe73/out/liblinux_raw_sys-fdd8a969df5cbe73.rlib" "/opt/rustwide/target/release/build/memmap2/9403c5f456bf0970/out/libmemmap2-9403c5f456bf0970.rlib" "/opt/rustwide/target/release/build/x11-dl/a17f43c45504c935/out/libx11_dl-a17f43c45504c935.rlib" "/opt/rustwide/target/release/build/libc/7e6a8b94f917411a/out/liblibc-7e6a8b94f917411a.rlib" "/opt/rustwide/target/release/build/xkbcommon-dl/5eb2bf531915503b/out/libxkbcommon_dl-5eb2bf531915503b.rlib" "/opt/rustwide/target/release/build/once_cell/35d4cc1b6bbf4e72/out/libonce_cell-35d4cc1b6bbf4e72.rlib" "/opt/rustwide/target/release/build/log/e86fe1484206d3e6/out/liblog-e86fe1484206d3e6.rlib" "/opt/rustwide/target/release/build/xkeysym/8e660b1f66be7e80/out/libxkeysym-8e660b1f66be7e80.rlib" "/opt/rustwide/target/release/build/dlib/3def16becfab1851/out/libdlib-3def16becfab1851.rlib" "/opt/rustwide/target/release/build/libloading/fd22cbb1bebecf86/out/liblibloading-fd22cbb1bebecf86.rlib" "/opt/rustwide/target/release/build/cfg-if/6d8dca19095bb388/out/libcfg_if-6d8dca19095bb388.rlib" "/opt/rustwide/target/release/build/tracing/b1d226d9a55d32b2/out/libtracing-b1d226d9a55d32b2.rlib" "/opt/rustwide/target/release/build/pin-project-lite/a042d89c9815bfb5/out/libpin_project_lite-a042d89c9815bfb5.rlib" "/opt/rustwide/target/release/build/tracing-core/e045f04d8ff69574/out/libtracing_core-e045f04d8ff69574.rlib" "/opt/rustwide/target/release/build/smol_str/c65f5090a7f27655/out/libsmol_str-c65f5090a7f27655.rlib" "/opt/rustwide/target/release/build/cursor-icon/1c859d398ce722ad/out/libcursor_icon-1c859d398ce722ad.rlib" "/opt/rustwide/target/release/build/dpi/9f97fb09bfd68738/out/libdpi-9f97fb09bfd68738.rlib" "/opt/rustwide/target/release/build/raw-window-handle/afe0a38bc301a9c7/out/libraw_window_handle-afe0a38bc301a9c7.rlib" "/opt/rustwide/target/release/build/dawn-rs/1d67909fcceddbeb/out/libdawn_rs-1d67909fcceddbeb.rlib" "/opt/rustwide/target/release/build/bitflags/4b509395af94d244/out/libbitflags-4b509395af94d244.rlib" "<sysroot>/lib/rustlib/x86_64-unknown-linux-gnu/lib/{libstd-*,libpanic_unwind-*,libobject-*,libmemchr-*,libaddr2line-*,libgimli-*,libcfg_if-*,librustc_demangle-*,libstd_detect-*,libhashbrown-*,librustc_std_workspace_alloc-*,libminiz_oxide-*,libadler2-*,libunwind-*,liblibc-*,librustc_std_workspace_core-*,liballoc-*,libcore-*,libcompiler_builtins-*}.rlib" "-Wl,-Bdynamic" "-ldl" "-ldl" "-lgcc_s" "-lutil" "-lrt" "-lpthread" "-lm" "-ldl" "-lc" "-L" "/opt/rustwide/target/release/build/dawn-rs/345ef890afa972de/out/rustcocQqCl/raw-dylibs" "-B<sysroot>/lib/rustlib/x86_64-unknown-linux-gnu/bin/gcc-ld" "-fuse-ld=lld" "-Wl,--eh-frame-hdr" "-Wl,-z,noexecstack" "-L" "<sysroot>/lib/rustlib/x86_64-unknown-linux-gnu/lib" "-o" "/opt/rustwide/target/release/build/dawn-rs/345ef890afa972de/out/triangle" "-Wl,--gc-sections" "-pie" "-Wl,-z,relro,-z,now" "-Wl,-O1" "-Wl,--strip-debug" "-nodefaultlibs"
[INFO] [stdout]   = note: some arguments are omitted. use `--verbose` to show all linker arguments
[INFO] [stdout]   = note: rust-lld: error: undefined symbol: wgpuShaderModuleGetCompilationInfo
[INFO] [stdout]           >>> referenced by triangle.baa710638bac3f98-cgu.15
[INFO] [stdout]           >>>               /opt/rustwide/target/release/build/dawn-rs/345ef890afa972de/out/triangle.triangle.baa710638bac3f98-cgu.15.rcgu.o:(<dawn_rs::generated::linux_x86_64::objects::ShaderModule>::get_compilation_info::<<triangle::TriangleApp>::init::{closure#6}>)
[INFO] [stdout]           
[INFO] [stdout]           rust-lld: error: undefined symbol: wgpuInstanceRequestAdapter
[INFO] [stdout]           >>> referenced by triangle.baa710638bac3f98-cgu.15
[INFO] [stdout]           >>>               /opt/rustwide/target/release/build/dawn-rs/345ef890afa972de/out/triangle.triangle.baa710638bac3f98-cgu.15.rcgu.o:(<dawn_rs::generated::linux_x86_64::objects::Instance as triangle::InstanceExt>::create_adapter_for_rendering)
[INFO] [stdout]           
[INFO] [stdout]           rust-lld: error: undefined symbol: wgpuAdapterCreateDevice
[INFO] [stdout]           >>> referenced by dawn_rs.ae02808d22150ff0-cgu.3
[INFO] [stdout]           >>>               dawn_rs-1d67909fcceddbeb.dawn_rs.ae02808d22150ff0-cgu.3.rcgu.o:(<dawn_rs::generated::linux_x86_64::objects::Adapter>::create_device) in archive /opt/rustwide/target/release/build/dawn-rs/1d67909fcceddbeb/out/libdawn_rs-1d67909fcceddbeb.rlib
[INFO] [stdout]           
[INFO] [stdout]           rust-lld: error: undefined symbol: wgpuSurfaceGetCapabilities
[INFO] [stdout]           >>> referenced by dawn_rs.ae02808d22150ff0-cgu.3
[INFO] [stdout]           >>>               dawn_rs-1d67909fcceddbeb.dawn_rs.ae02808d22150ff0-cgu.3.rcgu.o:(<dawn_rs::generated::linux_x86_64::objects::Surface>::get_capabilities) in archive /opt/rustwide/target/release/build/dawn-rs/1d67909fcceddbeb/out/libdawn_rs-1d67909fcceddbeb.rlib
[INFO] [stdout]           
[INFO] [stdout]           rust-lld: error: undefined symbol: wgpuSurfaceCapabilitiesFreeMembers
[INFO] [stdout]           >>> referenced by dawn_rs.ae02808d22150ff0-cgu.3
[INFO] [stdout]           >>>               dawn_rs-1d67909fcceddbeb.dawn_rs.ae02808d22150ff0-cgu.3.rcgu.o:(<dawn_rs::generated::linux_x86_64::objects::Surface>::get_capabilities) in archive /opt/rustwide/target/release/build/dawn-rs/1d67909fcceddbeb/out/libdawn_rs-1d67909fcceddbeb.rlib
[INFO] [stdout]           >>> referenced by dawn_rs.ae02808d22150ff0-cgu.0
[INFO] [stdout]           >>>               dawn_rs-1d67909fcceddbeb.dawn_rs.ae02808d22150ff0-cgu.0.rcgu.o:(<dawn_rs::generated::linux_x86_64::structs::SurfaceCapabilities as core::ops::drop::Drop>::drop) in archive /opt/rustwide/target/release/build/dawn-rs/1d67909fcceddbeb/out/libdawn_rs-1d67909fcceddbeb.rlib
[INFO] [stdout]           
[INFO] [stdout]           rust-lld: error: undefined symbol: wgpuAdapterRelease
[INFO] [stdout]           >>> referenced by dawn_rs.ae02808d22150ff0-cgu.3
[INFO] [stdout]           >>>               dawn_rs-1d67909fcceddbeb.dawn_rs.ae02808d22150ff0-cgu.3.rcgu.o:(<dawn_rs::generated::linux_x86_64::objects::Surface>::get_capabilities) in archive /opt/rustwide/target/release/build/dawn-rs/1d67909fcceddbeb/out/libdawn_rs-1d67909fcceddbeb.rlib
[INFO] [stdout]           >>> referenced by dawn_rs.ae02808d22150ff0-cgu.3
[INFO] [stdout]           >>>               dawn_rs-1d67909fcceddbeb.dawn_rs.ae02808d22150ff0-cgu.3.rcgu.o:(<dawn_rs::generated::linux_x86_64::objects::Surface>::get_capabilities) in archive /opt/rustwide/target/release/build/dawn-rs/1d67909fcceddbeb/out/libdawn_rs-1d67909fcceddbeb.rlib
[INFO] [stdout]           >>> referenced by dawn_rs.ae02808d22150ff0-cgu.7
[INFO] [stdout]           >>>               dawn_rs-1d67909fcceddbeb.dawn_rs.ae02808d22150ff0-cgu.7.rcgu.o:(core::ptr::drop_glue::<core::option::Option<dawn_rs::generated::linux_x86_64::objects::Adapter>>) in archive /opt/rustwide/target/release/build/dawn-rs/1d67909fcceddbeb/out/libdawn_rs-1d67909fcceddbeb.rlib
[INFO] [stdout]           >>> referenced 2 more times
[INFO] [stdout]           
[INFO] [stdout]           rust-lld: error: undefined symbol: wgpuSurfaceGetCurrentTexture
[INFO] [stdout]           >>> referenced by dawn_rs.ae02808d22150ff0-cgu.3
[INFO] [stdout]           >>>               dawn_rs-1d67909fcceddbeb.dawn_rs.ae02808d22150ff0-cgu.3.rcgu.o:(<dawn_rs::generated::linux_x86_64::objects::Surface>::get_current_texture) in archive /opt/rustwide/target/release/build/dawn-rs/1d67909fcceddbeb/out/libdawn_rs-1d67909fcceddbeb.rlib
[INFO] [stdout]           
[INFO] [stdout]           rust-lld: error: undefined symbol: wgpuTextureRelease
[INFO] [stdout]           >>> referenced by dawn_rs.ae02808d22150ff0-cgu.3
[INFO] [stdout]           >>>               dawn_rs-1d67909fcceddbeb.dawn_rs.ae02808d22150ff0-cgu.3.rcgu.o:(<dawn_rs::generated::linux_x86_64::objects::Surface>::get_current_texture) in archive /opt/rustwide/target/release/build/dawn-rs/1d67909fcceddbeb/out/libdawn_rs-1d67909fcceddbeb.rlib
[INFO] [stdout]           >>> referenced by dawn_rs.ae02808d22150ff0-cgu.3
[INFO] [stdout]           >>>               dawn_rs-1d67909fcceddbeb.dawn_rs.ae02808d22150ff0-cgu.3.rcgu.o:(<dawn_rs::generated::linux_x86_64::objects::Texture as core::ops::drop::Drop>::drop) in archive /opt/rustwide/target/release/build/dawn-rs/1d67909fcceddbeb/out/libdawn_rs-1d67909fcceddbeb.rlib
[INFO] [stdout]           
[INFO] [stdout]           rust-lld: error: undefined symbol: wgpuSurfacePresent
[INFO] [stdout]           >>> referenced by dawn_rs.ae02808d22150ff0-cgu.3
[INFO] [stdout]           >>>               dawn_rs-1d67909fcceddbeb.dawn_rs.ae02808d22150ff0-cgu.3.rcgu.o:(<dawn_rs::generated::linux_x86_64::objects::Surface>::present) in archive /opt/rustwide/target/release/build/dawn-rs/1d67909fcceddbeb/out/libdawn_rs-1d67909fcceddbeb.rlib
[INFO] [stdout]           
[INFO] [stdout]           rust-lld: error: undefined symbol: wgpuSurfaceConfigure
[INFO] [stdout]           >>> referenced by dawn_rs.ae02808d22150ff0-cgu.3
[INFO] [stdout]           >>>               dawn_rs-1d67909fcceddbeb.dawn_rs.ae02808d22150ff0-cgu.3.rcgu.o:(<dawn_rs::generated::linux_x86_64::objects::Surface>::configure) in archive /opt/rustwide/target/release/build/dawn-rs/1d67909fcceddbeb/out/libdawn_rs-1d67909fcceddbeb.rlib
[INFO] [stdout]           
[INFO] [stdout]           rust-lld: error: undefined symbol: wgpuRenderPassEncoderSetPipeline
[INFO] [stdout]           >>> referenced by dawn_rs.ae02808d22150ff0-cgu.3
[INFO] [stdout]           >>>               dawn_rs-1d67909fcceddbeb.dawn_rs.ae02808d22150ff0-cgu.3.rcgu.o:(<dawn_rs::generated::linux_x86_64::objects::RenderPassEncoder>::set_pipeline) in archive /opt/rustwide/target/release/build/dawn-rs/1d67909fcceddbeb/out/libdawn_rs-1d67909fcceddbeb.rlib
[INFO] [stdout]           
[INFO] [stdout]           rust-lld: error: undefined symbol: wgpuRenderPipelineRelease
[INFO] [stdout]           >>> referenced by dawn_rs.ae02808d22150ff0-cgu.3
[INFO] [stdout]           >>>               dawn_rs-1d67909fcceddbeb.dawn_rs.ae02808d22150ff0-cgu.3.rcgu.o:(<dawn_rs::generated::linux_x86_64::objects::RenderPassEncoder>::set_pipeline) in archive /opt/rustwide/target/release/build/dawn-rs/1d67909fcceddbeb/out/libdawn_rs-1d67909fcceddbeb.rlib
[INFO] [stdout]           >>> referenced by dawn_rs.ae02808d22150ff0-cgu.3
[INFO] [stdout]           >>>               dawn_rs-1d67909fcceddbeb.dawn_rs.ae02808d22150ff0-cgu.3.rcgu.o:(<dawn_rs::generated::linux_x86_64::objects::RenderPipeline as core::ops::drop::Drop>::drop) in archive /opt/rustwide/target/release/build/dawn-rs/1d67909fcceddbeb/out/libdawn_rs-1d67909fcceddbeb.rlib
[INFO] [stdout]           
[INFO] [stdout]           rust-lld: error: undefined symbol: wgpuRenderPassEncoderSetVertexBuffer
[INFO] [stdout]           >>> referenced by dawn_rs.ae02808d22150ff0-cgu.3
[INFO] [stdout]           >>>               dawn_rs-1d67909fcceddbeb.dawn_rs.ae02808d22150ff0-cgu.3.rcgu.o:(<dawn_rs::generated::linux_x86_64::objects::RenderPassEncoder>::set_vertex_buffer) in archive /opt/rustwide/target/release/build/dawn-rs/1d67909fcceddbeb/out/libdawn_rs-1d67909fcceddbeb.rlib
[INFO] [stdout]           
[INFO] [stdout]           rust-lld: error: undefined symbol: wgpuBufferRelease
[INFO] [stdout]           >>> referenced by dawn_rs.ae02808d22150ff0-cgu.3
[INFO] [stdout]           >>>               dawn_rs-1d67909fcceddbeb.dawn_rs.ae02808d22150ff0-cgu.3.rcgu.o:(<dawn_rs::generated::linux_x86_64::objects::RenderPassEncoder>::set_vertex_buffer) in archive /opt/rustwide/target/release/build/dawn-rs/1d67909fcceddbeb/out/libdawn_rs-1d67909fcceddbeb.rlib
[INFO] [stdout]           >>> referenced by dawn_rs.ae02808d22150ff0-cgu.3
[INFO] [stdout]           >>>               dawn_rs-1d67909fcceddbeb.dawn_rs.ae02808d22150ff0-cgu.3.rcgu.o:(<dawn_rs::generated::linux_x86_64::objects::CommandEncoder>::write_buffer) in archive /opt/rustwide/target/release/build/dawn-rs/1d67909fcceddbeb/out/libdawn_rs-1d67909fcceddbeb.rlib
[INFO] [stdout]           >>> referenced by dawn_rs.ae02808d22150ff0-cgu.3
[INFO] [stdout]           >>>               dawn_rs-1d67909fcceddbeb.dawn_rs.ae02808d22150ff0-cgu.3.rcgu.o:(<dawn_rs::generated::linux_x86_64::objects::Buffer as core::ops::drop::Drop>::drop) in archive /opt/rustwide/target/release/build/dawn-rs/1d67909fcceddbeb/out/libdawn_rs-1d67909fcceddbeb.rlib
[INFO] [stdout]           
[INFO] [stdout]           rust-lld: error: undefined symbol: wgpuRenderPassEncoderEnd
[INFO] [stdout]           >>> referenced by dawn_rs.ae02808d22150ff0-cgu.3
[INFO] [stdout]           >>>               dawn_rs-1d67909fcceddbeb.dawn_rs.ae02808d22150ff0-cgu.3.rcgu.o:(<dawn_rs::generated::linux_x86_64::objects::RenderPassEncoder>::end) in archive /opt/rustwide/target/release/build/dawn-rs/1d67909fcceddbeb/out/libdawn_rs-1d67909fcceddbeb.rlib
[INFO] [stdout]           
[INFO] [stdout]           rust-lld: error: undefined symbol: wgpuRenderPassEncoderDraw
[INFO] [stdout]           >>> referenced by dawn_rs.ae02808d22150ff0-cgu.3
[INFO] [stdout]           >>>               dawn_rs-1d67909fcceddbeb.dawn_rs.ae02808d22150ff0-cgu.3.rcgu.o:(<dawn_rs::generated::linux_x86_64::objects::RenderPassEncoder>::draw) in archive /opt/rustwide/target/release/build/dawn-rs/1d67909fcceddbeb/out/libdawn_rs-1d67909fcceddbeb.rlib
[INFO] [stdout]           
[INFO] [stdout]           rust-lld: error: undefined symbol: wgpuTextureCreateView
[INFO] [stdout]           >>> referenced by dawn_rs.ae02808d22150ff0-cgu.3
[INFO] [stdout]           >>>               dawn_rs-1d67909fcceddbeb.dawn_rs.ae02808d22150ff0-cgu.3.rcgu.o:(<dawn_rs::generated::linux_x86_64::objects::Texture>::create_view) in archive /opt/rustwide/target/release/build/dawn-rs/1d67909fcceddbeb/out/libdawn_rs-1d67909fcceddbeb.rlib
[INFO] [stdout]           
[INFO] [stdout]           rust-lld: error: undefined symbol: wgpuDeviceCreateBuffer
[INFO] [stdout]           >>> referenced by dawn_rs.ae02808d22150ff0-cgu.3
[INFO] [stdout]           >>>               dawn_rs-1d67909fcceddbeb.dawn_rs.ae02808d22150ff0-cgu.3.rcgu.o:(<dawn_rs::generated::linux_x86_64::objects::Device>::create_buffer) in archive /opt/rustwide/target/release/build/dawn-rs/1d67909fcceddbeb/out/libdawn_rs-1d67909fcceddbeb.rlib
[INFO] [stdout]           
[INFO] [stdout]           rust-lld: error: undefined symbol: wgpuDeviceCreateShaderModule
[INFO] [stdout]           >>> referenced by dawn_rs.ae02808d22150ff0-cgu.3
[INFO] [stdout]           >>>               dawn_rs-1d67909fcceddbeb.dawn_rs.ae02808d22150ff0-cgu.3.rcgu.o:(<dawn_rs::generated::linux_x86_64::objects::Device>::create_shader_module) in archive /opt/rustwide/target/release/build/dawn-rs/1d67909fcceddbeb/out/libdawn_rs-1d67909fcceddbeb.rlib
[INFO] [stdout]           
[INFO] [stdout]           rust-lld: error: undefined symbol: wgpuDeviceCreateCommandEncoder
[INFO] [stdout]           >>> referenced by dawn_rs.ae02808d22150ff0-cgu.3
[INFO] [stdout]           >>>               dawn_rs-1d67909fcceddbeb.dawn_rs.ae02808d22150ff0-cgu.3.rcgu.o:(<dawn_rs::generated::linux_x86_64::objects::Device>::create_command_encoder) in archive /opt/rustwide/target/release/build/dawn-rs/1d67909fcceddbeb/out/libdawn_rs-1d67909fcceddbeb.rlib
[INFO] [stdout]           
[INFO] [stdout]           rust-lld: error: too many errors emitted, stopping now (use --error-limit=0 to see all errors)
[INFO] [stdout]           collect2: error: ld returned 1 exit status
[INFO] [stdout]           
[INFO] [stdout] 
[INFO] [stdout] 
[INFO] [stderr] warning: dawn-rs@0.1.2: DAWN_ROOT not set; skipping Dawn link directives
[INFO] [stderr] error: could not compile `dawn-rs` (example "triangle") due to 1 previous error
[INFO] [stderr] warning: unused dependency `thiserror`
[INFO] [stderr]   --> Cargo.toml:22:15
[INFO] [stderr]    |
[INFO] [stderr] 22 | [dependencies.thiserror]
[INFO] [stderr]    |               ^^^^^^^^^^
[INFO] [stderr]    |
[INFO] [stderr]    = note: `cargo::unused_dependencies` is set to `warn` by default
[INFO] [stderr] help: consider removing the dependency on `thiserror`
[INFO] [stderr] warning: `dawn-rs` (manifest) generated 1 warning
[INFO] running `Command { std: "docker" "inspect" "77994e7e27cf538048f833ba55a5119afd424caad16cceb812d97d68923e3f5d", kill_on_drop: false }`
[INFO] running `Command { std: "docker" "rm" "-f" "77994e7e27cf538048f833ba55a5119afd424caad16cceb812d97d68923e3f5d", kill_on_drop: false }`
[INFO] [stdout] 77994e7e27cf538048f833ba55a5119afd424caad16cceb812d97d68923e3f5d
