[INFO] fetching crate dav-server-opendalfs 0.7.10...
[INFO] testing dav-server-opendalfs-0.7.10 against 1.100.0-beta.1+cargoflags=--release for beta-release-1.100-2
[INFO] extracting crate dav-server-opendalfs 0.7.10 into /workspace/builds/worker-4-tc2/source
[INFO] started tweaking crates.io crate dav-server-opendalfs 0.7.10
[INFO] removed 0 missing tests
[INFO] finished tweaking crates.io crate dav-server-opendalfs 0.7.10
[INFO] tweaked toml for crates.io crate dav-server-opendalfs 0.7.10 written to /workspace/builds/worker-4-tc2/source/Cargo.toml
[INFO] validating manifest of crates.io crate dav-server-opendalfs 0.7.10 on toolchain 1.100.0-beta.1
[INFO] running `Command { std: CARGO_HOME="/workspace/cargo-home" RUSTUP_HOME="/workspace/rustup-home" "/workspace/cargo-home/bin/cargo" "+1.100.0-beta.1" "metadata" "--manifest-path" "Cargo.toml" "--no-deps", kill_on_drop: false }`
[INFO] crate crates.io crate dav-server-opendalfs 0.7.10 already has a lockfile, it will not be regenerated
[INFO] running `Command { std: CARGO_HOME="/workspace/cargo-home" RUSTUP_HOME="/workspace/rustup-home" "/workspace/cargo-home/bin/cargo" "+1.100.0-beta.1" "fetch" "--manifest-path" "Cargo.toml", kill_on_drop: false }`
[INFO] running `Command { std: "docker" "create" "-v" "/var/lib/crater-agent-workspace/builds/worker-4-tc2/source:/opt/rustwide/workdir:ro,Z" "-v" "/var/lib/crater-agent-workspace/builds/worker-4-tc2/target:/opt/rustwide/target:rw,Z" "-v" "/var/lib/crater-agent-workspace/cargo-home:/opt/rustwide/cargo-home:ro,Z" "-v" "/var/lib/crater-agent-workspace/rustup-home:/opt/rustwide/rustup-home:ro,Z" "-m" "1610612736" "--network" "none" "ghcr.io/rust-lang/crates-build-env/linux@sha256:77db811e55d90add9212f6832c23229e3de5f1c1f9905e8cb07319ea15df73ac" "sleep" "infinity", kill_on_drop: false }`
[INFO] [stdout] 8bf791bf85252c866e518547f55fc35b2375f46d378626cf8e32ae792032559b
[INFO] running `Command { std: "docker" "start" "8bf791bf85252c866e518547f55fc35b2375f46d378626cf8e32ae792032559b", kill_on_drop: false }`
[INFO] running `Command { std: "docker" "inspect" "8bf791bf85252c866e518547f55fc35b2375f46d378626cf8e32ae792032559b", kill_on_drop: false }`
[INFO] running `Command { std: "docker" "exec" "-e" "SOURCE_DIR=/opt/rustwide/workdir" "-e" "CARGO_HOME=/opt/rustwide/cargo-home" "-e" "RUSTUP_HOME=/opt/rustwide/rustup-home" "-e" "CARGO_TARGET_DIR=/opt/rustwide/target" "-w" "/opt/rustwide/workdir" "--user" "0:0" "8bf791bf85252c866e518547f55fc35b2375f46d378626cf8e32ae792032559b" "/opt/rustwide/cargo-home/bin/cargo" "+1.100.0-beta.1" "metadata" "--no-deps" "--format-version=1", kill_on_drop: false }`
[INFO] running `Command { std: "docker" "inspect" "8bf791bf85252c866e518547f55fc35b2375f46d378626cf8e32ae792032559b", kill_on_drop: false }`
[INFO] running `Command { std: "docker" "exec" "-e" "SOURCE_DIR=/opt/rustwide/workdir" "-e" "CARGO_HOME=/opt/rustwide/cargo-home" "-e" "RUSTUP_HOME=/opt/rustwide/rustup-home" "-e" "CARGO_TARGET_DIR=/opt/rustwide/target" "-e" "CARGO_INCREMENTAL=0" "-e" "RUST_BACKTRACE=full" "-e" "RUSTFLAGS=--cap-lints=warn" "-e" "RUSTDOCFLAGS=--cap-lints=warn" "-w" "/opt/rustwide/workdir" "--user" "0:0" "8bf791bf85252c866e518547f55fc35b2375f46d378626cf8e32ae792032559b" "/opt/rustwide/cargo-home/bin/cargo" "+1.100.0-beta.1" "build" "--frozen" "--message-format=json" "--release", kill_on_drop: false }`
[INFO] [stderr]    Compiling typenum v1.20.1
[INFO] [stderr]    Compiling version_check v0.9.5
[INFO] [stderr]    Compiling serde_core v1.0.229
[INFO] [stderr]    Compiling libc v0.2.190
[INFO] [stderr]    Compiling smallvec v1.16.2
[INFO] [stderr]    Compiling syn v3.0.6
[INFO] [stderr]    Compiling futures-core v0.3.34
[INFO] [stderr]    Compiling http v1.5.0
[INFO] [stderr]    Compiling futures-sink v0.3.34
[INFO] [stderr]    Compiling futures-channel v0.3.34
[INFO] [stderr]    Compiling generic-array v0.14.7
[INFO] [stderr]    Compiling slab v0.4.12
[INFO] [stderr]    Compiling getrandom v0.4.3
[INFO] [stderr]    Compiling unicase v2.9.0
[INFO] [stderr]    Compiling rustix v1.1.5
[INFO] [stderr]    Compiling form_urlencoded v1.2.2
[INFO] [stderr]    Compiling mime_guess v2.0.5
[INFO] [stderr]    Compiling num-traits v0.2.19
[INFO] [stderr]    Compiling const-oid v0.10.2
[INFO] [stderr]    Compiling equivalent v1.0.2
[INFO] [stderr]    Compiling xml v1.4.0
[INFO] [stderr]    Compiling cpufeatures v0.2.17
[INFO] [stderr]    Compiling allocator-api2 v0.2.21
[INFO] [stderr]    Compiling serde_json v1.0.151
[INFO] [stderr]    Compiling foldhash v0.2.0
[INFO] [stderr]    Compiling hybrid-array v0.4.15
[INFO] [stderr]    Compiling linux-raw-sys v0.12.1
[INFO] [stderr]    Compiling block-buffer v0.12.1
[INFO] [stderr]    Compiling block-buffer v0.10.4
[INFO] [stderr]    Compiling crypto-common v0.1.7
[INFO] [stderr]    Compiling digest v0.10.7
[INFO] [stderr]    Compiling crypto-common v0.2.2
[INFO] [stderr]    Compiling parking_lot_core v0.9.12
[INFO] [stderr]    Compiling sha1 v0.10.7
[INFO] [stderr]    Compiling hashbrown v0.16.1
[INFO] [stderr]    Compiling http-body v1.1.0
[INFO] [stderr]    Compiling headers-core v0.3.0
[INFO] [stderr]    Compiling jiff-core v0.1.1
[INFO] [stderr]    Compiling digest v0.11.3
[INFO] [stderr]    Compiling uuid v1.27.0
[INFO] [stderr]    Compiling base64 v0.22.1
[INFO] [stderr]    Compiling iana-time-zone v0.1.65
[INFO] [stderr]    Compiling jiff v0.2.37
[INFO] [stderr]    Compiling chrono v0.4.45
[INFO] [stderr]    Compiling headers v0.4.2
[INFO] [stderr]    Compiling reflink-copy v0.1.30
[INFO] [stderr]    Compiling synstructure v0.14.0
[INFO] [stderr]    Compiling md-5 v0.11.0
[INFO] [stderr]    Compiling lru v0.16.4
[INFO] [stderr]    Compiling parking_lot v0.12.5
[INFO] [stderr]    Compiling http-body-util v0.1.5
[INFO] [stderr]    Compiling xmltree v0.12.0
[INFO] [stderr]    Compiling xml-rs v1.0.0
[INFO] [stderr]    Compiling base64 v0.23.1
[INFO] [stderr]    Compiling htmlescape v0.3.1
[INFO] [stderr]    Compiling asyncband v0.7.3
[INFO] [stderr]    Compiling dyn-clone v1.0.20
[INFO] [stderr]    Compiling zerofrom-derive v0.1.8
[INFO] [stderr]    Compiling yoke-derive v0.8.4
[INFO] [stderr]    Compiling zerovec-derive v0.11.6
[INFO] [stderr]    Compiling displaydoc v0.2.7
[INFO] [stderr]    Compiling futures-macro v0.3.34
[INFO] [stderr]    Compiling tokio-macros v2.7.2
[INFO] [stderr]    Compiling futures-util v0.3.34
[INFO] [stderr]    Compiling serde_derive v1.0.229
[INFO] [stderr]    Compiling zerofrom v0.1.8
[INFO] [stderr]    Compiling derive-where v1.7.0
[INFO] [stderr]    Compiling yoke v0.8.3
[INFO] [stderr]    Compiling zerovec v0.11.8
[INFO] [stderr]    Compiling zerotrie v0.2.5
[INFO] [stderr]    Compiling tokio v1.53.2
[INFO] [stderr]    Compiling tinystr v0.8.4
[INFO] [stderr]    Compiling icu_locale_core v2.3.0
[INFO] [stderr]    Compiling potential_utf v0.1.6
[INFO] [stderr]    Compiling icu_collections v2.3.0
[INFO] [stderr]    Compiling icu_provider v2.3.1
[INFO] [stderr]    Compiling icu_properties v2.3.0
[INFO] [stderr]    Compiling icu_normalizer v2.3.0
[INFO] [stderr]    Compiling serde v1.0.229
[INFO] [stderr]    Compiling futures-executor v0.3.34
[INFO] [stderr]    Compiling futures v0.3.34
[INFO] [stderr]    Compiling quick-xml v0.41.0
[INFO] [stderr]    Compiling idna_adapter v1.2.2
[INFO] [stderr]    Compiling idna v1.1.0
[INFO] [stderr]    Compiling url v2.5.8
[INFO] [stderr]    Compiling dav-server v0.11.0
[INFO] [stderr]    Compiling opendal-core v0.59.4
[INFO] [stderr]    Compiling dav-server-opendalfs v0.7.10 (/opt/rustwide/workdir)
[INFO] [stderr]     Finished `release` profile [optimized] target(s) in 2m 20s
[INFO] running `Command { std: "docker" "inspect" "8bf791bf85252c866e518547f55fc35b2375f46d378626cf8e32ae792032559b", kill_on_drop: false }`
[INFO] running `Command { std: "docker" "exec" "-e" "SOURCE_DIR=/opt/rustwide/workdir" "-e" "CARGO_HOME=/opt/rustwide/cargo-home" "-e" "RUSTUP_HOME=/opt/rustwide/rustup-home" "-e" "CARGO_TARGET_DIR=/opt/rustwide/target" "-e" "CARGO_INCREMENTAL=0" "-e" "RUST_BACKTRACE=full" "-e" "RUSTFLAGS=--cap-lints=warn" "-e" "RUSTDOCFLAGS=--cap-lints=warn" "-w" "/opt/rustwide/workdir" "--user" "0:0" "8bf791bf85252c866e518547f55fc35b2375f46d378626cf8e32ae792032559b" "/opt/rustwide/cargo-home/bin/cargo" "+1.100.0-beta.1" "test" "--frozen" "--no-run" "--message-format=json" "--release", kill_on_drop: false }`
[INFO] [stderr]    Compiling tokio v1.53.2
[INFO] [stderr]    Compiling dav-server v0.11.0
[INFO] [stderr]    Compiling opendal-core v0.59.4
[INFO] [stderr]    Compiling dav-server-opendalfs v0.7.10 (/opt/rustwide/workdir)
[INFO] [stdout] error[E0433]: cannot find module or crate `opendal` in this scope
[INFO] [stdout]   --> tests/test.rs:26:5
[INFO] [stdout]    |
[INFO] [stdout] 26 | use opendal::services::Fs;
[INFO] [stdout]    |     ^^^^^^^ use of unresolved module or unlinked crate `opendal`
[INFO] [stdout]    |
[INFO] [stdout]    = help: if you wanted to use a crate named `opendal`, use `cargo add opendal` to add it to your `Cargo.toml`
[INFO] [stdout] 
[INFO] [stdout] 
[INFO] [stdout] error[E0432]: unresolved import `opendal`
[INFO] [stdout]   --> tests/test.rs:25:5
[INFO] [stdout]    |
[INFO] [stdout] 25 | use opendal::Operator;
[INFO] [stdout]    |     ^^^^^^^ use of unresolved module or unlinked crate `opendal`
[INFO] [stdout]    |
[INFO] [stdout]    = help: if you wanted to use a crate named `opendal`, use `cargo add opendal` to add it to your `Cargo.toml`
[INFO] [stdout] 
[INFO] [stdout] 
[INFO] [stdout] error[E0433]: cannot find module or crate `opendal` in this scope
[INFO] [stdout]   --> tests/test.rs:49:19
[INFO] [stdout]    |
[INFO] [stdout] 49 |     let builder = opendal::services::Memory::default();
[INFO] [stdout]    |                   ^^^^^^^ use of unresolved module or unlinked crate `opendal`
[INFO] [stdout]    |
[INFO] [stdout]    = help: if you wanted to use a crate named `opendal`, use `cargo add opendal` to add it to your `Cargo.toml`
[INFO] [stdout] 
[INFO] [stdout] 
[INFO] [stdout] Some errors have detailed explanations: E0432, E0433.
[INFO] [stdout] 
[INFO] [stdout] For more information about an error, try `rustc --explain E0432`.
[INFO] [stdout] 
[INFO] [stderr] error: could not compile `dav-server-opendalfs` (test "test") due to 3 previous errors
[INFO] [stderr] warning: build failed, waiting for other jobs to finish...
[INFO] running `Command { std: "docker" "inspect" "8bf791bf85252c866e518547f55fc35b2375f46d378626cf8e32ae792032559b", kill_on_drop: false }`
[INFO] running `Command { std: "docker" "rm" "-f" "8bf791bf85252c866e518547f55fc35b2375f46d378626cf8e32ae792032559b", kill_on_drop: false }`
[INFO] [stdout] 8bf791bf85252c866e518547f55fc35b2375f46d378626cf8e32ae792032559b
