[INFO] fetching crate dataloom 0.9.1...
[INFO] testing dataloom-0.9.1 against 1.100.0-beta.1+cargoflags=--release for beta-release-1.100-2
[INFO] extracting crate dataloom 0.9.1 into /workspace/builds/worker-6-tc2/source
[INFO] started tweaking crates.io crate dataloom 0.9.1
[INFO] finished tweaking crates.io crate dataloom 0.9.1
[INFO] tweaked toml for crates.io crate dataloom 0.9.1 written to /workspace/builds/worker-6-tc2/source/Cargo.toml
[INFO] validating manifest of crates.io crate dataloom 0.9.1 on toolchain 1.100.0-beta.1
[INFO] running `Command { std: CARGO_HOME="/workspace/cargo-home" RUSTUP_HOME="/workspace/rustup-home" "/workspace/cargo-home/bin/cargo" "+1.100.0-beta.1" "metadata" "--manifest-path" "Cargo.toml" "--no-deps", kill_on_drop: false }`
[INFO] crate crates.io crate dataloom 0.9.1 already has a lockfile, it will not be regenerated
[INFO] running `Command { std: CARGO_HOME="/workspace/cargo-home" RUSTUP_HOME="/workspace/rustup-home" "/workspace/cargo-home/bin/cargo" "+1.100.0-beta.1" "fetch" "--manifest-path" "Cargo.toml", kill_on_drop: false }`
[INFO] running `Command { std: "docker" "create" "-v" "/var/lib/crater-agent-workspace/builds/worker-6-tc2/source:/opt/rustwide/workdir:ro,Z" "-v" "/var/lib/crater-agent-workspace/builds/worker-6-tc2/target:/opt/rustwide/target:rw,Z" "-v" "/var/lib/crater-agent-workspace/cargo-home:/opt/rustwide/cargo-home:ro,Z" "-v" "/var/lib/crater-agent-workspace/rustup-home:/opt/rustwide/rustup-home:ro,Z" "-m" "1610612736" "--network" "none" "ghcr.io/rust-lang/crates-build-env/linux@sha256:77db811e55d90add9212f6832c23229e3de5f1c1f9905e8cb07319ea15df73ac" "sleep" "infinity", kill_on_drop: false }`
[INFO] [stdout] a4205af56ea21d8b24c0e09a9db4fa636c12e0f997306e10d96a702bfca9bbb6
[INFO] running `Command { std: "docker" "start" "a4205af56ea21d8b24c0e09a9db4fa636c12e0f997306e10d96a702bfca9bbb6", kill_on_drop: false }`
[INFO] running `Command { std: "docker" "inspect" "a4205af56ea21d8b24c0e09a9db4fa636c12e0f997306e10d96a702bfca9bbb6", kill_on_drop: false }`
[INFO] running `Command { std: "docker" "exec" "-e" "SOURCE_DIR=/opt/rustwide/workdir" "-e" "CARGO_HOME=/opt/rustwide/cargo-home" "-e" "RUSTUP_HOME=/opt/rustwide/rustup-home" "-e" "CARGO_TARGET_DIR=/opt/rustwide/target" "-w" "/opt/rustwide/workdir" "--user" "0:0" "a4205af56ea21d8b24c0e09a9db4fa636c12e0f997306e10d96a702bfca9bbb6" "/opt/rustwide/cargo-home/bin/cargo" "+1.100.0-beta.1" "metadata" "--no-deps" "--format-version=1", kill_on_drop: false }`
[INFO] running `Command { std: "docker" "inspect" "a4205af56ea21d8b24c0e09a9db4fa636c12e0f997306e10d96a702bfca9bbb6", kill_on_drop: false }`
[INFO] running `Command { std: "docker" "exec" "-e" "SOURCE_DIR=/opt/rustwide/workdir" "-e" "CARGO_HOME=/opt/rustwide/cargo-home" "-e" "RUSTUP_HOME=/opt/rustwide/rustup-home" "-e" "CARGO_TARGET_DIR=/opt/rustwide/target" "-e" "CARGO_INCREMENTAL=0" "-e" "RUST_BACKTRACE=full" "-e" "RUSTFLAGS=--cap-lints=warn" "-e" "RUSTDOCFLAGS=--cap-lints=warn" "-w" "/opt/rustwide/workdir" "--user" "0:0" "a4205af56ea21d8b24c0e09a9db4fa636c12e0f997306e10d96a702bfca9bbb6" "/opt/rustwide/cargo-home/bin/cargo" "+1.100.0-beta.1" "build" "--frozen" "--message-format=json" "--release", kill_on_drop: false }`
[INFO] [stderr]    Compiling proc-macro2 v1.0.107
[INFO] [stderr]    Compiling serde_core v1.0.229
[INFO] [stderr]    Compiling libc v0.2.189
[INFO] [stderr]    Compiling getrandom v0.4.3
[INFO] [stderr]    Compiling rand_core v0.10.1
[INFO] [stderr]    Compiling siphasher v1.0.3
[INFO] [stderr]    Compiling serde v1.0.229
[INFO] [stderr]    Compiling rand_core v0.6.4
[INFO] [stderr]    Compiling zmij v1.0.23
[INFO] [stderr]    Compiling serde_json v1.0.151
[INFO] [stderr]    Compiling thiserror v2.0.20
[INFO] [stderr]    Compiling rustix v1.1.4
[INFO] [stderr]    Compiling either v1.18.0
[INFO] [stderr]    Compiling tracing-core v0.1.36
[INFO] [stderr]    Compiling bitflags v2.13.1
[INFO] [stderr]    Compiling cpufeatures v0.3.0
[INFO] [stderr]    Compiling rand v0.8.8
[INFO] [stderr]    Compiling anyhow v1.0.104
[INFO] [stderr]    Compiling winnow v0.7.15
[INFO] [stderr]    Compiling itertools v0.15.0
[INFO] [stderr]    Compiling phf_shared v0.11.3
[INFO] [stderr]    Compiling chacha20 v0.10.2
[INFO] [stderr]    Compiling itertools v0.14.0
[INFO] [stderr]    Compiling oneshot v0.2.1
[INFO] [stderr]    Compiling phf_generator v0.11.3
[INFO] [stderr]    Compiling quote v1.0.47
[INFO] [stderr]    Compiling syn v2.0.119
[INFO] [stderr]    Compiling syn v3.0.3
[INFO] [stderr]    Compiling uuid v1.24.0
[INFO] [stderr]    Compiling rand v0.10.2
[INFO] [stderr]    Compiling serde_derive v1.0.229
[INFO] [stderr]    Compiling thiserror-impl v2.0.20
[INFO] [stderr]    Compiling tempfile v3.27.0
[INFO] [stderr]    Compiling tracing-attributes v0.1.31
[INFO] [stderr]    Compiling phf_macros v0.11.3
[INFO] [stderr]    Compiling roxygen v1.0.5
[INFO] [stderr]    Compiling dataloom-macro v0.9.1
[INFO] [stderr]    Compiling phf v0.11.3
[INFO] [stderr]    Compiling chrono v0.4.45
[INFO] [stderr]    Compiling tracing v0.1.44
[INFO] [stderr]    Compiling cron v0.17.0
[INFO] [stderr]    Compiling dataloom-db-core v0.9.1
[INFO] [stderr]    Compiling dataloom v0.9.1 (/opt/rustwide/workdir)
[INFO] [stderr] warning: unused dependency `anyhow`
[INFO] [stderr]  --> Cargo.toml:1:15
[INFO] [stderr]   |
[INFO] [stderr] 1 | [dependencies.anyhow]
[INFO] [stderr]   |               ^^^^^^^
[INFO] [stderr]   |
[INFO] [stderr]   = note: `cargo::unused_dependencies` is set to `warn` by default
[INFO] [stderr] help: consider removing the dependency on `anyhow`
[INFO] [stderr] warning: unused dependency `rand`
[INFO] [stderr]   --> Cargo.toml:31:15
[INFO] [stderr]    |
[INFO] [stderr] 31 | [dependencies.rand]
[INFO] [stderr]    |               ^^^^^
[INFO] [stderr]    |
[INFO] [stderr] help: consider removing the dependency on `rand`
[INFO] [stderr] warning: unused dependency `tempfile`
[INFO] [stderr]   --> Cargo.toml:44:15
[INFO] [stderr]    |
[INFO] [stderr] 44 | [dependencies.tempfile]
[INFO] [stderr]    |               ^^^^^^^^^
[INFO] [stderr]    |
[INFO] [stderr] help: consider removing the dependency on `tempfile`
[INFO] [stderr] warning: `dataloom` (manifest) generated 3 warnings
[INFO] [stderr]     Finished `release` profile [optimized] target(s) in 23.82s
[INFO] running `Command { std: "docker" "inspect" "a4205af56ea21d8b24c0e09a9db4fa636c12e0f997306e10d96a702bfca9bbb6", kill_on_drop: false }`
[INFO] running `Command { std: "docker" "exec" "-e" "SOURCE_DIR=/opt/rustwide/workdir" "-e" "CARGO_HOME=/opt/rustwide/cargo-home" "-e" "RUSTUP_HOME=/opt/rustwide/rustup-home" "-e" "CARGO_TARGET_DIR=/opt/rustwide/target" "-e" "CARGO_INCREMENTAL=0" "-e" "RUST_BACKTRACE=full" "-e" "RUSTFLAGS=--cap-lints=warn" "-e" "RUSTDOCFLAGS=--cap-lints=warn" "-w" "/opt/rustwide/workdir" "--user" "0:0" "a4205af56ea21d8b24c0e09a9db4fa636c12e0f997306e10d96a702bfca9bbb6" "/opt/rustwide/cargo-home/bin/cargo" "+1.100.0-beta.1" "test" "--frozen" "--no-run" "--message-format=json" "--release", kill_on_drop: false }`
[INFO] [stderr]    Compiling tracing-core v0.1.36
[INFO] [stderr]    Compiling regex-syntax v0.8.11
[INFO] [stderr]    Compiling log v0.4.33
[INFO] [stderr]    Compiling lazy_static v1.5.0
[INFO] [stderr]    Compiling thread_local v1.1.10
[INFO] [stderr]    Compiling nu-ansi-term v0.50.3
[INFO] [stderr]    Compiling smallvec v1.15.2
[INFO] [stderr]    Compiling sharded-slab v0.1.7
[INFO] [stderr]    Compiling tracing v0.1.44
[INFO] [stderr]    Compiling tracing-log v0.2.0
[INFO] [stderr]    Compiling dataloom-db-core v0.9.1
[INFO] [stderr]    Compiling dataloom v0.9.1 (/opt/rustwide/workdir)
[INFO] [stderr]    Compiling regex-automata v0.4.18
[INFO] [stderr]    Compiling matchers v0.2.0
[INFO] [stderr]    Compiling tracing-subscriber v0.3.23
[INFO] [stdout] error[E0433]: cannot find module or crate `dataloom` in this scope
[INFO] [stdout]   --> src/tests/sqlite/test_join.rs:16:24
[INFO] [stdout]    |
[INFO] [stdout] 16 | #[derive(Debug, Clone, FromIter, SaveData)]
[INFO] [stdout]    |                        ^^^^^^^^ use of unresolved module or unlinked crate `dataloom`
[INFO] [stdout]    |
[INFO] [stdout]    = help: if you wanted to use a crate named `dataloom`, use `cargo add dataloom` to add it to your `Cargo.toml`
[INFO] [stdout]    = note: this error originates in the derive macro `FromIter` (in Nightly builds, run with -Z macro-backtrace for more info)
[INFO] [stdout] 
[INFO] [stdout] 
[INFO] [stdout] error[E0433]: cannot find module or crate `dataloom` in this scope
[INFO] [stdout]   --> src/tests/sqlite/test_join.rs:16:34
[INFO] [stdout]    |
[INFO] [stdout] 16 | #[derive(Debug, Clone, FromIter, SaveData)]
[INFO] [stdout]    |                                  ^^^^^^^^ use of unresolved module or unlinked crate `dataloom`
[INFO] [stdout]    |
[INFO] [stdout]    = help: if you wanted to use a crate named `dataloom`, use `cargo add dataloom` to add it to your `Cargo.toml`
[INFO] [stdout]    = note: this error originates in the derive macro `SaveData` (in Nightly builds, run with -Z macro-backtrace for more info)
[INFO] [stdout] 
[INFO] [stdout] 
[INFO] [stdout] error[E0433]: cannot find module or crate `dataloom` in this scope
[INFO] [stdout]   --> src/tests/sqlite/test_join.rs:59:24
[INFO] [stdout]    |
[INFO] [stdout] 59 | #[derive(Debug, Clone, FromIter, SaveData)]
[INFO] [stdout]    |                        ^^^^^^^^ use of unresolved module or unlinked crate `dataloom`
[INFO] [stdout]    |
[INFO] [stdout]    = help: if you wanted to use a crate named `dataloom`, use `cargo add dataloom` to add it to your `Cargo.toml`
[INFO] [stdout]    = note: this error originates in the derive macro `FromIter` (in Nightly builds, run with -Z macro-backtrace for more info)
[INFO] [stdout] 
[INFO] [stdout] 
[INFO] [stdout] error[E0433]: cannot find module or crate `dataloom` in this scope
[INFO] [stdout]   --> src/tests/sqlite/test_join.rs:59:34
[INFO] [stdout]    |
[INFO] [stdout] 59 | #[derive(Debug, Clone, FromIter, SaveData)]
[INFO] [stdout]    |                                  ^^^^^^^^ use of unresolved module or unlinked crate `dataloom`
[INFO] [stdout]    |
[INFO] [stdout]    = help: if you wanted to use a crate named `dataloom`, use `cargo add dataloom` to add it to your `Cargo.toml`
[INFO] [stdout]    = note: this error originates in the derive macro `SaveData` (in Nightly builds, run with -Z macro-backtrace for more info)
[INFO] [stdout] 
[INFO] [stdout] 
[INFO] [stdout] error[E0432]: unresolved import `dataloom_db_sqlite`
[INFO] [stdout]  --> src/tests/mod.rs:8:5
[INFO] [stdout]   |
[INFO] [stdout] 8 | use dataloom_db_sqlite::SqliteStrategy;
[INFO] [stdout]   |     ^^^^^^^^^^^^^^^^^^ use of unresolved module or unlinked crate `dataloom_db_sqlite`
[INFO] [stdout]   |
[INFO] [stdout] help: there is a crate or module with a similar name
[INFO] [stdout]   |
[INFO] [stdout] 8 - use dataloom_db_sqlite::SqliteStrategy;
[INFO] [stdout] 8 + use dataloom_db_core::SqliteStrategy;
[INFO] [stdout]   |
[INFO] [stdout] 
[INFO] [stdout] 
[INFO] [stdout] warning: unused import: `chrono::Utc`
[INFO] [stdout]  --> src/tests/memory/localmemory/get.rs:1:5
[INFO] [stdout]   |
[INFO] [stdout] 1 | use chrono::Utc;
[INFO] [stdout]   |     ^^^^^^^^^^^
[INFO] [stdout]   |
[INFO] [stdout]   = note: `#[warn(unused_imports)]` (part of `#[warn(unused)]`) on by default
[INFO] [stdout] 
[INFO] [stdout] 
[INFO] [stdout] Some errors have detailed explanations: E0432, E0433.
[INFO] [stdout] 
[INFO] [stdout] For more information about an error, try `rustc --explain E0432`.
[INFO] [stdout] 
[INFO] [stderr] error: could not compile `dataloom` (lib test) due to 5 previous errors; 1 warning emitted
[INFO] [stderr] warning: unused dependency `anyhow`
[INFO] [stderr]  --> Cargo.toml:1:15
[INFO] [stderr]   |
[INFO] [stderr] 1 | [dependencies.anyhow]
[INFO] [stderr]   |               ^^^^^^^
[INFO] [stderr]   |
[INFO] [stderr]   = note: `cargo::unused_dependencies` is set to `warn` by default
[INFO] [stderr] help: consider removing the dependency on `anyhow`
[INFO] [stderr] warning: unused dependency `rand`
[INFO] [stderr]   --> Cargo.toml:31:15
[INFO] [stderr]    |
[INFO] [stderr] 31 | [dependencies.rand]
[INFO] [stderr]    |               ^^^^^
[INFO] [stderr]    |
[INFO] [stderr] help: consider removing the dependency on `rand`
[INFO] [stderr] warning: unused dependency `tempfile`
[INFO] [stderr]   --> Cargo.toml:44:15
[INFO] [stderr]    |
[INFO] [stderr] 44 | [dependencies.tempfile]
[INFO] [stderr]    |               ^^^^^^^^^
[INFO] [stderr]    |
[INFO] [stderr] help: consider removing the dependency on `tempfile`
[INFO] [stderr] help: to still use for development builds, move to `dev-dependencies`
[INFO] [stderr] warning: `dataloom` (manifest) generated 3 warnings
[INFO] running `Command { std: "docker" "inspect" "a4205af56ea21d8b24c0e09a9db4fa636c12e0f997306e10d96a702bfca9bbb6", kill_on_drop: false }`
[INFO] running `Command { std: "docker" "rm" "-f" "a4205af56ea21d8b24c0e09a9db4fa636c12e0f997306e10d96a702bfca9bbb6", kill_on_drop: false }`
[INFO] [stdout] a4205af56ea21d8b24c0e09a9db4fa636c12e0f997306e10d96a702bfca9bbb6
