[INFO] fetching crate datafusion-tui 0.1.0...
[INFO] testing datafusion-tui-0.1.0 against 1.100.0-beta.1+cargoflags=--release for beta-release-1.100-2
[INFO] extracting crate datafusion-tui 0.1.0 into /workspace/builds/worker-0-tc2/source
[INFO] started tweaking crates.io crate datafusion-tui 0.1.0
[INFO] finished tweaking crates.io crate datafusion-tui 0.1.0
[INFO] tweaked toml for crates.io crate datafusion-tui 0.1.0 written to /workspace/builds/worker-0-tc2/source/Cargo.toml
[INFO] validating manifest of crates.io crate datafusion-tui 0.1.0 on toolchain 1.100.0-beta.1
[INFO] running `Command { std: CARGO_HOME="/workspace/cargo-home" RUSTUP_HOME="/workspace/rustup-home" "/workspace/cargo-home/bin/cargo" "+1.100.0-beta.1" "metadata" "--manifest-path" "Cargo.toml" "--no-deps", kill_on_drop: false }`
[INFO] crate crates.io crate datafusion-tui 0.1.0 already has a lockfile, it will not be regenerated
[INFO] running `Command { std: CARGO_HOME="/workspace/cargo-home" RUSTUP_HOME="/workspace/rustup-home" "/workspace/cargo-home/bin/cargo" "+1.100.0-beta.1" "fetch" "--manifest-path" "Cargo.toml", kill_on_drop: false }`
[INFO] [stderr] warning: `package.homepage` is redundant with `package.repository`
[INFO] [stderr]   --> Cargo.toml:77:12
[INFO] [stderr]    |
[INFO] [stderr] 77 | homepage = "https://github.com/datafusion-contrib/datafusion-tui"
[INFO] [stderr]    |            ^^^^^^^^^^^^^^^^^^^^^^^^^^^^^^^^^^^^^^^^^^^^^^^^^^^^^^
[INFO] [stderr] ...
[INFO] [stderr] 82 | repository = "https://github.com/datafusion-contrib/datafusion-tui"
[INFO] [stderr]    |              ------------------------------------------------------
[INFO] [stderr]    |
[INFO] [stderr]    = note: `cargo::redundant_homepage` is set to `warn` by default
[INFO] [stderr] help: consider removing `package.homepage`
[INFO] [stderr] warning: `datafusion-tui` (manifest) generated 1 warning
[INFO] [stderr]     Blocking waiting for file lock on package cache
[INFO] running `Command { std: "docker" "create" "-v" "/var/lib/crater-agent-workspace/builds/worker-0-tc2/source:/opt/rustwide/workdir:ro,Z" "-v" "/var/lib/crater-agent-workspace/builds/worker-0-tc2/target:/opt/rustwide/target:rw,Z" "-v" "/var/lib/crater-agent-workspace/cargo-home:/opt/rustwide/cargo-home:ro,Z" "-v" "/var/lib/crater-agent-workspace/rustup-home:/opt/rustwide/rustup-home:ro,Z" "-m" "1610612736" "--network" "none" "ghcr.io/rust-lang/crates-build-env/linux@sha256:77db811e55d90add9212f6832c23229e3de5f1c1f9905e8cb07319ea15df73ac" "sleep" "infinity", kill_on_drop: false }`
[INFO] [stdout] 91d665e05b77d273864174dd9eec3975e6d7f6aebd880b514cc9fbcbaf8af252
[INFO] running `Command { std: "docker" "start" "91d665e05b77d273864174dd9eec3975e6d7f6aebd880b514cc9fbcbaf8af252", kill_on_drop: false }`
[INFO] running `Command { std: "docker" "inspect" "91d665e05b77d273864174dd9eec3975e6d7f6aebd880b514cc9fbcbaf8af252", kill_on_drop: false }`
[INFO] running `Command { std: "docker" "exec" "-e" "SOURCE_DIR=/opt/rustwide/workdir" "-e" "CARGO_HOME=/opt/rustwide/cargo-home" "-e" "RUSTUP_HOME=/opt/rustwide/rustup-home" "-e" "CARGO_TARGET_DIR=/opt/rustwide/target" "-w" "/opt/rustwide/workdir" "--user" "0:0" "91d665e05b77d273864174dd9eec3975e6d7f6aebd880b514cc9fbcbaf8af252" "/opt/rustwide/cargo-home/bin/cargo" "+1.100.0-beta.1" "metadata" "--no-deps" "--format-version=1", kill_on_drop: false }`
[INFO] running `Command { std: "docker" "inspect" "91d665e05b77d273864174dd9eec3975e6d7f6aebd880b514cc9fbcbaf8af252", kill_on_drop: false }`
[INFO] running `Command { std: "docker" "exec" "-e" "SOURCE_DIR=/opt/rustwide/workdir" "-e" "CARGO_HOME=/opt/rustwide/cargo-home" "-e" "RUSTUP_HOME=/opt/rustwide/rustup-home" "-e" "CARGO_TARGET_DIR=/opt/rustwide/target" "-e" "CARGO_INCREMENTAL=0" "-e" "RUST_BACKTRACE=full" "-e" "RUSTFLAGS=--cap-lints=warn" "-e" "RUSTDOCFLAGS=--cap-lints=warn" "-w" "/opt/rustwide/workdir" "--user" "0:0" "91d665e05b77d273864174dd9eec3975e6d7f6aebd880b514cc9fbcbaf8af252" "/opt/rustwide/cargo-home/bin/cargo" "+1.100.0-beta.1" "build" "--frozen" "--message-format=json" "--release", kill_on_drop: false }`
[INFO] [stderr] warning: `package.homepage` is redundant with `package.repository`
[INFO] [stderr]   --> Cargo.toml:77:12
[INFO] [stderr]    |
[INFO] [stderr] 77 | homepage = "https://github.com/datafusion-contrib/datafusion-tui"
[INFO] [stderr]    |            ^^^^^^^^^^^^^^^^^^^^^^^^^^^^^^^^^^^^^^^^^^^^^^^^^^^^^^
[INFO] [stderr] ...
[INFO] [stderr] 82 | repository = "https://github.com/datafusion-contrib/datafusion-tui"
[INFO] [stderr]    |              ------------------------------------------------------
[INFO] [stderr]    |
[INFO] [stderr]    = note: `cargo::redundant_homepage` is set to `warn` by default
[INFO] [stderr] help: consider removing `package.homepage`
[INFO] [stderr] warning: `datafusion-tui` (manifest) generated 1 warning
[INFO] [stderr]    Compiling libc v0.2.121
[INFO] [stderr]    Compiling proc-macro2 v1.0.36
[INFO] [stderr]    Compiling unicode-xid v0.2.2
[INFO] [stderr]    Compiling syn v1.0.94
[INFO] [stderr]    Compiling log v0.4.14
[INFO] [stderr]    Compiling memchr v2.4.1
[INFO] [stderr]    Compiling smallvec v1.8.0
[INFO] [stderr]    Compiling parking_lot_core v0.9.1
[INFO] [stderr]    Compiling pin-project-lite v0.2.8
[INFO] [stderr]    Compiling bytes v1.1.0
[INFO] [stderr]    Compiling num-traits v0.2.14
[INFO] [stderr]    Compiling num-integer v0.1.44
[INFO] [stderr]    Compiling lock_api v0.4.6
[INFO] [stderr]    Compiling indexmap v1.7.0
[INFO] [stderr]    Compiling hashbrown v0.11.2
[INFO] [stderr]    Compiling futures-task v0.3.21
[INFO] [stderr]    Compiling futures-channel v0.3.21
[INFO] [stderr]    Compiling futures-sink v0.3.21
[INFO] [stderr]    Compiling futures-util v0.3.21
[INFO] [stderr]    Compiling futures-io v0.3.21
[INFO] [stderr]    Compiling slab v0.4.5
[INFO] [stderr]    Compiling serde_derive v1.0.136
[INFO] [stderr]    Compiling serde v1.0.136
[INFO] [stderr]    Compiling tracing-core v0.1.23
[INFO] [stderr]    Compiling httparse v1.6.0
[INFO] [stderr]    Compiling lexical-util v0.8.1
[INFO] [stderr]    Compiling regex-syntax v0.6.26
[INFO] [stderr]    Compiling num_threads v0.1.4
[INFO] [stderr]    Compiling tower-service v0.3.1
[INFO] [stderr]    Compiling num_cpus v1.13.1
[INFO] [stderr]    Compiling signal-hook-registry v1.4.0
[INFO] [stderr]    Compiling socket2 v0.4.4
[INFO] [stderr]    Compiling mio v0.8.0
[INFO] [stderr]    Compiling quote v1.0.15
[INFO] [stderr]    Compiling http v0.2.6
[INFO] [stderr]    Compiling jobserver v0.1.24
[INFO] [stderr]    Compiling cc v1.0.73
[INFO] [stderr]    Compiling parking_lot v0.12.0
[INFO] [stderr]    Compiling getrandom v0.2.5
[INFO] [stderr]    Compiling aho-corasick v0.7.18
[INFO] [stderr]    Compiling time v0.3.7
[INFO] [stderr]    Compiling want v0.3.0
[INFO] [stderr]    Compiling num-bigint v0.4.3
[INFO] [stderr]    Compiling generic-array v0.14.5
[INFO] [stderr]    Compiling rustversion v1.0.6
[INFO] [stderr]    Compiling time v0.1.44
[INFO] [stderr]    Compiling num-rational v0.4.0
[INFO] [stderr]    Compiling num-iter v0.1.42
[INFO] [stderr]    Compiling either v1.6.1
[INFO] [stderr]    Compiling semver v1.0.6
[INFO] [stderr]    Compiling unicode-segmentation v1.9.0
[INFO] [stderr]    Compiling rand_core v0.6.3
[INFO] [stderr]    Compiling bytes-utils v0.1.1
[INFO] [stderr]    Compiling lexical-write-integer v0.8.0
[INFO] [stderr]    Compiling lexical-parse-integer v0.8.0
[INFO] [stderr]    Compiling chrono v0.4.19
[INFO] [stderr]    Compiling miniz_oxide v0.4.4
[INFO] [stderr]    Compiling serde_json v1.0.79
[INFO] [stderr]    Compiling alloc-no-stdlib v2.0.3
[INFO] [stderr]    Compiling zstd-safe v5.0.2+zstd.1.5.2
[INFO] [stderr]    Compiling ring v0.16.20
[INFO] [stderr]    Compiling zstd-sys v2.0.1+zstd.1.5.2
[INFO] [stderr]    Compiling heck v0.3.3
[INFO] [stderr]    Compiling lz4-sys v1.9.3
[INFO] [stderr]    Compiling alloc-stdlib v0.2.1
[INFO] [stderr]    Compiling rand_chacha v0.3.1
[INFO] [stderr]    Compiling lexical-write-float v0.8.2
[INFO] [stderr]    Compiling aws-smithy-types v0.39.0
[INFO] [stderr]    Compiling lexical-parse-float v0.8.2
[INFO] [stderr]    Compiling aws-smithy-eventstream v0.39.0
[INFO] [stderr]    Compiling csv-core v0.1.10
[INFO] [stderr]    Compiling num-complex v0.4.0
[INFO] [stderr]    Compiling ordered-float v1.1.1
[INFO] [stderr]    Compiling http-body v0.4.4
[INFO] [stderr]    Compiling threadpool v1.8.1
[INFO] [stderr]    Compiling integer-encoding v1.1.7
[INFO] [stderr]    Compiling strum v0.23.0
[INFO] [stderr]    Compiling tower-layer v0.3.1
[INFO] [stderr]    Compiling snap v1.0.5
[INFO] [stderr]    Compiling lexical-core v0.8.2
[INFO] [stderr]    Compiling regex v1.5.6
[INFO] [stderr]    Compiling thrift v0.13.0
[INFO] [stderr]    Compiling rand v0.8.5
[INFO] [stderr]    Compiling rustc_version v0.4.0
[INFO] [stderr]    Compiling crypto-common v0.1.3
[INFO] [stderr]    Compiling block-buffer v0.10.2
[INFO] [stderr]    Compiling brotli-decompressor v2.3.2
[INFO] [stderr]    Compiling signal-hook v0.3.13
[INFO] [stderr]    Compiling parquet v13.0.0
[INFO] [stderr]    Compiling digest v0.10.3
[INFO] [stderr]    Compiling aws-types v0.9.0
[INFO] [stderr]    Compiling flate2 v1.0.22
[INFO] [stderr]    Compiling parquet-format v4.0.0
[INFO] [stderr]    Compiling num v0.4.0
[INFO] [stderr]    Compiling brotli v3.3.3
[INFO] [stderr]    Compiling ordered-float v3.0.0
[INFO] [stderr]    Compiling mio v0.7.14
[INFO] [stderr]    Compiling sqlparser v0.17.0
[INFO] [stderr]    Compiling zeroize v1.5.3
[INFO] [stderr]    Compiling parking_lot_core v0.8.5
[INFO] [stderr]    Compiling ahash v0.7.6
[INFO] [stderr]    Compiling blake3 v1.3.1
[INFO] [stderr]    Compiling async-trait v0.1.52
[INFO] [stderr]    Compiling signal-hook-mio v0.2.1
[INFO] [stderr]    Compiling parking_lot v0.11.2
[INFO] [stderr]    Compiling proc-macro-error-attr v1.0.4
[INFO] [stderr]    Compiling libmimalloc-sys v0.1.24
[INFO] [stderr]    Compiling arrayvec v0.7.2
[INFO] [stderr]    Compiling constant_time_eq v0.1.5
[INFO] [stderr]    Compiling slog v2.7.0
[INFO] [stderr]    Compiling paste v1.0.6
[INFO] [stderr]    Compiling cpufeatures v0.2.1
[INFO] [stderr]    Compiling tempfile v3.3.0
[INFO] [stderr]    Compiling sha2 v0.10.2
[INFO] [stderr]    Compiling proc-macro-error v1.0.4
[INFO] [stderr]    Compiling crossterm v0.22.1
[INFO] [stderr]    Compiling hashbrown v0.12.0
[INFO] [stderr]    Compiling blake2 v0.10.4
[INFO] [stderr] warning: libmimalloc-sys@0.1.24: In file included from c_src/mimalloc/src/static.c:25:
[INFO] [stderr] warning: libmimalloc-sys@0.1.24: c_src/mimalloc/src/os.c: In function 'mi_os_resetx':
[INFO] [stderr] warning: libmimalloc-sys@0.1.24: c_src/mimalloc/src/os.c:993:35: error: implicit declaration of function 'ATOMIC_VAR_INIT'; did you mean 'ATOMIC_FLAG_INIT'? [-Wimplicit-function-declaration]
[INFO] [stderr] warning: libmimalloc-sys@0.1.24:   993 |   static _Atomic(size_t) advice = ATOMIC_VAR_INIT(MADV_FREE);
[INFO] [stderr] warning: libmimalloc-sys@0.1.24:       |                                   ^~~~~~~~~~~~~~~
[INFO] [stderr] warning: libmimalloc-sys@0.1.24:       |                                   ATOMIC_FLAG_INIT
[INFO] [stderr] warning: libmimalloc-sys@0.1.24: c_src/mimalloc/src/os.c:993:35: error: initializer element is not constant
[INFO] [stderr] warning: libmimalloc-sys@0.1.24: In file included from c_src/mimalloc/src/static.c:38:
[INFO] [stderr] warning: libmimalloc-sys@0.1.24: c_src/mimalloc/src/init.c: At top level:
[INFO] [stderr] warning: libmimalloc-sys@0.1.24: c_src/mimalloc/src/init.c:28:3: error: initializer element is not constant
[INFO] [stderr] warning: libmimalloc-sys@0.1.24:    28 |   ATOMIC_VAR_INIT(0), // xthread_free
[INFO] [stderr] warning: libmimalloc-sys@0.1.24:       |   ^~~~~~~~~~~~~~~
[INFO] [stderr] warning: libmimalloc-sys@0.1.24: c_src/mimalloc/src/init.c:28:3: note: (near initialization for '_mi_page_empty.xthread_free')
[INFO] [stderr] warning: libmimalloc-sys@0.1.24: c_src/mimalloc/src/init.c:29:3: error: initializer element is not constant
[INFO] [stderr] warning: libmimalloc-sys@0.1.24:    29 |   ATOMIC_VAR_INIT(0), // xheap
[INFO] [stderr] warning: libmimalloc-sys@0.1.24:       |   ^~~~~~~~~~~~~~~
[INFO] [stderr] warning: libmimalloc-sys@0.1.24: c_src/mimalloc/src/init.c:29:3: note: (near initialization for '_mi_page_empty.xheap')
[INFO] [stderr] warning: libmimalloc-sys@0.1.24: c_src/mimalloc/src/init.c:94:3: error: initialization of 'mi_block_t *' {aka 'struct mi_block_s *'} from 'int' makes pointer from integer without a cast [-Wint-conversion]
[INFO] [stderr] warning: libmimalloc-sys@0.1.24:    94 |   ATOMIC_VAR_INIT(NULL),
[INFO] [stderr] warning: libmimalloc-sys@0.1.24:       |   ^~~~~~~~~~~~~~~
[INFO] [stderr] warning: libmimalloc-sys@0.1.24: c_src/mimalloc/src/init.c:94:3: note: (near initialization for '_mi_heap_empty.thread_delayed_free')
[INFO] [stderr] warning: libmimalloc-sys@0.1.24: c_src/mimalloc/src/init.c:94:3: error: initializer element is not constant
[INFO] [stderr] warning: libmimalloc-sys@0.1.24: c_src/mimalloc/src/init.c:94:3: note: (near initialization for '_mi_heap_empty.thread_delayed_free')
[INFO] [stderr] warning: libmimalloc-sys@0.1.24: c_src/mimalloc/src/init.c:126:3: error: initialization of 'mi_block_t *' {aka 'struct mi_block_s *'} from 'int' makes pointer from integer without a cast [-Wint-conversion]
[INFO] [stderr] warning: libmimalloc-sys@0.1.24:   126 |   ATOMIC_VAR_INIT(NULL),
[INFO] [stderr] warning: libmimalloc-sys@0.1.24:       |   ^~~~~~~~~~~~~~~
[INFO] [stderr] warning: libmimalloc-sys@0.1.24: c_src/mimalloc/src/init.c:126:3: note: (near initialization for '_mi_heap_main.thread_delayed_free')
[INFO] [stderr] warning: libmimalloc-sys@0.1.24: c_src/mimalloc/src/init.c:126:3: error: initializer element is not constant
[INFO] [stderr] warning: libmimalloc-sys@0.1.24: c_src/mimalloc/src/init.c:126:3: note: (near initialization for '_mi_heap_main.thread_delayed_free')
[INFO] [stderr] warning: libmimalloc-sys@0.1.24: c_src/mimalloc/src/init.c:328:39: error: initializer element is not constant
[INFO] [stderr] warning: libmimalloc-sys@0.1.24:   328 | static _Atomic(size_t) thread_count = ATOMIC_VAR_INIT(1);
[INFO] [stderr] warning: libmimalloc-sys@0.1.24:       |                                       ^~~~~~~~~~~~~~~
[INFO] [stderr] error: failed to run custom build command for `libmimalloc-sys v0.1.24`
[INFO] [stderr] note: To improve backtraces for build dependencies, set the CARGO_PROFILE_RELEASE_BUILD_OVERRIDE_DEBUG=true environment variable to enable debug information generation.
[INFO] [stderr] 
[INFO] [stderr] Caused by:
[INFO] [stderr]   process didn't exit successfully: `/opt/rustwide/target/release/build/libmimalloc-sys/2903ef42ff8f1dd2/out/build_script_build` (exit status: 1)
[INFO] [stderr]   --- stdout
[INFO] [stderr]   OPT_LEVEL = Some("3")
[INFO] [stderr]   TARGET = Some("x86_64-unknown-linux-gnu")
[INFO] [stderr]   HOST = Some("x86_64-unknown-linux-gnu")
[INFO] [stderr]   CC_x86_64-unknown-linux-gnu = None
[INFO] [stderr]   CC_x86_64_unknown_linux_gnu = None
[INFO] [stderr]   HOST_CC = None
[INFO] [stderr]   CC = None
[INFO] [stderr]   CFLAGS_x86_64-unknown-linux-gnu = None
[INFO] [stderr]   CFLAGS_x86_64_unknown_linux_gnu = None
[INFO] [stderr]   HOST_CFLAGS = None
[INFO] [stderr]   CFLAGS = None
[INFO] [stderr]   CRATE_CC_NO_DEFAULTS = None
[INFO] [stderr]   DEBUG = Some("false")
[INFO] [stderr]   CARGO_CFG_TARGET_FEATURE = Some("fxsr,sse,sse2")
[INFO] [stderr]   CC_x86_64-unknown-linux-gnu = None
[INFO] [stderr]   CC_x86_64_unknown_linux_gnu = None
[INFO] [stderr]   HOST_CC = None
[INFO] [stderr]   CC = None
[INFO] [stderr]   CFLAGS_x86_64-unknown-linux-gnu = None
[INFO] [stderr]   CFLAGS_x86_64_unknown_linux_gnu = None
[INFO] [stderr]   HOST_CFLAGS = None
[INFO] [stderr]   CFLAGS = None
[INFO] [stderr]   CRATE_CC_NO_DEFAULTS = None
[INFO] [stderr]   CARGO_CFG_TARGET_FEATURE = Some("fxsr,sse,sse2")
[INFO] [stderr]   running: "cc" "-O3" "-ffunction-sections" "-fdata-sections" "-fPIC" "-m64" "-I" "c_src/mimalloc/include" "-I" "c_src/mimalloc/src" "-Wall" "-Wextra" "-ftls-model=initial-exec" "-DMI_DEBUG=0" "-o" "/opt/rustwide/target/release/build/libmimalloc-sys/8060207850d559b6/out/c_src/mimalloc/src/static.o" "-c" "c_src/mimalloc/src/static.c"
[INFO] [stderr]   cargo:warning=In file included from c_src/mimalloc/src/static.c:25:
[INFO] [stderr]   cargo:warning=c_src/mimalloc/src/os.c: In function 'mi_os_resetx':
[INFO] [stderr]   cargo:warning=c_src/mimalloc/src/os.c:993:35: error: implicit declaration of function 'ATOMIC_VAR_INIT'; did you mean 'ATOMIC_FLAG_INIT'? [-Wimplicit-function-declaration]
[INFO] [stderr]   cargo:warning=  993 |   static _Atomic(size_t) advice = ATOMIC_VAR_INIT(MADV_FREE);
[INFO] [stderr]   cargo:warning=      |                                   ^~~~~~~~~~~~~~~
[INFO] [stderr]   cargo:warning=      |                                   ATOMIC_FLAG_INIT
[INFO] [stderr]   cargo:warning=c_src/mimalloc/src/os.c:993:35: error: initializer element is not constant
[INFO] [stderr]   cargo:warning=In file included from c_src/mimalloc/src/static.c:38:
[INFO] [stderr]   cargo:warning=c_src/mimalloc/src/init.c: At top level:
[INFO] [stderr]   cargo:warning=c_src/mimalloc/src/init.c:28:3: error: initializer element is not constant
[INFO] [stderr]   cargo:warning=   28 |   ATOMIC_VAR_INIT(0), // xthread_free
[INFO] [stderr]   cargo:warning=      |   ^~~~~~~~~~~~~~~
[INFO] [stderr]   cargo:warning=c_src/mimalloc/src/init.c:28:3: note: (near initialization for '_mi_page_empty.xthread_free')
[INFO] [stderr]   cargo:warning=c_src/mimalloc/src/init.c:29:3: error: initializer element is not constant
[INFO] [stderr]   cargo:warning=   29 |   ATOMIC_VAR_INIT(0), // xheap
[INFO] [stderr]   cargo:warning=      |   ^~~~~~~~~~~~~~~
[INFO] [stderr]   cargo:warning=c_src/mimalloc/src/init.c:29:3: note: (near initialization for '_mi_page_empty.xheap')
[INFO] [stderr]   cargo:warning=c_src/mimalloc/src/init.c:94:3: error: initialization of 'mi_block_t *' {aka 'struct mi_block_s *'} from 'int' makes pointer from integer without a cast [-Wint-conversion]
[INFO] [stderr]   cargo:warning=   94 |   ATOMIC_VAR_INIT(NULL),
[INFO] [stderr]   cargo:warning=      |   ^~~~~~~~~~~~~~~
[INFO] [stderr]   cargo:warning=c_src/mimalloc/src/init.c:94:3: note: (near initialization for '_mi_heap_empty.thread_delayed_free')
[INFO] [stderr]   cargo:warning=c_src/mimalloc/src/init.c:94:3: error: initializer element is not constant
[INFO] [stderr]   cargo:warning=c_src/mimalloc/src/init.c:94:3: note: (near initialization for '_mi_heap_empty.thread_delayed_free')
[INFO] [stderr]   cargo:warning=c_src/mimalloc/src/init.c:126:3: error: initialization of 'mi_block_t *' {aka 'struct mi_block_s *'} from 'int' makes pointer from integer without a cast [-Wint-conversion]
[INFO] [stderr]   cargo:warning=  126 |   ATOMIC_VAR_INIT(NULL),
[INFO] [stderr]   cargo:warning=      |   ^~~~~~~~~~~~~~~
[INFO] [stderr]   cargo:warning=c_src/mimalloc/src/init.c:126:3: note: (near initialization for '_mi_heap_main.thread_delayed_free')
[INFO] [stderr]   cargo:warning=c_src/mimalloc/src/init.c:126:3: error: initializer element is not constant
[INFO] [stderr]   cargo:warning=c_src/mimalloc/src/init.c:126:3: note: (near initialization for '_mi_heap_main.thread_delayed_free')
[INFO] [stderr]   cargo:warning=c_src/mimalloc/src/init.c:328:39: error: initializer element is not constant
[INFO] [stderr]   cargo:warning=  328 | static _Atomic(size_t) thread_count = ATOMIC_VAR_INIT(1);
[INFO] [stderr]   cargo:warning=      |                                       ^~~~~~~~~~~~~~~
[INFO] [stderr]   exit status: 1
[INFO] [stderr] 
[INFO] [stderr]   --- stderr
[INFO] [stderr] 
[INFO] [stderr] 
[INFO] [stderr]   error occurred: Command "cc" "-O3" "-ffunction-sections" "-fdata-sections" "-fPIC" "-m64" "-I" "c_src/mimalloc/include" "-I" "c_src/mimalloc/src" "-Wall" "-Wextra" "-ftls-model=initial-exec" "-DMI_DEBUG=0" "-o" "/opt/rustwide/target/release/build/libmimalloc-sys/8060207850d559b6/out/c_src/mimalloc/src/static.o" "-c" "c_src/mimalloc/src/static.c" with args "cc" did not execute successfully (status code exit status: 1).
[INFO] [stderr] 
[INFO] [stderr] 
[INFO] [stderr] warning: build failed, waiting for other jobs to finish...
[INFO] running `Command { std: "docker" "inspect" "91d665e05b77d273864174dd9eec3975e6d7f6aebd880b514cc9fbcbaf8af252", kill_on_drop: false }`
[INFO] running `Command { std: "docker" "rm" "-f" "91d665e05b77d273864174dd9eec3975e6d7f6aebd880b514cc9fbcbaf8af252", kill_on_drop: false }`
[INFO] [stdout] 91d665e05b77d273864174dd9eec3975e6d7f6aebd880b514cc9fbcbaf8af252
