[INFO] fetching crate datadog-opentelemetry 0.5.2...
[INFO] testing datadog-opentelemetry-0.5.2 against 1.99.0-beta.8+cargoflags=--release for beta-release-1.100-2
[INFO] extracting crate datadog-opentelemetry 0.5.2 into /workspace/builds/worker-6-tc1/source
[INFO] started tweaking crates.io crate datadog-opentelemetry 0.5.2
[INFO] removed 0 missing tests
[INFO] finished tweaking crates.io crate datadog-opentelemetry 0.5.2
[INFO] tweaked toml for crates.io crate datadog-opentelemetry 0.5.2 written to /workspace/builds/worker-6-tc1/source/Cargo.toml
[INFO] validating manifest of crates.io crate datadog-opentelemetry 0.5.2 on toolchain 1.99.0-beta.8
[INFO] running `Command { std: CARGO_HOME="/workspace/cargo-home" RUSTUP_HOME="/workspace/rustup-home" "/workspace/cargo-home/bin/cargo" "+1.99.0-beta.8" "metadata" "--manifest-path" "Cargo.toml" "--no-deps", kill_on_drop: false }`
[INFO] crate crates.io crate datadog-opentelemetry 0.5.2 already has a lockfile, it will not be regenerated
[INFO] running `Command { std: CARGO_HOME="/workspace/cargo-home" RUSTUP_HOME="/workspace/rustup-home" "/workspace/cargo-home/bin/cargo" "+1.99.0-beta.8" "fetch" "--manifest-path" "Cargo.toml", kill_on_drop: false }`
[INFO] [stderr]     Updating crates.io index
[INFO] [stderr]  Downloading crates ...
[INFO] [stderr]   Downloaded tonic-types v0.14.5
[INFO] [stderr]   Downloaded rustls-native-certs v0.8.2
[INFO] [stderr]   Downloaded opentelemetry-appender-log v0.32.0
[INFO] [stderr]   Downloaded libdd-trace-utils v10.1.0
[INFO] [stderr]   Downloaded thin-vec v0.2.19
[INFO] [stderr]   Downloaded libdd-tinybytes v1.1.2
[INFO] [stderr]   Downloaded libdd-trace-normalization v3.0.1
[INFO] [stderr]   Downloaded libdd-trace-protobuf v4.0.1
[INFO] [stderr]   Downloaded libdd-common v5.2.0
[INFO] [stderr]   Downloaded libdd-capabilities v3.0.0
[INFO] [stderr]   Downloaded tabwriter v1.4.1
[INFO] [stderr]   Downloaded serde_regex v1.2.0
[INFO] [stderr]   Downloaded libdd-capabilities-impl v4.0.0
[INFO] [stderr]   Downloaded stringmetrics v2.2.2
[INFO] [stderr]   Downloaded path-tree v0.8.3
[INFO] [stderr]   Downloaded async-object-pool v0.2.0
[INFO] [stderr]   Downloaded cargo_metadata v0.18.1
[INFO] [stderr]   Downloaded cargo-platform v0.1.7
[INFO] [stderr]   Downloaded camino v1.2.4
[INFO] [stderr]   Downloaded winver v1.0.0
[INFO] [stderr]   Downloaded libdd-telemetry v7.0.0
[INFO] [stderr]   Downloaded libdd-shared-runtime v3.0.0
[INFO] [stderr]   Downloaded libdd-ddsketch v1.1.1
[INFO] [stderr]   Downloaded sys-info v0.9.1
[INFO] [stderr]   Downloaded libdd-sampling v6.0.0
[INFO] [stderr]   Downloaded libdd-remote-config v2.0.0
[INFO] [stderr]   Downloaded httpmock v0.8.2
[INFO] [stderr]   Downloaded serde_with_macros v3.17.0
[INFO] [stderr]   Downloaded serde_with v3.17.0
[INFO] [stderr]   Downloaded manual_future v0.1.4
[INFO] [stderr]   Downloaded libdd-profiling-heap-sampler v1.0.0
[INFO] [stderr]   Downloaded libdd-profiling-heap-allocator v1.0.0
[INFO] [stderr]   Downloaded libdd-library-config v3.0.0
[INFO] [stderr]   Downloaded libdd-dogstatsd-client v5.0.0
[INFO] [stderr]   Downloaded libdd-trace-stats v7.0.0
[INFO] [stderr]   Downloaded libdd-trace-obfuscation v6.0.0
[INFO] [stderr]   Downloaded cadence v1.8.0
[INFO] [stderr]   Downloaded libdd-data-pipeline v8.0.0
[INFO] [stderr]   Downloaded assert_unordered v0.3.5
[INFO] running `Command { std: "docker" "create" "-v" "/var/lib/crater-agent-workspace/builds/worker-6-tc1/source:/opt/rustwide/workdir:ro,Z" "-v" "/var/lib/crater-agent-workspace/builds/worker-6-tc1/target:/opt/rustwide/target:rw,Z" "-v" "/var/lib/crater-agent-workspace/cargo-home:/opt/rustwide/cargo-home:ro,Z" "-v" "/var/lib/crater-agent-workspace/rustup-home:/opt/rustwide/rustup-home:ro,Z" "-m" "1610612736" "--network" "none" "ghcr.io/rust-lang/crates-build-env/linux@sha256:77db811e55d90add9212f6832c23229e3de5f1c1f9905e8cb07319ea15df73ac" "sleep" "infinity", kill_on_drop: false }`
[INFO] [stdout] db076868e05a866c4c237487c8e34c3d9bd1eb809ebe82655bf2805126012384
[INFO] running `Command { std: "docker" "start" "db076868e05a866c4c237487c8e34c3d9bd1eb809ebe82655bf2805126012384", kill_on_drop: false }`
[INFO] running `Command { std: "docker" "inspect" "db076868e05a866c4c237487c8e34c3d9bd1eb809ebe82655bf2805126012384", kill_on_drop: false }`
[INFO] running `Command { std: "docker" "exec" "-e" "SOURCE_DIR=/opt/rustwide/workdir" "-e" "CARGO_HOME=/opt/rustwide/cargo-home" "-e" "RUSTUP_HOME=/opt/rustwide/rustup-home" "-e" "CARGO_TARGET_DIR=/opt/rustwide/target" "-w" "/opt/rustwide/workdir" "--user" "0:0" "db076868e05a866c4c237487c8e34c3d9bd1eb809ebe82655bf2805126012384" "/opt/rustwide/cargo-home/bin/cargo" "+1.99.0-beta.8" "metadata" "--no-deps" "--format-version=1", kill_on_drop: false }`
[INFO] running `Command { std: "docker" "inspect" "db076868e05a866c4c237487c8e34c3d9bd1eb809ebe82655bf2805126012384", kill_on_drop: false }`
[INFO] running `Command { std: "docker" "exec" "-e" "SOURCE_DIR=/opt/rustwide/workdir" "-e" "CARGO_HOME=/opt/rustwide/cargo-home" "-e" "RUSTUP_HOME=/opt/rustwide/rustup-home" "-e" "CARGO_TARGET_DIR=/opt/rustwide/target" "-e" "CARGO_INCREMENTAL=0" "-e" "RUST_BACKTRACE=full" "-e" "RUSTFLAGS=--cap-lints=warn" "-e" "RUSTDOCFLAGS=--cap-lints=warn" "-w" "/opt/rustwide/workdir" "--user" "0:0" "db076868e05a866c4c237487c8e34c3d9bd1eb809ebe82655bf2805126012384" "/opt/rustwide/cargo-home/bin/cargo" "+1.99.0-beta.8" "build" "--frozen" "--message-format=json" "--release", kill_on_drop: false }`
[INFO] [stderr]    Compiling libc v0.2.189
[INFO] [stderr]    Compiling serde_core v1.0.229
[INFO] [stderr]    Compiling futures-core v0.3.33
[INFO] [stderr]    Compiling futures-task v0.3.33
[INFO] [stderr]    Compiling syn v2.0.119
[INFO] [stderr]    Compiling http v1.4.2
[INFO] [stderr]    Compiling serde_derive v1.0.229
[INFO] [stderr]    Compiling nix v0.29.0
[INFO] [stderr]    Compiling konst_macro_rules v0.2.19
[INFO] [stderr]    Compiling regex-automata v0.4.16
[INFO] [stderr]    Compiling const_format_proc_macros v0.2.34
[INFO] [stderr]    Compiling itertools v0.10.5
[INFO] [stderr]    Compiling find-msvc-tools v0.1.9
[INFO] [stderr]    Compiling shlex v2.0.1
[INFO] [stderr]    Compiling zerocopy v0.8.55
[INFO] [stderr]    Compiling libdd-trace-protobuf v4.0.1
[INFO] [stderr]    Compiling rmp v0.8.15
[INFO] [stderr]    Compiling futures-channel v0.3.33
[INFO] [stderr]    Compiling konst v0.2.20
[INFO] [stderr]    Compiling cc v1.4.0
[INFO] [stderr]    Compiling sys-info v0.9.1
[INFO] [stderr]    Compiling ref-cast-impl v1.0.26
[INFO] [stderr]    Compiling async-trait v0.1.91
[INFO] [stderr]    Compiling foldhash v0.1.5
[INFO] [stderr]    Compiling libdd-ddsketch v1.1.1
[INFO] [stderr]    Compiling rmpv v1.3.1
[INFO] [stderr]    Compiling hashbrown v0.15.5
[INFO] [stderr]    Compiling ref-cast v1.0.26
[INFO] [stderr]    Compiling thiserror-impl v2.0.19
[INFO] [stderr]    Compiling thin-vec v0.2.19
[INFO] [stderr]    Compiling strum v0.26.3
[INFO] [stderr]    Compiling fluent-uri v0.4.1
[INFO] [stderr]    Compiling const_format v0.2.36
[INFO] [stderr]    Compiling http-body v1.1.0
[INFO] [stderr]    Compiling cadence v1.8.0
[INFO] [stderr]    Compiling http-body-util v0.1.4
[INFO] [stderr]    Compiling web-time v1.1.0
[INFO] [stderr]    Compiling hashbrown v0.16.1
[INFO] [stderr]    Compiling rustc_version_runtime v0.3.0
[INFO] [stderr]    Compiling rustc_version v0.4.1
[INFO] [stderr]    Compiling memfd v0.6.5
[INFO] [stderr]    Compiling either v1.17.0
[INFO] [stderr]    Compiling thiserror v2.0.19
[INFO] [stderr]    Compiling opentelemetry v0.32.0
[INFO] [stderr]    Compiling opentelemetry-semantic-conventions v0.32.1
[INFO] [stderr]    Compiling lru v0.16.4
[INFO] [stderr]    Compiling socket2 v0.6.5
[INFO] [stderr]    Compiling mio v1.2.2
[INFO] [stderr]    Compiling getrandom v0.2.17
[INFO] [stderr]    Compiling getrandom v0.4.3
[INFO] [stderr]    Compiling getrandom v0.3.4
[INFO] [stderr]    Compiling uuid v1.24.0
[INFO] [stderr]    Compiling rand_core v0.6.4
[INFO] [stderr]    Compiling rand_core v0.9.5
[INFO] [stderr]    Compiling regex v1.13.1
[INFO] [stderr]    Compiling serde v1.0.229
[INFO] [stderr]    Compiling serde_bytes v0.11.19
[INFO] [stderr]    Compiling serde_json v1.0.151
[INFO] [stderr]    Compiling deranged v0.5.8
[INFO] [stderr]    Compiling rmp-serde v1.3.1
[INFO] [stderr]    Compiling libdd-tinybytes v1.1.2
[INFO] [stderr]    Compiling serde-transcode v1.1.1
[INFO] [stderr]    Compiling darling_core v0.21.3
[INFO] [stderr]    Compiling serde_yaml v0.9.34+deprecated
[INFO] [stderr]    Compiling time v0.3.45
[INFO] [stderr]    Compiling ppv-lite86 v0.2.21
[INFO] [stderr]    Compiling futures-macro v0.3.33
[INFO] [stderr]    Compiling tokio-macros v2.7.1
[INFO] [stderr]    Compiling thiserror-impl v1.0.69
[INFO] [stderr]    Compiling pin-project-internal v1.1.13
[INFO] [stderr]    Compiling prost-derive v0.14.4
[INFO] [stderr]    Compiling strum_macros v0.26.4
[INFO] [stderr]    Compiling ctor v0.2.9
[INFO] [stderr]    Compiling futures-util v0.3.33
[INFO] [stderr]    Compiling tokio v1.53.1
[INFO] [stderr]    Compiling rand_chacha v0.3.1
[INFO] [stderr]    Compiling rand_chacha v0.9.0
[INFO] [stderr]    Compiling thiserror v1.0.69
[INFO] [stderr]    Compiling pin-project v1.1.13
[INFO] [stderr]    Compiling rand v0.8.7
[INFO] [stderr]    Compiling rand v0.9.5
[INFO] [stderr]    Compiling darling_macro v0.21.3
[INFO] [stderr]    Compiling prost v0.14.4
[INFO] [stderr]    Compiling darling v0.21.3
[INFO] [stderr]    Compiling serde_with_macros v3.17.0
[INFO] [stderr]    Compiling serde_with v3.17.0
[INFO] [stderr]    Compiling futures-executor v0.3.33
[INFO] [stderr]    Compiling libdd-capabilities v3.0.0
[INFO] [stderr]    Compiling manual_future v0.1.4
[INFO] [stderr]    Compiling futures v0.3.33
[INFO] [stderr]    Compiling opentelemetry_sdk v0.32.1
[INFO] [stderr]    Compiling libdd-trace-normalization v3.0.1
[INFO] [stderr]    Compiling libdd-library-config v3.0.0
[INFO] [stderr]    Compiling hyper v1.11.0
[INFO] [stderr]    Compiling tokio-util v0.7.19
[INFO] [stderr]    Compiling hyper-util v0.1.20
[INFO] [stderr]    Compiling libdd-common v5.2.0
[INFO] [stderr]    Compiling libdd-capabilities-impl v4.0.0
[INFO] [stderr]    Compiling libdd-remote-config v2.0.0
[INFO] [stderr]    Compiling libdd-sampling v6.0.0
[INFO] [stderr]    Compiling libdd-shared-runtime v3.0.0
[INFO] [stderr]    Compiling libdd-trace-utils v10.1.0
[INFO] [stderr]    Compiling libdd-telemetry v7.0.0
[INFO] [stderr]    Compiling libdd-dogstatsd-client v5.0.0
[INFO] [stderr]    Compiling libdd-trace-obfuscation v6.0.0
[INFO] [stderr]    Compiling libdd-trace-stats v7.0.0
[INFO] [stderr]    Compiling libdd-data-pipeline v8.0.0
[INFO] [stderr]    Compiling datadog-opentelemetry v0.5.2 (/opt/rustwide/workdir)
[INFO] [stderr]     Finished `release` profile [optimized] target(s) in 2m 07s
[INFO] running `Command { std: "docker" "inspect" "db076868e05a866c4c237487c8e34c3d9bd1eb809ebe82655bf2805126012384", kill_on_drop: false }`
[INFO] running `Command { std: "docker" "exec" "-e" "SOURCE_DIR=/opt/rustwide/workdir" "-e" "CARGO_HOME=/opt/rustwide/cargo-home" "-e" "RUSTUP_HOME=/opt/rustwide/rustup-home" "-e" "CARGO_TARGET_DIR=/opt/rustwide/target" "-e" "CARGO_INCREMENTAL=0" "-e" "RUST_BACKTRACE=full" "-e" "RUSTFLAGS=--cap-lints=warn" "-e" "RUSTDOCFLAGS=--cap-lints=warn" "-w" "/opt/rustwide/workdir" "--user" "0:0" "db076868e05a866c4c237487c8e34c3d9bd1eb809ebe82655bf2805126012384" "/opt/rustwide/cargo-home/bin/cargo" "+1.99.0-beta.8" "test" "--frozen" "--no-run" "--message-format=json" "--release", kill_on_drop: false }`
[INFO] [stderr]    Compiling syn v2.0.119
[INFO] [stderr]    Compiling crossbeam-utils v0.8.22
[INFO] [stderr]    Compiling log v0.4.33
[INFO] [stderr]    Compiling serde v1.0.229
[INFO] [stderr]    Compiling errno v0.3.14
[INFO] [stderr]    Compiling serde_json v1.0.151
[INFO] [stderr]    Compiling num-traits v0.2.19
[INFO] [stderr]    Compiling serde_bytes v0.11.19
[INFO] [stderr]    Compiling semver v1.0.28
[INFO] [stderr]    Compiling camino v1.2.4
[INFO] [stderr]    Compiling tabwriter v1.4.1
[INFO] [stderr]    Compiling path-tree v0.8.3
[INFO] [stderr]    Compiling stringmetrics v2.2.2
[INFO] [stderr]    Compiling crossbeam-epoch v0.9.20
[INFO] [stderr]    Compiling futures-timer v3.0.4
[INFO] [stderr]    Compiling crossbeam-deque v0.8.7
[INFO] [stderr]    Compiling signal-hook-registry v1.4.8
[INFO] [stderr]    Compiling deranged v0.5.8
[INFO] [stderr]    Compiling ciborium-io v0.2.2
[INFO] [stderr]    Compiling plotters-backend v0.3.7
[INFO] [stderr]    Compiling clap_builder v4.6.2
[INFO] [stderr]    Compiling itertools v0.10.5
[INFO] [stderr]    Compiling tracing-log v0.2.0
[INFO] [stderr]    Compiling rustc_version v0.4.1
[INFO] [stderr]    Compiling rand_xorshift v0.4.0
[INFO] [stderr]    Compiling is-terminal v0.4.17
[INFO] [stderr]    Compiling plotters-svg v0.3.7
[INFO] [stderr]    Compiling tracing-subscriber v0.3.23
[INFO] [stderr]    Compiling oorandom v11.1.5
[INFO] [stderr]    Compiling rustc_version_runtime v0.3.0
[INFO] [stderr]    Compiling concurrent-queue v2.5.0
[INFO] [stderr]    Compiling crossbeam-channel v0.5.16
[INFO] [stderr]    Compiling event-listener v5.4.1
[INFO] [stderr]    Compiling bytes v1.12.1
[INFO] [stderr]    Compiling serde_regex v1.2.0
[INFO] [stderr]    Compiling cargo-platform v0.1.7
[INFO] [stderr]    Compiling serde-transcode v1.1.1
[INFO] [stderr]    Compiling event-listener-strategy v0.5.4
[INFO] [stderr]    Compiling rmp v0.8.15
[INFO] [stderr]    Compiling libdd-tinybytes v1.1.2
[INFO] [stderr]    Compiling serde_yaml v0.9.34+deprecated
[INFO] [stderr]    Compiling async-lock v3.4.2
[INFO] [stderr]    Compiling plotters v0.3.7
[INFO] [stderr]    Compiling anes v0.1.6
[INFO] [stderr]    Compiling cadence v1.8.0
[INFO] [stderr]    Compiling rmp-serde v1.3.1
[INFO] [stderr]    Compiling assert-json-diff v2.0.2
[INFO] [stderr]    Compiling rmpv v1.3.1
[INFO] [stderr]    Compiling rayon-core v1.13.0
[INFO] [stderr]    Compiling tinytemplate v1.2.1
[INFO] [stderr]    Compiling http v1.4.2
[INFO] [stderr]    Compiling async-object-pool v0.2.0
[INFO] [stderr]    Compiling criterion-plot v0.5.0
[INFO] [stderr]    Compiling time v0.3.45
[INFO] [stderr]    Compiling pretty_assertions v1.4.1
[INFO] [stderr]    Compiling assert_unordered v0.3.5
[INFO] [stderr]    Compiling opentelemetry-appender-log v0.32.0
[INFO] [stderr]    Compiling rayon v1.12.0
[INFO] [stderr]    Compiling clap v4.6.4
[INFO] [stderr]    Compiling http-body v1.1.0
[INFO] [stderr]    Compiling http-body-util v0.1.4
[INFO] [stderr]    Compiling headers-core v0.3.0
[INFO] [stderr]    Compiling headers v0.4.1
[INFO] [stderr]    Compiling synstructure v0.13.2
[INFO] [stderr]    Compiling darling_core v0.21.3
[INFO] [stderr]    Compiling test-case-core v3.3.1
[INFO] [stderr]    Compiling futures-macro v0.3.33
[INFO] [stderr]    Compiling zerofrom-derive v0.1.7
[INFO] [stderr]    Compiling yoke-derive v0.8.2
[INFO] [stderr]    Compiling zerocopy-derive v0.8.55
[INFO] [stderr]    Compiling tokio-macros v2.7.1
[INFO] [stderr]    Compiling tracing-attributes v0.1.31
[INFO] [stderr]    Compiling zerovec-derive v0.11.3
[INFO] [stderr]    Compiling displaydoc v0.2.6
[INFO] [stderr]    Compiling thiserror-impl v1.0.69
[INFO] [stderr]    Compiling pin-project-internal v1.1.13
[INFO] [stderr]    Compiling prost-derive v0.14.4
[INFO] [stderr]    Compiling strum_macros v0.26.4
[INFO] [stderr]    Compiling ctor v0.2.9
[INFO] [stderr]    Compiling test-case-macros v3.3.1
[INFO] [stderr]    Compiling test-case v3.3.1
[INFO] [stderr]    Compiling tokio v1.53.1
[INFO] [stderr]    Compiling futures-util v0.3.33
[INFO] [stderr]    Compiling zerofrom v0.1.8
[INFO] [stderr]    Compiling tracing v0.1.44
[INFO] [stderr]    Compiling yoke v0.8.3
[INFO] [stderr]    Compiling pin-project v1.1.13
[INFO] [stderr]    Compiling zerotrie v0.2.4
[INFO] [stderr]    Compiling tracing-opentelemetry v0.33.0
[INFO] [stderr]    Compiling zerocopy v0.8.55
[INFO] [stderr]    Compiling zerovec v0.11.6
[INFO] [stderr]    Compiling prost v0.14.4
[INFO] [stderr]    Compiling thiserror v1.0.69
[INFO] [stderr]    Compiling cargo_metadata v0.18.1
[INFO] [stderr]    Compiling darling_macro v0.21.3
[INFO] [stderr]    Compiling tinystr v0.8.3
[INFO] [stderr]    Compiling potential_utf v0.1.5
[INFO] [stderr]    Compiling darling v0.21.3
[INFO] [stderr]    Compiling icu_collections v2.2.0
[INFO] [stderr]    Compiling icu_locale_core v2.2.0
[INFO] [stderr]    Compiling serde_with_macros v3.17.0
[INFO] [stderr]    Compiling libdd-trace-protobuf v4.0.1
[INFO] [stderr]    Compiling libdd-ddsketch v1.1.1
[INFO] [stderr]    Compiling serde_with v3.17.0
[INFO] [stderr]    Compiling icu_provider v2.2.0
[INFO] [stderr]    Compiling icu_properties v2.2.0
[INFO] [stderr]    Compiling icu_normalizer v2.2.0
[INFO] [stderr]    Compiling futures-executor v0.3.33
[INFO] [stderr]    Compiling libdd-capabilities v3.0.0
[INFO] [stderr]    Compiling manual_future v0.1.4
[INFO] [stderr]    Compiling futures v0.3.33
[INFO] [stderr]    Compiling tokio-util v0.7.19
[INFO] [stderr]    Compiling h2 v0.4.15
[INFO] [stderr]    Compiling idna_adapter v1.2.2
[INFO] [stderr]    Compiling idna v1.1.0
[INFO] [stderr]    Compiling libdd-trace-normalization v3.0.1
[INFO] [stderr]    Compiling url v2.5.8
[INFO] [stderr]    Compiling ppv-lite86 v0.2.21
[INFO] [stderr]    Compiling half v2.7.1
[INFO] [stderr]    Compiling ciborium-ll v0.2.2
[INFO] [stderr]    Compiling ciborium v0.2.2
[INFO] [stderr]    Compiling rand_chacha v0.3.1
[INFO] [stderr]    Compiling rand_chacha v0.9.0
[INFO] [stderr]    Compiling rand v0.8.7
[INFO] [stderr]    Compiling rand v0.9.5
[INFO] [stderr]    Compiling criterion v0.5.1
[INFO] [stderr]    Compiling opentelemetry_sdk v0.32.1
[INFO] [stderr]    Compiling proptest v1.11.0
[INFO] [stderr]    Compiling libdd-library-config v3.0.0
[INFO] [stderr]    Compiling hyper v1.11.0
[INFO] [stderr]    Compiling hyper-util v0.1.20
[INFO] [stderr]    Compiling libdd-common v5.2.0
[INFO] [stderr]    Compiling httpmock v0.8.2
[INFO] [stderr]    Compiling libdd-capabilities-impl v4.0.0
[INFO] [stderr]    Compiling libdd-sampling v6.0.0
[INFO] [stderr]    Compiling libdd-remote-config v2.0.0
[INFO] [stderr]    Compiling libdd-shared-runtime v3.0.0
[INFO] [stderr]    Compiling libdd-dogstatsd-client v5.0.0
[INFO] [stderr]    Compiling libdd-telemetry v7.0.0
[INFO] [stderr]    Compiling libdd-trace-utils v10.1.0
[INFO] [stderr]    Compiling libdd-trace-obfuscation v6.0.0
[INFO] [stderr]    Compiling libdd-trace-stats v7.0.0
[INFO] [stderr]    Compiling libdd-data-pipeline v8.0.0
[INFO] [stderr]    Compiling datadog-opentelemetry v0.5.2 (/opt/rustwide/workdir)
[INFO] [stdout] warning: trailing semicolon in macro used in expression position
[INFO] [stdout]     --> src/propagation/mod.rs:1494:41
[INFO] [stdout]      |
[INFO] [stdout] 1494 |                       "x-datadog-tags" => assert_eq_unordered!(
[INFO] [stdout]      |  _________________________________________^
[INFO] [stdout] 1495 | |                         carrier_value.split(',').collect::<Vec<&str>>(),
[INFO] [stdout] 1496 | |                         expected_value.split(',').collect::<Vec<&str>>(),
[INFO] [stdout] 1497 | |                         "wrong x-datadog-tags"
[INFO] [stdout] 1498 | |                     ),
[INFO] [stdout]      | |_____________________^
[INFO] [stdout]      |
[INFO] [stdout]      = warning: this was previously accepted by the compiler but is being phased out; it will become a hard error in a future release!
[INFO] [stdout]      = note: for more information, see issue #79813 <https://github.com/rust-lang/rust/issues/79813>
[INFO] [stdout]      = note: `#[warn(semicolon_in_expressions_from_non_local_macros)]` (part of `#[warn(future_incompatible)]`) on by default
[INFO] [stdout]      = note: this warning originates in the macro `assert_eq_unordered` (in Nightly builds, run with -Z macro-backtrace for more info)
[INFO] [stdout] 
[INFO] [stdout] 
[INFO] [stdout] warning: trailing semicolon in macro used in expression position
[INFO] [stdout]     --> src/propagation/mod.rs:1499:37
[INFO] [stdout]      |
[INFO] [stdout] 1499 |                       "tracestate" => assert_eq_unordered!(
[INFO] [stdout]      |  _____________________________________^
[INFO] [stdout] 1500 | |                         carrier_value.split(';').collect::<Vec<&str>>(),
[INFO] [stdout] 1501 | |                         expected_value.split(';').collect::<Vec<&str>>(),
[INFO] [stdout] 1502 | |                         "wrong tracestate"
[INFO] [stdout] 1503 | |                     ),
[INFO] [stdout]      | |_____________________^
[INFO] [stdout]      |
[INFO] [stdout]      = warning: this was previously accepted by the compiler but is being phased out; it will become a hard error in a future release!
[INFO] [stdout]      = note: for more information, see issue #79813 <https://github.com/rust-lang/rust/issues/79813>
[INFO] [stdout]      = note: this warning originates in the macro `assert_eq_unordered` (in Nightly builds, run with -Z macro-backtrace for more info)
[INFO] [stdout] 
[INFO] [stdout] 
[INFO] [stdout] error[E0432]: unresolved import `datadog_opentelemetry::make_test_tracer`
[INFO] [stdout]    --> tests/integration_tests/mod.rs:13:5
[INFO] [stdout]     |
[INFO] [stdout]  13 |     make_test_tracer,
[INFO] [stdout]     |     ^^^^^^^^^^^^^^^^ no `make_test_tracer` in the root
[INFO] [stdout]     |
[INFO] [stdout] note: found an item that was configured out
[INFO] [stdout]    --> src/lib.rs:686:8
[INFO] [stdout]     |
[INFO] [stdout] 685 | #[cfg(feature = "test-utils")]
[INFO] [stdout]     |       ---------------------- the item is gated behind the `test-utils` feature
[INFO] [stdout] 686 | pub fn make_test_tracer(shared_config: Arc<Config>) -> (SdkTracerProvider, DatadogPropagator) {
[INFO] [stdout]     |        ^^^^^^^^^^^^^^^^
[INFO] [stdout] help: a similar name exists in the module
[INFO] [stdout]     |
[INFO] [stdout]  13 -     make_test_tracer,
[INFO] [stdout]  13 +     make_tracer,
[INFO] [stdout]     |
[INFO] [stdout] 
[INFO] [stdout] 
[INFO] [stdout] error[E0432]: unresolved import `datadog_opentelemetry::logs`
[INFO] [stdout]    --> tests/integration_tests/logs.rs:6:5
[INFO] [stdout]     |
[INFO] [stdout]   6 | use datadog_opentelemetry::logs;
[INFO] [stdout]     |     ^^^^^^^^^^^^^^^^^^^^^^^----
[INFO] [stdout]     |                            |
[INFO] [stdout]     |                            no `logs` in the root
[INFO] [stdout]     |
[INFO] [stdout] note: found an item that was configured out
[INFO] [stdout]    --> src/lib.rs:965:8
[INFO] [stdout]     |
[INFO] [stdout] 963 | #[cfg(any(feature = "logs-grpc", feature = "logs-http", docsrs))]
[INFO] [stdout]     |          ------------------------------------------------------ the item is gated here
[INFO] [stdout] 964 | #[cfg_attr(docsrs, doc(cfg(feature = "logs")))]
[INFO] [stdout] 965 | pub fn logs() -> DatadogLogsBuilder {
[INFO] [stdout]     |        ^^^^
[INFO] [stdout] help: a similar name exists in the module
[INFO] [stdout]     |
[INFO] [stdout]   6 - use datadog_opentelemetry::logs;
[INFO] [stdout]   6 + use datadog_opentelemetry::log;
[INFO] [stdout]     |
[INFO] [stdout] help: consider importing this module instead
[INFO] [stdout]     |
[INFO] [stdout]   6 - use datadog_opentelemetry::logs;
[INFO] [stdout]   6 + use crate::integration_tests::logs;
[INFO] [stdout]     |
[INFO] [stdout] 
[INFO] [stdout] 
[INFO] [stdout] error[E0432]: unresolved import `datadog_opentelemetry::metrics`
[INFO] [stdout]    --> tests/integration_tests/metrics.rs:8:5
[INFO] [stdout]     |
[INFO] [stdout]   8 | use datadog_opentelemetry::metrics;
[INFO] [stdout]     |     ^^^^^^^^^^^^^^^^^^^^^^^-------
[INFO] [stdout]     |                            |
[INFO] [stdout]     |                            no `metrics` in the root
[INFO] [stdout]     |
[INFO] [stdout] note: found an item that was configured out
[INFO] [stdout]    --> src/lib.rs:762:8
[INFO] [stdout]     |
[INFO] [stdout] 760 | #[cfg(any(feature = "metrics-grpc", feature = "metrics-http", docsrs))]
[INFO] [stdout]     |          ------------------------------------------------------------ the item is gated here
[INFO] [stdout] 761 | #[cfg_attr(docsrs, doc(cfg(feature = "metrics")))]
[INFO] [stdout] 762 | pub fn metrics() -> DatadogMetricsBuilder {
[INFO] [stdout]     |        ^^^^^^^
[INFO] [stdout] help: consider importing this module instead
[INFO] [stdout]     |
[INFO] [stdout]   8 - use datadog_opentelemetry::metrics;
[INFO] [stdout]   8 + use crate::integration_tests::metrics;
[INFO] [stdout]     |
[INFO] [stdout] 
[INFO] [stdout] 
[INFO] [stdout] error[E0432]: unresolved import `datadog_opentelemetry::make_test_tracer`
[INFO] [stdout]    --> tests/integration_tests/opentelemetry_api.rs:11:5
[INFO] [stdout]     |
[INFO] [stdout]  11 | use datadog_opentelemetry::make_test_tracer;
[INFO] [stdout]     |     ^^^^^^^^^^^^^^^^^^^^^^^----------------
[INFO] [stdout]     |                            |
[INFO] [stdout]     |                            no `make_test_tracer` in the root
[INFO] [stdout]     |
[INFO] [stdout] note: found an item that was configured out
[INFO] [stdout]    --> src/lib.rs:686:8
[INFO] [stdout]     |
[INFO] [stdout] 685 | #[cfg(feature = "test-utils")]
[INFO] [stdout]     |       ---------------------- the item is gated behind the `test-utils` feature
[INFO] [stdout] 686 | pub fn make_test_tracer(shared_config: Arc<Config>) -> (SdkTracerProvider, DatadogPropagator) {
[INFO] [stdout]     |        ^^^^^^^^^^^^^^^^
[INFO] [stdout] help: a similar name exists in the module
[INFO] [stdout]     |
[INFO] [stdout]  11 - use datadog_opentelemetry::make_test_tracer;
[INFO] [stdout]  11 + use datadog_opentelemetry::make_tracer;
[INFO] [stdout]     |
[INFO] [stdout] 
[INFO] [stdout] 
[INFO] [stdout] error[E0432]: unresolved import `datadog_opentelemetry::make_test_tracer`
[INFO] [stdout]    --> tests/integration_tests/telemetry_shutdown.rs:15:52
[INFO] [stdout]     |
[INFO] [stdout]  15 | use datadog_opentelemetry::{configuration::Config, make_test_tracer};
[INFO] [stdout]     |                                                    ^^^^^^^^^^^^^^^^ no `make_test_tracer` in the root
[INFO] [stdout]     |
[INFO] [stdout] note: found an item that was configured out
[INFO] [stdout]    --> src/lib.rs:686:8
[INFO] [stdout]     |
[INFO] [stdout] 685 | #[cfg(feature = "test-utils")]
[INFO] [stdout]     |       ---------------------- the item is gated behind the `test-utils` feature
[INFO] [stdout] 686 | pub fn make_test_tracer(shared_config: Arc<Config>) -> (SdkTracerProvider, DatadogPropagator) {
[INFO] [stdout]     |        ^^^^^^^^^^^^^^^^
[INFO] [stdout] help: a similar name exists in the module
[INFO] [stdout]     |
[INFO] [stdout]  15 - use datadog_opentelemetry::{configuration::Config, make_test_tracer};
[INFO] [stdout]  15 + use datadog_opentelemetry::{configuration::Config, make_tracer};
[INFO] [stdout]     |
[INFO] [stdout] 
[INFO] [stdout] 
[INFO] [stdout] error[E0599]: no method named `set_trace_writer_max_flush_interval` found for mutable reference `&mut ConfigBuilder` in the current scope
[INFO] [stdout]    --> tests/integration_tests/opentelemetry_api.rs:338:10
[INFO] [stdout]     |
[INFO] [stdout] 335 | /     cfg.set_trace_agent_url(test_agent.get_base_uri().await.to_string())
[INFO] [stdout] 336 | |         .set_trace_writer_synchronous_write(true)
[INFO] [stdout] 337 | |         // set async flush duration to forever...
[INFO] [stdout] 338 | |         .set_trace_writer_max_flush_interval(Duration::from_secs(1000000000))
[INFO] [stdout]     | |_________-^^^^^^^^^^^^^^^^^^^^^^^^^^^^^^^^^^^
[INFO] [stdout]     |
[INFO] [stdout] help: there is a method `set_trace_rate_limit` with a similar name
[INFO] [stdout]     |
[INFO] [stdout] 338 -         .set_trace_writer_max_flush_interval(Duration::from_secs(1000000000))
[INFO] [stdout] 338 +         .set_trace_rate_limit(Duration::from_secs(1000000000))
[INFO] [stdout]     |
[INFO] [stdout] 
[INFO] [stdout] 
[INFO] [stdout] error[E0599]: no method named `set_trace_writer_max_flush_interval` found for mutable reference `&mut ConfigBuilder` in the current scope
[INFO] [stdout]    --> tests/integration_tests/opentelemetry_api.rs:364:10
[INFO] [stdout]     |
[INFO] [stdout] 362 | /     cfg.set_trace_agent_url(test_agent.get_base_uri().await.to_string())
[INFO] [stdout] 363 | |         // Disable the periodic flush so only `force_flush` can deliver the queued trace.
[INFO] [stdout] 364 | |         .set_trace_writer_max_flush_interval(Duration::from_secs(1000000000))
[INFO] [stdout]     | |_________-^^^^^^^^^^^^^^^^^^^^^^^^^^^^^^^^^^^
[INFO] [stdout]     |
[INFO] [stdout] help: there is a method `set_trace_rate_limit` with a similar name
[INFO] [stdout]     |
[INFO] [stdout] 364 -         .set_trace_writer_max_flush_interval(Duration::from_secs(1000000000))
[INFO] [stdout] 364 +         .set_trace_rate_limit(Duration::from_secs(1000000000))
[INFO] [stdout]     |
[INFO] [stdout] 
[INFO] [stdout] 
[INFO] [stdout] Some errors have detailed explanations: E0432, E0599.
[INFO] [stdout] 
[INFO] [stdout] For more information about an error, try `rustc --explain E0432`.
[INFO] [stdout] 
[INFO] [stderr] error: could not compile `datadog-opentelemetry` (test "tests") due to 7 previous errors
[INFO] [stderr] warning: build failed, waiting for other jobs to finish...
[INFO] running `Command { std: "docker" "inspect" "db076868e05a866c4c237487c8e34c3d9bd1eb809ebe82655bf2805126012384", kill_on_drop: false }`
[INFO] running `Command { std: "docker" "rm" "-f" "db076868e05a866c4c237487c8e34c3d9bd1eb809ebe82655bf2805126012384", kill_on_drop: false }`
[INFO] [stdout] db076868e05a866c4c237487c8e34c3d9bd1eb809ebe82655bf2805126012384
