[INFO] fetching crate datachannel-socket 0.2.0...
[INFO] testing datachannel-socket-0.2.0 against 1.100.0-beta.1+cargoflags=--release for beta-release-1.100-2
[INFO] extracting crate datachannel-socket 0.2.0 into /workspace/builds/worker-4-tc2/source
[INFO] started tweaking crates.io crate datachannel-socket 0.2.0
[INFO] removed 0 missing examples
[INFO] finished tweaking crates.io crate datachannel-socket 0.2.0
[INFO] tweaked toml for crates.io crate datachannel-socket 0.2.0 written to /workspace/builds/worker-4-tc2/source/Cargo.toml
[INFO] validating manifest of crates.io crate datachannel-socket 0.2.0 on toolchain 1.100.0-beta.1
[INFO] running `Command { std: CARGO_HOME="/workspace/cargo-home" RUSTUP_HOME="/workspace/rustup-home" "/workspace/cargo-home/bin/cargo" "+1.100.0-beta.1" "metadata" "--manifest-path" "Cargo.toml" "--no-deps", kill_on_drop: false }`
[INFO] crate crates.io crate datachannel-socket 0.2.0 already has a lockfile, it will not be regenerated
[INFO] running `Command { std: CARGO_HOME="/workspace/cargo-home" RUSTUP_HOME="/workspace/rustup-home" "/workspace/cargo-home/bin/cargo" "+1.100.0-beta.1" "fetch" "--manifest-path" "Cargo.toml", kill_on_drop: false }`
[INFO] running `Command { std: "docker" "create" "-v" "/var/lib/crater-agent-workspace/builds/worker-4-tc2/source:/opt/rustwide/workdir:ro,Z" "-v" "/var/lib/crater-agent-workspace/builds/worker-4-tc2/target:/opt/rustwide/target:rw,Z" "-v" "/var/lib/crater-agent-workspace/cargo-home:/opt/rustwide/cargo-home:ro,Z" "-v" "/var/lib/crater-agent-workspace/rustup-home:/opt/rustwide/rustup-home:ro,Z" "-m" "1610612736" "--network" "none" "ghcr.io/rust-lang/crates-build-env/linux@sha256:77db811e55d90add9212f6832c23229e3de5f1c1f9905e8cb07319ea15df73ac" "sleep" "infinity", kill_on_drop: false }`
[INFO] [stdout] 7ce2a46aeb4e35a4241308e01ee713137aa5531919b489ada76a8027e3a4dff4
[INFO] running `Command { std: "docker" "start" "7ce2a46aeb4e35a4241308e01ee713137aa5531919b489ada76a8027e3a4dff4", kill_on_drop: false }`
[INFO] running `Command { std: "docker" "inspect" "7ce2a46aeb4e35a4241308e01ee713137aa5531919b489ada76a8027e3a4dff4", kill_on_drop: false }`
[INFO] running `Command { std: "docker" "exec" "-e" "SOURCE_DIR=/opt/rustwide/workdir" "-e" "CARGO_HOME=/opt/rustwide/cargo-home" "-e" "RUSTUP_HOME=/opt/rustwide/rustup-home" "-e" "CARGO_TARGET_DIR=/opt/rustwide/target" "-w" "/opt/rustwide/workdir" "--user" "0:0" "7ce2a46aeb4e35a4241308e01ee713137aa5531919b489ada76a8027e3a4dff4" "/opt/rustwide/cargo-home/bin/cargo" "+1.100.0-beta.1" "metadata" "--no-deps" "--format-version=1", kill_on_drop: false }`
[INFO] running `Command { std: "docker" "inspect" "7ce2a46aeb4e35a4241308e01ee713137aa5531919b489ada76a8027e3a4dff4", kill_on_drop: false }`
[INFO] running `Command { std: "docker" "exec" "-e" "SOURCE_DIR=/opt/rustwide/workdir" "-e" "CARGO_HOME=/opt/rustwide/cargo-home" "-e" "RUSTUP_HOME=/opt/rustwide/rustup-home" "-e" "CARGO_TARGET_DIR=/opt/rustwide/target" "-e" "CARGO_INCREMENTAL=0" "-e" "RUST_BACKTRACE=full" "-e" "RUSTFLAGS=--cap-lints=warn" "-e" "RUSTDOCFLAGS=--cap-lints=warn" "-w" "/opt/rustwide/workdir" "--user" "0:0" "7ce2a46aeb4e35a4241308e01ee713137aa5531919b489ada76a8027e3a4dff4" "/opt/rustwide/cargo-home/bin/cargo" "+1.100.0-beta.1" "build" "--frozen" "--message-format=json" "--release", kill_on_drop: false }`
[INFO] [stderr]    Compiling libc v0.2.186
[INFO] [stderr]    Compiling proc-macro2 v1.0.106
[INFO] [stderr]    Compiling unicode-ident v1.0.24
[INFO] [stderr]    Compiling quote v1.0.45
[INFO] [stderr]    Compiling find-msvc-tools v0.1.9
[INFO] [stderr]    Compiling shlex v2.0.1
[INFO] [stderr]    Compiling version_check v0.9.5
[INFO] [stderr]    Compiling cfg-if v1.0.4
[INFO] [stderr]    Compiling typenum v1.20.1
[INFO] [stderr]    Compiling zeroize v1.8.2
[INFO] [stderr]    Compiling getrandom v0.3.4
[INFO] [stderr]    Compiling zerocopy v0.8.50
[INFO] [stderr]    Compiling itoa v1.0.18
[INFO] [stderr]    Compiling fs_extra v1.3.0
[INFO] [stderr]    Compiling dunce v1.0.5
[INFO] [stderr]    Compiling base64ct v1.8.3
[INFO] [stderr]    Compiling const-oid v0.9.6
[INFO] [stderr]    Compiling flagset v0.4.7
[INFO] [stderr]    Compiling log v0.4.32
[INFO] [stderr]    Compiling pem-rfc7468 v0.7.0
[INFO] [stderr]    Compiling vcpkg v0.2.15
[INFO] [stderr]    Compiling pkg-config v0.3.33
[INFO] [stderr]    Compiling cpufeatures v0.2.17
[INFO] [stderr]    Compiling powerfmt v0.2.0
[INFO] [stderr]    Compiling serde_core v1.0.228
[INFO] [stderr]    Compiling generic-array v0.14.7
[INFO] [stderr]    Compiling memchr v2.8.1
[INFO] [stderr]    Compiling num-conv v0.2.2
[INFO] [stderr]    Compiling aws-lc-rs v1.17.0
[INFO] [stderr]    Compiling bytes v1.11.1
[INFO] [stderr]    Compiling deranged v0.5.8
[INFO] [stderr]    Compiling time-core v0.1.8
[INFO] [stderr]    Compiling serde v1.0.228
[INFO] [stderr]    Compiling pin-project-lite v0.2.17
[INFO] [stderr]    Compiling once_cell v1.21.4
[INFO] [stderr]    Compiling rustls-pki-types v1.14.1
[INFO] [stderr]    Compiling base16ct v0.2.0
[INFO] [stderr]    Compiling thiserror v2.0.18
[INFO] [stderr]    Compiling foreign-types-shared v0.1.1
[INFO] [stderr]    Compiling subtle v2.6.1
[INFO] [stderr]    Compiling openssl v0.10.80
[INFO] [stderr]    Compiling parking_lot_core v0.9.12
[INFO] [stderr]    Compiling foreign-types v0.3.2
[INFO] [stderr]    Compiling native-tls v0.2.18
[INFO] [stderr]    Compiling smallvec v1.15.1
[INFO] [stderr]    Compiling syn v2.0.117
[INFO] [stderr]    Compiling arrayvec v0.7.6
[INFO] [stderr]    Compiling signature v2.2.0
[INFO] [stderr]    Compiling scopeguard v1.2.0
[INFO] [stderr]    Compiling nom v8.0.0
[INFO] [stderr]    Compiling bitflags v2.13.0
[INFO] [stderr]    Compiling lock_api v0.4.14
[INFO] [stderr]    Compiling slab v0.4.12
[INFO] [stderr]    Compiling fastrand v2.4.1
[INFO] [stderr]    Compiling httparse v1.10.1
[INFO] [stderr]    Compiling crc-catalog v2.5.0
[INFO] [stderr]    Compiling jobserver v0.1.34
[INFO] [stderr]    Compiling zmij v1.0.21
[INFO] [stderr]    Compiling openssl-probe v0.2.1
[INFO] [stderr]    Compiling crc v3.4.0
[INFO] [stderr]    Compiling tracing-core v0.1.36
[INFO] [stderr]    Compiling serde_json v1.0.150
[INFO] [stderr]    Compiling http v1.4.2
[INFO] [stderr]    Compiling futures-core v0.3.32
[INFO] [stderr]    Compiling futures-sink v0.3.32
[INFO] [stderr]    Compiling cc v1.2.63
[INFO] [stderr]    Compiling errno v0.3.14
[INFO] [stderr]    Compiling mio v1.2.1
[INFO] [stderr]    Compiling rand_core v0.9.5
[INFO] [stderr]    Compiling signal-hook-registry v1.4.8
[INFO] [stderr]    Compiling crypto-common v0.1.7
[INFO] [stderr]    Compiling inout v0.1.4
[INFO] [stderr]    Compiling block-buffer v0.10.4
[INFO] [stderr]    Compiling parking_lot v0.12.5
[INFO] [stderr]    Compiling aead v0.5.2
[INFO] [stderr]    Compiling digest v0.10.7
[INFO] [stderr]    Compiling socket2 v0.6.4
[INFO] [stderr]    Compiling anyhow v1.0.102
[INFO] [stderr]    Compiling cipher v0.4.4
[INFO] [stderr]    Compiling sha1 v0.10.6
[INFO] [stderr]    Compiling data-encoding v2.11.0
[INFO] [stderr]    Compiling futures-task v0.3.32
[INFO] [stderr]    Compiling rustc-hash v2.1.2
[INFO] [stderr]    Compiling ctr v0.9.2
[INFO] [stderr]    Compiling aes v0.8.4
[INFO] [stderr]    Compiling combine v4.6.7
[INFO] [stderr]    Compiling ccm v0.5.0
[INFO] [stderr]    Compiling time v0.3.47
[INFO] [stderr]    Compiling cmake v0.1.58
[INFO] [stderr]    Compiling openssl-src v300.6.0+3.6.2
[INFO] [stderr]    Compiling aws-lc-sys v0.41.0
[INFO] [stderr]    Compiling openssl-sys v0.9.116
[INFO] [stderr]    Compiling yasna v0.6.0
[INFO] [stderr]    Compiling ppv-lite86 v0.2.21
[INFO] [stderr]    Compiling rand_chacha v0.9.0
[INFO] [stderr]    Compiling der_derive v0.7.3
[INFO] [stderr]    Compiling rand v0.9.4
[INFO] [stderr]    Compiling serde_derive v1.0.228
[INFO] [stderr]    Compiling openssl-macros v0.1.1
[INFO] [stderr]    Compiling thiserror-impl v2.0.18
[INFO] [stderr]    Compiling tracing-attributes v0.1.31
[INFO] [stderr]    Compiling tokio-macros v2.7.0
[INFO] [stderr]    Compiling futures-macro v0.3.32
[INFO] [stderr]    Compiling der v0.7.10
[INFO] [stderr]    Compiling tokio v1.52.3
[INFO] [stderr]    Compiling futures-util v0.3.32
[INFO] [stderr]    Compiling tracing v0.1.44
[INFO] [stderr]    Compiling sctp-proto v0.9.1
[INFO] [stderr]    Compiling spki v0.7.3
[INFO] [stderr]    Compiling x509-cert v0.2.5
[INFO] [stderr]    Compiling pkcs8 v0.10.2
[INFO] [stderr]    Compiling sec1 v0.7.3
[INFO] [stderr]    Compiling datachannel_socket_common v0.1.0
[INFO] [stderr]    Compiling rcgen v0.14.8
[INFO] [stderr]    Compiling dimpl v0.6.2
[INFO] [stderr]    Compiling str0m-proto v0.5.1
[INFO] [stderr]    Compiling is v0.9.1
[INFO] [stderr]    Compiling str0m-aws-lc-rs v0.4.1
[INFO] [stderr]    Compiling str0m v0.20.0
[INFO] [stderr]    Compiling tokio-native-tls v0.3.1
[INFO] [stderr]    Compiling tungstenite v0.29.0
[INFO] [stderr]    Compiling tokio-tungstenite v0.29.0
[INFO] [stderr]    Compiling datachannel_socket_native_peer v0.1.0
[INFO] [stderr]    Compiling datachannel-socket v0.2.0 (/opt/rustwide/workdir)
[INFO] [stderr]     Finished `release` profile [optimized] target(s) in 4m 29s
[INFO] running `Command { std: "docker" "inspect" "7ce2a46aeb4e35a4241308e01ee713137aa5531919b489ada76a8027e3a4dff4", kill_on_drop: false }`
[INFO] running `Command { std: "docker" "exec" "-e" "SOURCE_DIR=/opt/rustwide/workdir" "-e" "CARGO_HOME=/opt/rustwide/cargo-home" "-e" "RUSTUP_HOME=/opt/rustwide/rustup-home" "-e" "CARGO_TARGET_DIR=/opt/rustwide/target" "-e" "CARGO_INCREMENTAL=0" "-e" "RUST_BACKTRACE=full" "-e" "RUSTFLAGS=--cap-lints=warn" "-e" "RUSTDOCFLAGS=--cap-lints=warn" "-w" "/opt/rustwide/workdir" "--user" "0:0" "7ce2a46aeb4e35a4241308e01ee713137aa5531919b489ada76a8027e3a4dff4" "/opt/rustwide/cargo-home/bin/cargo" "+1.100.0-beta.1" "test" "--frozen" "--no-run" "--message-format=json" "--release", kill_on_drop: false }`
[INFO] [stderr]    Compiling utf8parse v0.2.2
[INFO] [stderr]    Compiling is_terminal_polyfill v1.70.2
[INFO] [stderr]    Compiling anstyle-query v1.1.5
[INFO] [stderr]    Compiling anstyle v1.0.14
[INFO] [stderr]    Compiling colorchoice v1.0.5
[INFO] [stderr]    Compiling clap_lex v1.1.0
[INFO] [stderr]    Compiling strsim v0.11.1
[INFO] [stderr]    Compiling heck v0.5.0
[INFO] [stderr]    Compiling anstyle-parse v1.0.0
[INFO] [stderr]    Compiling clap_derive v4.6.1
[INFO] [stderr]    Compiling anstream v1.0.0
[INFO] [stderr]    Compiling clap_builder v4.6.0
[INFO] [stderr]    Compiling clap v4.6.1
[INFO] [stderr]    Compiling datachannel-socket v0.2.0 (/opt/rustwide/workdir)
[INFO] [stdout] warning: unused imports: `anyhow` and `bail`
[INFO] [stdout]  --> examples/native_client.rs:1:22
[INFO] [stdout]   |
[INFO] [stdout] 1 | use anyhow::{Result, anyhow, bail};
[INFO] [stdout]   |                      ^^^^^^  ^^^^
[INFO] [stdout]   |
[INFO] [stdout]   = note: `#[warn(unused_imports)]` (part of `#[warn(unused)]`) on by default
[INFO] [stdout] 
[INFO] [stdout] 
[INFO] [stdout] warning: unused imports: `anyhow` and `bail`
[INFO] [stdout]  --> examples/native_server.rs:3:22
[INFO] [stdout]   |
[INFO] [stdout] 3 | use anyhow::{Result, anyhow, bail};
[INFO] [stdout]   |                      ^^^^^^  ^^^^
[INFO] [stdout]   |
[INFO] [stdout]   = note: `#[warn(unused_imports)]` (part of `#[warn(unused)]`) on by default
[INFO] [stdout] 
[INFO] [stdout] 
[INFO] [stdout] warning: unused import: `NativePeer`
[INFO] [stdout]  --> examples/native_client.rs:4:64
[INFO] [stdout]   |
[INFO] [stdout] 4 | use datachannel_socket::native_peer::{NativeClientPeerFactory, NativePeer, RoleAction};
[INFO] [stdout]   |                                                                ^^^^^^^^^^
[INFO] [stdout] 
[INFO] [stdout] 
[INFO] [stdout] warning: unused imports: `Peer` and `SignalMessage`
[INFO] [stdout]  --> examples/native_server.rs:5:34
[INFO] [stdout]   |
[INFO] [stdout] 5 | use datachannel_socket::common::{Peer, PeerFactory, SignalMessage};
[INFO] [stdout]   |                                  ^^^^               ^^^^^^^^^^^^^
[INFO] [stdout] 
[INFO] [stdout] 
[INFO] [stdout] warning: unused import: `NativePeer`
[INFO] [stdout]  --> examples/native_server.rs:6:39
[INFO] [stdout]   |
[INFO] [stdout] 6 | use datachannel_socket::native_peer::{NativePeer, NativeServerPeerFactory, RoleAction};
[INFO] [stdout]   |                                       ^^^^^^^^^^
[INFO] [stdout] 
[INFO] [stdout] 
[INFO] [stdout] error[E0433]: cannot find module or crate `wasm_bindgen` in this scope
[INFO] [stdout]  --> examples/wasm_client.rs:5:5
[INFO] [stdout]   |
[INFO] [stdout] 5 | use wasm_bindgen::prelude::*;
[INFO] [stdout]   |     ^^^^^^^^^^^^ use of unresolved module or unlinked crate `wasm_bindgen`
[INFO] [stdout]   |
[INFO] [stdout]   = help: if you wanted to use a crate named `wasm_bindgen`, use `cargo add wasm_bindgen` to add it to your `Cargo.toml`
[INFO] [stdout] 
[INFO] [stdout] 
[INFO] [stdout] error[E0433]: cannot find module or crate `gloo_timers` in this scope
[INFO] [stdout]  --> examples/wasm_client.rs:2:5
[INFO] [stdout]   |
[INFO] [stdout] 2 | use gloo_timers::future::TimeoutFuture;
[INFO] [stdout]   |     ^^^^^^^^^^^ use of unresolved module or unlinked crate `gloo_timers`
[INFO] [stdout]   |
[INFO] [stdout]   = help: if you wanted to use a crate named `gloo_timers`, use `cargo add gloo_timers` to add it to your `Cargo.toml`
[INFO] [stdout] 
[INFO] [stdout] 
[INFO] [stdout] error[E0432]: unresolved import `datachannel_socket::wasm_peer`
[INFO] [stdout]  --> examples/wasm_client.rs:7:25
[INFO] [stdout]   |
[INFO] [stdout] 7 | use datachannel_socket::wasm_peer::{WasmPeer, WasmPeerFactory, peer_log};
[INFO] [stdout]   |                         ^^^^^^^^^ could not find `wasm_peer` in `datachannel_socket`
[INFO] [stdout]   |
[INFO] [stdout] note: found an item that was configured out
[INFO] [stdout]  --> src/lib.rs:7:41
[INFO] [stdout]   |
[INFO] [stdout] 6 | #[cfg(target_arch = "wasm32")]
[INFO] [stdout]   |       ---------------------- the item is gated behind the `wasm32` feature
[INFO] [stdout] 7 | pub use datachannel_socket_wasm_peer as wasm_peer;
[INFO] [stdout]   |                                         ^^^^^^^^^
[INFO] [stdout] 
[INFO] [stdout] 
[INFO] [stdout] error[E0433]: cannot find module or crate `wasm_bindgen` in this scope
[INFO] [stdout]  --> examples/wasm_client.rs:4:5
[INFO] [stdout]   |
[INFO] [stdout] 4 | use wasm_bindgen::closure::Closure;
[INFO] [stdout]   |     ^^^^^^^^^^^^ use of unresolved module or unlinked crate `wasm_bindgen`
[INFO] [stdout]   |
[INFO] [stdout]   = help: if you wanted to use a crate named `wasm_bindgen`, use `cargo add wasm_bindgen` to add it to your `Cargo.toml`
[INFO] [stdout] 
[INFO] [stdout] 
[INFO] [stdout] error[E0432]: unresolved import `wasm_bindgen`
[INFO] [stdout]  --> examples/wasm_client.rs:3:5
[INFO] [stdout]   |
[INFO] [stdout] 3 | use wasm_bindgen::JsCast;
[INFO] [stdout]   |     ^^^^^^^^^^^^ use of unresolved module or unlinked crate `wasm_bindgen`
[INFO] [stdout]   |
[INFO] [stdout]   = help: if you wanted to use a crate named `wasm_bindgen`, use `cargo add wasm_bindgen` to add it to your `Cargo.toml`
[INFO] [stdout] 
[INFO] [stdout] 
[INFO] [stdout] error[E0432]: unresolved import `wasm_bindgen_futures`
[INFO] [stdout]  --> examples/wasm_client.rs:6:5
[INFO] [stdout]   |
[INFO] [stdout] 6 | use wasm_bindgen_futures::{JsFuture, spawn_local};
[INFO] [stdout]   |     ^^^^^^^^^^^^^^^^^^^^ use of unresolved module or unlinked crate `wasm_bindgen_futures`
[INFO] [stdout]   |
[INFO] [stdout]   = help: if you wanted to use a crate named `wasm_bindgen_futures`, use `cargo add wasm_bindgen_futures` to add it to your `Cargo.toml`
[INFO] [stdout] 
[INFO] [stdout] 
[INFO] [stdout] error[E0432]: unresolved import `web_sys`
[INFO] [stdout]  --> examples/wasm_client.rs:8:5
[INFO] [stdout]   |
[INFO] [stdout] 8 | use web_sys::{
[INFO] [stdout]   |     ^^^^^^^ use of unresolved module or unlinked crate `web_sys`
[INFO] [stdout]   |
[INFO] [stdout]   = help: if you wanted to use a crate named `web_sys`, use `cargo add web_sys` to add it to your `Cargo.toml`
[INFO] [stdout] 
[INFO] [stdout] 
[INFO] [stdout] warning: unused imports: `Peer` and `SignalMessage`
[INFO] [stdout]  --> examples/wasm_client.rs:1:34
[INFO] [stdout]   |
[INFO] [stdout] 1 | use datachannel_socket::common::{Peer, PeerFactory, SignalMessage};
[INFO] [stdout]   |                                  ^^^^               ^^^^^^^^^^^^^
[INFO] [stdout]   |
[INFO] [stdout]   = note: `#[warn(unused_imports)]` (part of `#[warn(unused)]`) on by default
[INFO] [stdout] 
[INFO] [stdout] 
[INFO] [stdout] error[E0433]: cannot find module or crate `console_error_panic_hook` in this scope
[INFO] [stdout]   --> examples/wasm_client.rs:42:5
[INFO] [stdout]    |
[INFO] [stdout] 42 |     console_error_panic_hook::set_once();
[INFO] [stdout]    |     ^^^^^^^^^^^^^^^^^^^^^^^^ use of unresolved module or unlinked crate `console_error_panic_hook`
[INFO] [stdout]    |
[INFO] [stdout]    = help: if you wanted to use a crate named `console_error_panic_hook`, use `cargo add console_error_panic_hook` to add it to your `Cargo.toml`
[INFO] [stdout] 
[INFO] [stdout] 
[INFO] [stdout] error[E0433]: cannot find module or crate `web_sys` in this scope
[INFO] [stdout]   --> examples/wasm_client.rs:44:18
[INFO] [stdout]    |
[INFO] [stdout] 44 |     let window = web_sys::window().expect("no global `window` exists");
[INFO] [stdout]    |                  ^^^^^^^ use of unresolved module or unlinked crate `web_sys`
[INFO] [stdout]    |
[INFO] [stdout]    = help: if you wanted to use a crate named `web_sys`, use `cargo add web_sys` to add it to your `Cargo.toml`
[INFO] [stdout] 
[INFO] [stdout] 
[INFO] [stdout] Some errors have detailed explanations: E0432, E0433.
[INFO] [stdout] 
[INFO] [stdout] For more information about an error, try `rustc --explain E0432`.
[INFO] [stdout] 
[INFO] [stderr] error: could not compile `datachannel-socket` (example "wasm_client") due to 9 previous errors; 1 warning emitted
[INFO] [stderr] warning: build failed, waiting for other jobs to finish...
[INFO] running `Command { std: "docker" "inspect" "7ce2a46aeb4e35a4241308e01ee713137aa5531919b489ada76a8027e3a4dff4", kill_on_drop: false }`
[INFO] running `Command { std: "docker" "rm" "-f" "7ce2a46aeb4e35a4241308e01ee713137aa5531919b489ada76a8027e3a4dff4", kill_on_drop: false }`
[INFO] [stdout] 7ce2a46aeb4e35a4241308e01ee713137aa5531919b489ada76a8027e3a4dff4
