[INFO] fetching crate database-replicator 7.2.2...
[INFO] testing database-replicator-7.2.2 against 1.99.0-beta.8+cargoflags=--release for beta-release-1.100-2
[INFO] extracting crate database-replicator 7.2.2 into /workspace/builds/worker-7-tc1/source
[INFO] started tweaking crates.io crate database-replicator 7.2.2
[INFO] removed 0 missing tests
[INFO] finished tweaking crates.io crate database-replicator 7.2.2
[INFO] tweaked toml for crates.io crate database-replicator 7.2.2 written to /workspace/builds/worker-7-tc1/source/Cargo.toml
[INFO] validating manifest of crates.io crate database-replicator 7.2.2 on toolchain 1.99.0-beta.8
[INFO] running `Command { std: CARGO_HOME="/workspace/cargo-home" RUSTUP_HOME="/workspace/rustup-home" "/workspace/cargo-home/bin/cargo" "+1.99.0-beta.8" "metadata" "--manifest-path" "Cargo.toml" "--no-deps", kill_on_drop: false }`
[INFO] crate crates.io crate database-replicator 7.2.2 already has a lockfile, it will not be regenerated
[INFO] running `Command { std: CARGO_HOME="/workspace/cargo-home" RUSTUP_HOME="/workspace/rustup-home" "/workspace/cargo-home/bin/cargo" "+1.99.0-beta.8" "fetch" "--manifest-path" "Cargo.toml", kill_on_drop: false }`
[INFO] [stderr]     Updating crates.io index
[INFO] [stderr]  Downloading crates ...
[INFO] [stderr]   Downloaded which v6.0.3
[INFO] [stderr]   Downloaded syn v2.0.113
[INFO] [stderr]   Downloaded libc v0.2.179
[INFO] [stderr]   Downloaded tokio-io-timeout v1.2.1
[INFO] [stderr]   Downloaded tokio-postgres v0.7.15
[INFO] [stderr]   Downloaded zmij v1.0.11
[INFO] [stderr]   Downloaded postgres-protocol v0.6.9
[INFO] [stderr]   Downloaded redox_syscall v0.7.0
[INFO] [stderr]   Downloaded postgres-types v0.2.11
[INFO] [stderr]   Downloaded serde_json v1.0.148
[INFO] [stderr]   Downloaded sqlite-watcher v0.1.0
[INFO] [stderr]   Downloaded rust_decimal v1.39.0
[INFO] [stderr]   Downloaded oneshot v0.1.11
[INFO] [stderr]   Downloaded rusqlite v0.30.0
[INFO] [stderr]   Downloaded postgres-native-tls v0.5.2
[INFO] [stderr]   Downloaded typed-builder v0.22.0
[INFO] [stderr]   Downloaded rustc_version_runtime v0.3.0
[INFO] [stderr]   Downloaded typed-builder-macro v0.22.0
[INFO] [stderr]   Downloaded macro_magic_macros v0.5.1
[INFO] [stderr]   Downloaded macro_magic v0.5.1
[INFO] [stderr]   Downloaded macro_magic_core_macros v0.5.1
[INFO] [stderr]   Downloaded macro_magic_core v0.5.1
[INFO] [stderr]   Downloaded derive-syn-parse v0.2.0
[INFO] [stderr]   Downloaded mongodb v3.4.1
[INFO] [stderr]   Downloaded mongodb-internal-macros v3.4.1
[INFO] [stderr]   Downloaded mongocrypt v0.3.2
[INFO] [stderr]   Downloaded mongocrypt-sys v0.1.5+1.15.1
[INFO] [stderr]   Downloaded moka v0.12.12
[INFO] [stderr]   Downloaded bson v2.15.0
[INFO] [stderr]   Downloaded dialoguer v0.11.0
[INFO] [stderr]   Downloaded indicatif v0.18.3
[INFO] running `Command { std: "docker" "create" "-v" "/var/lib/crater-agent-workspace/builds/worker-7-tc1/source:/opt/rustwide/workdir:ro,Z" "-v" "/var/lib/crater-agent-workspace/builds/worker-7-tc1/target:/opt/rustwide/target:rw,Z" "-v" "/var/lib/crater-agent-workspace/cargo-home:/opt/rustwide/cargo-home:ro,Z" "-v" "/var/lib/crater-agent-workspace/rustup-home:/opt/rustwide/rustup-home:ro,Z" "-m" "1610612736" "--network" "none" "ghcr.io/rust-lang/crates-build-env/linux@sha256:77db811e55d90add9212f6832c23229e3de5f1c1f9905e8cb07319ea15df73ac" "sleep" "infinity", kill_on_drop: false }`
[INFO] [stdout] 845278948de40eba55ec26ee1cbccc3dd63cac310a8509e479c470fde2211d83
[INFO] running `Command { std: "docker" "start" "845278948de40eba55ec26ee1cbccc3dd63cac310a8509e479c470fde2211d83", kill_on_drop: false }`
[INFO] running `Command { std: "docker" "inspect" "845278948de40eba55ec26ee1cbccc3dd63cac310a8509e479c470fde2211d83", kill_on_drop: false }`
[INFO] running `Command { std: "docker" "exec" "-e" "SOURCE_DIR=/opt/rustwide/workdir" "-e" "CARGO_HOME=/opt/rustwide/cargo-home" "-e" "RUSTUP_HOME=/opt/rustwide/rustup-home" "-e" "CARGO_TARGET_DIR=/opt/rustwide/target" "-w" "/opt/rustwide/workdir" "--user" "0:0" "845278948de40eba55ec26ee1cbccc3dd63cac310a8509e479c470fde2211d83" "/opt/rustwide/cargo-home/bin/cargo" "+1.99.0-beta.8" "metadata" "--no-deps" "--format-version=1", kill_on_drop: false }`
[INFO] running `Command { std: "docker" "inspect" "845278948de40eba55ec26ee1cbccc3dd63cac310a8509e479c470fde2211d83", kill_on_drop: false }`
[INFO] running `Command { std: "docker" "exec" "-e" "SOURCE_DIR=/opt/rustwide/workdir" "-e" "CARGO_HOME=/opt/rustwide/cargo-home" "-e" "RUSTUP_HOME=/opt/rustwide/rustup-home" "-e" "CARGO_TARGET_DIR=/opt/rustwide/target" "-e" "CARGO_INCREMENTAL=0" "-e" "RUST_BACKTRACE=full" "-e" "RUSTFLAGS=--cap-lints=warn" "-e" "RUSTDOCFLAGS=--cap-lints=warn" "-w" "/opt/rustwide/workdir" "--user" "0:0" "845278948de40eba55ec26ee1cbccc3dd63cac310a8509e479c470fde2211d83" "/opt/rustwide/cargo-home/bin/cargo" "+1.99.0-beta.8" "build" "--frozen" "--message-format=json" "--release", kill_on_drop: false }`
[INFO] [stderr]    Compiling proc-macro2 v1.0.105
[INFO] [stderr]    Compiling quote v1.0.43
[INFO] [stderr]    Compiling libc v0.2.179
[INFO] [stderr]    Compiling portable-atomic v1.13.0
[INFO] [stderr]    Compiling critical-section v1.2.0
[INFO] [stderr]    Compiling smallvec v1.15.1
[INFO] [stderr]    Compiling bytes v1.11.0
[INFO] [stderr]    Compiling find-msvc-tools v0.1.6
[INFO] [stderr]    Compiling zerocopy v0.8.31
[INFO] [stderr]    Compiling cc v1.2.51
[INFO] [stderr]    Compiling indexmap v2.12.1
[INFO] [stderr]    Compiling futures-io v0.3.31
[INFO] [stderr]    Compiling bitflags v2.10.0
[INFO] [stderr]    Compiling num-traits v0.2.19
[INFO] [stderr]    Compiling zmij v1.0.11
[INFO] [stderr]    Compiling syn v2.0.113
[INFO] [stderr]    Compiling once_cell v1.21.3
[INFO] [stderr]    Compiling parking_lot_core v0.9.12
[INFO] [stderr]    Compiling errno v0.3.14
[INFO] [stderr]    Compiling getrandom v0.3.4
[INFO] [stderr]    Compiling signal-hook-registry v1.4.8
[INFO] [stderr]    Compiling mio v1.1.1
[INFO] [stderr]    Compiling parking_lot v0.12.5
[INFO] [stderr]    Compiling socket2 v0.6.1
[INFO] [stderr]    Compiling tracing-core v0.1.36
[INFO] [stderr]    Compiling getrandom v0.2.16
[INFO] [stderr]    Compiling rand_core v0.9.3
[INFO] [stderr]    Compiling crunchy v0.2.4
[INFO] [stderr]    Compiling serde_json v1.0.148
[INFO] [stderr]    Compiling openssl-sys v0.9.111
[INFO] [stderr]    Compiling uuid v1.19.0
[INFO] [stderr]    Compiling tiny-keccak v2.0.2
[INFO] [stderr]    Compiling thiserror v2.0.17
[INFO] [stderr]    Compiling http v0.2.12
[INFO] [stderr]    Compiling sha2 v0.10.9
[INFO] [stderr]    Compiling unicode-normalization v0.1.25
[INFO] [stderr]    Compiling ppv-lite86 v0.2.21
[INFO] [stderr]    Compiling ring v0.17.14
[INFO] [stderr]    Compiling socket2 v0.5.10
[INFO] [stderr]    Compiling rand_chacha v0.9.0
[INFO] [stderr]    Compiling http-body v0.4.6
[INFO] [stderr]    Compiling rand v0.9.2
[INFO] [stderr]    Compiling const-random-macro v0.1.16
[INFO] [stderr]    Compiling stringprep v0.1.5
[INFO] [stderr]    Compiling const-random v0.1.18
[INFO] [stderr]    Compiling openssl v0.10.75
[INFO] [stderr]    Compiling md-5 v0.10.6
[INFO] [stderr]    Compiling hmac v0.12.1
[INFO] [stderr]    Compiling winnow v0.7.14
[INFO] [stderr]    Compiling native-tls v0.2.14
[INFO] [stderr]    Compiling regex-automata v0.4.13
[INFO] [stderr]    Compiling synstructure v0.13.2
[INFO] [stderr]    Compiling darling_core v0.20.11
[INFO] [stderr]    Compiling darling_core v0.21.3
[INFO] [stderr]    Compiling ahash v0.8.12
[INFO] [stderr]    Compiling rustls-pki-types v1.13.2
[INFO] [stderr]    Compiling rand_core v0.6.4
[INFO] [stderr]    Compiling libz-sys v1.1.23
[INFO] [stderr]    Compiling semver v1.0.27
[INFO] [stderr]    Compiling toml_parser v1.0.6+spec-1.1.0
[INFO] [stderr]    Compiling toml_datetime v0.7.5+spec-1.1.0
[INFO] [stderr]    Compiling tokio-macros v2.6.0
[INFO] [stderr]    Compiling zerofrom-derive v0.1.6
[INFO] [stderr]    Compiling futures-macro v0.3.31
[INFO] [stderr]    Compiling tokio v1.49.0
[INFO] [stderr]    Compiling yoke-derive v0.8.1
[INFO] [stderr]    Compiling serde_derive v1.0.228
[INFO] [stderr]    Compiling zerofrom v0.1.6
[INFO] [stderr]    Compiling futures-util v0.3.31
[INFO] [stderr]    Compiling zerovec-derive v0.11.2
[INFO] [stderr]    Compiling yoke v0.8.1
[INFO] [stderr]    Compiling displaydoc v0.2.5
[INFO] [stderr]    Compiling tracing-attributes v0.1.31
[INFO] [stderr]    Compiling zerotrie v0.2.3
[INFO] [stderr]    Compiling zerovec v0.11.5
[INFO] [stderr]    Compiling async-trait v0.1.89
[INFO] [stderr]    Compiling tracing v0.1.44
[INFO] [stderr]    Compiling tinystr v0.8.2
[INFO] [stderr]    Compiling icu_locale_core v2.1.1
[INFO] [stderr]    Compiling potential_utf v0.1.4
[INFO] [stderr]    Compiling thiserror-impl v2.0.17
[INFO] [stderr]    Compiling icu_collections v2.1.1
[INFO] [stderr]    Compiling serde v1.0.228
[INFO] [stderr]    Compiling icu_provider v2.1.1
[INFO] [stderr]    Compiling icu_normalizer v2.1.1
[INFO] [stderr]    Compiling icu_properties v2.1.2
[INFO] [stderr]    Compiling derive-syn-parse v0.2.0
[INFO] [stderr]    Compiling macro_magic_core_macros v0.5.1
[INFO] [stderr]    Compiling openssl-macros v0.1.1
[INFO] [stderr]    Compiling macro_magic_core v0.5.1
[INFO] [stderr]    Compiling postgres-protocol v0.6.9
[INFO] [stderr]    Compiling idna_adapter v1.2.1
[INFO] [stderr]    Compiling idna v1.1.0
[INFO] [stderr]    Compiling macro_magic_macros v0.5.1
[INFO] [stderr]    Compiling chrono v0.4.42
[INFO] [stderr]    Compiling tokio-util v0.7.18
[INFO] [stderr]    Compiling url v2.5.8
[INFO] [stderr]    Compiling h2 v0.3.27
[INFO] [stderr]    Compiling darling_macro v0.21.3
[INFO] [stderr]    Compiling darling_macro v0.20.11
[INFO] [stderr]    Compiling toml_edit v0.23.10+spec-1.0.0
[INFO] [stderr]    Compiling pin-project-internal v1.1.10
[INFO] [stderr]    Compiling rustc_version v0.4.1
[INFO] [stderr]    Compiling rand_chacha v0.3.1
[INFO] [stderr]    Compiling axum-core v0.3.4
[INFO] [stderr]    Compiling proc-macro-error-attr2 v2.0.0
[INFO] [stderr]    Compiling rustix v1.1.3
[INFO] [stderr]    Compiling rustls v0.23.36
[INFO] [stderr]    Compiling siphasher v1.0.1
[INFO] [stderr]    Compiling convert_case v0.10.0
[INFO] [stderr]    Compiling pin-project v1.1.10
[INFO] [stderr]    Compiling phf_shared v0.13.1
[INFO] [stderr]    Compiling time-macros v0.2.24
[INFO] [stderr]    Compiling proc-macro-error2 v2.0.1
[INFO] [stderr]    Compiling rand v0.8.5
[INFO] [stderr]    Compiling signal-hook v0.3.18
[INFO] [stderr]    Compiling rustc_version_runtime v0.3.0
[INFO] [stderr]    Compiling rustls-webpki v0.103.8
[INFO] [stderr]    Compiling tokio-native-tls v0.3.1
[INFO] [stderr]    Compiling proc-macro-crate v3.4.0
[INFO] [stderr]    Compiling darling v0.20.11
[INFO] [stderr]    Compiling darling v0.21.3
[INFO] [stderr]    Compiling postgres-types v0.2.11
[INFO] [stderr]    Compiling thiserror-impl v1.0.69
[INFO] [stderr]    Compiling hyper v0.14.32
[INFO] [stderr]    Compiling enum-as-inner v0.6.1
[INFO] [stderr]    Compiling num-integer v0.1.46
[INFO] [stderr]    Compiling crossbeam-epoch v0.9.18
[INFO] [stderr]    Compiling crossbeam-channel v0.5.15
[INFO] [stderr]    Compiling axum v0.6.20
[INFO] [stderr]    Compiling sha1 v0.10.6
[INFO] [stderr]    Compiling mio v0.8.11
[INFO] [stderr]    Compiling libsqlite3-sys v0.27.0
[INFO] [stderr]    Compiling slotmap v1.1.1
[INFO] [stderr]    Compiling mysql_common v0.35.5
[INFO] [stderr]    Compiling data-encoding v2.9.0
[INFO] [stderr]    Compiling linux-raw-sys v0.11.0
[INFO] [stderr]    Compiling tagptr v0.2.0
[INFO] [stderr]    Compiling sync_wrapper v0.1.2
[INFO] [stderr]    Compiling rustix v0.38.44
[INFO] [stderr]    Compiling hickory-proto v0.25.2
[INFO] [stderr]    Compiling mysql-common-derive v0.32.1
[INFO] [stderr]    Compiling moka v0.12.12
[INFO] [stderr]    Compiling time v0.3.44
[INFO] [stderr]    Compiling derive_more-impl v2.1.1
[INFO] [stderr]    Compiling signal-hook-mio v0.2.5
[INFO] [stderr]    Compiling thiserror v1.0.69
[INFO] [stderr]    Compiling num-bigint v0.4.6
[INFO] [stderr]    Compiling serde_with_macros v3.16.1
[INFO] [stderr]    Compiling tower v0.4.13
[INFO] [stderr]    Compiling flate2 v1.1.5
[INFO] [stderr]    Compiling phf v0.13.1
[INFO] [stderr]    Compiling tokio-io-timeout v1.2.1
[INFO] [stderr]    Compiling macro_magic v0.5.1
[INFO] [stderr]    Compiling toml_datetime v0.6.11
[INFO] [stderr]    Compiling serde_spanned v0.6.9
[INFO] [stderr]    Compiling regex v1.12.2
[INFO] [stderr]    Compiling typed-builder-macro v0.22.0
[INFO] [stderr]    Compiling async-stream-impl v0.3.6
[INFO] [stderr]    Compiling hashbrown v0.14.5
[INFO] [stderr]    Compiling btoi v0.4.3
[INFO] [stderr]    Compiling nanorand v0.7.0
[INFO] [stderr]    Compiling serde_bytes v0.11.19
[INFO] [stderr]    Compiling spin v0.9.8
[INFO] [stderr]    Compiling clap_lex v0.7.6
[INFO] [stderr]    Compiling rust_decimal v1.39.0
[INFO] [stderr]    Compiling saturating v0.1.0
[INFO] [stderr]    Compiling whoami v1.6.1
[INFO] [stderr]    Compiling unicode-segmentation v1.12.0
[INFO] [stderr]    Compiling tokio-postgres v0.7.15
[INFO] [stderr]    Compiling hashlink v0.8.4
[INFO] [stderr]    Compiling newline-converter v0.3.0
[INFO] [stderr]    Compiling serde_urlencoded v0.7.1
[INFO] [stderr]    Compiling dirs-sys v0.4.1
[INFO] [stderr]    Compiling tempfile v3.24.0
[INFO] [stderr]    Compiling tokio-rustls v0.26.4
[INFO] [stderr]    Compiling clap_builder v4.5.54
[INFO] [stderr]    Compiling bson v2.15.0
[INFO] [stderr]    Compiling toml_edit v0.22.27
[INFO] [stderr]    Compiling flume v0.11.1
[INFO] [stderr]    Compiling hickory-resolver v0.25.2
[INFO] [stderr]    Compiling typed-builder v0.22.0
[INFO] [stderr]    Compiling async-stream v0.3.6
[INFO] [stderr]    Compiling hyper-timeout v0.4.1
[INFO] [stderr]    Compiling mongodb-internal-macros v3.4.1
[INFO] [stderr]    Compiling derive_more v2.1.1
[INFO] [stderr]    Compiling serde_with v3.16.1
[INFO] [stderr]    Compiling hyper-tls v0.5.0
[INFO] [stderr]    Compiling crossterm v0.25.0
[INFO] [stderr]    Compiling lru v0.14.0
[INFO] [stderr]    Compiling fuzzy-matcher v0.3.7
[INFO] [stderr]    Compiling console v0.15.11
[INFO] [stderr]    Compiling console v0.16.2
[INFO] [stderr]    Compiling tokio-stream v0.1.18
[INFO] [stderr]    Compiling futures-executor v0.3.31
[INFO] [stderr]    Compiling matchers v0.2.0
[INFO] [stderr]    Compiling clap_derive v4.5.49
[INFO] [stderr]    Compiling derive-where v1.6.0
[INFO] [stderr]    Compiling webpki-roots v1.0.5
[INFO] [stderr]    Compiling fxhash v0.2.1
[INFO] [stderr]    Compiling tracing-log v0.2.0
[INFO] [stderr]    Compiling keyed_priority_queue v0.4.2
[INFO] [stderr]    Compiling pbkdf2 v0.12.2
[INFO] [stderr]    Compiling prost v0.12.6
[INFO] [stderr]    Compiling home v0.5.11
[INFO] [stderr]    Compiling oneshot v0.1.11
[INFO] [stderr]    Compiling shell-words v1.1.1
[INFO] [stderr]    Compiling fixedbitset v0.5.7
[INFO] [stderr]    Compiling take_mut v0.2.2
[INFO] [stderr]    Compiling arrayvec v0.7.6
[INFO] [stderr]    Compiling twox-hash v2.1.2
[INFO] [stderr]    Compiling unit-prefix v0.5.2
[INFO] [stderr]    Compiling indicatif v0.18.3
[INFO] [stderr]    Compiling mysql_async v0.36.1
[INFO] [stderr]    Compiling inquire v0.7.5
[INFO] [stderr]    Compiling rusqlite v0.30.0
[INFO] [stderr]    Compiling clap v4.5.54
[INFO] [stderr]    Compiling sqlite-watcher v0.1.0
[INFO] [stderr]    Compiling tonic v0.11.0
[INFO] [stderr]    Compiling which v6.0.3
[INFO] [stderr]    Compiling mongodb v3.4.1
[INFO] [stderr]    Compiling dialoguer v0.11.0
[INFO] [stderr]    Compiling tracing-subscriber v0.3.22
[INFO] [stderr]    Compiling reqwest v0.11.27
[INFO] [stderr]    Compiling futures v0.3.31
[INFO] [stderr]    Compiling toml v0.8.23
[INFO] [stderr]    Compiling postgres-native-tls v0.5.2
[INFO] [stderr]    Compiling dirs v5.0.1
[INFO] [stderr]    Compiling daemonize v0.5.0
[INFO] [stderr]    Compiling database-replicator v7.2.2 (/opt/rustwide/workdir)
[INFO] [stdout] error[E0433]: cannot find `watcher_proto` in `sqlite_watcher`
[INFO] [stdout]  --> src/commands/sync_sqlite.rs:3:21
[INFO] [stdout]   |
[INFO] [stdout] 3 | use sqlite_watcher::watcher_proto::watcher_client::WatcherClient;
[INFO] [stdout]   |                     ^^^^^^^^^^^^^ could not find `watcher_proto` in `sqlite_watcher`
[INFO] [stdout] 
[INFO] [stdout] 
[INFO] [stdout] error[E0432]: unresolved import `sqlite_watcher::watcher_proto`
[INFO] [stdout]  --> src/commands/sync_sqlite.rs:4:21
[INFO] [stdout]   |
[INFO] [stdout] 4 | use sqlite_watcher::watcher_proto::{
[INFO] [stdout]   |                     ^^^^^^^^^^^^^ could not find `watcher_proto` in `sqlite_watcher`
[INFO] [stdout] 
[INFO] [stdout] 
[INFO] [stdout] error[E0433]: cannot find `watcher_proto` in `sqlite_watcher`
[INFO] [stdout]    --> src/commands/sync_sqlite.rs:131:32
[INFO] [stdout]     |
[INFO] [stdout] 131 |     changes: &[sqlite_watcher::watcher_proto::Change],
[INFO] [stdout]     |                                ^^^^^^^^^^^^^ could not find `watcher_proto` in `sqlite_watcher`
[INFO] [stdout] 
[INFO] [stdout] 
[INFO] [stdout] warning: method call on a diverging inference variable
[INFO] [stdout]   --> src/commands/sync_sqlite.rs:47:10
[INFO] [stdout]    |
[INFO] [stdout] 47 |         .health_check(Request::new(HealthCheckRequest {}))
[INFO] [stdout]    |          ^^^^^^^^^^^^
[INFO] [stdout]    |
[INFO] [stdout]    = help: consider providing a type annotation
[INFO] [stdout]    = warning: this was previously accepted by the compiler but is being phased out; it will become a hard error in a future release!
[INFO] [stdout]    = note: for more information, see issue #156047 <https://github.com/rust-lang/rust/issues/156047>
[INFO] [stdout]    = note: `#[warn(method_call_on_diverging_infer_var)]` (part of `#[warn(future_incompatible)]`) on by default
[INFO] [stdout] 
[INFO] [stdout] 
[INFO] [stdout] error[E0599]: no method named `health_check` found for type `!` in the current scope
[INFO] [stdout]   --> src/commands/sync_sqlite.rs:47:10
[INFO] [stdout]    |
[INFO] [stdout] 46 | /     watcher
[INFO] [stdout] 47 | |         .health_check(Request::new(HealthCheckRequest {}))
[INFO] [stdout]    | |         -^^^^^^^^^^^^ method not found in `!`
[INFO] [stdout]    | |_________|
[INFO] [stdout]    |
[INFO] [stdout] 
[INFO] [stdout] 
[INFO] [stdout] error[E0599]: no method named `get_state` found for type `!` in the current scope
[INFO] [stdout]   --> src/commands/sync_sqlite.rs:51:10
[INFO] [stdout]    |
[INFO] [stdout] 50 |       let _ = watcher
[INFO] [stdout]    |  _____________-
[INFO] [stdout] 51 | |         .get_state(Request::new(GetStateRequest {
[INFO] [stdout]    | |         -^^^^^^^^^ method not found in `!`
[INFO] [stdout]    | |_________|
[INFO] [stdout]    |
[INFO] [stdout] 
[INFO] [stdout] 
[INFO] [stdout] warning: unreachable expression
[INFO] [stdout]   --> src/commands/sync_sqlite.rs:51:20
[INFO] [stdout]    |
[INFO] [stdout] 50 |       let _ = watcher
[INFO] [stdout]    |               ------- any code following this expression is unreachable
[INFO] [stdout] 51 |           .get_state(Request::new(GetStateRequest {
[INFO] [stdout]    |  ____________________^
[INFO] [stdout] 52 | |             table_name: GLOBAL_STATE_KEY.to_string(),
[INFO] [stdout] 53 | |         }))
[INFO] [stdout]    | |__________^ unreachable expression
[INFO] [stdout]    |
[INFO] [stdout]    = note: `#[warn(unreachable_code)]` (part of `#[warn(unused)]`) on by default
[INFO] [stdout] 
[INFO] [stdout] 
[INFO] [stdout] error[E0599]: no method named `list_changes` found for type `!` in the current scope
[INFO] [stdout]   --> src/commands/sync_sqlite.rs:67:14
[INFO] [stdout]    |
[INFO] [stdout] 66 |           let changes = watcher
[INFO] [stdout]    |  _______________________-
[INFO] [stdout] 67 | |             .list_changes(req)
[INFO] [stdout]    | |             -^^^^^^^^^^^^ method not found in `!`
[INFO] [stdout]    | |_____________|
[INFO] [stdout]    |
[INFO] [stdout] 
[INFO] [stdout] 
[INFO] [stdout] warning: unreachable expression
[INFO] [stdout]   --> src/commands/sync_sqlite.rs:67:27
[INFO] [stdout]    |
[INFO] [stdout] 66 |         let changes = watcher
[INFO] [stdout]    |                       ------- any code following this expression is unreachable
[INFO] [stdout] 67 |             .list_changes(req)
[INFO] [stdout]    |                           ^^^ unreachable expression
[INFO] [stdout] 
[INFO] [stdout] 
[INFO] [stdout] error[E0599]: no method named `ack_changes` found for type `!` in the current scope
[INFO] [stdout]   --> src/commands/sync_sqlite.rs:89:14
[INFO] [stdout]    |
[INFO] [stdout] 88 | /         watcher
[INFO] [stdout] 89 | |             .ack_changes(Request::new(AckChangesRequest {
[INFO] [stdout]    | |             -^^^^^^^^^^^ method not found in `!`
[INFO] [stdout]    | |_____________|
[INFO] [stdout]    |
[INFO] [stdout] 
[INFO] [stdout] 
[INFO] [stdout] warning: unreachable expression
[INFO] [stdout]   --> src/commands/sync_sqlite.rs:89:26
[INFO] [stdout]    |
[INFO] [stdout] 88 |           watcher
[INFO] [stdout]    |           ------- any code following this expression is unreachable
[INFO] [stdout] 89 |               .ack_changes(Request::new(AckChangesRequest {
[INFO] [stdout]    |  __________________________^
[INFO] [stdout] 90 | |                 up_to_change_id: max_id,
[INFO] [stdout] 91 | |             }))
[INFO] [stdout]    | |______________^ unreachable expression
[INFO] [stdout] 
[INFO] [stdout] 
[INFO] [stdout] error[E0599]: no method named `set_state` found for type `!` in the current scope
[INFO] [stdout]   --> src/commands/sync_sqlite.rs:97:14
[INFO] [stdout]    |
[INFO] [stdout] 96 | /         watcher
[INFO] [stdout] 97 | |             .set_state(Request::new(SetStateRequest {
[INFO] [stdout]    | |             -^^^^^^^^^ method not found in `!`
[INFO] [stdout]    | |_____________|
[INFO] [stdout]    |
[INFO] [stdout] 
[INFO] [stdout] 
[INFO] [stdout] warning: unreachable expression
[INFO] [stdout]    --> src/commands/sync_sqlite.rs:97:24
[INFO] [stdout]     |
[INFO] [stdout]  96 |           watcher
[INFO] [stdout]     |           ------- any code following this expression is unreachable
[INFO] [stdout]  97 |               .set_state(Request::new(SetStateRequest {
[INFO] [stdout]     |  ________________________^
[INFO] [stdout]  98 | |                 table_name: GLOBAL_STATE_KEY.to_string(),
[INFO] [stdout]  99 | |                 last_change_id: max_id,
[INFO] [stdout] 100 | |                 last_wal_frame: last_change.wal_frame.clone(),
[INFO] [stdout] 101 | |                 cursor: last_change.cursor.clone(),
[INFO] [stdout] 102 | |             }))
[INFO] [stdout]     | |______________^ unreachable expression
[INFO] [stdout] 
[INFO] [stdout] 
[INFO] [stderr] error: could not compile `mongodb` (lib)
[INFO] [stderr] 
[INFO] [stderr] Caused by:
[INFO] [stderr]   process didn't exit successfully: `/opt/rustwide/rustup-home/toolchains/1.99.0-beta.8-x86_64-unknown-linux-gnu/bin/rustc --crate-name mongodb --edition=2021 /opt/rustwide/cargo-home/registry/src/index.crates.io-1949cf8c6b5b557f/mongodb-3.4.1/src/lib.rs --error-format=json --json=diagnostic-rendered-ansi,artifacts,future-incompat --crate-type lib --emit=dep-info,metadata,link -C opt-level=3 -C embed-bitcode=no --cfg 'feature="bson-2"' --cfg 'feature="compat-3-0-0"' --cfg 'feature="compat-3-3-0"' --cfg 'feature="default"' --cfg 'feature="dns-resolver"' --cfg 'feature="rustls-tls"' --check-cfg 'cfg(docsrs,test)' --check-cfg 'cfg(feature, values("aws-auth", "azure-kms", "azure-oidc", "bson-2", "bson-3", "cert-key-password", "compat-3-0-0", "compat-3-3-0", "default", "dns-resolver", "error-backtrace", "gcp-kms", "gcp-oidc", "gssapi-auth", "in-use-encryption", "in-use-encryption-unstable", "openssl-tls", "opentelemetry", "rustls-tls", "snappy-compression", "sync", "text-indexes-unstable", "tracing-unstable", "zlib-compression", "zstd-compression"))' -C metadata=6ba03151e93e7761 -C extra-filename=-d6a0bc09fa042191 --out-dir /opt/rustwide/target/release/deps -C strip=debuginfo -L dependency=/opt/rustwide/target/release/deps --extern base64=/opt/rustwide/target/release/deps/libbase64-5ba8d8f2fe9c6ccd.rmeta --extern bitflags=/opt/rustwide/target/release/deps/libbitflags-4b509395af94d244.rmeta --extern bson2=/opt/rustwide/target/release/deps/libbson-0550c083f4996651.rmeta --extern derive_where=/opt/rustwide/target/release/deps/libderive_where-3c8977b889f31ffd.so --extern derive_more=/opt/rustwide/target/release/deps/libderive_more-530cf439697db22b.rmeta --extern futures_core=/opt/rustwide/target/release/deps/libfutures_core-66c9efc205c292af.rmeta --extern futures_io=/opt/rustwide/target/release/deps/libfutures_io-19ff2883c7873987.rmeta --extern futures_util=/opt/rustwide/target/release/deps/libfutures_util-8aed0a0be912f087.rmeta --extern hex=/opt/rustwide/target/release/deps/libhex-ffa975566df5dac7.rmeta --extern hickory_proto=/opt/rustwide/target/release/deps/libhickory_proto-3868cb1f7758dbf0.rmeta --extern hickory_resolver=/opt/rustwide/target/release/deps/libhickory_resolver-3e6de68e1f28d9ee.rmeta --extern hmac=/opt/rustwide/target/release/deps/libhmac-9e7329f84d864994.rmeta --extern macro_magic=/opt/rustwide/target/release/deps/libmacro_magic-dc8d45ef7846eeb0.rmeta --extern md5=/opt/rustwide/target/release/deps/libmd5-6cefd9eef618c64b.rmeta --extern mongodb_internal_macros=/opt/rustwide/target/release/deps/libmongodb_internal_macros-9334a7e59c08c693.so --extern pbkdf2=/opt/rustwide/target/release/deps/libpbkdf2-198f1d364425fc76.rmeta --extern percent_encoding=/opt/rustwide/target/release/deps/libpercent_encoding-6ee9e8dd7e10ccaa.rmeta --extern rand=/opt/rustwide/target/release/deps/librand-17a3bdf6ba864b50.rmeta --extern rustc_version_runtime=/opt/rustwide/target/release/deps/librustc_version_runtime-2e16674352b2f6fd.rmeta --extern rustls=/opt/rustwide/target/release/deps/librustls-6b3fb8dfd5348e76.rmeta --extern rustversion=/opt/rustwide/target/release/deps/librustversion-a45ae3a9c84ec2c2.so --extern serde=/opt/rustwide/target/release/deps/libserde-15971fcea704e60d.rmeta --extern serde_bytes=/opt/rustwide/target/release/deps/libserde_bytes-93501cf7e7e463ea.rmeta --extern serde_with=/opt/rustwide/target/release/deps/libserde_with-39368eff77195b6b.rmeta --extern sha1=/opt/rustwide/target/release/deps/libsha1-45f808a2c5ebec44.rmeta --extern sha2=/opt/rustwide/target/release/deps/libsha2-7de8a011db518b7c.rmeta --extern socket2=/opt/rustwide/target/release/deps/libsocket2-400d65e32d9a08bd.rmeta --extern stringprep=/opt/rustwide/target/release/deps/libstringprep-60cfbff33d8b595d.rmeta --extern strsim=/opt/rustwide/target/release/deps/libstrsim-59d8e27f2067b49a.rmeta --extern take_mut=/opt/rustwide/target/release/deps/libtake_mut-33a2f7969700b798.rmeta --extern thiserror=/opt/rustwide/target/release/deps/libthiserror-3c5802a011709b0d.rmeta --extern tokio=/opt/rustwide/target/release/deps/libtokio-ac4f5e9f8b695dee.rmeta --extern tokio_rustls=/opt/rustwide/target/release/deps/libtokio_rustls-a899a0592bc63b48.rmeta --extern tokio_util=/opt/rustwide/target/release/deps/libtokio_util-c0c5311f1a5ee967.rmeta --extern typed_builder=/opt/rustwide/target/release/deps/libtyped_builder-315965f246ea6920.rmeta --extern uuid=/opt/rustwide/target/release/deps/libuuid-7a52a7f1d40e8b2a.rmeta --extern webpki_roots=/opt/rustwide/target/release/deps/libwebpki_roots-565e8f2a91be3e66.rmeta --cap-lints allow --cap-lints=warn -L native=/opt/rustwide/target/release/build/ring-50a31bfd87c0aa63/out` (signal: 9, SIGKILL: kill)
[INFO] [stderr] warning: build failed, waiting for other jobs to finish...
[INFO] [stdout] Some errors have detailed explanations: E0432, E0433, E0599.
[INFO] [stdout] 
[INFO] [stdout] For more information about an error, try `rustc --explain E0432`.
[INFO] [stdout] 
[INFO] [stderr] error: could not compile `database-replicator` (lib) due to 8 previous errors; 6 warnings emitted
[INFO] running `Command { std: "docker" "inspect" "845278948de40eba55ec26ee1cbccc3dd63cac310a8509e479c470fde2211d83", kill_on_drop: false }`
[INFO] running `Command { std: "docker" "rm" "-f" "845278948de40eba55ec26ee1cbccc3dd63cac310a8509e479c470fde2211d83", kill_on_drop: false }`
[INFO] [stdout] 845278948de40eba55ec26ee1cbccc3dd63cac310a8509e479c470fde2211d83
