[INFO] fetching crate darwin-webkit 0.2.0...
[INFO] testing darwin-webkit-0.2.0 against 1.99.0-beta.8+cargoflags=--release for beta-release-1.100-2
[INFO] extracting crate darwin-webkit 0.2.0 into /workspace/builds/worker-6-tc1/source
[INFO] started tweaking crates.io crate darwin-webkit 0.2.0
[INFO] finished tweaking crates.io crate darwin-webkit 0.2.0
[INFO] tweaked toml for crates.io crate darwin-webkit 0.2.0 written to /workspace/builds/worker-6-tc1/source/Cargo.toml
[INFO] validating manifest of crates.io crate darwin-webkit 0.2.0 on toolchain 1.99.0-beta.8
[INFO] running `Command { std: CARGO_HOME="/workspace/cargo-home" RUSTUP_HOME="/workspace/rustup-home" "/workspace/cargo-home/bin/cargo" "+1.99.0-beta.8" "metadata" "--manifest-path" "Cargo.toml" "--no-deps", kill_on_drop: false }`
[INFO] crate crates.io crate darwin-webkit 0.2.0 already has a lockfile, it will not be regenerated
[INFO] running `Command { std: CARGO_HOME="/workspace/cargo-home" RUSTUP_HOME="/workspace/rustup-home" "/workspace/cargo-home/bin/cargo" "+1.99.0-beta.8" "fetch" "--manifest-path" "Cargo.toml", kill_on_drop: false }`
[INFO] [stderr] warning: Cargo.toml: `package.edition` is unspecified, defaulting to `2015` while the latest is `2024`
[INFO] [stderr] warning: `darwin-webkit` (manifest) generated 1 warning
[INFO] [stderr]  Downloading crates ...
[INFO] [stderr]   Downloaded serde v1.0.192
[INFO] [stderr]   Downloaded core-graphics-types v0.1.2
[INFO] [stderr]   Downloaded clap_lex v0.6.0
[INFO] [stderr]   Downloaded foreign-types-macros v0.2.3
[INFO] [stderr]   Downloaded wasm-bindgen-shared v0.2.88
[INFO] [stderr]   Downloaded serde_derive v1.0.192
[INFO] [stderr]   Downloaded wasm-bindgen-macro v0.2.88
[INFO] [stderr]   Downloaded errno v0.3.6
[INFO] [stderr]   Downloaded anstyle v1.0.4
[INFO] [stderr]   Downloaded wasm-bindgen-macro-support v0.2.88
[INFO] [stderr]   Downloaded core-graphics v0.23.1
[INFO] [stderr]   Downloaded core-foundation v0.9.3
[INFO] [stderr]   Downloaded proc-macro2 v1.0.69
[INFO] [stderr]   Downloaded wasm-bindgen-backend v0.2.88
[INFO] [stderr]   Downloaded bitflags v2.4.1
[INFO] [stderr]   Downloaded cocoa v0.25.0
[INFO] [stderr]   Downloaded num-traits v0.2.17
[INFO] [stderr]   Downloaded js-sys v0.3.65
[INFO] [stderr]   Downloaded clap v4.4.8
[INFO] [stderr]   Downloaded memchr v2.6.4
[INFO] [stderr]   Downloaded serde_json v1.0.108
[INFO] [stderr]   Downloaded syn v2.0.39
[INFO] [stderr]   Downloaded clap_builder v4.4.8
[INFO] [stderr]   Downloaded aho-corasick v1.1.2
[INFO] [stderr]   Downloaded wasm-bindgen v0.2.88
[INFO] [stderr]   Downloaded regex v1.10.2
[INFO] [stderr]   Downloaded regex-syntax v0.8.2
[INFO] [stderr]   Downloaded rustix v0.38.24
[INFO] [stderr]   Downloaded regex-automata v0.4.3
[INFO] [stderr]   Downloaded libc v0.2.150
[INFO] [stderr]   Downloaded web-sys v0.3.65
[INFO] [stderr]   Downloaded linux-raw-sys v0.4.11
[INFO] running `Command { std: "docker" "create" "-v" "/var/lib/crater-agent-workspace/builds/worker-6-tc1/source:/opt/rustwide/workdir:ro,Z" "-v" "/var/lib/crater-agent-workspace/builds/worker-6-tc1/target:/opt/rustwide/target:rw,Z" "-v" "/var/lib/crater-agent-workspace/cargo-home:/opt/rustwide/cargo-home:ro,Z" "-v" "/var/lib/crater-agent-workspace/rustup-home:/opt/rustwide/rustup-home:ro,Z" "-m" "1610612736" "--network" "none" "ghcr.io/rust-lang/crates-build-env/linux@sha256:77db811e55d90add9212f6832c23229e3de5f1c1f9905e8cb07319ea15df73ac" "sleep" "infinity", kill_on_drop: false }`
[INFO] [stdout] 948606985bcf79ab9dc6d55e6d64cb1122e07066105e32df7066e0811bf76f40
[INFO] running `Command { std: "docker" "start" "948606985bcf79ab9dc6d55e6d64cb1122e07066105e32df7066e0811bf76f40", kill_on_drop: false }`
[INFO] running `Command { std: "docker" "inspect" "948606985bcf79ab9dc6d55e6d64cb1122e07066105e32df7066e0811bf76f40", kill_on_drop: false }`
[INFO] running `Command { std: "docker" "exec" "-e" "SOURCE_DIR=/opt/rustwide/workdir" "-e" "CARGO_HOME=/opt/rustwide/cargo-home" "-e" "RUSTUP_HOME=/opt/rustwide/rustup-home" "-e" "CARGO_TARGET_DIR=/opt/rustwide/target" "-w" "/opt/rustwide/workdir" "--user" "0:0" "948606985bcf79ab9dc6d55e6d64cb1122e07066105e32df7066e0811bf76f40" "/opt/rustwide/cargo-home/bin/cargo" "+1.99.0-beta.8" "metadata" "--no-deps" "--format-version=1", kill_on_drop: false }`
[INFO] running `Command { std: "docker" "inspect" "948606985bcf79ab9dc6d55e6d64cb1122e07066105e32df7066e0811bf76f40", kill_on_drop: false }`
[INFO] running `Command { std: "docker" "exec" "-e" "SOURCE_DIR=/opt/rustwide/workdir" "-e" "CARGO_HOME=/opt/rustwide/cargo-home" "-e" "RUSTUP_HOME=/opt/rustwide/rustup-home" "-e" "CARGO_TARGET_DIR=/opt/rustwide/target" "-e" "CARGO_INCREMENTAL=0" "-e" "RUST_BACKTRACE=full" "-e" "RUSTFLAGS=--cap-lints=warn" "-e" "RUSTDOCFLAGS=--cap-lints=warn" "-w" "/opt/rustwide/workdir" "--user" "0:0" "948606985bcf79ab9dc6d55e6d64cb1122e07066105e32df7066e0811bf76f40" "/opt/rustwide/cargo-home/bin/cargo" "+1.99.0-beta.8" "build" "--frozen" "--message-format=json" "--release", kill_on_drop: false }`
[INFO] [stderr] warning: Cargo.toml: `package.edition` is unspecified, defaulting to `2015` while the latest is `2024`
[INFO] [stderr] warning: `darwin-webkit` (manifest) generated 1 warning
[INFO] [stderr]    Compiling darwin-webkit v0.2.0 (/opt/rustwide/workdir)
[INFO] [stdout] error[E0463]: can't find crate for `cocoa`
[INFO] [stdout]   --> src/lib.rs:28:1
[INFO] [stdout]    |
[INFO] [stdout] 28 | extern crate cocoa;
[INFO] [stdout]    | ^^^^^^^^^^^^^^^^^^^ can't find crate
[INFO] [stdout] 
[INFO] [stdout] 
[INFO] [stdout] error[E0463]: can't find crate for `core_graphics`
[INFO] [stdout]   --> src/lib.rs:29:1
[INFO] [stdout]    |
[INFO] [stdout] 29 | extern crate core_graphics;
[INFO] [stdout]    | ^^^^^^^^^^^^^^^^^^^^^^^^^^^ can't find crate
[INFO] [stdout] 
[INFO] [stdout] 
[INFO] [stdout] error[E0463]: can't find crate for `objc`
[INFO] [stdout]   --> src/lib.rs:32:1
[INFO] [stdout]    |
[INFO] [stdout] 32 | extern crate objc;
[INFO] [stdout]    | ^^^^^^^^^^^^^^^^^^ can't find crate
[INFO] [stdout] 
[INFO] [stdout] 
[INFO] [stdout] error[E0463]: can't find crate for `block`
[INFO] [stdout]   --> src/lib.rs:33:1
[INFO] [stdout]    |
[INFO] [stdout] 33 | extern crate block;
[INFO] [stdout]    | ^^^^^^^^^^^^^^^^^^^ can't find crate
[INFO] [stdout] 
[INFO] [stdout] 
[INFO] [stdout] For more information about this error, try `rustc --explain E0463`.
[INFO] [stdout] 
[INFO] [stderr] error: could not compile `darwin-webkit` (lib) due to 4 previous errors
[INFO] running `Command { std: "docker" "inspect" "948606985bcf79ab9dc6d55e6d64cb1122e07066105e32df7066e0811bf76f40", kill_on_drop: false }`
[INFO] running `Command { std: "docker" "rm" "-f" "948606985bcf79ab9dc6d55e6d64cb1122e07066105e32df7066e0811bf76f40", kill_on_drop: false }`
[INFO] [stdout] 948606985bcf79ab9dc6d55e6d64cb1122e07066105e32df7066e0811bf76f40
