[INFO] fetching crate dars 0.1.0...
[INFO] testing dars-0.1.0 against 1.99.0-beta.8+cargoflags=--release for beta-release-1.100-2
[INFO] extracting crate dars 0.1.0 into /workspace/builds/worker-1-tc1/source
[INFO] started tweaking crates.io crate dars 0.1.0
[INFO] finished tweaking crates.io crate dars 0.1.0
[INFO] tweaked toml for crates.io crate dars 0.1.0 written to /workspace/builds/worker-1-tc1/source/Cargo.toml
[INFO] validating manifest of crates.io crate dars 0.1.0 on toolchain 1.99.0-beta.8
[INFO] running `Command { std: CARGO_HOME="/workspace/cargo-home" RUSTUP_HOME="/workspace/rustup-home" "/workspace/cargo-home/bin/cargo" "+1.99.0-beta.8" "metadata" "--manifest-path" "Cargo.toml" "--no-deps", kill_on_drop: false }`
[INFO] running `Command { std: CARGO_HOME="/workspace/cargo-home" RUSTUP_HOME="/workspace/rustup-home" "/workspace/cargo-home/bin/cargo" "+1.99.0-beta.8" "generate-lockfile" "--manifest-path" "Cargo.toml", kill_on_drop: false }`
[INFO] [stderr]     Updating crates.io index
[INFO] [stderr]     Blocking waiting for file lock on package cache
[INFO] [stderr]      Locking 37 packages to highest compatible versions
[INFO] [stderr]       Adding ndarray v0.10.14 (available: v0.17.2)
[INFO] [stderr]       Adding ndarray-linalg v0.6.2 (available: v0.18.1)
[INFO] [stderr]       Adding ndarray-rand v0.6.1 (available: v0.16.0)
[INFO] [stderr]       Adding num-complex v0.1.44 (available: v0.4.6)
[INFO] [stderr]       Adding procedurals v0.2.3 (available: v0.3.1)
[INFO] [stderr]       Adding rand v0.3.23 (available: v0.10.3)
[INFO] running `Command { std: CARGO_HOME="/workspace/cargo-home" RUSTUP_HOME="/workspace/rustup-home" "/workspace/cargo-home/bin/cargo" "+1.99.0-beta.8" "fetch" "--manifest-path" "Cargo.toml", kill_on_drop: false }`
[INFO] [stderr] warning: Cargo.toml: `package.edition` is unspecified, defaulting to `2015` while the latest is `2024`
[INFO] [stderr] warning: `dars` (manifest) generated 1 warning
[INFO] [stderr]     Blocking waiting for file lock on package cache
[INFO] [stderr]     Blocking waiting for file lock on package cache
[INFO] [stderr]  Downloading crates ...
[INFO] [stderr]   Downloaded procedurals v0.2.3
[INFO] [stderr]   Downloaded rustc-serialize v0.3.25
[INFO] [stderr]   Downloaded num-complex v0.1.44
[INFO] [stderr]   Downloaded ndarray-rand v0.6.1
[INFO] [stderr]   Downloaded rawpointer v0.1.0
[INFO] [stderr]   Downloaded enum-error-derive v0.1.1
[INFO] [stderr]   Downloaded derive-new v0.4.0
[INFO] [stderr]   Downloaded num-traits v0.1.43
[INFO] [stderr]   Downloaded unicode-xid v0.0.3
[INFO] [stderr]   Downloaded quote v0.2.3
[INFO] [stderr]   Downloaded matrixmultiply v0.1.15
[INFO] [stderr]   Downloaded blas-sys v0.6.9
[INFO] [stderr]   Downloaded ndarray-linalg v0.6.2
[INFO] [stderr]   Downloaded syn v0.8.7
[INFO] [stderr]   Downloaded ndarray v0.10.14
[INFO] [stderr]   Downloaded lapack v0.13.2
[INFO] [stderr]   Downloaded lapack-sys v0.11.7
[INFO] [stderr]   Downloaded ndarray-odeint v0.7.0
[INFO] [stderr]   Downloaded openblas-src v0.5.6
[INFO] running `Command { std: "docker" "create" "-v" "/var/lib/crater-agent-workspace/builds/worker-1-tc1/source:/opt/rustwide/workdir:ro,Z" "-v" "/var/lib/crater-agent-workspace/builds/worker-1-tc1/target:/opt/rustwide/target:rw,Z" "-v" "/var/lib/crater-agent-workspace/cargo-home:/opt/rustwide/cargo-home:ro,Z" "-v" "/var/lib/crater-agent-workspace/rustup-home:/opt/rustwide/rustup-home:ro,Z" "-m" "1610612736" "--network" "none" "ghcr.io/rust-lang/crates-build-env/linux@sha256:77db811e55d90add9212f6832c23229e3de5f1c1f9905e8cb07319ea15df73ac" "sleep" "infinity", kill_on_drop: false }`
[INFO] [stdout] d4a2b34b354980a8db207a6955b59580091b1de74eda16745efeba4127ecc5e2
[INFO] running `Command { std: "docker" "start" "d4a2b34b354980a8db207a6955b59580091b1de74eda16745efeba4127ecc5e2", kill_on_drop: false }`
[INFO] running `Command { std: "docker" "inspect" "d4a2b34b354980a8db207a6955b59580091b1de74eda16745efeba4127ecc5e2", kill_on_drop: false }`
[INFO] running `Command { std: "docker" "exec" "-e" "SOURCE_DIR=/opt/rustwide/workdir" "-e" "CARGO_HOME=/opt/rustwide/cargo-home" "-e" "RUSTUP_HOME=/opt/rustwide/rustup-home" "-e" "CARGO_TARGET_DIR=/opt/rustwide/target" "-w" "/opt/rustwide/workdir" "--user" "0:0" "d4a2b34b354980a8db207a6955b59580091b1de74eda16745efeba4127ecc5e2" "/opt/rustwide/cargo-home/bin/cargo" "+1.99.0-beta.8" "metadata" "--no-deps" "--format-version=1", kill_on_drop: false }`
[INFO] running `Command { std: "docker" "inspect" "d4a2b34b354980a8db207a6955b59580091b1de74eda16745efeba4127ecc5e2", kill_on_drop: false }`
[INFO] running `Command { std: "docker" "exec" "-e" "SOURCE_DIR=/opt/rustwide/workdir" "-e" "CARGO_HOME=/opt/rustwide/cargo-home" "-e" "RUSTUP_HOME=/opt/rustwide/rustup-home" "-e" "CARGO_TARGET_DIR=/opt/rustwide/target" "-e" "CARGO_INCREMENTAL=0" "-e" "RUST_BACKTRACE=full" "-e" "RUSTFLAGS=--cap-lints=warn" "-e" "RUSTDOCFLAGS=--cap-lints=warn" "-w" "/opt/rustwide/workdir" "--user" "0:0" "d4a2b34b354980a8db207a6955b59580091b1de74eda16745efeba4127ecc5e2" "/opt/rustwide/cargo-home/bin/cargo" "+1.99.0-beta.8" "build" "--frozen" "--message-format=json" "--release", kill_on_drop: false }`
[INFO] [stderr] warning: Cargo.toml: `package.edition` is unspecified, defaulting to `2015` while the latest is `2024`
[INFO] [stderr] warning: `dars` (manifest) generated 1 warning
[INFO] [stderr]    Compiling num-complex v0.1.44
[INFO] [stderr]    Compiling matrixmultiply v0.1.15
[INFO] [stderr]    Compiling rustc-serialize v0.3.25
[INFO] [stderr]    Compiling unicode-xid v0.0.4
[INFO] [stderr]    Compiling openblas-src v0.5.6
[INFO] [stderr]    Compiling quote v0.3.15
[INFO] [stderr]    Compiling ndarray v0.10.14
[INFO] [stderr]    Compiling either v1.19.0
[INFO] [stderr]    Compiling rawpointer v0.1.0
[INFO] [stderr]    Compiling blas-sys v0.6.9
[INFO] [stderr]    Compiling rand v0.4.6
[INFO] [stderr]    Compiling quote v0.2.3
[INFO] [stderr]    Compiling unicode-xid v0.0.3
[INFO] [stderr]    Compiling num-traits v0.1.43
[INFO] [stderr]    Compiling synom v0.11.3
[INFO] [stderr]    Compiling syn v0.11.11
[INFO] [stderr]    Compiling syn v0.8.7
[INFO] [stderr]    Compiling itertools v0.7.11
[INFO] [stderr] error: failed to run custom build command for `openblas-src v0.5.6`
[INFO] [stderr] note: To improve backtraces for build dependencies, set the CARGO_PROFILE_RELEASE_BUILD_OVERRIDE_DEBUG=true environment variable to enable debug information generation.
[INFO] [stderr] 
[INFO] [stderr] Caused by:
[INFO] [stderr]   process didn't exit successfully: `/opt/rustwide/target/release/build/openblas-src-acb2f8198900b972/build-script-build` (exit status: 101)
[INFO] [stderr]   --- stdout
[INFO] [stderr]   Running: `cd "source" && "make" "libs" "netlib" "shared" "BINARY=64" "YES_CBLAS=1" "YES_LAPACKE=1" "-j16"`
[INFO] [stderr] 
[INFO] [stderr]   --- stderr
[INFO] [stderr]   /usr/bin/x86_64-linux-gnu-ld.bfd: cannot open output file getarch: Read-only file system
[INFO] [stderr]   collect2: error: ld returned 1 exit status
[INFO] [stderr]   make[1]: *** [Makefile.prebuild:54: getarch] Error 1
[INFO] [stderr]   Makefile.system:171: Makefile.conf: No such file or directory
[INFO] [stderr]   make: *** No rule to make target 'Makefile.conf'.  Stop.
[INFO] [stderr] 
[INFO] [stderr]   thread 'main' (275) panicked at /opt/rustwide/cargo-home/registry/src/index.crates.io-1949cf8c6b5b557f/openblas-src-0.5.6/build.rs:50:13:
[INFO] [stderr]   Failed: `cd "source" && "make" "libs" "netlib" "shared" "BINARY=64" "YES_CBLAS=1" "YES_LAPACKE=1" "-j16"` (exit status: 2)
[INFO] [stderr]   stack backtrace:
[INFO] [stderr]      0:     0x5f580e673341 - <<std[70759c8f55707aa4]::sys::backtrace::BacktraceLock>::print::DisplayBacktrace as core[df12db4294e9bfd3]::fmt::Display>::fmt
[INFO] [stderr]      1:     0x5f580e685e5a - core[df12db4294e9bfd3]::fmt::write
[INFO] [stderr]      2:     0x5f580e6784cc - <std[70759c8f55707aa4]::sys::stdio::unix::Stderr as core[df12db4294e9bfd3]::io::write::Write>::write_fmt
[INFO] [stderr]      3:     0x5f580e656ba6 - std[70759c8f55707aa4]::panicking::default_hook::{closure#0}
[INFO] [stderr]      4:     0x5f580e66f471 - std[70759c8f55707aa4]::panicking::default_hook
[INFO] [stderr]      5:     0x5f580e66f62b - std[70759c8f55707aa4]::panicking::panic_with_hook
[INFO] [stderr]      6:     0x5f580e656c52 - std[70759c8f55707aa4]::panicking::panic_handler::{closure#0}
[INFO] [stderr]      7:     0x5f580e64fc39 - std[70759c8f55707aa4]::sys::backtrace::__rust_end_short_backtrace::<std[70759c8f55707aa4]::panicking::panic_handler::{closure#0}, !>
[INFO] [stderr]      8:     0x5f580e6575cd - __rustc[8fa7c3cbc660c2b3]::rust_begin_unwind
[INFO] [stderr]      9:     0x5f580e68658c - core[df12db4294e9bfd3]::panicking::panic_fmt
[INFO] [stderr]     10:     0x5f580e641658 - build_script_build[1b1db114e0158f6c]::run
[INFO] [stderr]     11:     0x5f580e6420e3 - build_script_build[1b1db114e0158f6c]::main
[INFO] [stderr]     12:     0x5f580e64459b - <fn() as core[df12db4294e9bfd3]::ops::function::FnOnce<()>>::call_once
[INFO] [stderr]     13:     0x5f580e640cb6 - std[70759c8f55707aa4]::sys::backtrace::__rust_begin_short_backtrace::<fn(), ()>
[INFO] [stderr]     14:     0x5f580e641359 - std[70759c8f55707aa4]::rt::lang_start::<()>::{closure#0}
[INFO] [stderr]     15:     0x5f580e66e8a9 - std[70759c8f55707aa4]::rt::lang_start_internal
[INFO] [stderr]     16:     0x5f580e640501 - std[70759c8f55707aa4]::rt::lang_start::<()>
[INFO] [stderr]     17:     0x5f580e644655 - main
[INFO] [stderr]     18:     0x76574c68d601 - <unknown>
[INFO] [stderr]     19:     0x76574c68d718 - __libc_start_main
[INFO] [stderr]     20:     0x5f580e63ea45 - _start
[INFO] [stderr]     21:                0x0 - <unknown>
[INFO] [stderr] warning: build failed, waiting for other jobs to finish...
[INFO] running `Command { std: "docker" "inspect" "d4a2b34b354980a8db207a6955b59580091b1de74eda16745efeba4127ecc5e2", kill_on_drop: false }`
[INFO] running `Command { std: "docker" "rm" "-f" "d4a2b34b354980a8db207a6955b59580091b1de74eda16745efeba4127ecc5e2", kill_on_drop: false }`
[INFO] [stdout] d4a2b34b354980a8db207a6955b59580091b1de74eda16745efeba4127ecc5e2
