[INFO] fetching crate darpi-web 0.1.0-beta.1...
[INFO] testing darpi-web-0.1.0-beta.1 against 1.100.0-beta.1+cargoflags=--release for beta-release-1.100-2
[INFO] extracting crate darpi-web 0.1.0-beta.1 into /workspace/builds/worker-3-tc2/source
[INFO] started tweaking crates.io crate darpi-web 0.1.0-beta.1
[INFO] finished tweaking crates.io crate darpi-web 0.1.0-beta.1
[INFO] tweaked toml for crates.io crate darpi-web 0.1.0-beta.1 written to /workspace/builds/worker-3-tc2/source/Cargo.toml
[INFO] validating manifest of crates.io crate darpi-web 0.1.0-beta.1 on toolchain 1.100.0-beta.1
[INFO] running `Command { std: CARGO_HOME="/workspace/cargo-home" RUSTUP_HOME="/workspace/rustup-home" "/workspace/cargo-home/bin/cargo" "+1.100.0-beta.1" "metadata" "--manifest-path" "Cargo.toml" "--no-deps", kill_on_drop: false }`
[INFO] running `Command { std: CARGO_HOME="/workspace/cargo-home" RUSTUP_HOME="/workspace/rustup-home" "/workspace/cargo-home/bin/cargo" "+1.100.0-beta.1" "generate-lockfile" "--manifest-path" "Cargo.toml", kill_on_drop: false }`
[INFO] [stderr]     Updating crates.io index
[INFO] [stderr]      Locking 153 packages to highest compatible versions
[INFO] [stderr]       Adding base64 v0.13.1 (available: v0.23.1)
[INFO] [stderr]       Adding derive_more v0.99.20 (available: v2.1.1)
[INFO] [stderr]       Adding http v0.2.12 (available: v1.5.0)
[INFO] [stderr]       Adding hyper v0.14.32 (available: v1.12.0)
[INFO] [stderr]       Adding logos v0.11.4 (available: v0.16.1)
[INFO] [stderr]       Adding serde-xml-rs v0.4.1 (available: v0.8.2)
[INFO] [stderr]       Adding serde_yaml v0.8.26 (available: v0.9.34+deprecated)
[INFO] [stderr]       Adding sha1 v0.6.1 (available: v0.11.0)
[INFO] [stderr]       Adding tokio-tungstenite v0.14.0 (available: v0.30.0)
[INFO] running `Command { std: CARGO_HOME="/workspace/cargo-home" RUSTUP_HOME="/workspace/rustup-home" "/workspace/cargo-home/bin/cargo" "+1.100.0-beta.1" "fetch" "--manifest-path" "Cargo.toml", kill_on_drop: false }`
[INFO] running `Command { std: "docker" "create" "-v" "/var/lib/crater-agent-workspace/builds/worker-3-tc2/source:/opt/rustwide/workdir:ro,Z" "-v" "/var/lib/crater-agent-workspace/builds/worker-3-tc2/target:/opt/rustwide/target:rw,Z" "-v" "/var/lib/crater-agent-workspace/cargo-home:/opt/rustwide/cargo-home:ro,Z" "-v" "/var/lib/crater-agent-workspace/rustup-home:/opt/rustwide/rustup-home:ro,Z" "-m" "1610612736" "--network" "none" "ghcr.io/rust-lang/crates-build-env/linux@sha256:77db811e55d90add9212f6832c23229e3de5f1c1f9905e8cb07319ea15df73ac" "sleep" "infinity", kill_on_drop: false }`
[INFO] [stdout] 1d9e2325488c57cdcd7735e6129b36a6e08cc381dd78c30c8f66321eeecb6645
[INFO] running `Command { std: "docker" "start" "1d9e2325488c57cdcd7735e6129b36a6e08cc381dd78c30c8f66321eeecb6645", kill_on_drop: false }`
[INFO] running `Command { std: "docker" "inspect" "1d9e2325488c57cdcd7735e6129b36a6e08cc381dd78c30c8f66321eeecb6645", kill_on_drop: false }`
[INFO] running `Command { std: "docker" "exec" "-e" "SOURCE_DIR=/opt/rustwide/workdir" "-e" "CARGO_HOME=/opt/rustwide/cargo-home" "-e" "RUSTUP_HOME=/opt/rustwide/rustup-home" "-e" "CARGO_TARGET_DIR=/opt/rustwide/target" "-w" "/opt/rustwide/workdir" "--user" "0:0" "1d9e2325488c57cdcd7735e6129b36a6e08cc381dd78c30c8f66321eeecb6645" "/opt/rustwide/cargo-home/bin/cargo" "+1.100.0-beta.1" "metadata" "--no-deps" "--format-version=1", kill_on_drop: false }`
[INFO] running `Command { std: "docker" "inspect" "1d9e2325488c57cdcd7735e6129b36a6e08cc381dd78c30c8f66321eeecb6645", kill_on_drop: false }`
[INFO] running `Command { std: "docker" "exec" "-e" "SOURCE_DIR=/opt/rustwide/workdir" "-e" "CARGO_HOME=/opt/rustwide/cargo-home" "-e" "RUSTUP_HOME=/opt/rustwide/rustup-home" "-e" "CARGO_TARGET_DIR=/opt/rustwide/target" "-e" "CARGO_INCREMENTAL=0" "-e" "RUST_BACKTRACE=full" "-e" "RUSTFLAGS=--cap-lints=warn" "-e" "RUSTDOCFLAGS=--cap-lints=warn" "-w" "/opt/rustwide/workdir" "--user" "0:0" "1d9e2325488c57cdcd7735e6129b36a6e08cc381dd78c30c8f66321eeecb6645" "/opt/rustwide/cargo-home/bin/cargo" "+1.100.0-beta.1" "build" "--frozen" "--message-format=json" "--release", kill_on_drop: false }`
[INFO] [stderr]    Compiling stable_deref_trait v1.2.1
[INFO] [stderr]    Compiling serde_core v1.0.229
[INFO] [stderr]    Compiling smallvec v1.16.3
[INFO] [stderr]    Compiling litemap v0.8.3
[INFO] [stderr]    Compiling writeable v0.6.4
[INFO] [stderr]    Compiling icu_normalizer_data v2.3.0
[INFO] [stderr]    Compiling syn v3.0.9
[INFO] [stderr]    Compiling syn v2.0.119
[INFO] [stderr]    Compiling serde v1.0.229
[INFO] [stderr]    Compiling icu_properties_data v2.3.0
[INFO] [stderr]    Compiling utf8_iter v1.0.4
[INFO] [stderr]    Compiling syn v1.0.109
[INFO] [stderr]    Compiling generic-array v0.14.9
[INFO] [stderr]    Compiling bytes v1.12.1
[INFO] [stderr]    Compiling futures-core v0.3.34
[INFO] [stderr]    Compiling fnv v1.0.7
[INFO] [stderr]    Compiling futures-sink v0.3.34
[INFO] [stderr]    Compiling beef v0.4.4
[INFO] [stderr]    Compiling memchr v2.8.3
[INFO] [stderr]    Compiling utf8-ranges v1.0.5
[INFO] [stderr]    Compiling regex-syntax v0.6.29
[INFO] [stderr]    Compiling parking_lot_core v0.9.12
[INFO] [stderr]    Compiling futures-channel v0.3.34
[INFO] [stderr]    Compiling percent-encoding v2.3.2
[INFO] [stderr]    Compiling futures-task v0.3.34
[INFO] [stderr]    Compiling httparse v1.10.1
[INFO] [stderr]    Compiling scopeguard v1.2.0
[INFO] [stderr]    Compiling slab v0.4.12
[INFO] [stderr]    Compiling futures-io v0.3.34
[INFO] [stderr]    Compiling serde_json v1.0.154
[INFO] [stderr]    Compiling http v0.2.12
[INFO] [stderr]    Compiling lock_api v0.4.14
[INFO] [stderr]    Compiling form_urlencoded v1.2.2
[INFO] [stderr]    Compiling ppv-lite86 v0.2.21
[INFO] [stderr]    Compiling errno v0.3.14
[INFO] [stderr]    Compiling signal-hook-registry v1.4.8
[INFO] [stderr]    Compiling parking_lot v0.12.5
[INFO] [stderr]    Compiling rand_chacha v0.3.1
[INFO] [stderr]    Compiling block-buffer v0.9.0
[INFO] [stderr]    Compiling digest v0.9.0
[INFO] [stderr]    Compiling zmij v1.0.23
[INFO] [stderr]    Compiling indexmap v1.9.3
[INFO] [stderr]    Compiling num-traits v0.2.19
[INFO] [stderr]    Compiling mio v1.2.4
[INFO] [stderr]    Compiling socket2 v0.6.5
[INFO] [stderr]    Compiling sha-1 v0.9.8
[INFO] [stderr]    Compiling tracing-core v0.1.36
[INFO] [stderr]    Compiling logos-derive v0.11.5
[INFO] [stderr]    Compiling rand v0.8.8
[INFO] [stderr]    Compiling synstructure v0.14.0
[INFO] [stderr]    Compiling input_buffer v0.4.0
[INFO] [stderr]    Compiling byteorder v1.5.0
[INFO] [stderr]    Compiling base64 v0.13.1
[INFO] [stderr]    Compiling itoa v1.0.18
[INFO] [stderr]    Compiling try-lock v0.2.5
[INFO] [stderr]    Compiling utf-8 v0.7.6
[INFO] [stderr]    Compiling hashbrown v0.12.3
[INFO] [stderr]    Compiling ryu v1.0.23
[INFO] [stderr]    Compiling linked-hash-map v0.5.6
[INFO] [stderr]    Compiling want v0.3.2
[INFO] [stderr]    Compiling yaml-rust v0.4.5
[INFO] [stderr]    Compiling thiserror-impl v1.0.69
[INFO] [stderr]    Compiling pin-project-internal v1.1.13
[INFO] [stderr]    Compiling logos v0.11.4
[INFO] [stderr]    Compiling darpi-route v0.1.0
[INFO] [stderr]    Compiling tracing v0.1.44
[INFO] [stderr]    Compiling http-body v0.4.6
[INFO] [stderr]    Compiling zerofrom-derive v0.1.8
[INFO] [stderr]    Compiling yoke-derive v0.8.4
[INFO] [stderr]    Compiling zerovec-derive v0.11.6
[INFO] [stderr]    Compiling displaydoc v0.2.7
[INFO] [stderr]    Compiling serde_derive v1.0.229
[INFO] [stderr]    Compiling futures-macro v0.3.34
[INFO] [stderr]    Compiling thiserror v1.0.69
[INFO] [stderr]    Compiling tokio-macros v2.7.2
[INFO] [stderr]    Compiling pin-project v1.1.13
[INFO] [stderr]    Compiling tower-service v0.3.3
[INFO] [stderr]    Compiling futures-util v0.3.34
[INFO] [stderr]    Compiling xml-rs v0.8.29
[INFO] [stderr]    Compiling tokio v1.53.3
[INFO] [stderr]    Compiling iana-time-zone v0.1.65
[INFO] [stderr]    Compiling sha1_smol v1.0.1
[INFO] [stderr]    Compiling zerofrom v0.1.8
[INFO] [stderr]    Compiling yoke v0.8.3
[INFO] [stderr]    Compiling httpdate v1.0.3
[INFO] [stderr]    Compiling convert_case v0.4.0
[INFO] [stderr]    Compiling zerovec v0.11.8
[INFO] [stderr]    Compiling zerotrie v0.2.5
[INFO] [stderr]    Compiling derive_more v0.99.20
[INFO] [stderr]    Compiling tinystr v0.8.4
[INFO] [stderr]    Compiling potential_utf v0.1.6
[INFO] [stderr]    Compiling icu_collections v2.3.0
[INFO] [stderr]    Compiling icu_locale_core v2.3.0
[INFO] [stderr]    Compiling sha1 v0.6.1
[INFO] [stderr]    Compiling chrono v0.4.45
[INFO] [stderr]    Compiling icu_provider v2.3.1
[INFO] [stderr]    Compiling icu_properties v2.3.0
[INFO] [stderr]    Compiling icu_normalizer v2.3.0
[INFO] [stderr]    Compiling futures-executor v0.3.34
[INFO] [stderr]    Compiling serde_yaml v0.8.26
[INFO] [stderr]    Compiling darpi-code-gen v0.1.1-beta.1
[INFO] [stderr]    Compiling idna_adapter v1.2.2
[INFO] [stderr]    Compiling serde_urlencoded v0.7.1
[INFO] [stderr]    Compiling idna v1.1.0
[INFO] [stderr]    Compiling serde-xml-rs v0.4.1
[INFO] [stderr]    Compiling futures v0.3.34
[INFO] [stderr]    Compiling async-trait v0.1.92
[INFO] [stdout] error[E0277]: `LitStr` doesn't implement `Debug`
[INFO] [stdout]    --> /opt/rustwide/cargo-home/registry/src/index.crates.io-1949cf8c6b5b557f/darpi-code-gen-0.1.1-beta.1/src/app.rs:568:9
[INFO] [stdout]     |
[INFO] [stdout] 566 | #[derive(Debug)]
[INFO] [stdout]     |          ----- in this derive macro expansion
[INFO] [stdout] 567 | pub(crate) enum Address {
[INFO] [stdout] 568 |     Lit(LitStr),
[INFO] [stdout]     |         ^^^^^^ the trait `Debug` is not implemented for `LitStr`
[INFO] [stdout] 
[INFO] [stdout] 
[INFO] [stdout] error[E0277]: `ExprCall` doesn't implement `Debug`
[INFO] [stdout]    --> /opt/rustwide/cargo-home/registry/src/index.crates.io-1949cf8c6b5b557f/darpi-code-gen-0.1.1-beta.1/src/app.rs:594:5
[INFO] [stdout]     |
[INFO] [stdout] 592 | #[derive(Debug)]
[INFO] [stdout]     |          ----- in this derive macro expansion
[INFO] [stdout] 593 | pub(crate) struct Container {
[INFO] [stdout] 594 |     pub factory: ExprCall,
[INFO] [stdout]     |     ^^^^^^^^^^^^^^^^^^^^^ the trait `Debug` is not implemented for `ExprCall`
[INFO] [stdout] 
[INFO] [stdout] 
[INFO] [stdout] error[E0277]: `syn::Path` doesn't implement `Debug`
[INFO] [stdout]    --> /opt/rustwide/cargo-home/registry/src/index.crates.io-1949cf8c6b5b557f/darpi-code-gen-0.1.1-beta.1/src/app.rs:595:5
[INFO] [stdout]     |
[INFO] [stdout] 592 | #[derive(Debug)]
[INFO] [stdout]     |          ----- in this derive macro expansion
[INFO] [stdout] ...
[INFO] [stdout] 595 |     pub ttype: syn::Path,
[INFO] [stdout]     |     ^^^^^^^^^^^^^^^^^^^^ the trait `Debug` is not implemented for `syn::Path`
[INFO] [stdout] 
[INFO] [stdout] 
[INFO] [stdout] error[E0277]: `ExprCall` doesn't implement `Debug`
[INFO] [stdout]    --> /opt/rustwide/cargo-home/registry/src/index.crates.io-1949cf8c6b5b557f/darpi-code-gen-0.1.1-beta.1/src/app.rs:658:10
[INFO] [stdout]     |
[INFO] [stdout] 656 | #[derive(Debug)]
[INFO] [stdout]     |          ----- in this derive macro expansion
[INFO] [stdout] 657 | pub(crate) enum Func {
[INFO] [stdout] 658 |     Call(ExprCall),
[INFO] [stdout]     |          ^^^^^^^^ the trait `Debug` is not implemented for `ExprCall`
[INFO] [stdout] 
[INFO] [stdout] 
[INFO] [stdout] error[E0277]: `ExprPath` doesn't implement `Debug`
[INFO] [stdout]    --> /opt/rustwide/cargo-home/registry/src/index.crates.io-1949cf8c6b5b557f/darpi-code-gen-0.1.1-beta.1/src/app.rs:659:10
[INFO] [stdout]     |
[INFO] [stdout] 656 | #[derive(Debug)]
[INFO] [stdout]     |          ----- in this derive macro expansion
[INFO] [stdout] ...
[INFO] [stdout] 659 |     Path(ExprPath),
[INFO] [stdout]     |          ^^^^^^^^ the trait `Debug` is not implemented for `ExprPath`
[INFO] [stdout] 
[INFO] [stdout] 
[INFO] [stdout] error[E0277]: `syn::punctuated::Punctuated<Func, syn::token::Comma>` doesn't implement `Debug`
[INFO] [stdout]    --> /opt/rustwide/cargo-home/registry/src/index.crates.io-1949cf8c6b5b557f/darpi-code-gen-0.1.1-beta.1/src/app.rs:700:5
[INFO] [stdout]     |
[INFO] [stdout] 698 | #[derive(Debug)]
[INFO] [stdout]     |          ----- in this derive macro expansion
[INFO] [stdout] 699 | pub(crate) struct ReqResArray {
[INFO] [stdout] 700 |     pub request: Option<Punctuated<Func, token::Comma>>,
[INFO] [stdout]     |     ^^^^^^^^^^^^^^^^^^^^^^^^^^^^^^^^^^^^^^^^^^^^^^^^^^^ the trait `Debug` is not implemented for `syn::punctuated::Punctuated<Func, syn::token::Comma>`
[INFO] [stdout]     |
[INFO] [stdout] help: the trait `Debug` is conditionally implemented for `Option<T>`
[INFO] [stdout]    --> /rustc/e3feeb59cd1bdd011a2bfcc0747b55125d9b8527/library/core/src/option.rs:592:15
[INFO] [stdout]    ::: /rustc/e3feeb59cd1bdd011a2bfcc0747b55125d9b8527/library/core/src/option.rs:598:16
[INFO] [stdout]     |
[INFO] [stdout]     = note: unsatisfied requirement introduced here: `syn::punctuated::Punctuated<Func, syn::token::Comma>: Debug`
[INFO] [stdout] 
[INFO] [stdout] 
[INFO] [stdout] error[E0277]: `syn::punctuated::Punctuated<Handler, syn::token::Comma>` doesn't implement `Debug`
[INFO] [stdout]    --> /opt/rustwide/cargo-home/registry/src/index.crates.io-1949cf8c6b5b557f/darpi-code-gen-0.1.1-beta.1/src/app.rs:759:5
[INFO] [stdout]     |
[INFO] [stdout] 753 | #[derive(Debug)]
[INFO] [stdout]     |          ----- in this derive macro expansion
[INFO] [stdout] ...
[INFO] [stdout] 759 |     pub(crate) handlers: Punctuated<Handler, token::Comma>,
[INFO] [stdout]     |     ^^^^^^^^^^^^^^^^^^^^^^^^^^^^^^^^^^^^^^^^^^^^^^^^^^^^^^ the trait `Debug` is not implemented for `syn::punctuated::Punctuated<Handler, syn::token::Comma>`
[INFO] [stdout] 
[INFO] [stdout] 
[INFO] [stdout] error[E0277]: `syn::token::Brace` doesn't implement `Debug`
[INFO] [stdout]    --> /opt/rustwide/cargo-home/registry/src/index.crates.io-1949cf8c6b5b557f/darpi-code-gen-0.1.1-beta.1/src/app.rs:863:5
[INFO] [stdout]     |
[INFO] [stdout] 861 | #[derive(Debug, Clone)]
[INFO] [stdout]     |          ----- in this derive macro expansion
[INFO] [stdout] 862 | pub(crate) struct Handler {
[INFO] [stdout] 863 |     brace: token::Brace,
[INFO] [stdout]     |     ^^^^^^^^^^^^^^^^^^^ the trait `Debug` is not implemented for `syn::token::Brace`
[INFO] [stdout] 
[INFO] [stdout] 
[INFO] [stdout] error[E0277]: `ExprLit` doesn't implement `Debug`
[INFO] [stdout]    --> /opt/rustwide/cargo-home/registry/src/index.crates.io-1949cf8c6b5b557f/darpi-code-gen-0.1.1-beta.1/src/app.rs:864:5
[INFO] [stdout]     |
[INFO] [stdout] 861 | #[derive(Debug, Clone)]
[INFO] [stdout]     |          ----- in this derive macro expansion
[INFO] [stdout] ...
[INFO] [stdout] 864 |     route: ExprLit,
[INFO] [stdout]     |     ^^^^^^^^^^^^^^ the trait `Debug` is not implemented for `ExprLit`
[INFO] [stdout] 
[INFO] [stdout] 
[INFO] [stdout] error[E0277]: `ExprPath` doesn't implement `Debug`
[INFO] [stdout]    --> /opt/rustwide/cargo-home/registry/src/index.crates.io-1949cf8c6b5b557f/darpi-code-gen-0.1.1-beta.1/src/app.rs:865:5
[INFO] [stdout]     |
[INFO] [stdout] 861 | #[derive(Debug, Clone)]
[INFO] [stdout]     |          ----- in this derive macro expansion
[INFO] [stdout] ...
[INFO] [stdout] 865 |     method: ExprPath,
[INFO] [stdout]     |     ^^^^^^^^^^^^^^^^ the trait `Debug` is not implemented for `ExprPath`
[INFO] [stdout] 
[INFO] [stdout] 
[INFO] [stdout] error[E0277]: `syn::Path` doesn't implement `Debug`
[INFO] [stdout]    --> /opt/rustwide/cargo-home/registry/src/index.crates.io-1949cf8c6b5b557f/darpi-code-gen-0.1.1-beta.1/src/handler.rs:844:5
[INFO] [stdout]     |
[INFO] [stdout] 842 | #[derive(Debug)]
[INFO] [stdout]     |          ----- in this derive macro expansion
[INFO] [stdout] 843 | pub struct Config {
[INFO] [stdout] 844 |     pub(crate) container: Option<syn::Path>,
[INFO] [stdout]     |     ^^^^^^^^^^^^^^^^^^^^^^^^^^^^^^^^^^^^^^^ the trait `Debug` is not implemented for `syn::Path`
[INFO] [stdout]     |
[INFO] [stdout] help: the trait `Debug` is conditionally implemented for `Option<T>`
[INFO] [stdout]    --> /rustc/e3feeb59cd1bdd011a2bfcc0747b55125d9b8527/library/core/src/option.rs:592:15
[INFO] [stdout]    ::: /rustc/e3feeb59cd1bdd011a2bfcc0747b55125d9b8527/library/core/src/option.rs:598:16
[INFO] [stdout]     |
[INFO] [stdout]     = note: unsatisfied requirement introduced here: `syn::Path: Debug`
[INFO] [stdout] 
[INFO] [stdout] 
[INFO] [stderr]    Compiling url v2.5.8
[INFO] [stdout] For more information about this error, try `rustc --explain E0277`.
[INFO] [stdout] 
[INFO] [stderr] error: could not compile `darpi-code-gen` (lib) due to 11 previous errors
[INFO] [stderr] warning: build failed, waiting for other jobs to finish...
[INFO] running `Command { std: "docker" "inspect" "1d9e2325488c57cdcd7735e6129b36a6e08cc381dd78c30c8f66321eeecb6645", kill_on_drop: false }`
[INFO] running `Command { std: "docker" "rm" "-f" "1d9e2325488c57cdcd7735e6129b36a6e08cc381dd78c30c8f66321eeecb6645", kill_on_drop: false }`
[INFO] [stdout] 1d9e2325488c57cdcd7735e6129b36a6e08cc381dd78c30c8f66321eeecb6645
