[INFO] fetching crate darksouls3-extra 0.1.0...
[INFO] testing darksouls3-extra-0.1.0 against 1.100.0-beta.1+cargoflags=--release for beta-release-1.100-2
[INFO] extracting crate darksouls3-extra 0.1.0 into /workspace/builds/worker-1-tc2/source
[INFO] removed /workspace/builds/worker-1-tc2/source/.cargo/config.toml
[INFO] started tweaking crates.io crate darksouls3-extra 0.1.0
[INFO] finished tweaking crates.io crate darksouls3-extra 0.1.0
[INFO] tweaked toml for crates.io crate darksouls3-extra 0.1.0 written to /workspace/builds/worker-1-tc2/source/Cargo.toml
[INFO] validating manifest of crates.io crate darksouls3-extra 0.1.0 on toolchain 1.100.0-beta.1
[INFO] running `Command { std: CARGO_HOME="/workspace/cargo-home" RUSTUP_HOME="/workspace/rustup-home" "/workspace/cargo-home/bin/cargo" "+1.100.0-beta.1" "metadata" "--manifest-path" "Cargo.toml" "--no-deps", kill_on_drop: false }`
[INFO] crate crates.io crate darksouls3-extra 0.1.0 already has a lockfile, it will not be regenerated
[INFO] running `Command { std: CARGO_HOME="/workspace/cargo-home" RUSTUP_HOME="/workspace/rustup-home" "/workspace/cargo-home/bin/cargo" "+1.100.0-beta.1" "fetch" "--manifest-path" "Cargo.toml", kill_on_drop: false }`
[INFO] running `Command { std: "docker" "create" "-v" "/var/lib/crater-agent-workspace/builds/worker-1-tc2/source:/opt/rustwide/workdir:ro,Z" "-v" "/var/lib/crater-agent-workspace/builds/worker-1-tc2/target:/opt/rustwide/target:rw,Z" "-v" "/var/lib/crater-agent-workspace/cargo-home:/opt/rustwide/cargo-home:ro,Z" "-v" "/var/lib/crater-agent-workspace/rustup-home:/opt/rustwide/rustup-home:ro,Z" "-m" "1610612736" "--network" "none" "ghcr.io/rust-lang/crates-build-env/linux@sha256:77db811e55d90add9212f6832c23229e3de5f1c1f9905e8cb07319ea15df73ac" "sleep" "infinity", kill_on_drop: false }`
[INFO] [stdout] 91867ea999b3f60bd172952c833feaae41e527e02d758e71a718fd29093edd49
[INFO] running `Command { std: "docker" "start" "91867ea999b3f60bd172952c833feaae41e527e02d758e71a718fd29093edd49", kill_on_drop: false }`
[INFO] running `Command { std: "docker" "inspect" "91867ea999b3f60bd172952c833feaae41e527e02d758e71a718fd29093edd49", kill_on_drop: false }`
[INFO] running `Command { std: "docker" "exec" "-e" "SOURCE_DIR=/opt/rustwide/workdir" "-e" "CARGO_HOME=/opt/rustwide/cargo-home" "-e" "RUSTUP_HOME=/opt/rustwide/rustup-home" "-e" "CARGO_TARGET_DIR=/opt/rustwide/target" "-w" "/opt/rustwide/workdir" "--user" "0:0" "91867ea999b3f60bd172952c833feaae41e527e02d758e71a718fd29093edd49" "/opt/rustwide/cargo-home/bin/cargo" "+1.100.0-beta.1" "metadata" "--no-deps" "--format-version=1", kill_on_drop: false }`
[INFO] running `Command { std: "docker" "inspect" "91867ea999b3f60bd172952c833feaae41e527e02d758e71a718fd29093edd49", kill_on_drop: false }`
[INFO] running `Command { std: "docker" "exec" "-e" "SOURCE_DIR=/opt/rustwide/workdir" "-e" "CARGO_HOME=/opt/rustwide/cargo-home" "-e" "RUSTUP_HOME=/opt/rustwide/rustup-home" "-e" "CARGO_TARGET_DIR=/opt/rustwide/target" "-e" "CARGO_INCREMENTAL=0" "-e" "RUST_BACKTRACE=full" "-e" "RUSTFLAGS=--cap-lints=warn" "-e" "RUSTDOCFLAGS=--cap-lints=warn" "-w" "/opt/rustwide/workdir" "--user" "0:0" "91867ea999b3f60bd172952c833feaae41e527e02d758e71a718fd29093edd49" "/opt/rustwide/cargo-home/bin/cargo" "+1.100.0-beta.1" "build" "--frozen" "--message-format=json" "--release", kill_on_drop: false }`
[INFO] [stderr]    Compiling proc-macro2 v1.0.104
[INFO] [stderr]    Compiling windows_x86_64_gnu v0.52.6
[INFO] [stderr]    Compiling memchr v2.7.6
[INFO] [stderr]    Compiling libc v0.2.179
[INFO] [stderr]    Compiling find-msvc-tools v0.1.6
[INFO] [stderr]    Compiling derive_pod v0.1.2
[INFO] [stderr]    Compiling smallvec v1.15.1
[INFO] [stderr]    Compiling windows-link v0.2.1
[INFO] [stderr]    Compiling bitflags v2.10.0
[INFO] [stderr]    Compiling pelite-macros v0.1.1
[INFO] [stderr]    Compiling no-std-compat v0.4.1
[INFO] [stderr]    Compiling arrayvec v0.7.6
[INFO] [stderr]    Compiling nonmax v0.5.5
[INFO] [stderr]    Compiling inflections v1.1.1
[INFO] [stderr]    Compiling bumpalo v3.19.1
[INFO] [stderr]    Compiling glam v0.30.9
[INFO] [stderr]    Compiling windows-sys v0.61.2
[INFO] [stderr]    Compiling iced-x86 v1.21.0
[INFO] [stderr]    Compiling windows-targets v0.52.6
[INFO] [stderr]    Compiling cc v1.2.51
[INFO] [stderr]    Compiling dataview v1.0.1
[INFO] [stderr]    Compiling windows-result v0.1.2
[INFO] [stderr]    Compiling windows-core v0.54.0
[INFO] [stderr]    Compiling aho-corasick v1.1.4
[INFO] [stderr]    Compiling quote v1.0.42
[INFO] [stderr]    Compiling syn v2.0.113
[INFO] [stderr]    Compiling windows v0.54.0
[INFO] [stderr]    Compiling cstl-sys v2.4.0
[INFO] [stderr]    Compiling pelite v0.10.0
[INFO] [stderr]    Compiling regex-automata v0.4.13
[INFO] [stderr]    Compiling from-singleton v3.0.1
[INFO] [stdout] error[E0432]: unresolved import `pelite::pe`
[INFO] [stdout]   --> /opt/rustwide/cargo-home/registry/src/index.crates.io-1949cf8c6b5b557f/from-singleton-3.0.1/src/find.rs:11:13
[INFO] [stdout]    |
[INFO] [stdout] 11 | use pelite::pe::Pe;
[INFO] [stdout]    |             ^^ could not find `pe` in `pelite`
[INFO] [stdout]    |
[INFO] [stdout] note: found an item that was configured out
[INFO] [stdout]   --> /opt/rustwide/cargo-home/registry/src/index.crates.io-1949cf8c6b5b557f/pelite-0.10.0/src/lib.rs:53:23
[INFO] [stdout]    |
[INFO] [stdout] 52 | #[cfg(all(windows, target_pointer_width = "32"))]
[INFO] [stdout]    |           ------- the item is gated here
[INFO] [stdout] 53 | pub use self::pe32 as pe;
[INFO] [stdout]    |                       ^^
[INFO] [stdout] note: found an item that was configured out
[INFO] [stdout]   --> /opt/rustwide/cargo-home/registry/src/index.crates.io-1949cf8c6b5b557f/pelite-0.10.0/src/lib.rs:56:23
[INFO] [stdout]    |
[INFO] [stdout] 55 | #[cfg(all(windows, target_pointer_width = "64"))]
[INFO] [stdout]    |           ------- the item is gated here
[INFO] [stdout] 56 | pub use self::pe64 as pe;
[INFO] [stdout]    |                       ^^
[INFO] [stdout] 
[INFO] [stdout] 
[INFO] [stdout] error[E0433]: cannot find `pe` in `pelite`
[INFO] [stdout]    --> /opt/rustwide/cargo-home/registry/src/index.crates.io-1949cf8c6b5b557f/from-singleton-3.0.1/src/lib.rs:103:22
[INFO] [stdout]     |
[INFO] [stdout] 103 |     let pe = pelite::pe::PeView::module(image_base as _);
[INFO] [stdout]     |                      ^^ could not find `pe` in `pelite`
[INFO] [stdout]     |
[INFO] [stdout] note: found an item that was configured out
[INFO] [stdout]    --> /opt/rustwide/cargo-home/registry/src/index.crates.io-1949cf8c6b5b557f/pelite-0.10.0/src/lib.rs:53:23
[INFO] [stdout]     |
[INFO] [stdout]  52 | #[cfg(all(windows, target_pointer_width = "32"))]
[INFO] [stdout]     |           ------- the item is gated here
[INFO] [stdout]  53 | pub use self::pe32 as pe;
[INFO] [stdout]     |                       ^^
[INFO] [stdout] note: found an item that was configured out
[INFO] [stdout]    --> /opt/rustwide/cargo-home/registry/src/index.crates.io-1949cf8c6b5b557f/pelite-0.10.0/src/lib.rs:56:23
[INFO] [stdout]     |
[INFO] [stdout]  55 | #[cfg(all(windows, target_pointer_width = "64"))]
[INFO] [stdout]     |           ------- the item is gated here
[INFO] [stdout]  56 | pub use self::pe64 as pe;
[INFO] [stdout]     |                       ^^
[INFO] [stdout] 
[INFO] [stdout] 
[INFO] [stdout] error[E0433]: cannot find `pe` in `pelite`
[INFO] [stdout]    --> /opt/rustwide/cargo-home/registry/src/index.crates.io-1949cf8c6b5b557f/from-singleton-3.0.1/src/lib.rs:110:22
[INFO] [stdout]     |
[INFO] [stdout] 110 |     let pe = pelite::pe::PeView::module(image_base as _);
[INFO] [stdout]     |                      ^^ could not find `pe` in `pelite`
[INFO] [stdout]     |
[INFO] [stdout] note: found an item that was configured out
[INFO] [stdout]    --> /opt/rustwide/cargo-home/registry/src/index.crates.io-1949cf8c6b5b557f/pelite-0.10.0/src/lib.rs:53:23
[INFO] [stdout]     |
[INFO] [stdout]  52 | #[cfg(all(windows, target_pointer_width = "32"))]
[INFO] [stdout]     |           ------- the item is gated here
[INFO] [stdout]  53 | pub use self::pe32 as pe;
[INFO] [stdout]     |                       ^^
[INFO] [stdout] note: found an item that was configured out
[INFO] [stdout]    --> /opt/rustwide/cargo-home/registry/src/index.crates.io-1949cf8c6b5b557f/pelite-0.10.0/src/lib.rs:56:23
[INFO] [stdout]     |
[INFO] [stdout]  55 | #[cfg(all(windows, target_pointer_width = "64"))]
[INFO] [stdout]     |           ------- the item is gated here
[INFO] [stdout]  56 | pub use self::pe64 as pe;
[INFO] [stdout]     |                       ^^
[INFO] [stdout] 
[INFO] [stdout] 
[INFO] [stdout] Some errors have detailed explanations: E0432, E0433.
[INFO] [stdout] 
[INFO] [stdout] For more information about an error, try `rustc --explain E0432`.
[INFO] [stdout] 
[INFO] [stderr] error: could not compile `from-singleton` (lib) due to 3 previous errors
[INFO] [stderr] warning: build failed, waiting for other jobs to finish...
[INFO] running `Command { std: "docker" "inspect" "91867ea999b3f60bd172952c833feaae41e527e02d758e71a718fd29093edd49", kill_on_drop: false }`
[INFO] running `Command { std: "docker" "rm" "-f" "91867ea999b3f60bd172952c833feaae41e527e02d758e71a718fd29093edd49", kill_on_drop: false }`
[INFO] [stdout] 91867ea999b3f60bd172952c833feaae41e527e02d758e71a718fd29093edd49
