[INFO] fetching crate daml-json 0.2.2...
[INFO] testing daml-json-0.2.2 against 1.99.0-beta.8+cargoflags=--release for beta-release-1.100-2
[INFO] extracting crate daml-json 0.2.2 into /workspace/builds/worker-0-tc1/source
[INFO] started tweaking crates.io crate daml-json 0.2.2
[INFO] finished tweaking crates.io crate daml-json 0.2.2
[INFO] tweaked toml for crates.io crate daml-json 0.2.2 written to /workspace/builds/worker-0-tc1/source/Cargo.toml
[INFO] validating manifest of crates.io crate daml-json 0.2.2 on toolchain 1.99.0-beta.8
[INFO] running `Command { std: CARGO_HOME="/workspace/cargo-home" RUSTUP_HOME="/workspace/rustup-home" "/workspace/cargo-home/bin/cargo" "+1.99.0-beta.8" "metadata" "--manifest-path" "Cargo.toml" "--no-deps", kill_on_drop: false }`
[INFO] running `Command { std: CARGO_HOME="/workspace/cargo-home" RUSTUP_HOME="/workspace/rustup-home" "/workspace/cargo-home/bin/cargo" "+1.99.0-beta.8" "generate-lockfile" "--manifest-path" "Cargo.toml", kill_on_drop: false }`
[INFO] [stderr]     Updating crates.io index
[INFO] [stderr]      Locking 250 packages to highest compatible versions
[INFO] [stderr]       Adding bigdecimal v0.3.1 (available: v0.4.11)
[INFO] [stderr]       Adding daml-grpc v0.2.2 (available: v0.3.0)
[INFO] [stderr]       Adding daml-lf v0.2.2 (available: v0.3.0)
[INFO] [stderr]       Adding itertools v0.10.5 (available: v0.15.0)
[INFO] [stderr]       Adding reqwest v0.11.27 (available: v0.13.5)
[INFO] [stderr]       Adding serde_yaml v0.8.26 (available: v0.9.34+deprecated)
[INFO] [stderr]       Adding thiserror v1.0.69 (available: v2.0.21)
[INFO] running `Command { std: CARGO_HOME="/workspace/cargo-home" RUSTUP_HOME="/workspace/rustup-home" "/workspace/cargo-home/bin/cargo" "+1.99.0-beta.8" "fetch" "--manifest-path" "Cargo.toml", kill_on_drop: false }`
[INFO] [stderr]  Downloading crates ...
[INFO] [stderr]   Downloaded thread_local v1.1.10
[INFO] [stderr]   Downloaded linked-hash-map v0.5.6
[INFO] [stderr]   Downloaded heck v0.3.3
[INFO] [stderr]   Downloaded bounded-static v0.2.1
[INFO] [stderr]   Downloaded fixedbitset v0.4.2
[INFO] [stderr]   Downloaded multimap v0.8.3
[INFO] [stderr]   Downloaded serde_yaml v0.8.26
[INFO] [stderr]   Downloaded prost-types v0.9.0
[INFO] [stderr]   Downloaded tonic-build v0.6.2
[INFO] [stderr]   Downloaded tracing-futures v0.2.5
[INFO] [stderr]   Downloaded tokio-io-timeout v1.2.1
[INFO] [stderr]   Downloaded zip v0.5.13
[INFO] [stderr]   Downloaded bounded-static-derive v0.2.1
[INFO] [stderr]   Downloaded hyper-timeout v0.4.1
[INFO] [stderr]   Downloaded yaml-rust v0.4.5
[INFO] [stderr]   Downloaded tokio-rustls v0.22.0
[INFO] [stderr]   Downloaded sct v0.6.1
[INFO] [stderr]   Downloaded rustls-native-certs v0.5.0
[INFO] [stderr]   Downloaded assert-json-diff v2.0.2
[INFO] [stderr]   Downloaded uuid v0.8.2
[INFO] [stderr]   Downloaded webpki v0.21.4
[INFO] [stderr]   Downloaded daml-grpc v0.2.2
[INFO] [stderr]   Downloaded tonic v0.6.2
[INFO] [stderr]   Downloaded tokio-util v0.6.10
[INFO] [stderr]   Downloaded webpki-roots v0.25.4
[INFO] [stderr]   Downloaded tower v0.4.13
[INFO] [stderr]   Downloaded rustls v0.19.1
[INFO] [stderr]   Downloaded petgraph v0.6.5
[INFO] [stderr]   Downloaded daml-lf v0.2.2
[INFO] [stderr]   Downloaded prost-build v0.9.0
[INFO] running `Command { std: "docker" "create" "-v" "/var/lib/crater-agent-workspace/builds/worker-0-tc1/source:/opt/rustwide/workdir:ro,Z" "-v" "/var/lib/crater-agent-workspace/builds/worker-0-tc1/target:/opt/rustwide/target:rw,Z" "-v" "/var/lib/crater-agent-workspace/cargo-home:/opt/rustwide/cargo-home:ro,Z" "-v" "/var/lib/crater-agent-workspace/rustup-home:/opt/rustwide/rustup-home:ro,Z" "-m" "1610612736" "--network" "none" "ghcr.io/rust-lang/crates-build-env/linux@sha256:77db811e55d90add9212f6832c23229e3de5f1c1f9905e8cb07319ea15df73ac" "sleep" "infinity", kill_on_drop: false }`
[INFO] [stdout] 17e62c03378d38de949dcb6b5606b60d3a49a7adcb76f40f303fd84d0217118e
[INFO] running `Command { std: "docker" "start" "17e62c03378d38de949dcb6b5606b60d3a49a7adcb76f40f303fd84d0217118e", kill_on_drop: false }`
[INFO] running `Command { std: "docker" "inspect" "17e62c03378d38de949dcb6b5606b60d3a49a7adcb76f40f303fd84d0217118e", kill_on_drop: false }`
[INFO] running `Command { std: "docker" "exec" "-e" "SOURCE_DIR=/opt/rustwide/workdir" "-e" "CARGO_HOME=/opt/rustwide/cargo-home" "-e" "RUSTUP_HOME=/opt/rustwide/rustup-home" "-e" "CARGO_TARGET_DIR=/opt/rustwide/target" "-w" "/opt/rustwide/workdir" "--user" "0:0" "17e62c03378d38de949dcb6b5606b60d3a49a7adcb76f40f303fd84d0217118e" "/opt/rustwide/cargo-home/bin/cargo" "+1.99.0-beta.8" "metadata" "--no-deps" "--format-version=1", kill_on_drop: false }`
[INFO] running `Command { std: "docker" "inspect" "17e62c03378d38de949dcb6b5606b60d3a49a7adcb76f40f303fd84d0217118e", kill_on_drop: false }`
[INFO] running `Command { std: "docker" "exec" "-e" "SOURCE_DIR=/opt/rustwide/workdir" "-e" "CARGO_HOME=/opt/rustwide/cargo-home" "-e" "RUSTUP_HOME=/opt/rustwide/rustup-home" "-e" "CARGO_TARGET_DIR=/opt/rustwide/target" "-e" "CARGO_INCREMENTAL=0" "-e" "RUST_BACKTRACE=full" "-e" "RUSTFLAGS=--cap-lints=warn" "-e" "RUSTDOCFLAGS=--cap-lints=warn" "-w" "/opt/rustwide/workdir" "--user" "0:0" "17e62c03378d38de949dcb6b5606b60d3a49a7adcb76f40f303fd84d0217118e" "/opt/rustwide/cargo-home/bin/cargo" "+1.99.0-beta.8" "build" "--frozen" "--message-format=json" "--release", kill_on_drop: false }`
[INFO] [stderr]    Compiling proc-macro2 v1.0.107
[INFO] [stderr]    Compiling quote v1.0.47
[INFO] [stderr]    Compiling unicode-ident v1.0.27
[INFO] [stderr]    Compiling libc v0.2.191
[INFO] [stderr]    Compiling pin-project-lite v0.2.17
[INFO] [stderr]    Compiling shlex v2.0.1
[INFO] [stderr]    Compiling find-msvc-tools v0.1.14
[INFO] [stderr]    Compiling bytes v1.12.1
[INFO] [stderr]    Compiling cfg-if v1.0.5
[INFO] [stderr]    Compiling cc v1.8.0
[INFO] [stderr]    Compiling syn v1.0.109
[INFO] [stderr]    Compiling either v1.19.0
[INFO] [stderr]    Compiling once_cell v1.21.4
[INFO] [stderr]    Compiling futures-core v0.3.34
[INFO] [stderr]    Compiling log v0.4.34
[INFO] [stderr]    Compiling anyhow v1.0.104
[INFO] [stderr]    Compiling itertools v0.10.5
[INFO] [stderr]    Compiling bitflags v2.13.2
[INFO] [stderr]    Compiling stable_deref_trait v1.2.1
[INFO] [stderr]    Compiling futures-sink v0.3.34
[INFO] [stderr]    Compiling autocfg v1.5.1
[INFO] [stderr]    Compiling rustix v0.38.44
[INFO] [stderr]    Compiling linux-raw-sys v0.4.15
[INFO] [stderr]    Compiling memchr v2.8.3
[INFO] [stderr]    Compiling syn v3.0.9
[INFO] [stderr]    Compiling syn v2.0.119
[INFO] [stderr]    Compiling mio v1.2.4
[INFO] [stderr]    Compiling socket2 v0.6.5
[INFO] [stderr]    Compiling getrandom v0.2.17
[INFO] [stderr]    Compiling futures-channel v0.3.34
[INFO] [stderr]    Compiling futures-io v0.3.34
[INFO] [stderr]    Compiling itoa v1.0.18
[INFO] [stderr]    Compiling rustix v1.1.5
[INFO] [stderr]    Compiling slab v0.4.12
[INFO] [stderr]    Compiling futures-task v0.3.34
[INFO] [stderr]    Compiling getrandom v0.4.3
[INFO] [stderr]    Compiling home v0.5.12
[INFO] [stderr]    Compiling tracing-core v0.1.36
[INFO] [stderr]    Compiling linux-raw-sys v0.12.1
[INFO] [stderr]    Compiling which v4.4.2
[INFO] [stderr]    Compiling aho-corasick v1.1.5
[INFO] [stderr]    Compiling regex-syntax v0.8.11
[INFO] [stderr]    Compiling hashbrown v0.17.1
[INFO] [stderr]    Compiling equivalent v1.0.3
[INFO] [stderr]    Compiling indexmap v2.14.2
[INFO] [stderr]    Compiling prost-build v0.9.0
[INFO] [stderr]    Compiling ring v0.17.14
[INFO] [stderr]    Compiling ring v0.16.20
[INFO] [stderr]    Compiling unicode-segmentation v1.13.3
[INFO] [stderr]    Compiling fixedbitset v0.4.2
[INFO] [stderr]    Compiling synstructure v0.14.0
[INFO] [stderr]    Compiling regex-automata v0.4.18
[INFO] [stderr]    Compiling fastrand v2.5.0
[INFO] [stderr]    Compiling heck v0.3.3
[INFO] [stderr]    Compiling petgraph v0.6.5
[INFO] [stderr]    Compiling prost-derive v0.9.0
[INFO] [stderr]    Compiling tracing-attributes v0.1.31
[INFO] [stderr]    Compiling tempfile v3.27.0
[INFO] [stderr]    Compiling http v0.2.12
[INFO] [stderr]    Compiling zerofrom-derive v0.1.8
[INFO] [stderr]    Compiling tokio-macros v2.7.2
[INFO] [stderr]    Compiling yoke-derive v0.8.4
[INFO] [stderr]    Compiling tokio v1.53.3
[INFO] [stderr]    Compiling zerovec-derive v0.11.6
[INFO] [stderr]    Compiling zerofrom v0.1.8
[INFO] [stderr]    Compiling futures-macro v0.3.34
[INFO] [stderr]    Compiling yoke v0.8.3
[INFO] [stderr]    Compiling displaydoc v0.2.7
[INFO] [stderr]    Compiling zerovec v0.11.8
[INFO] [stderr]    Compiling futures-util v0.3.34
[INFO] [stderr]    Compiling prost v0.9.0
[INFO] [stderr]    Compiling tracing v0.1.44
[INFO] [stderr]    Compiling prost-types v0.9.0
[INFO] [stderr]    Compiling regex v1.13.1
[INFO] [stderr]    Compiling tinystr v0.8.4
[INFO] [stderr]    Compiling writeable v0.6.4
[INFO] [stderr]    Compiling multimap v0.8.3
[INFO] [stderr]    Compiling lazy_static v1.5.1
[INFO] [stderr]    Compiling spin v0.5.2
[INFO] [stderr]    Compiling litemap v0.8.3
[INFO] [stderr]    Compiling zerocopy v0.8.63
[INFO] [stderr]    Compiling httparse v1.10.1
[INFO] [stderr]    Compiling untrusted v0.7.1
[INFO] [stderr]    Compiling icu_locale_core v2.3.0
[INFO] [stderr]    Compiling potential_utf v0.1.6
[INFO] [stderr]    Compiling zerotrie v0.2.5
[INFO] [stderr]    Compiling num-traits v0.2.19
[INFO] [stderr]    Compiling untrusted v0.9.0
[INFO] [stderr]    Compiling serde_core v1.0.229
[INFO] [stderr]    Compiling utf8_iter v1.0.4
[INFO] [stderr]    Compiling try-lock v0.2.5
[INFO] [stderr]    Compiling tower-service v0.3.3
[INFO] [stderr]    Compiling icu_normalizer_data v2.3.0
[INFO] [stderr]    Compiling icu_properties_data v2.3.0
[INFO] [stderr]    Compiling want v0.3.2
[INFO] [stderr]    Compiling icu_collections v2.3.0
[INFO] [stderr]    Compiling icu_provider v2.3.1
[INFO] [stderr]    Compiling http-body v0.4.6
[INFO] [stderr]    Compiling socket2 v0.5.10
[INFO] [stderr]    Compiling rustversion v1.0.23
[INFO] [stderr]    Compiling percent-encoding v2.3.2
[INFO] [stderr]    Compiling httpdate v1.0.3
[INFO] [stderr]    Compiling tokio-util v0.7.20
[INFO] [stderr]    Compiling sct v0.6.1
[INFO] [stderr]    Compiling webpki v0.21.4
[INFO] [stderr]    Compiling h2 v0.3.27
[INFO] [stderr]    Compiling pin-project-internal v1.1.13
[INFO] [stderr]    Compiling rand_core v0.6.4
[INFO] [stderr]    Compiling indexmap v1.9.3
[INFO] [stderr]    Compiling rustls v0.21.12
[INFO] [stderr]    Compiling smallvec v1.16.3
[INFO] [stderr]    Compiling serde v1.0.229
[INFO] [stderr]    Compiling crc32fast v1.5.2
[INFO] [stderr]    Compiling base64 v0.13.1
[INFO] [stderr]    Compiling rustls v0.19.1
[INFO] [stderr]    Compiling pin-project v1.1.13
[INFO] [stderr]    Compiling icu_normalizer v2.3.0
[INFO] [stderr]    Compiling icu_properties v2.3.0
[INFO] [stderr]    Compiling ppv-lite86 v0.2.21
[INFO] [stderr]    Compiling rand_chacha v0.3.1
[INFO] [stderr]    Compiling serde_derive v1.0.229
[INFO] [stderr]    Compiling thiserror v1.0.69
[INFO] [stderr]    Compiling simd-adler32 v0.3.10
[INFO] [stderr]    Compiling hashbrown v0.12.3
[INFO] [stderr]    Compiling adler2 v2.0.1
[INFO] [stderr]    Compiling zmij v1.0.23
[INFO] [stderr]    Compiling miniz_oxide v0.9.1
[INFO] [stderr]    Compiling encoding_rs v0.8.42
[INFO] [stderr]    Compiling idna_adapter v1.2.2
[INFO] [stderr]    Compiling rand v0.8.8
[INFO] [stderr]    Compiling num-integer v0.1.47
[INFO] [stderr]    Compiling hyper v0.14.32
[INFO] [stderr]    Compiling tokio-io-timeout v1.2.1
[INFO] [stderr]    Compiling form_urlencoded v1.2.2
[INFO] [stderr]    Compiling tonic-build v0.6.2
[INFO] [stderr]    Compiling async-stream-impl v0.3.6
[INFO] [stderr]    Compiling thiserror-impl v1.0.69
[INFO] [stderr]    Compiling sct v0.7.1
[INFO] [stderr]    Compiling rustls-webpki v0.101.7
[INFO] [stderr]    Compiling tower-layer v0.3.3
[INFO] [stderr]    Compiling serde_json v1.0.154
[INFO] [stderr]    Compiling openssl-probe v0.1.6
[INFO] [stderr]    Compiling rustls-native-certs v0.5.0
[INFO] [stderr]    Compiling tower v0.4.13
[INFO] [stderr]    Compiling daml-grpc v0.2.2
[INFO] [stderr]    Compiling async-stream v0.3.6
[INFO] [stderr]    Compiling num-bigint v0.4.8
[INFO] [stderr]    Compiling flate2 v1.1.10
[INFO] [stderr]    Compiling idna v1.1.0
[INFO] [stderr]    Compiling tokio-rustls v0.24.1
[INFO] [stderr]    Compiling tokio-rustls v0.22.0
[INFO] [stderr]    Compiling tracing-futures v0.2.5
[INFO] [stderr]    Compiling tokio-stream v0.1.19
[INFO] [stderr]    Compiling tokio-util v0.6.10
[INFO] [stderr]    Compiling futures-executor v0.3.34
[INFO] [stderr]    Compiling daml-lf v0.2.2
[INFO] [stderr]    Compiling hyper-timeout v0.4.1
[INFO] [stderr]    Compiling async-trait v0.1.92
[INFO] [stderr]    Compiling bounded-static-derive v0.2.1
[INFO] [stderr]    Compiling multiversion_no_op v1.0.0
[INFO] [stderr]    Compiling simdutf8 v0.1.5
[INFO] [stderr]    Compiling base64 v0.21.7
[INFO] [stderr]    Compiling scopeguard v1.2.0
[INFO] [stderr]    Compiling byteorder v1.5.0
[INFO] [stderr]    Compiling linked-hash-map v0.5.6
[INFO] [stderr]    Compiling ryu v1.0.23
[INFO] [stderr]    Compiling core_detect v1.0.0
[INFO] [stderr]    Compiling foldhash v0.2.0
[INFO] [stderr]    Compiling iana-time-zone v0.1.65
[INFO] [stderr]    Compiling tonic v0.6.2
[INFO] [stderr]    Compiling chrono v0.4.45
[INFO] [stderr]    Compiling serde_urlencoded v0.7.1
[INFO] [stderr]    Compiling zip v0.5.13
[INFO] [stderr]    Compiling yaml-rust v0.4.5
[INFO] [stderr]    Compiling rustls-pemfile v1.0.4
[INFO] [stderr]    Compiling bounded-static v0.2.1
[INFO] [stderr]    Compiling hyper-rustls v0.24.2
[INFO] [stderr]    Compiling bigdecimal v0.3.1
[INFO] [stderr]    Compiling futures v0.3.34
[INFO] [stderr]    Compiling url v2.5.8
[INFO] [stderr]    Compiling uuid v0.8.2
[INFO] [stderr]    Compiling sync_wrapper v0.1.2
[INFO] [stderr]    Compiling webpki-roots v0.25.4
[INFO] [stderr]    Compiling ipnet v2.12.2
[INFO] [stderr]    Compiling reqwest v0.11.27
[INFO] [stderr]    Compiling daml-json v0.2.2 (/opt/rustwide/workdir)
[INFO] [stdout] warning: use of deprecated struct `chrono::Date`: Use `NaiveDate` or `DateTime<Tz>` instead
[INFO] [stdout]  --> src/value_decode.rs:3:22
[INFO] [stdout]   |
[INFO] [stdout] 3 | use chrono::{offset, Date, DateTime, NaiveDate};
[INFO] [stdout]   |                      ^^^^
[INFO] [stdout]   |
[INFO] [stdout]   = note: `#[warn(deprecated)]` on by default
[INFO] [stdout] 
[INFO] [stdout] 
[INFO] [stdout] warning: use of deprecated struct `chrono::Date`: Use `NaiveDate` or `DateTime<Tz>` instead
[INFO] [stdout]    --> src/value_decode.rs:155:32
[INFO] [stdout]     |
[INFO] [stdout] 155 |         Ok(DamlValue::new_date(Date::from_utc(NaiveDate::parse_from_str(json.try_string()?, "%Y-%m-%d")?, offset::Utc)))
[INFO] [stdout]     |                                ^^^^
[INFO] [stdout] 
[INFO] [stdout] 
[INFO] [stdout] warning: eliding a lifetime that's named elsewhere is confusing
[INFO] [stdout]    --> src/request_converter.rs:106:58
[INFO] [stdout]     |
[INFO] [stdout] 104 |         &'a self,
[INFO] [stdout]     |          -- the lifetime is named here
[INFO] [stdout] 105 |         template_id: &'a DamlJsonTemplateId,
[INFO] [stdout]     |                       -- the lifetime is named here
[INFO] [stdout] 106 |     ) -> DamlJsonReqConResult<(&'a str, &'a DamlTemplate<'_>)> {
[INFO] [stdout]     |                                 --       --              ^^ the same lifetime is elided here
[INFO] [stdout]     |                                 |        |
[INFO] [stdout]     |                                 |        the same lifetime is named here
[INFO] [stdout]     |                                 the same lifetime is named here
[INFO] [stdout]     |
[INFO] [stdout]     = help: the same lifetime is referred to in inconsistent ways, making the signature confusing
[INFO] [stdout]     = note: `#[warn(mismatched_lifetime_syntaxes)]` on by default
[INFO] [stdout] help: consistently use `'a`
[INFO] [stdout]     |
[INFO] [stdout] 106 -     ) -> DamlJsonReqConResult<(&'a str, &'a DamlTemplate<'_>)> {
[INFO] [stdout] 106 +     ) -> DamlJsonReqConResult<(&'a str, &'a DamlTemplate<'a>)> {
[INFO] [stdout]     |
[INFO] [stdout] 
[INFO] [stdout] 
[INFO] [stderr]     Finished `release` profile [optimized] target(s) in 5m 22s
[INFO] running `Command { std: "docker" "inspect" "17e62c03378d38de949dcb6b5606b60d3a49a7adcb76f40f303fd84d0217118e", kill_on_drop: false }`
[INFO] running `Command { std: "docker" "exec" "-e" "SOURCE_DIR=/opt/rustwide/workdir" "-e" "CARGO_HOME=/opt/rustwide/cargo-home" "-e" "RUSTUP_HOME=/opt/rustwide/rustup-home" "-e" "CARGO_TARGET_DIR=/opt/rustwide/target" "-e" "CARGO_INCREMENTAL=0" "-e" "RUST_BACKTRACE=full" "-e" "RUSTFLAGS=--cap-lints=warn" "-e" "RUSTDOCFLAGS=--cap-lints=warn" "-w" "/opt/rustwide/workdir" "--user" "0:0" "17e62c03378d38de949dcb6b5606b60d3a49a7adcb76f40f303fd84d0217118e" "/opt/rustwide/cargo-home/bin/cargo" "+1.99.0-beta.8" "test" "--frozen" "--no-run" "--message-format=json" "--release", kill_on_drop: false }`
[INFO] [stderr]    Compiling log v0.4.34
[INFO] [stderr]    Compiling tokio v1.53.3
[INFO] [stderr]    Compiling tracing-core v0.1.36
[INFO] [stderr]    Compiling indexmap v1.9.3
[INFO] [stderr]    Compiling regex-syntax v0.8.11
[INFO] [stderr]    Compiling lazy_static v1.5.1
[INFO] [stderr]    Compiling anyhow v1.0.104
[INFO] [stderr]    Compiling thread_local v1.1.10
[INFO] [stderr]    Compiling sharded-slab v0.1.7
[INFO] [stderr]    Compiling nu-ansi-term v0.50.3
[INFO] [stderr]    Compiling rustls v0.19.1
[INFO] [stderr]    Compiling rustls v0.21.12
[INFO] [stderr]    Compiling tracing v0.1.44
[INFO] [stderr]    Compiling tracing-log v0.2.0
[INFO] [stderr]    Compiling serde_yaml v0.8.26
[INFO] [stderr]    Compiling tracing-futures v0.2.5
[INFO] [stderr]    Compiling assert-json-diff v2.0.2
[INFO] [stderr]    Compiling maplit v1.0.2
[INFO] [stderr]    Compiling regex-automata v0.4.18
[INFO] [stderr]    Compiling rustls-native-certs v0.5.0
[INFO] [stderr]    Compiling matchers v0.2.0
[INFO] [stderr]    Compiling tracing-subscriber v0.3.23
[INFO] [stderr]    Compiling tokio-util v0.7.20
[INFO] [stderr]    Compiling tokio-io-timeout v1.2.1
[INFO] [stderr]    Compiling tokio-rustls v0.24.1
[INFO] [stderr]    Compiling tokio-rustls v0.22.0
[INFO] [stderr]    Compiling tokio-stream v0.1.19
[INFO] [stderr]    Compiling tokio-util v0.6.10
[INFO] [stderr]    Compiling h2 v0.3.27
[INFO] [stderr]    Compiling tower v0.4.13
[INFO] [stderr]    Compiling hyper v0.14.32
[INFO] [stderr]    Compiling hyper-timeout v0.4.1
[INFO] [stderr]    Compiling hyper-rustls v0.24.2
[INFO] [stderr]    Compiling tonic v0.6.2
[INFO] [stderr]    Compiling reqwest v0.11.27
[INFO] [stderr]    Compiling daml-grpc v0.2.2
[INFO] [stderr]    Compiling daml-json v0.2.2 (/opt/rustwide/workdir)
[INFO] [stdout] warning: use of deprecated struct `chrono::Date`: Use `NaiveDate` or `DateTime<Tz>` instead
[INFO] [stdout]  --> src/value_decode.rs:3:22
[INFO] [stdout]   |
[INFO] [stdout] 3 | use chrono::{offset, Date, DateTime, NaiveDate};
[INFO] [stdout]   |                      ^^^^
[INFO] [stdout]   |
[INFO] [stdout]   = note: `#[warn(deprecated)]` on by default
[INFO] [stdout] 
[INFO] [stdout] 
[INFO] [stdout] warning: use of deprecated struct `chrono::Date`: Use `NaiveDate` or `DateTime<Tz>` instead
[INFO] [stdout]    --> src/value_decode.rs:155:32
[INFO] [stdout]     |
[INFO] [stdout] 155 |         Ok(DamlValue::new_date(Date::from_utc(NaiveDate::parse_from_str(json.try_string()?, "%Y-%m-%d")?, offset::Utc)))
[INFO] [stdout]     |                                ^^^^
[INFO] [stdout] 
[INFO] [stdout] 
[INFO] [stdout] warning: eliding a lifetime that's named elsewhere is confusing
[INFO] [stdout]    --> src/request_converter.rs:106:58
[INFO] [stdout]     |
[INFO] [stdout] 104 |         &'a self,
[INFO] [stdout]     |          -- the lifetime is named here
[INFO] [stdout] 105 |         template_id: &'a DamlJsonTemplateId,
[INFO] [stdout]     |                       -- the lifetime is named here
[INFO] [stdout] 106 |     ) -> DamlJsonReqConResult<(&'a str, &'a DamlTemplate<'_>)> {
[INFO] [stdout]     |                                 --       --              ^^ the same lifetime is elided here
[INFO] [stdout]     |                                 |        |
[INFO] [stdout]     |                                 |        the same lifetime is named here
[INFO] [stdout]     |                                 the same lifetime is named here
[INFO] [stdout]     |
[INFO] [stdout]     = help: the same lifetime is referred to in inconsistent ways, making the signature confusing
[INFO] [stdout]     = note: `#[warn(mismatched_lifetime_syntaxes)]` on by default
[INFO] [stdout] help: consistently use `'a`
[INFO] [stdout]     |
[INFO] [stdout] 106 -     ) -> DamlJsonReqConResult<(&'a str, &'a DamlTemplate<'_>)> {
[INFO] [stdout] 106 +     ) -> DamlJsonReqConResult<(&'a str, &'a DamlTemplate<'a>)> {
[INFO] [stdout]     |
[INFO] [stdout] 
[INFO] [stdout] 
[INFO] [stdout] error[E0433]: cannot find module or crate `daml` in this scope
[INFO] [stdout]    --> src/value_decode.rs:317:9
[INFO] [stdout]     |
[INFO] [stdout] 317 |     use daml::macros::daml_value;
[INFO] [stdout]     |         ^^^^ use of unresolved module or unlinked crate `daml`
[INFO] [stdout]     |
[INFO] [stdout]     = help: if you wanted to use a crate named `daml`, use `cargo add daml` to add it to your `Cargo.toml`
[INFO] [stdout] 
[INFO] [stdout] 
[INFO] [stdout] error[E0433]: cannot find module or crate `daml` in this scope
[INFO] [stdout]    --> src/value_encode.rs:131:9
[INFO] [stdout]     |
[INFO] [stdout] 131 |     use daml::macros::daml_value;
[INFO] [stdout]     |         ^^^^ use of unresolved module or unlinked crate `daml`
[INFO] [stdout]     |
[INFO] [stdout]     = help: if you wanted to use a crate named `daml`, use `cargo add daml` to add it to your `Cargo.toml`
[INFO] [stdout] 
[INFO] [stdout] 
[INFO] [stdout] error[E0433]: cannot find module or crate `daml` in this scope
[INFO] [stdout]    --> src/request_converter.rs:233:9
[INFO] [stdout]     |
[INFO] [stdout] 233 |     use daml::macros::daml_path;
[INFO] [stdout]     |         ^^^^ use of unresolved module or unlinked crate `daml`
[INFO] [stdout]     |
[INFO] [stdout]     = help: if you wanted to use a crate named `daml`, use `cargo add daml` to add it to your `Cargo.toml`
[INFO] [stdout] 
[INFO] [stdout] 
[INFO] [stdout] error[E0432]: unresolved import `jsonschema`
[INFO] [stdout]     --> src/schema_encoder.rs:1201:9
[INFO] [stdout]      |
[INFO] [stdout] 1201 |     use jsonschema::JSONSchema;
[INFO] [stdout]      |         ^^^^^^^^^^ use of unresolved module or unlinked crate `jsonschema`
[INFO] [stdout]      |
[INFO] [stdout]      = help: if you wanted to use a crate named `jsonschema`, use `cargo add jsonschema` to add it to your `Cargo.toml`
[INFO] [stdout] 
[INFO] [stdout] 
[INFO] [stdout] warning: use of deprecated struct `chrono::Date`: Use `NaiveDate` or `DateTime<Tz>` instead
[INFO] [stdout]  --> src/value_decode.rs:3:22
[INFO] [stdout]   |
[INFO] [stdout] 3 | use chrono::{offset, Date, DateTime, NaiveDate};
[INFO] [stdout]   |                      ^^^^
[INFO] [stdout]   |
[INFO] [stdout]   = note: `#[warn(deprecated)]` on by default
[INFO] [stdout] 
[INFO] [stdout] 
[INFO] [stdout] warning: use of deprecated struct `chrono::Date`: Use `NaiveDate` or `DateTime<Tz>` instead
[INFO] [stdout]    --> src/value_decode.rs:155:32
[INFO] [stdout]     |
[INFO] [stdout] 155 |         Ok(DamlValue::new_date(Date::from_utc(NaiveDate::parse_from_str(json.try_string()?, "%Y-%m-%d")?, offset::Utc)))
[INFO] [stdout]     |                                ^^^^
[INFO] [stdout] 
[INFO] [stdout] 
[INFO] [stdout] error[E0433]: cannot find module or crate `daml` in this scope
[INFO] [stdout]  --> tests/json/all_json_api_tests.rs:3:5
[INFO] [stdout]   |
[INFO] [stdout] 3 | use daml::util::DamlSandboxTokenBuilder;
[INFO] [stdout]   |     ^^^^ use of unresolved module or unlinked crate `daml`
[INFO] [stdout]   |
[INFO] [stdout]   = help: if you wanted to use a crate named `daml`, use `cargo add daml` to add it to your `Cargo.toml`
[INFO] [stdout] 
[INFO] [stdout] 
[INFO] [stdout] error[E0599]: no method named `reset_timeout` found for struct `DamlGrpcClientBuilder` in the current scope
[INFO] [stdout]    --> tests/json/all_json_api_tests.rs:326:10
[INFO] [stdout]     |
[INFO] [stdout] 325 |       let client = DamlGrpcClientBuilder::uri(uri)
[INFO] [stdout]     |  __________________-
[INFO] [stdout] 326 | |         .reset_timeout(Duration::from_millis(RESET_TIMEOUT_MS))
[INFO] [stdout]     | |_________-^^^^^^^^^^^^^
[INFO] [stdout]     |
[INFO] [stdout] help: there is a method `timeout` with a similar name
[INFO] [stdout]     |
[INFO] [stdout] 326 -         .reset_timeout(Duration::from_millis(RESET_TIMEOUT_MS))
[INFO] [stdout] 326 +         .timeout(Duration::from_millis(RESET_TIMEOUT_MS))
[INFO] [stdout]     |
[INFO] [stdout] 
[INFO] [stdout] 
[INFO] [stdout] warning: method call on a diverging inference variable
[INFO] [stdout]    --> tests/json/all_json_api_tests.rs:332:12
[INFO] [stdout]     |
[INFO] [stdout] 332 |     client.reset_and_wait().await?;
[INFO] [stdout]     |            ^^^^^^^^^^^^^^
[INFO] [stdout]     |
[INFO] [stdout]     = help: consider providing a type annotation
[INFO] [stdout]     = warning: this was previously accepted by the compiler but is being phased out; it will become a hard error in a future release!
[INFO] [stdout]     = note: for more information, see issue #156047 <https://github.com/rust-lang/rust/issues/156047>
[INFO] [stdout]     = note: `#[warn(method_call_on_diverging_infer_var)]` (part of `#[warn(future_incompatible)]`) on by default
[INFO] [stdout] 
[INFO] [stdout] 
[INFO] [stdout] error[E0599]: no method named `reset_and_wait` found for type `!` in the current scope
[INFO] [stdout]    --> tests/json/all_json_api_tests.rs:332:12
[INFO] [stdout]     |
[INFO] [stdout] 332 |     client.reset_and_wait().await?;
[INFO] [stdout]     |            ^^^^^^^^^^^^^^ method not found in `!`
[INFO] [stdout] 
[INFO] [stdout] 
[INFO] [stdout] Some errors have detailed explanations: E0433, E0599.
[INFO] [stdout] 
[INFO] [stdout] For more information about an error, try `rustc --explain E0433`.
[INFO] [stdout] 
[INFO] [stderr] error: could not compile `daml-json` (test "integration_tests") due to 3 previous errors; 2 warnings emitted
[INFO] [stderr] warning: build failed, waiting for other jobs to finish...
[INFO] [stdout] Some errors have detailed explanations: E0432, E0433.
[INFO] [stdout] 
[INFO] [stdout] For more information about an error, try `rustc --explain E0432`.
[INFO] [stdout] 
[INFO] [stderr] error: could not compile `daml-json` (lib test) due to 4 previous errors; 2 warnings emitted
[INFO] running `Command { std: "docker" "inspect" "17e62c03378d38de949dcb6b5606b60d3a49a7adcb76f40f303fd84d0217118e", kill_on_drop: false }`
[INFO] running `Command { std: "docker" "rm" "-f" "17e62c03378d38de949dcb6b5606b60d3a49a7adcb76f40f303fd84d0217118e", kill_on_drop: false }`
[INFO] [stdout] 17e62c03378d38de949dcb6b5606b60d3a49a7adcb76f40f303fd84d0217118e
