[INFO] fetching crate daml-derive 0.3.0...
[INFO] testing daml-derive-0.3.0 against 1.100.0-beta.1+cargoflags=--release for beta-release-1.100-2
[INFO] extracting crate daml-derive 0.3.0 into /workspace/builds/worker-5-tc2/source
[INFO] started tweaking crates.io crate daml-derive 0.3.0
[INFO] removed 0 missing tests
[INFO] finished tweaking crates.io crate daml-derive 0.3.0
[INFO] tweaked toml for crates.io crate daml-derive 0.3.0 written to /workspace/builds/worker-5-tc2/source/Cargo.toml
[INFO] validating manifest of crates.io crate daml-derive 0.3.0 on toolchain 1.100.0-beta.1
[INFO] running `Command { std: CARGO_HOME="/workspace/cargo-home" RUSTUP_HOME="/workspace/rustup-home" "/workspace/cargo-home/bin/cargo" "+1.100.0-beta.1" "metadata" "--manifest-path" "Cargo.toml" "--no-deps", kill_on_drop: false }`
[INFO] crate crates.io crate daml-derive 0.3.0 already has a lockfile, it will not be regenerated
[INFO] running `Command { std: CARGO_HOME="/workspace/cargo-home" RUSTUP_HOME="/workspace/rustup-home" "/workspace/cargo-home/bin/cargo" "+1.100.0-beta.1" "fetch" "--manifest-path" "Cargo.toml", kill_on_drop: false }`
[INFO] running `Command { std: "docker" "create" "-v" "/var/lib/crater-agent-workspace/builds/worker-5-tc2/source:/opt/rustwide/workdir:ro,Z" "-v" "/var/lib/crater-agent-workspace/builds/worker-5-tc2/target:/opt/rustwide/target:rw,Z" "-v" "/var/lib/crater-agent-workspace/cargo-home:/opt/rustwide/cargo-home:ro,Z" "-v" "/var/lib/crater-agent-workspace/rustup-home:/opt/rustwide/rustup-home:ro,Z" "-m" "1610612736" "--network" "none" "ghcr.io/rust-lang/crates-build-env/linux@sha256:77db811e55d90add9212f6832c23229e3de5f1c1f9905e8cb07319ea15df73ac" "sleep" "infinity", kill_on_drop: false }`
[INFO] [stdout] 24218ccad8b3db48651334b50652c8725ded0c04fdc1ef135c1662f568017682
[INFO] running `Command { std: "docker" "start" "24218ccad8b3db48651334b50652c8725ded0c04fdc1ef135c1662f568017682", kill_on_drop: false }`
[INFO] running `Command { std: "docker" "inspect" "24218ccad8b3db48651334b50652c8725ded0c04fdc1ef135c1662f568017682", kill_on_drop: false }`
[INFO] running `Command { std: "docker" "exec" "-e" "SOURCE_DIR=/opt/rustwide/workdir" "-e" "CARGO_HOME=/opt/rustwide/cargo-home" "-e" "RUSTUP_HOME=/opt/rustwide/rustup-home" "-e" "CARGO_TARGET_DIR=/opt/rustwide/target" "-w" "/opt/rustwide/workdir" "--user" "0:0" "24218ccad8b3db48651334b50652c8725ded0c04fdc1ef135c1662f568017682" "/opt/rustwide/cargo-home/bin/cargo" "+1.100.0-beta.1" "metadata" "--no-deps" "--format-version=1", kill_on_drop: false }`
[INFO] running `Command { std: "docker" "inspect" "24218ccad8b3db48651334b50652c8725ded0c04fdc1ef135c1662f568017682", kill_on_drop: false }`
[INFO] running `Command { std: "docker" "exec" "-e" "SOURCE_DIR=/opt/rustwide/workdir" "-e" "CARGO_HOME=/opt/rustwide/cargo-home" "-e" "RUSTUP_HOME=/opt/rustwide/rustup-home" "-e" "CARGO_TARGET_DIR=/opt/rustwide/target" "-e" "CARGO_INCREMENTAL=0" "-e" "RUST_BACKTRACE=full" "-e" "RUSTFLAGS=--cap-lints=warn" "-e" "RUSTDOCFLAGS=--cap-lints=warn" "-w" "/opt/rustwide/workdir" "--user" "0:0" "24218ccad8b3db48651334b50652c8725ded0c04fdc1ef135c1662f568017682" "/opt/rustwide/cargo-home/bin/cargo" "+1.100.0-beta.1" "build" "--frozen" "--message-format=json" "--release", kill_on_drop: false }`
[INFO] [stderr]    Compiling syn v2.0.119
[INFO] [stderr]    Compiling either v1.17.0
[INFO] [stderr]    Compiling rustix v1.1.4
[INFO] [stderr]    Compiling bitflags v2.13.1
[INFO] [stderr]    Compiling aho-corasick v1.1.4
[INFO] [stderr]    Compiling anyhow v1.0.104
[INFO] [stderr]    Compiling bytes v1.12.1
[INFO] [stderr]    Compiling petgraph v0.8.3
[INFO] [stderr]    Compiling itertools v0.14.0
[INFO] [stderr]    Compiling log v0.4.33
[INFO] [stderr]    Compiling multimap v0.10.1
[INFO] [stderr]    Compiling utf8parse v0.2.2
[INFO] [stderr]    Compiling anstyle-parse v1.0.0
[INFO] [stderr]    Compiling crc32fast v1.5.0
[INFO] [stderr]    Compiling hashbrown v0.16.1
[INFO] [stderr]    Compiling itertools v0.15.0
[INFO] [stderr]    Compiling anstyle-query v1.1.5
[INFO] [stderr]    Compiling colorchoice v1.0.5
[INFO] [stderr]    Compiling is_terminal_polyfill v1.70.2
[INFO] [stderr]    Compiling zlib-rs v0.6.6
[INFO] [stderr]    Compiling regex-automata v0.4.16
[INFO] [stderr]    Compiling anstyle v1.0.14
[INFO] [stderr]    Compiling thiserror v2.0.19
[INFO] [stderr]    Compiling hashlink v0.11.1
[INFO] [stderr]    Compiling anstream v1.0.0
[INFO] [stderr]    Compiling tempfile v3.27.0
[INFO] [stderr]    Compiling encoding_rs v0.8.35
[INFO] [stderr]    Compiling thiserror-impl v2.0.19
[INFO] [stderr]    Compiling clap_lex v1.1.0
[INFO] [stderr]    Compiling arraydeque v0.5.1
[INFO] [stderr]    Compiling typed-path v0.12.3
[INFO] [stderr]    Compiling clap_builder v4.6.2
[INFO] [stderr]    Compiling serde v1.0.229
[INFO] [stderr]    Compiling yaml-rust2 v0.11.0
[INFO] [stderr]    Compiling regex v1.13.1
[INFO] [stderr]    Compiling prettyplease v0.2.37
[INFO] [stderr]    Compiling darling_core v0.23.0
[INFO] [stderr]    Compiling flate2 v1.1.9
[INFO] [stderr]    Compiling clap v4.6.4
[INFO] [stderr]    Compiling zip v8.6.0
[INFO] [stderr]    Compiling prost-derive v0.14.4
[INFO] [stderr]    Compiling bounded-static-derive v0.8.0
[INFO] [stderr]    Compiling bounded-static v0.8.0
[INFO] [stderr]    Compiling prost v0.14.4
[INFO] [stderr]    Compiling prost-types v0.14.4
[INFO] [stderr]    Compiling darling_macro v0.23.0
[INFO] [stderr]    Compiling darling v0.23.0
[INFO] [stderr]    Compiling prost-build v0.14.4
[INFO] [stderr]    Compiling daml-lf v0.3.0
[INFO] [stderr]    Compiling daml-codegen v0.3.0
[INFO] [stderr]    Compiling daml-derive v0.3.0 (/opt/rustwide/workdir)
[INFO] [stderr]     Finished `release` profile [optimized] target(s) in 1m 01s
[INFO] running `Command { std: "docker" "inspect" "24218ccad8b3db48651334b50652c8725ded0c04fdc1ef135c1662f568017682", kill_on_drop: false }`
[INFO] running `Command { std: "docker" "exec" "-e" "SOURCE_DIR=/opt/rustwide/workdir" "-e" "CARGO_HOME=/opt/rustwide/cargo-home" "-e" "RUSTUP_HOME=/opt/rustwide/rustup-home" "-e" "CARGO_TARGET_DIR=/opt/rustwide/target" "-e" "CARGO_INCREMENTAL=0" "-e" "RUST_BACKTRACE=full" "-e" "RUSTFLAGS=--cap-lints=warn" "-e" "RUSTDOCFLAGS=--cap-lints=warn" "-w" "/opt/rustwide/workdir" "--user" "0:0" "24218ccad8b3db48651334b50652c8725ded0c04fdc1ef135c1662f568017682" "/opt/rustwide/cargo-home/bin/cargo" "+1.100.0-beta.1" "test" "--frozen" "--no-run" "--message-format=json" "--release", kill_on_drop: false }`
[INFO] [stderr]    Compiling zlib-rs v0.6.6
[INFO] [stderr]    Compiling hashlink v0.11.1
[INFO] [stderr]    Compiling encoding_rs v0.8.35
[INFO] [stderr]    Compiling aho-corasick v1.1.4
[INFO] [stderr]    Compiling thiserror v2.0.19
[INFO] [stderr]    Compiling arraydeque v0.5.1
[INFO] [stderr]    Compiling either v1.17.0
[INFO] [stderr]    Compiling clap_builder v4.6.2
[INFO] [stderr]    Compiling prost v0.14.4
[INFO] [stderr]    Compiling syn v2.0.119
[INFO] [stderr]    Compiling itertools v0.15.0
[INFO] [stderr]    Compiling bounded-static v0.8.0
[INFO] [stderr]    Compiling daml-lf v0.3.0
[INFO] [stderr]    Compiling ident_case v1.0.1
[INFO] [stderr]    Compiling daml-derive v0.3.0 (/opt/rustwide/workdir)
[INFO] [stderr]    Compiling heck v0.5.0
[INFO] [stderr]    Compiling regex-automata v0.4.16
[INFO] [stderr]    Compiling yaml-rust2 v0.11.0
[INFO] [stderr]    Compiling syn v3.0.3
[INFO] [stderr]    Compiling flate2 v1.1.9
[INFO] [stderr]    Compiling regex v1.13.1
[INFO] [stderr]    Compiling zip v8.6.0
[INFO] [stderr]    Compiling darling_core v0.23.0
[INFO] [stderr]    Compiling clap v4.6.4
[INFO] [stderr]    Compiling darling v0.23.0
[INFO] [stderr]    Compiling daml-codegen v0.3.0
[INFO] [stdout] error[E0433]: cannot find module or crate `daml` in this scope
[INFO] [stdout]   --> tests/macros.rs:16:5
[INFO] [stdout]    |
[INFO] [stdout] 16 | use daml::prelude::*;
[INFO] [stdout]    |     ^^^^ use of unresolved module or unlinked crate `daml`
[INFO] [stdout]    |
[INFO] [stdout]    = help: if you wanted to use a crate named `daml`, use `cargo add daml` to add it to your `Cargo.toml`
[INFO] [stdout] 
[INFO] [stdout] 
[INFO] [stdout] error[E0433]: cannot find module or crate `daml` in this scope
[INFO] [stdout]    --> tests/macros.rs:238:17
[INFO] [stdout]     |
[INFO] [stdout] 238 |             use daml::prelude::*;
[INFO] [stdout]     |                 ^^^^ use of unresolved module or unlinked crate `daml`
[INFO] [stdout]     |
[INFO] [stdout]     = help: if you wanted to use a crate named `daml`, use `cargo add daml` to add it to your `Cargo.toml`
[INFO] [stdout] 
[INFO] [stdout] 
[INFO] [stdout] error[E0433]: cannot find module or crate `daml` in this scope
[INFO] [stdout]    --> tests/macros.rs:245:17
[INFO] [stdout]     |
[INFO] [stdout] 245 |             use daml::prelude::*;
[INFO] [stdout]     |                 ^^^^ use of unresolved module or unlinked crate `daml`
[INFO] [stdout]     |
[INFO] [stdout]     = help: if you wanted to use a crate named `daml`, use `cargo add daml` to add it to your `Cargo.toml`
[INFO] [stdout] 
[INFO] [stdout] 
[INFO] [stdout] error[E0432]: unresolved import `my_app::fuji::asset::AssetContractId`
[INFO] [stdout]    --> tests/macros.rs:267:9
[INFO] [stdout]     |
[INFO] [stdout] 267 |     use my_app::fuji::asset::AssetContractId;
[INFO] [stdout]     |         ^^^^^^^^^^^^^^^^^^^^^---------------
[INFO] [stdout]     |                              |
[INFO] [stdout]     |                              no `AssetContractId` in `my_app::fuji::asset`
[INFO] [stdout] 
[INFO] [stdout] 
[INFO] [stdout] error[E0432]: unresolved import `my_app::fuji::asset::AssetContractId`
[INFO] [stdout]    --> tests/macros.rs:281:9
[INFO] [stdout]     |
[INFO] [stdout] 281 |     use my_app::fuji::asset::AssetContractId;
[INFO] [stdout]     |         ^^^^^^^^^^^^^^^^^^^^^---------------
[INFO] [stdout]     |                              |
[INFO] [stdout]     |                              no `AssetContractId` in `my_app::fuji::asset`
[INFO] [stdout] 
[INFO] [stdout] 
[INFO] [stdout] error: cannot find attribute `DamlEnum` in this scope
[INFO] [stdout]   --> tests/macros.rs:22:3
[INFO] [stdout]    |
[INFO] [stdout] 22 | #[DamlEnum]
[INFO] [stdout]    |   ^^^^^^^^
[INFO] [stdout] 
[INFO] [stdout] 
[INFO] [stdout] error: cannot find attribute `DamlData` in this scope
[INFO] [stdout]   --> tests/macros.rs:66:3
[INFO] [stdout]    |
[INFO] [stdout] 66 | #[DamlData]
[INFO] [stdout]    |   ^^^^^^^^
[INFO] [stdout] 
[INFO] [stdout] 
[INFO] [stdout] error: cannot find attribute `DamlData` in this scope
[INFO] [stdout]    --> tests/macros.rs:101:3
[INFO] [stdout]     |
[INFO] [stdout] 101 | #[DamlData]
[INFO] [stdout]     |   ^^^^^^^^
[INFO] [stdout] 
[INFO] [stdout] 
[INFO] [stdout] error: cannot find attribute `DamlVariant` in this scope
[INFO] [stdout]    --> tests/macros.rs:109:3
[INFO] [stdout]     |
[INFO] [stdout] 109 | #[DamlVariant]
[INFO] [stdout]     |   ^^^^^^^^^^^
[INFO] [stdout] 
[INFO] [stdout] 
[INFO] [stdout] error: cannot find attribute `DamlTemplate` in this scope
[INFO] [stdout]    --> tests/macros.rs:147:3
[INFO] [stdout]     |
[INFO] [stdout] 147 | #[DamlTemplate(package_name = "MyApp", module_name = "Fuji.PingPong")]
[INFO] [stdout]     |   ^^^^^^^^^^^^
[INFO] [stdout] 
[INFO] [stdout] 
[INFO] [stdout] error: cannot find attribute `DamlChoices` in this scope
[INFO] [stdout]    --> tests/macros.rs:154:3
[INFO] [stdout]     |
[INFO] [stdout] 154 | #[DamlChoices]
[INFO] [stdout]     |   ^^^^^^^^^^^
[INFO] [stdout] 
[INFO] [stdout] 
[INFO] [stdout] error: cannot find attribute `ResetCount` in this scope
[INFO] [stdout]    --> tests/macros.rs:156:7
[INFO] [stdout]     |
[INFO] [stdout] 156 |     #[ResetCount]
[INFO] [stdout]     |       ^^^^^^^^^^
[INFO] [stdout] 
[INFO] [stdout] 
[INFO] [stdout] error: cannot find attribute `DamlTemplate` in this scope
[INFO] [stdout]    --> tests/macros.rs:160:3
[INFO] [stdout]     |
[INFO] [stdout] 160 | #[DamlTemplate(package_id = "deadbeefcafe", module_name = "Fuji.Legacy")]
[INFO] [stdout]     |   ^^^^^^^^^^^^
[INFO] [stdout] 
[INFO] [stdout] 
[INFO] [stdout] error: cannot find attribute `DamlInterface` in this scope
[INFO] [stdout]    --> tests/macros.rs:240:15
[INFO] [stdout]     |
[INFO] [stdout] 240 |             #[DamlInterface(package_name = "MyApp", module_name = "Fuji.Holding")]
[INFO] [stdout]     |               ^^^^^^^^^^^^^
[INFO] [stdout] 
[INFO] [stdout] 
[INFO] [stdout] error: cannot find attribute `DamlTemplate` in this scope
[INFO] [stdout]    --> tests/macros.rs:249:15
[INFO] [stdout]     |
[INFO] [stdout] 249 |             #[DamlTemplate(
[INFO] [stdout]     |               ^^^^^^^^^^^^
[INFO] [stdout] 
[INFO] [stdout] 
[INFO] [stdout] error[E0425]: cannot find type `DamlValue` in this scope
[INFO] [stdout]   --> tests/macros.rs:36:19
[INFO] [stdout]    |
[INFO] [stdout] 36 |         let wire: DamlValue = original.clone().serialize_into();
[INFO] [stdout]    |                   ^^^^^^^^^ not found in this scope
[INFO] [stdout] 
[INFO] [stdout] 
[INFO] [stdout] error[E0425]: cannot find type `DamlText` in this scope
[INFO] [stdout]   --> tests/macros.rs:68:15
[INFO] [stdout]    |
[INFO] [stdout] 68 |     pub name: DamlText,
[INFO] [stdout]    |               ^^^^^^^^ not found in this scope
[INFO] [stdout] 
[INFO] [stdout] 
[INFO] [stdout] error[E0425]: cannot find type `DamlInt64` in this scope
[INFO] [stdout]   --> tests/macros.rs:69:14
[INFO] [stdout]    |
[INFO] [stdout] 69 |     pub age: DamlInt64,
[INFO] [stdout]    |              ^^^^^^^^^ not found in this scope
[INFO] [stdout] 
[INFO] [stdout] 
[INFO] [stdout] error[E0425]: cannot find type `DamlValue` in this scope
[INFO] [stdout]   --> tests/macros.rs:78:15
[INFO] [stdout]    |
[INFO] [stdout] 78 |     let wire: DamlValue = original.clone().serialize_into();
[INFO] [stdout]    |               ^^^^^^^^^ not found in this scope
[INFO] [stdout] 
[INFO] [stdout] 
[INFO] [stdout] error[E0425]: cannot find type `DamlInt64` in this scope
[INFO] [stdout]    --> tests/macros.rs:103:14
[INFO] [stdout]     |
[INFO] [stdout] 103 |     pub red: DamlInt64,
[INFO] [stdout]     |              ^^^^^^^^^ not found in this scope
[INFO] [stdout] 
[INFO] [stdout] 
[INFO] [stdout] error[E0425]: cannot find type `DamlInt64` in this scope
[INFO] [stdout]    --> tests/macros.rs:104:16
[INFO] [stdout]     |
[INFO] [stdout] 104 |     pub green: DamlInt64,
[INFO] [stdout]     |                ^^^^^^^^^ not found in this scope
[INFO] [stdout] 
[INFO] [stdout] 
[INFO] [stdout] error[E0425]: cannot find type `DamlInt64` in this scope
[INFO] [stdout]    --> tests/macros.rs:105:15
[INFO] [stdout]     |
[INFO] [stdout] 105 |     pub blue: DamlInt64,
[INFO] [stdout]     |               ^^^^^^^^^ not found in this scope
[INFO] [stdout] 
[INFO] [stdout] 
[INFO] [stdout] error[E0425]: cannot find type `DamlInt64` in this scope
[INFO] [stdout]    --> tests/macros.rs:106:16
[INFO] [stdout]     |
[INFO] [stdout] 106 |     pub alpha: DamlInt64,
[INFO] [stdout]     |                ^^^^^^^^^ not found in this scope
[INFO] [stdout] 
[INFO] [stdout] 
[INFO] [stdout] error[E0425]: cannot find type `DamlInt64` in this scope
[INFO] [stdout]    --> tests/macros.rs:112:12
[INFO] [stdout]     |
[INFO] [stdout] 112 |     Custom(DamlInt64),
[INFO] [stdout]     |            ^^^^^^^^^ not found in this scope
[INFO] [stdout] 
[INFO] [stdout] 
[INFO] [stdout] error[E0425]: cannot find type `DamlValue` in this scope
[INFO] [stdout]    --> tests/macros.rs:120:19
[INFO] [stdout]     |
[INFO] [stdout] 120 |         let wire: DamlValue = original.clone().serialize_into();
[INFO] [stdout]     |                   ^^^^^^^^^ not found in this scope
[INFO] [stdout] 
[INFO] [stdout] 
[INFO] [stdout] error[E0425]: cannot find type `DamlParty` in this scope
[INFO] [stdout]    --> tests/macros.rs:149:17
[INFO] [stdout]     |
[INFO] [stdout] 149 |     pub sender: DamlParty,
[INFO] [stdout]     |                 ^^^^^^^^^ not found in this scope
[INFO] [stdout] 
[INFO] [stdout] 
[INFO] [stdout] error[E0425]: cannot find type `DamlParty` in this scope
[INFO] [stdout]    --> tests/macros.rs:150:19
[INFO] [stdout]     |
[INFO] [stdout] 150 |     pub receiver: DamlParty,
[INFO] [stdout]     |                   ^^^^^^^^^ not found in this scope
[INFO] [stdout] 
[INFO] [stdout] 
[INFO] [stdout] error[E0425]: cannot find type `DamlInt64` in this scope
[INFO] [stdout]    --> tests/macros.rs:151:16
[INFO] [stdout]     |
[INFO] [stdout] 151 |     pub count: DamlInt64,
[INFO] [stdout]     |                ^^^^^^^^^ not found in this scope
[INFO] [stdout] 
[INFO] [stdout] 
[INFO] [stdout] error[E0425]: cannot find type `DamlInt64` in this scope
[INFO] [stdout]    --> tests/macros.rs:157:39
[INFO] [stdout]     |
[INFO] [stdout] 157 |     fn reset_count(&self, _new_count: DamlInt64) {}
[INFO] [stdout]     |                                       ^^^^^^^^^ not found in this scope
[INFO] [stdout] 
[INFO] [stdout] 
[INFO] [stdout] error[E0425]: cannot find type `DamlParty` in this scope
[INFO] [stdout]    --> tests/macros.rs:162:17
[INFO] [stdout]     |
[INFO] [stdout] 162 |     pub sender: DamlParty,
[INFO] [stdout]     |                 ^^^^^^^^^ not found in this scope
[INFO] [stdout] 
[INFO] [stdout] 
[INFO] [stdout] error[E0425]: cannot find type `DamlValue` in this scope
[INFO] [stdout]    --> tests/macros.rs:197:15
[INFO] [stdout]     |
[INFO] [stdout] 197 |     let wire: DamlValue = original.clone().serialize_into();
[INFO] [stdout]     |               ^^^^^^^^^ not found in this scope
[INFO] [stdout] 
[INFO] [stdout] 
[INFO] [stdout] error[E0425]: cannot find type `DamlParty` in this scope
[INFO] [stdout]    --> tests/macros.rs:255:29
[INFO] [stdout]     |
[INFO] [stdout] 255 |                 pub issuer: DamlParty,
[INFO] [stdout]     |                             ^^^^^^^^^ not found in this scope
[INFO] [stdout] 
[INFO] [stdout] 
[INFO] [stdout] error[E0425]: cannot find type `DamlParty` in this scope
[INFO] [stdout]    --> tests/macros.rs:256:28
[INFO] [stdout]     |
[INFO] [stdout] 256 |                 pub owner: DamlParty,
[INFO] [stdout]     |                            ^^^^^^^^^ not found in this scope
[INFO] [stdout] 
[INFO] [stdout] 
[INFO] [stdout] error[E0404]: expected trait, found struct `HoldingMarker`
[INFO] [stdout]    --> tests/macros.rs:269:34
[INFO] [stdout]     |
[INFO] [stdout] 269 |     let id = <AssetContractId as HoldingMarker>::interface_id();
[INFO] [stdout]     |                                  ^^^^^^^^^^^^^ not a trait
[INFO] [stdout] 
[INFO] [stdout] 
[INFO] [stdout] error[E0404]: expected trait, found struct `HoldingMarker`
[INFO] [stdout]    --> tests/macros.rs:283:23
[INFO] [stdout]     |
[INFO] [stdout] 283 |     fn assert_impl<T: HoldingMarker>() {}
[INFO] [stdout]     |                       ^^^^^^^^^^^^^ not a trait
[INFO] [stdout] 
[INFO] [stdout] 
[INFO] [stdout] error[E0433]: cannot find type `DamlValue` in this scope
[INFO] [stdout]   --> tests/macros.rs:37:13
[INFO] [stdout]    |
[INFO] [stdout] 37 |         let DamlValue::Enum(ref e) = wire else {
[INFO] [stdout]    |             ^^^^^^^^^ use of undeclared type `DamlValue`
[INFO] [stdout] 
[INFO] [stdout] 
[INFO] [stdout] error[E0433]: cannot find type `DamlValue` in this scope
[INFO] [stdout]   --> tests/macros.rs:57:17
[INFO] [stdout]    |
[INFO] [stdout] 57 |     let bogus = DamlValue::Enum(DamlEnum::new("Yellow", None));
[INFO] [stdout]    |                 ^^^^^^^^^ use of undeclared type `DamlValue`
[INFO] [stdout] 
[INFO] [stdout] 
[INFO] [stdout] error[E0433]: cannot find type `DamlEnum` in this scope
[INFO] [stdout]   --> tests/macros.rs:57:33
[INFO] [stdout]    |
[INFO] [stdout] 57 |     let bogus = DamlValue::Enum(DamlEnum::new("Yellow", None));
[INFO] [stdout]    |                                 ^^^^^^^^ use of undeclared type `DamlEnum`
[INFO] [stdout] 
[INFO] [stdout] 
[INFO] [stdout] error[E0433]: cannot find type `DamlError` in this scope
[INFO] [stdout]   --> tests/macros.rs:59:27
[INFO] [stdout]    |
[INFO] [stdout] 59 |     assert!(matches!(err, DamlError::UnexpectedVariant(_, _)), "got: {err:?}");
[INFO] [stdout]    |                           ^^^^^^^^^ use of undeclared type `DamlError`
[INFO] [stdout] 
[INFO] [stdout] 
[INFO] [stdout] error[E0433]: cannot find type `DamlValue` in this scope
[INFO] [stdout]   --> tests/macros.rs:79:9
[INFO] [stdout]    |
[INFO] [stdout] 79 |     let DamlValue::Record(ref _r) = wire else {
[INFO] [stdout]    |         ^^^^^^^^^ use of undeclared type `DamlValue`
[INFO] [stdout] 
[INFO] [stdout] 
[INFO] [stdout] error[E0433]: cannot find type `DamlValue` in this scope
[INFO] [stdout]    --> tests/macros.rs:121:13
[INFO] [stdout]     |
[INFO] [stdout] 121 |         let DamlValue::Variant(ref v) = wire else {
[INFO] [stdout]     |             ^^^^^^^^^ use of undeclared type `DamlValue`
[INFO] [stdout] 
[INFO] [stdout] 
[INFO] [stdout] error[E0433]: cannot find type `DamlValue` in this scope
[INFO] [stdout]    --> tests/macros.rs:138:17
[INFO] [stdout]     |
[INFO] [stdout] 138 |     let bogus = DamlValue::Variant(DamlVariant::new("Glittery", Box::new(DamlValue::new_unit()), None));
[INFO] [stdout]     |                 ^^^^^^^^^ use of undeclared type `DamlValue`
[INFO] [stdout] 
[INFO] [stdout] 
[INFO] [stdout] error[E0433]: cannot find type `DamlVariant` in this scope
[INFO] [stdout]    --> tests/macros.rs:138:36
[INFO] [stdout]     |
[INFO] [stdout] 138 |     let bogus = DamlValue::Variant(DamlVariant::new("Glittery", Box::new(DamlValue::new_unit()), None));
[INFO] [stdout]     |                                    ^^^^^^^^^^^ use of undeclared type `DamlVariant`
[INFO] [stdout] 
[INFO] [stdout] 
[INFO] [stdout] error[E0433]: cannot find type `DamlValue` in this scope
[INFO] [stdout]    --> tests/macros.rs:138:74
[INFO] [stdout]     |
[INFO] [stdout] 138 |     let bogus = DamlValue::Variant(DamlVariant::new("Glittery", Box::new(DamlValue::new_unit()), None));
[INFO] [stdout]     |                                                                          ^^^^^^^^^ use of undeclared type `DamlValue`
[INFO] [stdout] 
[INFO] [stdout] 
[INFO] [stdout] error[E0433]: cannot find type `DamlError` in this scope
[INFO] [stdout]    --> tests/macros.rs:140:27
[INFO] [stdout]     |
[INFO] [stdout] 140 |     assert!(matches!(err, DamlError::UnexpectedVariant(_, _)), "got: {err:?}");
[INFO] [stdout]     |                           ^^^^^^^^^ use of undeclared type `DamlError`
[INFO] [stdout] 
[INFO] [stdout] 
[INFO] [stdout] error[E0433]: cannot find type `DamlValue` in this scope
[INFO] [stdout]    --> tests/macros.rs:198:9
[INFO] [stdout]     |
[INFO] [stdout] 198 |     let DamlValue::Record(_) = wire else {
[INFO] [stdout]     |         ^^^^^^^^^ use of undeclared type `DamlValue`
[INFO] [stdout] 
[INFO] [stdout] 
[INFO] [stdout] error[E0433]: cannot find type `PingContractId` in this scope
[INFO] [stdout]    --> tests/macros.rs:218:15
[INFO] [stdout]     |
[INFO] [stdout] 218 |     let cid = PingContractId::try_from(DamlContractId::new("test-cid")).expect("construct cid");
[INFO] [stdout]     |               ^^^^^^^^^^^^^^ use of undeclared type `PingContractId`
[INFO] [stdout] 
[INFO] [stdout] 
[INFO] [stdout] error[E0433]: cannot find type `DamlContractId` in this scope
[INFO] [stdout]    --> tests/macros.rs:218:40
[INFO] [stdout]     |
[INFO] [stdout] 218 |     let cid = PingContractId::try_from(DamlContractId::new("test-cid")).expect("construct cid");
[INFO] [stdout]     |                                        ^^^^^^^^^^^^^^ use of undeclared type `DamlContractId`
[INFO] [stdout] 
[INFO] [stdout] 
[INFO] [stdout] Some errors have detailed explanations: E0404, E0425, E0432, E0433.
[INFO] [stdout] 
[INFO] [stdout] For more information about an error, try `rustc --explain E0404`.
[INFO] [stdout] 
[INFO] [stderr] error: could not compile `daml-derive` (test "macros") due to 48 previous errors
[INFO] running `Command { std: "docker" "inspect" "24218ccad8b3db48651334b50652c8725ded0c04fdc1ef135c1662f568017682", kill_on_drop: false }`
[INFO] running `Command { std: "docker" "rm" "-f" "24218ccad8b3db48651334b50652c8725ded0c04fdc1ef135c1662f568017682", kill_on_drop: false }`
[INFO] [stdout] 24218ccad8b3db48651334b50652c8725ded0c04fdc1ef135c1662f568017682
