[INFO] fetching crate daikon-stl 0.1.0...
[INFO] testing daikon-stl-0.1.0 against 1.99.0-beta.8+cargoflags=--release for beta-release-1.100-2
[INFO] extracting crate daikon-stl 0.1.0 into /workspace/builds/worker-3-tc1/source
[INFO] started tweaking crates.io crate daikon-stl 0.1.0
[INFO] finished tweaking crates.io crate daikon-stl 0.1.0
[INFO] tweaked toml for crates.io crate daikon-stl 0.1.0 written to /workspace/builds/worker-3-tc1/source/Cargo.toml
[INFO] validating manifest of crates.io crate daikon-stl 0.1.0 on toolchain 1.99.0-beta.8
[INFO] running `Command { std: CARGO_HOME="/workspace/cargo-home" RUSTUP_HOME="/workspace/rustup-home" "/workspace/cargo-home/bin/cargo" "+1.99.0-beta.8" "metadata" "--manifest-path" "Cargo.toml" "--no-deps", kill_on_drop: false }`
[INFO] running `Command { std: CARGO_HOME="/workspace/cargo-home" RUSTUP_HOME="/workspace/rustup-home" "/workspace/cargo-home/bin/cargo" "+1.99.0-beta.8" "generate-lockfile" "--manifest-path" "Cargo.toml", kill_on_drop: false }`
[INFO] [stderr]     Updating crates.io index
[INFO] [stderr]      Locking 5 packages to highest compatible versions
[INFO] running `Command { std: CARGO_HOME="/workspace/cargo-home" RUSTUP_HOME="/workspace/rustup-home" "/workspace/cargo-home/bin/cargo" "+1.99.0-beta.8" "fetch" "--manifest-path" "Cargo.toml", kill_on_drop: false }`
[INFO] [stderr]  Downloading crates ...
[INFO] [stderr]   Downloaded cgmath v0.18.0
[INFO] [stderr]   Downloaded approx v0.4.0
[INFO] running `Command { std: "docker" "create" "-v" "/var/lib/crater-agent-workspace/builds/worker-3-tc1/source:/opt/rustwide/workdir:ro,Z" "-v" "/var/lib/crater-agent-workspace/builds/worker-3-tc1/target:/opt/rustwide/target:rw,Z" "-v" "/var/lib/crater-agent-workspace/cargo-home:/opt/rustwide/cargo-home:ro,Z" "-v" "/var/lib/crater-agent-workspace/rustup-home:/opt/rustwide/rustup-home:ro,Z" "-m" "1610612736" "--network" "none" "ghcr.io/rust-lang/crates-build-env/linux@sha256:77db811e55d90add9212f6832c23229e3de5f1c1f9905e8cb07319ea15df73ac" "sleep" "infinity", kill_on_drop: false }`
[INFO] [stdout] d4edb42c616e711745fdecb13962f9d4e588a6a4e3841884ea7242774c43cfb6
[INFO] running `Command { std: "docker" "start" "d4edb42c616e711745fdecb13962f9d4e588a6a4e3841884ea7242774c43cfb6", kill_on_drop: false }`
[INFO] running `Command { std: "docker" "inspect" "d4edb42c616e711745fdecb13962f9d4e588a6a4e3841884ea7242774c43cfb6", kill_on_drop: false }`
[INFO] running `Command { std: "docker" "exec" "-e" "SOURCE_DIR=/opt/rustwide/workdir" "-e" "CARGO_HOME=/opt/rustwide/cargo-home" "-e" "RUSTUP_HOME=/opt/rustwide/rustup-home" "-e" "CARGO_TARGET_DIR=/opt/rustwide/target" "-w" "/opt/rustwide/workdir" "--user" "0:0" "d4edb42c616e711745fdecb13962f9d4e588a6a4e3841884ea7242774c43cfb6" "/opt/rustwide/cargo-home/bin/cargo" "+1.99.0-beta.8" "metadata" "--no-deps" "--format-version=1", kill_on_drop: false }`
[INFO] running `Command { std: "docker" "inspect" "d4edb42c616e711745fdecb13962f9d4e588a6a4e3841884ea7242774c43cfb6", kill_on_drop: false }`
[INFO] running `Command { std: "docker" "exec" "-e" "SOURCE_DIR=/opt/rustwide/workdir" "-e" "CARGO_HOME=/opt/rustwide/cargo-home" "-e" "RUSTUP_HOME=/opt/rustwide/rustup-home" "-e" "CARGO_TARGET_DIR=/opt/rustwide/target" "-e" "CARGO_INCREMENTAL=0" "-e" "RUST_BACKTRACE=full" "-e" "RUSTFLAGS=--cap-lints=warn" "-e" "RUSTDOCFLAGS=--cap-lints=warn" "-w" "/opt/rustwide/workdir" "--user" "0:0" "d4edb42c616e711745fdecb13962f9d4e588a6a4e3841884ea7242774c43cfb6" "/opt/rustwide/cargo-home/bin/cargo" "+1.99.0-beta.8" "build" "--frozen" "--message-format=json" "--release", kill_on_drop: false }`
[INFO] [stderr]    Compiling cgmath v0.18.0
[INFO] [stderr]    Compiling approx v0.4.0
[INFO] [stderr]    Compiling daikon-stl v0.1.0 (/opt/rustwide/workdir)
[INFO] [stderr]     Finished `release` profile [optimized] target(s) in 2.68s
[INFO] running `Command { std: "docker" "inspect" "d4edb42c616e711745fdecb13962f9d4e588a6a4e3841884ea7242774c43cfb6", kill_on_drop: false }`
[INFO] running `Command { std: "docker" "exec" "-e" "SOURCE_DIR=/opt/rustwide/workdir" "-e" "CARGO_HOME=/opt/rustwide/cargo-home" "-e" "RUSTUP_HOME=/opt/rustwide/rustup-home" "-e" "CARGO_TARGET_DIR=/opt/rustwide/target" "-e" "CARGO_INCREMENTAL=0" "-e" "RUST_BACKTRACE=full" "-e" "RUSTFLAGS=--cap-lints=warn" "-e" "RUSTDOCFLAGS=--cap-lints=warn" "-w" "/opt/rustwide/workdir" "--user" "0:0" "d4edb42c616e711745fdecb13962f9d4e588a6a4e3841884ea7242774c43cfb6" "/opt/rustwide/cargo-home/bin/cargo" "+1.99.0-beta.8" "test" "--frozen" "--no-run" "--message-format=json" "--release", kill_on_drop: false }`
[INFO] [stderr]    Compiling daikon-stl v0.1.0 (/opt/rustwide/workdir)
[INFO] [stdout] error[E0422]: cannot find struct, variant or union type `Normal` in this scope
[INFO] [stdout]    --> src/lib.rs:108:25
[INFO] [stdout]     |
[INFO] [stdout] 108 |                 normal: Normal {
[INFO] [stdout]     |                         ^^^^^^ not found in this scope
[INFO] [stdout]     |
[INFO] [stdout] help: consider importing one of these variants
[INFO] [stdout]     |
[INFO] [stdout]  93 +     use std::num::FpCategory::Normal;
[INFO] [stdout]     |
[INFO] [stdout]  93 +     use std::path::Component::Normal;
[INFO] [stdout]     |
[INFO] [stdout]  93 +     use core::num::FpCategory::Normal;
[INFO] [stdout]     |
[INFO] [stdout] 
[INFO] [stdout] 
[INFO] [stdout] error[E0422]: cannot find struct, variant or union type `Vertex` in this scope
[INFO] [stdout]    --> src/lib.rs:114:21
[INFO] [stdout]     |
[INFO] [stdout] 114 |                     Vertex {
[INFO] [stdout]     |                     ^^^^^^ not found in this scope
[INFO] [stdout] 
[INFO] [stdout] 
[INFO] [stdout] error[E0422]: cannot find struct, variant or union type `Vertex` in this scope
[INFO] [stdout]    --> src/lib.rs:119:21
[INFO] [stdout]     |
[INFO] [stdout] 119 |                     Vertex {
[INFO] [stdout]     |                     ^^^^^^ not found in this scope
[INFO] [stdout] 
[INFO] [stdout] 
[INFO] [stdout] error[E0422]: cannot find struct, variant or union type `Vertex` in this scope
[INFO] [stdout]    --> src/lib.rs:124:21
[INFO] [stdout]     |
[INFO] [stdout] 124 |                     Vertex {
[INFO] [stdout]     |                     ^^^^^^ not found in this scope
[INFO] [stdout] 
[INFO] [stdout] 
[INFO] [stdout] For more information about this error, try `rustc --explain E0422`.
[INFO] [stdout] 
[INFO] [stderr] error: could not compile `daikon-stl` (lib test) due to 4 previous errors
[INFO] running `Command { std: "docker" "inspect" "d4edb42c616e711745fdecb13962f9d4e588a6a4e3841884ea7242774c43cfb6", kill_on_drop: false }`
[INFO] running `Command { std: "docker" "rm" "-f" "d4edb42c616e711745fdecb13962f9d4e588a6a4e3841884ea7242774c43cfb6", kill_on_drop: false }`
[INFO] [stdout] d4edb42c616e711745fdecb13962f9d4e588a6a4e3841884ea7242774c43cfb6
