[INFO] fetching crate daft-derive 0.1.8...
[INFO] testing daft-derive-0.1.8 against 1.100.0-beta.1+cargoflags=--release for beta-release-1.100-2
[INFO] extracting crate daft-derive 0.1.8 into /workspace/builds/worker-3-tc2/source
[INFO] started tweaking crates.io crate daft-derive 0.1.8
[INFO] removed 0 missing tests
[INFO] finished tweaking crates.io crate daft-derive 0.1.8
[INFO] tweaked toml for crates.io crate daft-derive 0.1.8 written to /workspace/builds/worker-3-tc2/source/Cargo.toml
[INFO] validating manifest of crates.io crate daft-derive 0.1.8 on toolchain 1.100.0-beta.1
[INFO] running `Command { std: CARGO_HOME="/workspace/cargo-home" RUSTUP_HOME="/workspace/rustup-home" "/workspace/cargo-home/bin/cargo" "+1.100.0-beta.1" "metadata" "--manifest-path" "Cargo.toml" "--no-deps", kill_on_drop: false }`
[INFO] crate crates.io crate daft-derive 0.1.8 already has a lockfile, it will not be regenerated
[INFO] running `Command { std: CARGO_HOME="/workspace/cargo-home" RUSTUP_HOME="/workspace/rustup-home" "/workspace/cargo-home/bin/cargo" "+1.100.0-beta.1" "fetch" "--manifest-path" "Cargo.toml", kill_on_drop: false }`
[INFO] running `Command { std: "docker" "create" "-v" "/var/lib/crater-agent-workspace/builds/worker-3-tc2/source:/opt/rustwide/workdir:ro,Z" "-v" "/var/lib/crater-agent-workspace/builds/worker-3-tc2/target:/opt/rustwide/target:rw,Z" "-v" "/var/lib/crater-agent-workspace/cargo-home:/opt/rustwide/cargo-home:ro,Z" "-v" "/var/lib/crater-agent-workspace/rustup-home:/opt/rustwide/rustup-home:ro,Z" "-m" "1610612736" "--network" "none" "ghcr.io/rust-lang/crates-build-env/linux@sha256:77db811e55d90add9212f6832c23229e3de5f1c1f9905e8cb07319ea15df73ac" "sleep" "infinity", kill_on_drop: false }`
[INFO] [stdout] dc7c2316c648e5c6642ca56c40bf395463c3b3731835b264c803e39f292a9c0e
[INFO] running `Command { std: "docker" "start" "dc7c2316c648e5c6642ca56c40bf395463c3b3731835b264c803e39f292a9c0e", kill_on_drop: false }`
[INFO] running `Command { std: "docker" "inspect" "dc7c2316c648e5c6642ca56c40bf395463c3b3731835b264c803e39f292a9c0e", kill_on_drop: false }`
[INFO] running `Command { std: "docker" "exec" "-e" "SOURCE_DIR=/opt/rustwide/workdir" "-e" "CARGO_HOME=/opt/rustwide/cargo-home" "-e" "RUSTUP_HOME=/opt/rustwide/rustup-home" "-e" "CARGO_TARGET_DIR=/opt/rustwide/target" "-w" "/opt/rustwide/workdir" "--user" "0:0" "dc7c2316c648e5c6642ca56c40bf395463c3b3731835b264c803e39f292a9c0e" "/opt/rustwide/cargo-home/bin/cargo" "+1.100.0-beta.1" "metadata" "--no-deps" "--format-version=1", kill_on_drop: false }`
[INFO] running `Command { std: "docker" "inspect" "dc7c2316c648e5c6642ca56c40bf395463c3b3731835b264c803e39f292a9c0e", kill_on_drop: false }`
[INFO] running `Command { std: "docker" "exec" "-e" "SOURCE_DIR=/opt/rustwide/workdir" "-e" "CARGO_HOME=/opt/rustwide/cargo-home" "-e" "RUSTUP_HOME=/opt/rustwide/rustup-home" "-e" "CARGO_TARGET_DIR=/opt/rustwide/target" "-e" "CARGO_INCREMENTAL=0" "-e" "RUST_BACKTRACE=full" "-e" "RUSTFLAGS=--cap-lints=warn" "-e" "RUSTDOCFLAGS=--cap-lints=warn" "-w" "/opt/rustwide/workdir" "--user" "0:0" "dc7c2316c648e5c6642ca56c40bf395463c3b3731835b264c803e39f292a9c0e" "/opt/rustwide/cargo-home/bin/cargo" "+1.100.0-beta.1" "build" "--frozen" "--message-format=json" "--release", kill_on_drop: false }`
[INFO] [stderr]    Compiling proc-macro2 v1.0.93
[INFO] [stderr]    Compiling unicode-ident v1.0.15
[INFO] [stderr]    Compiling quote v1.0.38
[INFO] [stderr]    Compiling syn v3.0.3
[INFO] [stderr]    Compiling daft-derive v0.1.8 (/opt/rustwide/workdir)
[INFO] [stderr]     Finished `release` profile [optimized] target(s) in 10.79s
[INFO] running `Command { std: "docker" "inspect" "dc7c2316c648e5c6642ca56c40bf395463c3b3731835b264c803e39f292a9c0e", kill_on_drop: false }`
[INFO] running `Command { std: "docker" "exec" "-e" "SOURCE_DIR=/opt/rustwide/workdir" "-e" "CARGO_HOME=/opt/rustwide/cargo-home" "-e" "RUSTUP_HOME=/opt/rustwide/rustup-home" "-e" "CARGO_TARGET_DIR=/opt/rustwide/target" "-e" "CARGO_INCREMENTAL=0" "-e" "RUST_BACKTRACE=full" "-e" "RUSTFLAGS=--cap-lints=warn" "-e" "RUSTDOCFLAGS=--cap-lints=warn" "-w" "/opt/rustwide/workdir" "--user" "0:0" "dc7c2316c648e5c6642ca56c40bf395463c3b3731835b264c803e39f292a9c0e" "/opt/rustwide/cargo-home/bin/cargo" "+1.100.0-beta.1" "test" "--frozen" "--no-run" "--message-format=json" "--release", kill_on_drop: false }`
[INFO] [stderr]    Compiling serde v1.0.217
[INFO] [stderr]    Compiling libc v0.2.169
[INFO] [stderr]    Compiling serde_json v1.0.137
[INFO] [stderr]    Compiling camino v1.1.9
[INFO] [stderr]    Compiling target-triple v0.1.3
[INFO] [stderr]    Compiling memchr v2.7.4
[INFO] [stderr]    Compiling prettyplease v0.3.0
[INFO] [stderr]    Compiling anstyle v1.0.10
[INFO] [stderr]    Compiling utf8parse v0.2.2
[INFO] [stderr]    Compiling anstyle-query v1.1.2
[INFO] [stderr]    Compiling colorchoice v1.0.3
[INFO] [stderr]    Compiling anstyle-parse v0.2.6
[INFO] [stderr]    Compiling proc-macro2 v1.0.93
[INFO] [stderr]    Compiling clap_lex v0.7.4
[INFO] [stderr]    Compiling syn v2.0.96
[INFO] [stderr]    Compiling unicode-ident v1.0.15
[INFO] [stderr]    Compiling is_terminal_polyfill v1.70.1
[INFO] [stderr]    Compiling indexmap v2.13.0
[INFO] [stderr]    Compiling regex-syntax v0.8.5
[INFO] [stderr]    Compiling hashbrown v0.16.1
[INFO] [stderr]    Compiling anstream v0.6.18
[INFO] [stderr]    Compiling bit-vec v0.8.0
[INFO] [stderr]    Compiling winnow v0.7.0
[INFO] [stderr]    Compiling escape8259 v0.5.3
[INFO] [stderr]    Compiling clap_builder v4.5.27
[INFO] [stderr]    Compiling aho-corasick v1.1.3
[INFO] [stderr]    Compiling bit-set v0.8.0
[INFO] [stderr]    Compiling once_cell v1.20.2
[INFO] [stderr]    Compiling itoa v1.0.14
[INFO] [stderr]    Compiling quote v1.0.38
[INFO] [stderr]    Compiling syn v3.0.3
[INFO] [stderr]    Compiling getrandom v0.2.15
[INFO] [stderr]    Compiling console v0.15.10
[INFO] [stderr]    Compiling daft-derive v0.1.8 (/opt/rustwide/workdir)
[INFO] [stderr]    Compiling glob v0.3.2
[INFO] [stderr]    Compiling unicode-width v0.2.0
[INFO] [stderr]    Compiling expectorate v1.1.0
[INFO] [stderr]    Compiling newline-converter v0.3.0
[INFO] [stderr]    Compiling uuid v1.12.1
[INFO] [stderr]    Compiling termcolor v1.4.1
[INFO] [stderr]    Compiling regex-automata v0.4.9
[INFO] [stderr]    Compiling similar v2.7.0
[INFO] [stderr]    Compiling serde_spanned v0.6.8
[INFO] [stderr]    Compiling toml_datetime v0.6.8
[INFO] [stderr]    Compiling toml_edit v0.22.23
[INFO] [stderr]    Compiling clap_derive v4.5.24
[INFO] [stderr]    Compiling serde_derive v1.0.217
[INFO] [stderr]    Compiling clap v4.5.27
[INFO] [stderr]    Compiling libtest-mimic v0.8.1
[INFO] [stderr]    Compiling fancy-regex v0.14.0
[INFO] [stderr]    Compiling toml v0.8.19
[INFO] [stderr]    Compiling datatest-stable v0.3.2
[INFO] [stderr]    Compiling trybuild v1.0.103
[INFO] [stdout] error[E0432]: unresolved import `daft`
[INFO] [stdout]  --> tests/integration/generics.rs:1:5
[INFO] [stdout]   |
[INFO] [stdout] 1 | use daft::{Diffable, Leaf};
[INFO] [stdout]   |     ^^^^ use of unresolved module or unlinked crate `daft`
[INFO] [stdout]   |
[INFO] [stdout]   = help: if you wanted to use a crate named `daft`, use `cargo add daft` to add it to your `Cargo.toml`
[INFO] [stdout] 
[INFO] [stdout] 
[INFO] [stdout] error[E0432]: unresolved import `daft`
[INFO] [stdout]  --> tests/integration/basic.rs:1:5
[INFO] [stdout]   |
[INFO] [stdout] 1 | use daft::{Diffable, Leaf};
[INFO] [stdout]   |     ^^^^ use of unresolved module or unlinked crate `daft`
[INFO] [stdout]   |
[INFO] [stdout]   = help: if you wanted to use a crate named `daft`, use `cargo add daft` to add it to your `Cargo.toml`
[INFO] [stdout] 
[INFO] [stdout] 
[INFO] [stdout] error: cannot find attribute `daft` in this scope
[INFO] [stdout]   --> tests/integration/basic.rs:98:11
[INFO] [stdout]    |
[INFO] [stdout] 98 |         #[daft(ignore)]
[INFO] [stdout]    |           ^^^^
[INFO] [stdout]    |
[INFO] [stdout]    = note: `daft` is an attribute that can be used by the derive macro `Diffable`, you might be missing a `derive` attribute
[INFO] [stdout] 
[INFO] [stdout] 
[INFO] [stdout] error: cannot find attribute `daft` in this scope
[INFO] [stdout]    --> tests/integration/basic.rs:100:11
[INFO] [stdout]     |
[INFO] [stdout] 100 |         #[daft(ignore)]
[INFO] [stdout]     |           ^^^^
[INFO] [stdout]     |
[INFO] [stdout]     = note: `daft` is an attribute that can be used by the derive macro `Diffable`, you might be missing a `derive` attribute
[INFO] [stdout] 
[INFO] [stdout] 
[INFO] [stdout] error: cannot find attribute `daft` in this scope
[INFO] [stdout]    --> tests/integration/basic.rs:105:30
[INFO] [stdout]     |
[INFO] [stdout] 105 |     struct AllIgnoredTuple(#[daft(ignore)] i32, #[daft(ignore)] String);
[INFO] [stdout]     |                              ^^^^
[INFO] [stdout]     |
[INFO] [stdout]     = note: `daft` is an attribute that can be used by the derive macro `Diffable`, you might be missing a `derive` attribute
[INFO] [stdout] 
[INFO] [stdout] 
[INFO] [stdout] error: cannot find attribute `daft` in this scope
[INFO] [stdout]    --> tests/integration/basic.rs:105:51
[INFO] [stdout]     |
[INFO] [stdout] 105 |     struct AllIgnoredTuple(#[daft(ignore)] i32, #[daft(ignore)] String);
[INFO] [stdout]     |                                                   ^^^^
[INFO] [stdout]     |
[INFO] [stdout]     = note: `daft` is an attribute that can be used by the derive macro `Diffable`, you might be missing a `derive` attribute
[INFO] [stdout] 
[INFO] [stdout] 
[INFO] [stdout] error: cannot find attribute `daft` in this scope
[INFO] [stdout]    --> tests/integration/basic.rs:144:11
[INFO] [stdout]     |
[INFO] [stdout] 144 |         #[daft(ignore)]
[INFO] [stdout]     |           ^^^^
[INFO] [stdout]     |
[INFO] [stdout]     = note: `daft` is an attribute that can be used by the derive macro `Diffable`, you might be missing a `derive` attribute
[INFO] [stdout] 
[INFO] [stdout] 
[INFO] [stdout] error: cannot find attribute `daft` in this scope
[INFO] [stdout]   --> tests/integration/generics.rs:91:11
[INFO] [stdout]    |
[INFO] [stdout] 91 |         #[daft(leaf)]
[INFO] [stdout]    |           ^^^^
[INFO] [stdout]    |
[INFO] [stdout]    = note: `daft` is an attribute that can be used by the derive macro `Diffable`, you might be missing a `derive` attribute
[INFO] [stdout] 
[INFO] [stdout] 
[INFO] [stdout] error[E0422]: cannot find struct, variant or union type `SomeStructDiff` in this scope
[INFO] [stdout]   --> tests/integration/basic.rs:42:20
[INFO] [stdout]    |
[INFO] [stdout] 42 |     let expected = SomeStructDiff { a: Leaf { before: &0, after: &1 } };
[INFO] [stdout]    |                    ^^^^^^^^^^^^^^ not found in this scope
[INFO] [stdout]    |
[INFO] [stdout] note: similarly named struct `SomeStruct` defined here
[INFO] [stdout]   --> tests/integration/basic.rs:13:1
[INFO] [stdout]    |
[INFO] [stdout] 13 | struct SomeStruct {
[INFO] [stdout]    | ^^^^^^^^^^^^^^^^^
[INFO] [stdout] help: a struct with a similar name exists
[INFO] [stdout]    |
[INFO] [stdout] 42 -     let expected = SomeStructDiff { a: Leaf { before: &0, after: &1 } };
[INFO] [stdout] 42 +     let expected = SomeStruct { a: Leaf { before: &0, after: &1 } };
[INFO] [stdout]    |
[INFO] [stdout] 
[INFO] [stdout] 
[INFO] [stdout] error[E0425]: cannot find type `UnitStructDiff` in this scope
[INFO] [stdout]    --> tests/integration/basic.rs:151:19
[INFO] [stdout]     |
[INFO] [stdout] 151 |     assert_send::<UnitStructDiff<'_>>();
[INFO] [stdout]     |                   ^^^^^^^^^^^^^^ not found in this scope
[INFO] [stdout]     |
[INFO] [stdout] note: similarly named struct `UnitStruct` defined here
[INFO] [stdout]    --> tests/integration/basic.rs:88:5
[INFO] [stdout]     |
[INFO] [stdout]  88 |     struct UnitStruct;
[INFO] [stdout]     |     ^^^^^^^^^^^^^^^^^^
[INFO] [stdout] help: a struct with a similar name exists
[INFO] [stdout]     |
[INFO] [stdout] 151 -     assert_send::<UnitStructDiff<'_>>();
[INFO] [stdout] 151 +     assert_send::<UnitStruct<'_>>();
[INFO] [stdout]     |
[INFO] [stdout] 
[INFO] [stdout] 
[INFO] [stdout] error[E0425]: cannot find type `UnitStructDiff` in this scope
[INFO] [stdout]    --> tests/integration/basic.rs:152:19
[INFO] [stdout]     |
[INFO] [stdout] 152 |     assert_sync::<UnitStructDiff<'_>>();
[INFO] [stdout]     |                   ^^^^^^^^^^^^^^ not found in this scope
[INFO] [stdout]     |
[INFO] [stdout] note: similarly named struct `UnitStruct` defined here
[INFO] [stdout]    --> tests/integration/basic.rs:88:5
[INFO] [stdout]     |
[INFO] [stdout]  88 |     struct UnitStruct;
[INFO] [stdout]     |     ^^^^^^^^^^^^^^^^^^
[INFO] [stdout] help: a struct with a similar name exists
[INFO] [stdout]     |
[INFO] [stdout] 152 -     assert_sync::<UnitStructDiff<'_>>();
[INFO] [stdout] 152 +     assert_sync::<UnitStruct<'_>>();
[INFO] [stdout]     |
[INFO] [stdout] 
[INFO] [stdout] 
[INFO] [stdout] error[E0425]: cannot find type `AllIgnoredTupleDiff` in this scope
[INFO] [stdout]    --> tests/integration/basic.rs:153:19
[INFO] [stdout]     |
[INFO] [stdout] 153 |     assert_send::<AllIgnoredTupleDiff<'_>>();
[INFO] [stdout]     |                   ^^^^^^^^^^^^^^^^^^^ not found in this scope
[INFO] [stdout]     |
[INFO] [stdout] note: similarly named struct `AllIgnoredTuple` defined here
[INFO] [stdout]    --> tests/integration/basic.rs:105:5
[INFO] [stdout]     |
[INFO] [stdout] 105 |     struct AllIgnoredTuple(#[daft(ignore)] i32, #[daft(ignore)] String);
[INFO] [stdout]     |     ^^^^^^^^^^^^^^^^^^^^^^^^^^^^^^^^^^^^^^^^^^^^^^^^^^^^^^^^^^^^^^^^^^^^
[INFO] [stdout] help: a struct with a similar name exists
[INFO] [stdout]     |
[INFO] [stdout] 153 -     assert_send::<AllIgnoredTupleDiff<'_>>();
[INFO] [stdout] 153 +     assert_send::<AllIgnoredTuple<'_>>();
[INFO] [stdout]     |
[INFO] [stdout] 
[INFO] [stdout] 
[INFO] [stdout] error[E0425]: cannot find type `AllIgnoredTupleDiff` in this scope
[INFO] [stdout]    --> tests/integration/basic.rs:154:19
[INFO] [stdout]     |
[INFO] [stdout] 154 |     assert_sync::<AllIgnoredTupleDiff<'_>>();
[INFO] [stdout]     |                   ^^^^^^^^^^^^^^^^^^^ not found in this scope
[INFO] [stdout]     |
[INFO] [stdout] note: similarly named struct `AllIgnoredTuple` defined here
[INFO] [stdout]    --> tests/integration/basic.rs:105:5
[INFO] [stdout]     |
[INFO] [stdout] 105 |     struct AllIgnoredTuple(#[daft(ignore)] i32, #[daft(ignore)] String);
[INFO] [stdout]     |     ^^^^^^^^^^^^^^^^^^^^^^^^^^^^^^^^^^^^^^^^^^^^^^^^^^^^^^^^^^^^^^^^^^^^
[INFO] [stdout] help: a struct with a similar name exists
[INFO] [stdout]     |
[INFO] [stdout] 154 -     assert_sync::<AllIgnoredTupleDiff<'_>>();
[INFO] [stdout] 154 +     assert_sync::<AllIgnoredTuple<'_>>();
[INFO] [stdout]     |
[INFO] [stdout] 
[INFO] [stdout] 
[INFO] [stdout] error[E0425]: cannot find type `AllIgnoredNonSyncDiff` in this scope
[INFO] [stdout]    --> tests/integration/basic.rs:155:19
[INFO] [stdout]     |
[INFO] [stdout] 155 |     assert_send::<AllIgnoredNonSyncDiff<'_>>();
[INFO] [stdout]     |                   ^^^^^^^^^^^^^^^^^^^^^ not found in this scope
[INFO] [stdout]     |
[INFO] [stdout] note: similarly named struct `AllIgnoredNonSync` defined here
[INFO] [stdout]    --> tests/integration/basic.rs:143:5
[INFO] [stdout]     |
[INFO] [stdout] 143 |     struct AllIgnoredNonSync {
[INFO] [stdout]     |     ^^^^^^^^^^^^^^^^^^^^^^^^
[INFO] [stdout] help: a struct with a similar name exists
[INFO] [stdout]     |
[INFO] [stdout] 155 -     assert_send::<AllIgnoredNonSyncDiff<'_>>();
[INFO] [stdout] 155 +     assert_send::<AllIgnoredNonSync<'_>>();
[INFO] [stdout]     |
[INFO] [stdout] 
[INFO] [stdout] 
[INFO] [stdout] error[E0425]: cannot find type `AllIgnoredNonSyncDiff` in this scope
[INFO] [stdout]    --> tests/integration/basic.rs:156:19
[INFO] [stdout]     |
[INFO] [stdout] 156 |     assert_sync::<AllIgnoredNonSyncDiff<'_>>();
[INFO] [stdout]     |                   ^^^^^^^^^^^^^^^^^^^^^ not found in this scope
[INFO] [stdout]     |
[INFO] [stdout] note: similarly named struct `AllIgnoredNonSync` defined here
[INFO] [stdout]    --> tests/integration/basic.rs:143:5
[INFO] [stdout]     |
[INFO] [stdout] 143 |     struct AllIgnoredNonSync {
[INFO] [stdout]     |     ^^^^^^^^^^^^^^^^^^^^^^^^
[INFO] [stdout] help: a struct with a similar name exists
[INFO] [stdout]     |
[INFO] [stdout] 156 -     assert_sync::<AllIgnoredNonSyncDiff<'_>>();
[INFO] [stdout] 156 +     assert_sync::<AllIgnoredNonSync<'_>>();
[INFO] [stdout]     |
[INFO] [stdout] 
[INFO] [stdout] 
[INFO] [stdout] Some errors have detailed explanations: E0422, E0425, E0432.
[INFO] [stdout] 
[INFO] [stdout] For more information about an error, try `rustc --explain E0422`.
[INFO] [stdout] 
[INFO] [stderr] error: could not compile `daft-derive` (test "integration") due to 15 previous errors
[INFO] [stderr] warning: build failed, waiting for other jobs to finish...
[INFO] running `Command { std: "docker" "inspect" "dc7c2316c648e5c6642ca56c40bf395463c3b3731835b264c803e39f292a9c0e", kill_on_drop: false }`
[INFO] running `Command { std: "docker" "rm" "-f" "dc7c2316c648e5c6642ca56c40bf395463c3b3731835b264c803e39f292a9c0e", kill_on_drop: false }`
[INFO] [stdout] dc7c2316c648e5c6642ca56c40bf395463c3b3731835b264c803e39f292a9c0e
