[INFO] fetching crate dadk-config 0.4.0...
[INFO] testing dadk-config-0.4.0 against 1.99.0-beta.8+cargoflags=--release for beta-release-1.100-2
[INFO] extracting crate dadk-config 0.4.0 into /workspace/builds/worker-0-tc1/source
[INFO] started tweaking crates.io crate dadk-config 0.4.0
[INFO] removed 0 missing tests
[INFO] finished tweaking crates.io crate dadk-config 0.4.0
[INFO] tweaked toml for crates.io crate dadk-config 0.4.0 written to /workspace/builds/worker-0-tc1/source/Cargo.toml
[INFO] validating manifest of crates.io crate dadk-config 0.4.0 on toolchain 1.99.0-beta.8
[INFO] running `Command { std: CARGO_HOME="/workspace/cargo-home" RUSTUP_HOME="/workspace/rustup-home" "/workspace/cargo-home/bin/cargo" "+1.99.0-beta.8" "metadata" "--manifest-path" "Cargo.toml" "--no-deps", kill_on_drop: false }`
[INFO] running `Command { std: CARGO_HOME="/workspace/cargo-home" RUSTUP_HOME="/workspace/rustup-home" "/workspace/cargo-home/bin/cargo" "+1.99.0-beta.8" "generate-lockfile" "--manifest-path" "Cargo.toml", kill_on_drop: false }`
[INFO] [stderr]     Updating crates.io index
[INFO] [stderr]      Locking 63 packages to highest compatible versions
[INFO] [stderr]       Adding shlex v1.3.0 (available: v2.0.1)
[INFO] [stderr]       Adding toml v0.8.23 (available: v1.1.8+spec-1.1.0)
[INFO] running `Command { std: CARGO_HOME="/workspace/cargo-home" RUSTUP_HOME="/workspace/rustup-home" "/workspace/cargo-home/bin/cargo" "+1.99.0-beta.8" "fetch" "--manifest-path" "Cargo.toml", kill_on_drop: false }`
[INFO] running `Command { std: "docker" "create" "-v" "/var/lib/crater-agent-workspace/builds/worker-0-tc1/source:/opt/rustwide/workdir:ro,Z" "-v" "/var/lib/crater-agent-workspace/builds/worker-0-tc1/target:/opt/rustwide/target:rw,Z" "-v" "/var/lib/crater-agent-workspace/cargo-home:/opt/rustwide/cargo-home:ro,Z" "-v" "/var/lib/crater-agent-workspace/rustup-home:/opt/rustwide/rustup-home:ro,Z" "-m" "1610612736" "--network" "none" "ghcr.io/rust-lang/crates-build-env/linux@sha256:77db811e55d90add9212f6832c23229e3de5f1c1f9905e8cb07319ea15df73ac" "sleep" "infinity", kill_on_drop: false }`
[INFO] [stdout] a08e9f4afd37797b8bc884320c3cb4a98dc23ccc4efb88306ee3f2d97f51ac20
[INFO] running `Command { std: "docker" "start" "a08e9f4afd37797b8bc884320c3cb4a98dc23ccc4efb88306ee3f2d97f51ac20", kill_on_drop: false }`
[INFO] running `Command { std: "docker" "inspect" "a08e9f4afd37797b8bc884320c3cb4a98dc23ccc4efb88306ee3f2d97f51ac20", kill_on_drop: false }`
[INFO] running `Command { std: "docker" "exec" "-e" "SOURCE_DIR=/opt/rustwide/workdir" "-e" "CARGO_HOME=/opt/rustwide/cargo-home" "-e" "RUSTUP_HOME=/opt/rustwide/rustup-home" "-e" "CARGO_TARGET_DIR=/opt/rustwide/target" "-w" "/opt/rustwide/workdir" "--user" "0:0" "a08e9f4afd37797b8bc884320c3cb4a98dc23ccc4efb88306ee3f2d97f51ac20" "/opt/rustwide/cargo-home/bin/cargo" "+1.99.0-beta.8" "metadata" "--no-deps" "--format-version=1", kill_on_drop: false }`
[INFO] running `Command { std: "docker" "inspect" "a08e9f4afd37797b8bc884320c3cb4a98dc23ccc4efb88306ee3f2d97f51ac20", kill_on_drop: false }`
[INFO] running `Command { std: "docker" "exec" "-e" "SOURCE_DIR=/opt/rustwide/workdir" "-e" "CARGO_HOME=/opt/rustwide/cargo-home" "-e" "RUSTUP_HOME=/opt/rustwide/rustup-home" "-e" "CARGO_TARGET_DIR=/opt/rustwide/target" "-e" "CARGO_INCREMENTAL=0" "-e" "RUST_BACKTRACE=full" "-e" "RUSTFLAGS=--cap-lints=warn" "-e" "RUSTDOCFLAGS=--cap-lints=warn" "-w" "/opt/rustwide/workdir" "--user" "0:0" "a08e9f4afd37797b8bc884320c3cb4a98dc23ccc4efb88306ee3f2d97f51ac20" "/opt/rustwide/cargo-home/bin/cargo" "+1.99.0-beta.8" "build" "--frozen" "--message-format=json" "--release", kill_on_drop: false }`
[INFO] [stderr]    Compiling serde v1.0.229
[INFO] [stderr]    Compiling equivalent v1.0.3
[INFO] [stderr]    Compiling jiff-core v0.1.1
[INFO] [stderr]    Compiling anyhow v1.0.104
[INFO] [stderr]    Compiling anstream v1.0.0
[INFO] [stderr]    Compiling shlex v1.3.0
[INFO] [stderr]    Compiling syn v3.0.9
[INFO] [stderr]    Compiling indexmap v2.14.2
[INFO] [stderr]    Compiling jiff v0.2.38
[INFO] [stderr]    Compiling serde_derive v1.0.229
[INFO] [stderr]    Compiling env_logger v0.11.11
[INFO] [stderr]    Compiling serde_spanned v0.6.9
[INFO] [stderr]    Compiling toml_datetime v0.6.11
[INFO] [stderr]    Compiling toml_edit v0.22.27
[INFO] [stderr]    Compiling toml v0.8.23
[INFO] [stderr]    Compiling dadk-config v0.4.0 (/opt/rustwide/workdir)
[INFO] [stderr]     Finished `release` profile [optimized] target(s) in 24.50s
[INFO] running `Command { std: "docker" "inspect" "a08e9f4afd37797b8bc884320c3cb4a98dc23ccc4efb88306ee3f2d97f51ac20", kill_on_drop: false }`
[INFO] running `Command { std: "docker" "exec" "-e" "SOURCE_DIR=/opt/rustwide/workdir" "-e" "CARGO_HOME=/opt/rustwide/cargo-home" "-e" "RUSTUP_HOME=/opt/rustwide/rustup-home" "-e" "CARGO_TARGET_DIR=/opt/rustwide/target" "-e" "CARGO_INCREMENTAL=0" "-e" "RUST_BACKTRACE=full" "-e" "RUSTFLAGS=--cap-lints=warn" "-e" "RUSTDOCFLAGS=--cap-lints=warn" "-w" "/opt/rustwide/workdir" "--user" "0:0" "a08e9f4afd37797b8bc884320c3cb4a98dc23ccc4efb88306ee3f2d97f51ac20" "/opt/rustwide/cargo-home/bin/cargo" "+1.99.0-beta.8" "test" "--frozen" "--no-run" "--message-format=json" "--release", kill_on_drop: false }`
[INFO] [stderr]    Compiling rustix v1.1.5
[INFO] [stderr]    Compiling getrandom v0.4.3
[INFO] [stderr]    Compiling once_cell v1.21.4
[INFO] [stderr]    Compiling fastrand v2.5.0
[INFO] [stderr]    Compiling tempfile v3.27.0
[INFO] [stderr]    Compiling dadk-config v0.4.0 (/opt/rustwide/workdir)
[INFO] [stdout] error: functions used as tests can not have any arguments
[INFO] [stdout]   --> tests/test_dadk_manifest.rs:12:1
[INFO] [stdout]    |
[INFO] [stdout] 12 | / fn test_load_dadk_manifest_template(ctx: &DadkConfigTestContext) {
[INFO] [stdout] 13 | |     let manifest_path = ctx.templates_dir().join(DADK_MANIFEST_FILE_NAME);
[INFO] [stdout] 14 | |     assert_eq!(manifest_path.exists(), true);
[INFO] [stdout] 15 | |     assert_eq!(manifest_path.is_file(), true);
[INFO] [stdout] ...  |
[INFO] [stdout] 18 | |     assert_eq!(manifest.used_default, false);
[INFO] [stdout] 19 | | }
[INFO] [stdout]    | |_^
[INFO] [stdout] 
[INFO] [stdout] 
[INFO] [stdout] error[E0433]: cannot find module or crate `test_base` in this scope
[INFO] [stdout]  --> tests/test_dadk_manifest.rs:2:5
[INFO] [stdout]   |
[INFO] [stdout] 2 | use test_base::{
[INFO] [stdout]   |     ^^^^^^^^^ use of unresolved module or unlinked crate `test_base`
[INFO] [stdout]   |
[INFO] [stdout]   = help: if you wanted to use a crate named `test_base`, use `cargo add test_base` to add it to your `Cargo.toml`
[INFO] [stdout] 
[INFO] [stdout] 
[INFO] [stdout] For more information about this error, try `rustc --explain E0433`.
[INFO] [stdout] 
[INFO] [stderr] error: could not compile `dadk-config` (test "test_dadk_manifest") due to 2 previous errors
[INFO] [stderr] warning: build failed, waiting for other jobs to finish...
[INFO] [stdout] error: functions used as tests can not have any arguments
[INFO] [stdout]   --> tests/test_rootfs_config.rs:15:1
[INFO] [stdout]    |
[INFO] [stdout] 15 | / fn test_load_rootfs_manifest_template(ctx: &DadkConfigTestContext) {
[INFO] [stdout] 16 | |     let rootfs_manifest_path = ctx.templates_dir().join(ROOTFS_CONFIG_FILE_NAME);
[INFO] [stdout] 17 | |     assert_eq!(rootfs_manifest_path.exists(), true);
[INFO] [stdout] 18 | |     assert_eq!(rootfs_manifest_path.is_file(), true);
[INFO] [stdout] ...  |
[INFO] [stdout] 23 | | }
[INFO] [stdout]    | |_^
[INFO] [stdout] 
[INFO] [stdout] 
[INFO] [stdout] error: functions used as tests can not have any arguments
[INFO] [stdout]   --> tests/test_boot_config.rs:12:1
[INFO] [stdout]    |
[INFO] [stdout] 12 | / fn test_load_boot_config_template(ctx: &DadkConfigTestContext) {
[INFO] [stdout] 13 | |     let boot_config_path = ctx.templates_dir().join(BOOT_CONFIG_FILE_NAME);
[INFO] [stdout] 14 | |     assert_eq!(boot_config_path.exists(), true);
[INFO] [stdout] 15 | |     assert_eq!(boot_config_path.is_file(), true);
[INFO] [stdout] ...  |
[INFO] [stdout] 18 | | }
[INFO] [stdout]    | |_^
[INFO] [stdout] 
[INFO] [stdout] 
[INFO] [stdout] error[E0433]: cannot find module or crate `test_base` in this scope
[INFO] [stdout]  --> tests/test_rootfs_config.rs:5:5
[INFO] [stdout]   |
[INFO] [stdout] 5 | use test_base::{
[INFO] [stdout]   |     ^^^^^^^^^ use of unresolved module or unlinked crate `test_base`
[INFO] [stdout]   |
[INFO] [stdout]   = help: if you wanted to use a crate named `test_base`, use `cargo add test_base` to add it to your `Cargo.toml`
[INFO] [stdout] 
[INFO] [stdout] 
[INFO] [stdout] error[E0433]: cannot find module or crate `test_base` in this scope
[INFO] [stdout]  --> tests/test_boot_config.rs:2:5
[INFO] [stdout]   |
[INFO] [stdout] 2 | use test_base::{
[INFO] [stdout]   |     ^^^^^^^^^ use of unresolved module or unlinked crate `test_base`
[INFO] [stdout]   |
[INFO] [stdout]   = help: if you wanted to use a crate named `test_base`, use `cargo add test_base` to add it to your `Cargo.toml`
[INFO] [stdout] 
[INFO] [stdout] 
[INFO] [stdout] For more information about this error, try `rustc --explain E0433`.
[INFO] [stdout] 
[INFO] [stderr] error: could not compile `dadk-config` (test "test_boot_config") due to 2 previous errors
[INFO] [stdout] For more information about this error, try `rustc --explain E0433`.
[INFO] [stdout] 
[INFO] [stderr] error: could not compile `dadk-config` (test "test_rootfs_config") due to 2 previous errors
[INFO] [stdout] error: functions used as tests can not have any arguments
[INFO] [stdout]   --> tests/test_user_config.rs:23:1
[INFO] [stdout]    |
[INFO] [stdout] 23 | / fn test_parse_dadk_user_config(ctx: &mut DadkConfigTestContext) {
[INFO] [stdout] 24 | |     let config_file = ctx.templates_dir().join(USER_CONFIG_LOCAL_FILE);
[INFO] [stdout] 25 | |     assert!(config_file.exists());
[INFO] [stdout] 26 | |     assert!(config_file.is_file());
[INFO] [stdout] ...  |
[INFO] [stdout] 76 | |     assert_eq!(user_config, expected_user_config)
[INFO] [stdout] 77 | | }
[INFO] [stdout]    | |_^
[INFO] [stdout] 
[INFO] [stdout] 
[INFO] [stdout] error[E0433]: cannot find module or crate `test_base` in this scope
[INFO] [stdout]   --> tests/test_user_config.rs:13:5
[INFO] [stdout]    |
[INFO] [stdout] 13 | use test_base::{
[INFO] [stdout]    |     ^^^^^^^^^ use of unresolved module or unlinked crate `test_base`
[INFO] [stdout]    |
[INFO] [stdout]    = help: if you wanted to use a crate named `test_base`, use `cargo add test_base` to add it to your `Cargo.toml`
[INFO] [stdout] 
[INFO] [stdout] 
[INFO] [stdout] For more information about this error, try `rustc --explain E0433`.
[INFO] [stdout] 
[INFO] [stderr] error: could not compile `dadk-config` (test "test_user_config") due to 2 previous errors
[INFO] running `Command { std: "docker" "inspect" "a08e9f4afd37797b8bc884320c3cb4a98dc23ccc4efb88306ee3f2d97f51ac20", kill_on_drop: false }`
[INFO] running `Command { std: "docker" "rm" "-f" "a08e9f4afd37797b8bc884320c3cb4a98dc23ccc4efb88306ee3f2d97f51ac20", kill_on_drop: false }`
[INFO] [stdout] a08e9f4afd37797b8bc884320c3cb4a98dc23ccc4efb88306ee3f2d97f51ac20
