[INFO] fetching crate dactor 0.3.3...
[INFO] testing dactor-0.3.3 against 1.99.0-beta.8+cargoflags=--release for beta-release-1.100-2
[INFO] extracting crate dactor 0.3.3 into /workspace/builds/worker-4-tc1/source
[INFO] started tweaking crates.io crate dactor 0.3.3
[INFO] removed 0 missing examples
[INFO] removed 0 missing tests
[INFO] finished tweaking crates.io crate dactor 0.3.3
[INFO] tweaked toml for crates.io crate dactor 0.3.3 written to /workspace/builds/worker-4-tc1/source/Cargo.toml
[INFO] validating manifest of crates.io crate dactor 0.3.3 on toolchain 1.99.0-beta.8
[INFO] running `Command { std: CARGO_HOME="/workspace/cargo-home" RUSTUP_HOME="/workspace/rustup-home" "/workspace/cargo-home/bin/cargo" "+1.99.0-beta.8" "metadata" "--manifest-path" "Cargo.toml" "--no-deps", kill_on_drop: false }`
[INFO] crate crates.io crate dactor 0.3.3 already has a lockfile, it will not be regenerated
[INFO] running `Command { std: CARGO_HOME="/workspace/cargo-home" RUSTUP_HOME="/workspace/rustup-home" "/workspace/cargo-home/bin/cargo" "+1.99.0-beta.8" "fetch" "--manifest-path" "Cargo.toml", kill_on_drop: false }`
[INFO] running `Command { std: "docker" "create" "-v" "/var/lib/crater-agent-workspace/builds/worker-4-tc1/source:/opt/rustwide/workdir:ro,Z" "-v" "/var/lib/crater-agent-workspace/builds/worker-4-tc1/target:/opt/rustwide/target:rw,Z" "-v" "/var/lib/crater-agent-workspace/cargo-home:/opt/rustwide/cargo-home:ro,Z" "-v" "/var/lib/crater-agent-workspace/rustup-home:/opt/rustwide/rustup-home:ro,Z" "-m" "1610612736" "--network" "none" "ghcr.io/rust-lang/crates-build-env/linux@sha256:77db811e55d90add9212f6832c23229e3de5f1c1f9905e8cb07319ea15df73ac" "sleep" "infinity", kill_on_drop: false }`
[INFO] [stdout] 706d66fa30b36394f225539261550f03c2cba831160fb3281d6d717635b3fd2f
[INFO] running `Command { std: "docker" "start" "706d66fa30b36394f225539261550f03c2cba831160fb3281d6d717635b3fd2f", kill_on_drop: false }`
[INFO] running `Command { std: "docker" "inspect" "706d66fa30b36394f225539261550f03c2cba831160fb3281d6d717635b3fd2f", kill_on_drop: false }`
[INFO] running `Command { std: "docker" "exec" "-e" "SOURCE_DIR=/opt/rustwide/workdir" "-e" "CARGO_HOME=/opt/rustwide/cargo-home" "-e" "RUSTUP_HOME=/opt/rustwide/rustup-home" "-e" "CARGO_TARGET_DIR=/opt/rustwide/target" "-w" "/opt/rustwide/workdir" "--user" "0:0" "706d66fa30b36394f225539261550f03c2cba831160fb3281d6d717635b3fd2f" "/opt/rustwide/cargo-home/bin/cargo" "+1.99.0-beta.8" "metadata" "--no-deps" "--format-version=1", kill_on_drop: false }`
[INFO] running `Command { std: "docker" "inspect" "706d66fa30b36394f225539261550f03c2cba831160fb3281d6d717635b3fd2f", kill_on_drop: false }`
[INFO] running `Command { std: "docker" "exec" "-e" "SOURCE_DIR=/opt/rustwide/workdir" "-e" "CARGO_HOME=/opt/rustwide/cargo-home" "-e" "RUSTUP_HOME=/opt/rustwide/rustup-home" "-e" "CARGO_TARGET_DIR=/opt/rustwide/target" "-e" "CARGO_INCREMENTAL=0" "-e" "RUST_BACKTRACE=full" "-e" "RUSTFLAGS=--cap-lints=warn" "-e" "RUSTDOCFLAGS=--cap-lints=warn" "-w" "/opt/rustwide/workdir" "--user" "0:0" "706d66fa30b36394f225539261550f03c2cba831160fb3281d6d717635b3fd2f" "/opt/rustwide/cargo-home/bin/cargo" "+1.99.0-beta.8" "build" "--frozen" "--message-format=json" "--release", kill_on_drop: false }`
[INFO] [stderr]    Compiling libc v0.2.183
[INFO] [stderr]    Compiling getrandom v0.4.2
[INFO] [stderr]    Compiling anyhow v1.0.102
[INFO] [stderr]    Compiling either v1.15.0
[INFO] [stderr]    Compiling bytes v1.11.1
[INFO] [stderr]    Compiling linux-raw-sys v0.12.1
[INFO] [stderr]    Compiling prettyplease v0.2.37
[INFO] [stderr]    Compiling bitflags v2.11.0
[INFO] [stderr]    Compiling regex-syntax v0.8.10
[INFO] [stderr]    Compiling hashbrown v0.16.1
[INFO] [stderr]    Compiling fixedbitset v0.5.7
[INFO] [stderr]    Compiling rustix v1.1.4
[INFO] [stderr]    Compiling fastrand v2.3.0
[INFO] [stderr]    Compiling once_cell v1.21.4
[INFO] [stderr]    Compiling tokio-macros v2.6.1
[INFO] [stderr]    Compiling multimap v0.10.1
[INFO] [stderr]    Compiling log v0.4.29
[INFO] [stderr]    Compiling futures-channel v0.3.32
[INFO] [stderr]    Compiling itertools v0.14.0
[INFO] [stderr]    Compiling tokio v1.50.0
[INFO] [stderr]    Compiling futures-util v0.3.32
[INFO] [stderr]    Compiling indexmap v2.13.0
[INFO] [stderr]    Compiling petgraph v0.7.1
[INFO] [stderr]    Compiling uuid v1.23.0
[INFO] [stderr]    Compiling regex-automata v0.4.14
[INFO] [stderr]    Compiling tempfile v3.27.0
[INFO] [stderr]    Compiling prost-derive v0.13.5
[INFO] [stderr]    Compiling prost v0.13.5
[INFO] [stderr]    Compiling prost-types v0.13.5
[INFO] [stderr]    Compiling tokio-util v0.7.18
[INFO] [stderr]    Compiling tokio-stream v0.1.18
[INFO] [stderr]    Compiling regex v1.12.3
[INFO] [stderr]    Compiling prost-build v0.13.5
[INFO] [stderr]    Compiling futures v0.3.32
[INFO] [stderr]    Compiling dactor v0.3.3 (/opt/rustwide/workdir)
[INFO] [stderr]     Finished `release` profile [optimized] target(s) in 25.68s
[INFO] running `Command { std: "docker" "inspect" "706d66fa30b36394f225539261550f03c2cba831160fb3281d6d717635b3fd2f", kill_on_drop: false }`
[INFO] running `Command { std: "docker" "exec" "-e" "SOURCE_DIR=/opt/rustwide/workdir" "-e" "CARGO_HOME=/opt/rustwide/cargo-home" "-e" "RUSTUP_HOME=/opt/rustwide/rustup-home" "-e" "CARGO_TARGET_DIR=/opt/rustwide/target" "-e" "CARGO_INCREMENTAL=0" "-e" "RUST_BACKTRACE=full" "-e" "RUSTFLAGS=--cap-lints=warn" "-e" "RUSTDOCFLAGS=--cap-lints=warn" "-w" "/opt/rustwide/workdir" "--user" "0:0" "706d66fa30b36394f225539261550f03c2cba831160fb3281d6d717635b3fd2f" "/opt/rustwide/cargo-home/bin/cargo" "+1.99.0-beta.8" "test" "--frozen" "--no-run" "--message-format=json" "--release", kill_on_drop: false }`
[INFO] [stderr]    Compiling libc v0.2.183
[INFO] [stderr]    Compiling errno v0.3.14
[INFO] [stderr]    Compiling parking_lot_core v0.9.12
[INFO] [stderr]    Compiling mio v1.1.1
[INFO] [stderr]    Compiling socket2 v0.6.3
[INFO] [stderr]    Compiling getrandom v0.4.2
[INFO] [stderr]    Compiling uuid v1.23.0
[INFO] [stderr]    Compiling signal-hook-registry v1.4.8
[INFO] [stderr]    Compiling parking_lot v0.12.5
[INFO] [stderr]    Compiling tokio v1.50.0
[INFO] [stderr]    Compiling tokio-stream v0.1.18
[INFO] [stderr]    Compiling tokio-util v0.7.18
[INFO] [stderr]    Compiling dactor v0.3.3 (/opt/rustwide/workdir)
[INFO] [stdout] error[E0433]: cannot find `test_support` in the crate root
[INFO] [stdout]    --> src/broadcast.rs:383:16
[INFO] [stdout]     |
[INFO] [stdout] 383 |     use crate::test_support::test_runtime::TestRuntime;
[INFO] [stdout]     |                ^^^^^^^^^^^^ could not find `test_support` in the crate root
[INFO] [stdout]     |
[INFO] [stdout] note: found an item that was configured out
[INFO] [stdout]    --> src/lib.rs:99:9
[INFO] [stdout]     |
[INFO] [stdout]  98 | #[cfg(feature = "test-support")]
[INFO] [stdout]     |       ------------------------ the item is gated behind the `test-support` feature
[INFO] [stdout]  99 | pub mod test_support;
[INFO] [stdout]     |         ^^^^^^^^^^^^
[INFO] [stdout] 
[INFO] [stdout] 
[INFO] [stdout] error[E0433]: cannot find `test_support` in the crate root
[INFO] [stdout]    --> src/pool.rs:432:16
[INFO] [stdout]     |
[INFO] [stdout] 432 |     use crate::test_support::test_runtime::TestRuntime;
[INFO] [stdout]     |                ^^^^^^^^^^^^ could not find `test_support` in the crate root
[INFO] [stdout]     |
[INFO] [stdout] note: found an item that was configured out
[INFO] [stdout]    --> src/lib.rs:99:9
[INFO] [stdout]     |
[INFO] [stdout]  98 | #[cfg(feature = "test-support")]
[INFO] [stdout]     |       ------------------------ the item is gated behind the `test-support` feature
[INFO] [stdout]  99 | pub mod test_support;
[INFO] [stdout]     |         ^^^^^^^^^^^^
[INFO] [stdout] 
[INFO] [stdout] 
[INFO] [stdout] error[E0433]: cannot find `test_support` in the crate root
[INFO] [stdout]    --> src/virtual_pool.rs:469:16
[INFO] [stdout]     |
[INFO] [stdout] 469 |     use crate::test_support::test_runtime::TestRuntime;
[INFO] [stdout]     |                ^^^^^^^^^^^^ could not find `test_support` in the crate root
[INFO] [stdout]     |
[INFO] [stdout] note: found an item that was configured out
[INFO] [stdout]    --> src/lib.rs:99:9
[INFO] [stdout]     |
[INFO] [stdout]  98 | #[cfg(feature = "test-support")]
[INFO] [stdout]     |       ------------------------ the item is gated behind the `test-support` feature
[INFO] [stdout]  99 | pub mod test_support;
[INFO] [stdout]     |         ^^^^^^^^^^^^
[INFO] [stdout] 
[INFO] [stdout] 
[INFO] [stdout] error[E0433]: cannot find `test_support` in the crate root
[INFO] [stdout]    --> src/worker_ref.rs:212:16
[INFO] [stdout]     |
[INFO] [stdout] 212 |     use crate::test_support::test_runtime::TestRuntime;
[INFO] [stdout]     |                ^^^^^^^^^^^^ could not find `test_support` in the crate root
[INFO] [stdout]     |
[INFO] [stdout] note: found an item that was configured out
[INFO] [stdout]    --> src/lib.rs:99:9
[INFO] [stdout]     |
[INFO] [stdout]  98 | #[cfg(feature = "test-support")]
[INFO] [stdout]     |       ------------------------ the item is gated behind the `test-support` feature
[INFO] [stdout]  99 | pub mod test_support;
[INFO] [stdout]     |         ^^^^^^^^^^^^
[INFO] [stdout] 
[INFO] [stdout] 
[INFO] [stdout] error[E0433]: cannot find `test_support` in the crate root
[INFO] [stdout]    --> src/pool.rs:718:20
[INFO] [stdout]     |
[INFO] [stdout] 718 |         use crate::test_support::test_runtime::SpawnOptions;
[INFO] [stdout]     |                    ^^^^^^^^^^^^ could not find `test_support` in the crate root
[INFO] [stdout]     |
[INFO] [stdout] note: found an item that was configured out
[INFO] [stdout]    --> src/lib.rs:99:9
[INFO] [stdout]     |
[INFO] [stdout]  98 | #[cfg(feature = "test-support")]
[INFO] [stdout]     |       ------------------------ the item is gated behind the `test-support` feature
[INFO] [stdout]  99 | pub mod test_support;
[INFO] [stdout]     |         ^^^^^^^^^^^^
[INFO] [stdout] 
[INFO] [stdout] 
[INFO] [stdout] error[E0433]: cannot find `test_support` in the crate root
[INFO] [stdout]    --> src/broadcast.rs:451:43
[INFO] [stdout]     |
[INFO] [stdout] 451 |     ) -> BroadcastRef<Accumulator, crate::test_support::test_runtime::TestActorRef<Accumulator>>
[INFO] [stdout]     |                                           ^^^^^^^^^^^^ could not find `test_support` in the crate root
[INFO] [stdout]     |
[INFO] [stdout] note: found an item that was configured out
[INFO] [stdout]    --> src/lib.rs:99:9
[INFO] [stdout]     |
[INFO] [stdout]  98 | #[cfg(feature = "test-support")]
[INFO] [stdout]     |       ------------------------ the item is gated behind the `test-support` feature
[INFO] [stdout]  99 | pub mod test_support;
[INFO] [stdout]     |         ^^^^^^^^^^^^
[INFO] [stdout] 
[INFO] [stdout] 
[INFO] [stdout] error[E0433]: cannot find `test_support` in the crate root
[INFO] [stdout]    --> src/broadcast.rs:567:20
[INFO] [stdout]     |
[INFO] [stdout] 567 |             crate::test_support::test_runtime::TestActorRef<Accumulator>,
[INFO] [stdout]     |                    ^^^^^^^^^^^^ could not find `test_support` in the crate root
[INFO] [stdout]     |
[INFO] [stdout] note: found an item that was configured out
[INFO] [stdout]    --> src/lib.rs:99:9
[INFO] [stdout]     |
[INFO] [stdout]  98 | #[cfg(feature = "test-support")]
[INFO] [stdout]     |       ------------------------ the item is gated behind the `test-support` feature
[INFO] [stdout]  99 | pub mod test_support;
[INFO] [stdout]     |         ^^^^^^^^^^^^
[INFO] [stdout] 
[INFO] [stdout] 
[INFO] [stdout] error[E0433]: cannot find `test_support` in the crate root
[INFO] [stdout]    --> src/broadcast.rs:694:20
[INFO] [stdout]     |
[INFO] [stdout] 694 |             crate::test_support::test_runtime::TestActorRef<Accumulator>,
[INFO] [stdout]     |                    ^^^^^^^^^^^^ could not find `test_support` in the crate root
[INFO] [stdout]     |
[INFO] [stdout] note: found an item that was configured out
[INFO] [stdout]    --> src/lib.rs:99:9
[INFO] [stdout]     |
[INFO] [stdout]  98 | #[cfg(feature = "test-support")]
[INFO] [stdout]     |       ------------------------ the item is gated behind the `test-support` feature
[INFO] [stdout]  99 | pub mod test_support;
[INFO] [stdout]     |         ^^^^^^^^^^^^
[INFO] [stdout] 
[INFO] [stdout] 
[INFO] [stdout] error[E0433]: cannot find `test_support` in the crate root
[INFO] [stdout]    --> src/pool.rs:507:36
[INFO] [stdout]     |
[INFO] [stdout] 507 |         PoolRef<PoolWorker, crate::test_support::test_runtime::TestActorRef<PoolWorker>>,
[INFO] [stdout]     |                                    ^^^^^^^^^^^^ could not find `test_support` in the crate root
[INFO] [stdout]     |
[INFO] [stdout] note: found an item that was configured out
[INFO] [stdout]    --> src/lib.rs:99:9
[INFO] [stdout]     |
[INFO] [stdout]  98 | #[cfg(feature = "test-support")]
[INFO] [stdout]     |       ------------------------ the item is gated behind the `test-support` feature
[INFO] [stdout]  99 | pub mod test_support;
[INFO] [stdout]     |         ^^^^^^^^^^^^
[INFO] [stdout] 
[INFO] [stdout] 
[INFO] [stdout] error[E0433]: cannot find `test_support` in the crate root
[INFO] [stdout]    --> src/pool.rs:680:33
[INFO] [stdout]     |
[INFO] [stdout] 680 |         let workers: Vec<crate::test_support::test_runtime::TestActorRef<PoolWorker>> = vec![];
[INFO] [stdout]     |                                 ^^^^^^^^^^^^ could not find `test_support` in the crate root
[INFO] [stdout]     |
[INFO] [stdout] note: found an item that was configured out
[INFO] [stdout]    --> src/lib.rs:99:9
[INFO] [stdout]     |
[INFO] [stdout]  98 | #[cfg(feature = "test-support")]
[INFO] [stdout]     |       ------------------------ the item is gated behind the `test-support` feature
[INFO] [stdout]  99 | pub mod test_support;
[INFO] [stdout]     |         ^^^^^^^^^^^^
[INFO] [stdout] 
[INFO] [stdout] 
[INFO] [stdout] error[E0433]: cannot find `test_support` in the crate root
[INFO] [stdout]    --> src/virtual_pool.rs:525:44
[INFO] [stdout]     |
[INFO] [stdout] 525 |         VirtualPoolRef<VPoolWorker, crate::test_support::test_runtime::TestActorRef<VPoolWorker>>,
[INFO] [stdout]     |                                            ^^^^^^^^^^^^ could not find `test_support` in the crate root
[INFO] [stdout]     |
[INFO] [stdout] note: found an item that was configured out
[INFO] [stdout]    --> src/lib.rs:99:9
[INFO] [stdout]     |
[INFO] [stdout]  98 | #[cfg(feature = "test-support")]
[INFO] [stdout]     |       ------------------------ the item is gated behind the `test-support` feature
[INFO] [stdout]  99 | pub mod test_support;
[INFO] [stdout]     |         ^^^^^^^^^^^^
[INFO] [stdout] 
[INFO] [stdout] 
[INFO] [stdout] error[E0433]: cannot find `test_support` in the crate root
[INFO] [stdout]    --> src/virtual_pool.rs:651:37
[INFO] [stdout]     |
[INFO] [stdout] 651 |             let workers: Vec<crate::test_support::test_runtime::TestActorRef<VPoolWorker>> =
[INFO] [stdout]     |                                     ^^^^^^^^^^^^ could not find `test_support` in the crate root
[INFO] [stdout]     |
[INFO] [stdout] note: found an item that was configured out
[INFO] [stdout]    --> src/lib.rs:99:9
[INFO] [stdout]     |
[INFO] [stdout]  98 | #[cfg(feature = "test-support")]
[INFO] [stdout]     |       ------------------------ the item is gated behind the `test-support` feature
[INFO] [stdout]  99 | pub mod test_support;
[INFO] [stdout]     |         ^^^^^^^^^^^^
[INFO] [stdout] 
[INFO] [stdout] 
[INFO] [stdout] error[E0432]: unresolved import `dactor::TestRuntime`
[INFO] [stdout]    --> examples/batch_streaming.rs:9:5
[INFO] [stdout]     |
[INFO] [stdout]   9 | use dactor::TestRuntime;
[INFO] [stdout]     |     ^^^^^^^^-----------
[INFO] [stdout]     |             |
[INFO] [stdout]     |             no `TestRuntime` in the root
[INFO] [stdout]     |
[INFO] [stdout] note: found an item that was configured out
[INFO] [stdout]    --> src/lib.rs:216:66
[INFO] [stdout]     |
[INFO] [stdout] 215 | #[cfg(feature = "test-support")]
[INFO] [stdout]     |       ------------------------ the item is gated behind the `test-support` feature
[INFO] [stdout] 216 | pub use test_support::test_runtime::{SpawnOptions, TestActorRef, TestRuntime};
[INFO] [stdout]     |                                                                  ^^^^^^^^^^^
[INFO] [stdout] 
[INFO] [stdout] 
[INFO] [stdout] For more information about this error, try `rustc --explain E0432`.
[INFO] [stdout] 
[INFO] [stderr] error: could not compile `dactor` (example "batch_streaming") due to 1 previous error
[INFO] [stderr] warning: build failed, waiting for other jobs to finish...
[INFO] [stdout] For more information about this error, try `rustc --explain E0433`.
[INFO] [stdout] 
[INFO] [stderr] error: could not compile `dactor` (lib test) due to 12 previous errors
[INFO] running `Command { std: "docker" "inspect" "706d66fa30b36394f225539261550f03c2cba831160fb3281d6d717635b3fd2f", kill_on_drop: false }`
[INFO] running `Command { std: "docker" "rm" "-f" "706d66fa30b36394f225539261550f03c2cba831160fb3281d6d717635b3fd2f", kill_on_drop: false }`
[INFO] [stdout] 706d66fa30b36394f225539261550f03c2cba831160fb3281d6d717635b3fd2f
