[INFO] fetching crate dacquiri_derive 0.5.1...
[INFO] testing dacquiri_derive-0.5.1 against 1.100.0-beta.1+cargoflags=--release for beta-release-1.100-2
[INFO] extracting crate dacquiri_derive 0.5.1 into /workspace/builds/worker-1-tc2/source
[INFO] started tweaking crates.io crate dacquiri_derive 0.5.1
[INFO] finished tweaking crates.io crate dacquiri_derive 0.5.1
[INFO] tweaked toml for crates.io crate dacquiri_derive 0.5.1 written to /workspace/builds/worker-1-tc2/source/Cargo.toml
[INFO] validating manifest of crates.io crate dacquiri_derive 0.5.1 on toolchain 1.100.0-beta.1
[INFO] running `Command { std: CARGO_HOME="/workspace/cargo-home" RUSTUP_HOME="/workspace/rustup-home" "/workspace/cargo-home/bin/cargo" "+1.100.0-beta.1" "metadata" "--manifest-path" "Cargo.toml" "--no-deps", kill_on_drop: false }`
[INFO] running `Command { std: CARGO_HOME="/workspace/cargo-home" RUSTUP_HOME="/workspace/rustup-home" "/workspace/cargo-home/bin/cargo" "+1.100.0-beta.1" "generate-lockfile" "--manifest-path" "Cargo.toml", kill_on_drop: false }`
[INFO] [stderr]     Updating crates.io index
[INFO] [stderr]      Locking 7 packages to highest compatible versions
[INFO] [stderr]       Adding syn v1.0.109 (available: v3.0.9)
[INFO] [stderr]       Adding thiserror v1.0.69 (available: v2.0.21)
[INFO] running `Command { std: CARGO_HOME="/workspace/cargo-home" RUSTUP_HOME="/workspace/rustup-home" "/workspace/cargo-home/bin/cargo" "+1.100.0-beta.1" "fetch" "--manifest-path" "Cargo.toml", kill_on_drop: false }`
[INFO] running `Command { std: "docker" "create" "-v" "/var/lib/crater-agent-workspace/builds/worker-1-tc2/source:/opt/rustwide/workdir:ro,Z" "-v" "/var/lib/crater-agent-workspace/builds/worker-1-tc2/target:/opt/rustwide/target:rw,Z" "-v" "/var/lib/crater-agent-workspace/cargo-home:/opt/rustwide/cargo-home:ro,Z" "-v" "/var/lib/crater-agent-workspace/rustup-home:/opt/rustwide/rustup-home:ro,Z" "-m" "1610612736" "--network" "none" "ghcr.io/rust-lang/crates-build-env/linux@sha256:77db811e55d90add9212f6832c23229e3de5f1c1f9905e8cb07319ea15df73ac" "sleep" "infinity", kill_on_drop: false }`
[INFO] [stdout] cd6f4e85837fd09dfd0ab8445bf22c81119adcd66978b8122b02730728bb5f2a
[INFO] running `Command { std: "docker" "start" "cd6f4e85837fd09dfd0ab8445bf22c81119adcd66978b8122b02730728bb5f2a", kill_on_drop: false }`
[INFO] running `Command { std: "docker" "inspect" "cd6f4e85837fd09dfd0ab8445bf22c81119adcd66978b8122b02730728bb5f2a", kill_on_drop: false }`
[INFO] running `Command { std: "docker" "exec" "-e" "SOURCE_DIR=/opt/rustwide/workdir" "-e" "CARGO_HOME=/opt/rustwide/cargo-home" "-e" "RUSTUP_HOME=/opt/rustwide/rustup-home" "-e" "CARGO_TARGET_DIR=/opt/rustwide/target" "-w" "/opt/rustwide/workdir" "--user" "0:0" "cd6f4e85837fd09dfd0ab8445bf22c81119adcd66978b8122b02730728bb5f2a" "/opt/rustwide/cargo-home/bin/cargo" "+1.100.0-beta.1" "metadata" "--no-deps" "--format-version=1", kill_on_drop: false }`
[INFO] running `Command { std: "docker" "inspect" "cd6f4e85837fd09dfd0ab8445bf22c81119adcd66978b8122b02730728bb5f2a", kill_on_drop: false }`
[INFO] running `Command { std: "docker" "exec" "-e" "SOURCE_DIR=/opt/rustwide/workdir" "-e" "CARGO_HOME=/opt/rustwide/cargo-home" "-e" "RUSTUP_HOME=/opt/rustwide/rustup-home" "-e" "CARGO_TARGET_DIR=/opt/rustwide/target" "-e" "CARGO_INCREMENTAL=0" "-e" "RUST_BACKTRACE=full" "-e" "RUSTFLAGS=--cap-lints=warn" "-e" "RUSTDOCFLAGS=--cap-lints=warn" "-w" "/opt/rustwide/workdir" "--user" "0:0" "cd6f4e85837fd09dfd0ab8445bf22c81119adcd66978b8122b02730728bb5f2a" "/opt/rustwide/cargo-home/bin/cargo" "+1.100.0-beta.1" "build" "--frozen" "--message-format=json" "--release", kill_on_drop: false }`
[INFO] [stderr]    Compiling syn v2.0.119
[INFO] [stderr]    Compiling thiserror v1.0.69
[INFO] [stderr]    Compiling thiserror-impl v1.0.69
[INFO] [stderr]    Compiling dacquiri_derive v0.5.1 (/opt/rustwide/workdir)
[INFO] [stdout] error[E0554]: `#![feature]` may not be used on the beta release channel
[INFO] [stdout]  --> src/lib.rs:3:1
[INFO] [stdout]   |
[INFO] [stdout] 3 | #![feature(adt_const_params)]
[INFO] [stdout]   | ^^^^^^^^^^^^^^^^^^^^^^^^^^^^^
[INFO] [stdout] 
[INFO] [stdout] 
[INFO] [stdout] error[E0658]: use of unstable library feature `unsized_const_params`
[INFO] [stdout]  --> src/utils.rs:6:38
[INFO] [stdout]   |
[INFO] [stdout] 6 | pub(crate) struct NonstandardKeyword<const KEYWORD: &'static str> {
[INFO] [stdout]   |                                      ^^^^^^^^^^^^^^^^^^^^^^^^^^^
[INFO] [stdout]   |
[INFO] [stdout]   = note: required for `&'static str` to implement `ConstParamTy_`
[INFO] [stdout] 
[INFO] [stdout] 
[INFO] [stdout] error[E0658]: use of unstable library feature `unsized_const_params`
[INFO] [stdout]  --> src/utils.rs:6:38
[INFO] [stdout]   |
[INFO] [stdout] 5 | #[derive(Clone)]
[INFO] [stdout]   |          ----- in this derive macro expansion
[INFO] [stdout] 6 | pub(crate) struct NonstandardKeyword<const KEYWORD: &'static str> {
[INFO] [stdout]   |                                      ^^^^^^^^^^^^^^^^^^^^^^^^^^^
[INFO] [stdout]   |
[INFO] [stdout]   = note: required for `&'static str` to implement `ConstParamTy_`
[INFO] [stdout] 
[INFO] [stdout] 
[INFO] [stdout] error[E0658]: use of unstable library feature `unsized_const_params`
[INFO] [stdout]   --> src/utils.rs:10:6
[INFO] [stdout]    |
[INFO] [stdout] 10 | impl<const KEYWORD: &'static str> Parse for NonstandardKeyword<KEYWORD> {
[INFO] [stdout]    |      ^^^^^^^^^^^^^^^^^^^^^^^^^^^
[INFO] [stdout]    |
[INFO] [stdout]    = note: required for `&'static str` to implement `ConstParamTy_`
[INFO] [stdout] 
[INFO] [stdout] 
[INFO] [stdout] Some errors have detailed explanations: E0554, E0658.
[INFO] [stdout] 
[INFO] [stdout] For more information about an error, try `rustc --explain E0554`.
[INFO] [stdout] 
[INFO] [stderr] error: could not compile `dacquiri_derive` (lib) due to 4 previous errors
[INFO] running `Command { std: "docker" "inspect" "cd6f4e85837fd09dfd0ab8445bf22c81119adcd66978b8122b02730728bb5f2a", kill_on_drop: false }`
[INFO] running `Command { std: "docker" "rm" "-f" "cd6f4e85837fd09dfd0ab8445bf22c81119adcd66978b8122b02730728bb5f2a", kill_on_drop: false }`
[INFO] [stdout] cd6f4e85837fd09dfd0ab8445bf22c81119adcd66978b8122b02730728bb5f2a
