[INFO] fetching crate dace 0.3.1...
[INFO] testing dace-0.3.1 against 1.99.0-beta.8+cargoflags=--release for beta-release-1.100-2
[INFO] extracting crate dace 0.3.1 into /workspace/builds/worker-5-tc1/source
[INFO] started tweaking crates.io crate dace 0.3.1
[INFO] removed 0 missing examples
[INFO] removed 0 missing tests
[INFO] finished tweaking crates.io crate dace 0.3.1
[INFO] tweaked toml for crates.io crate dace 0.3.1 written to /workspace/builds/worker-5-tc1/source/Cargo.toml
[INFO] validating manifest of crates.io crate dace 0.3.1 on toolchain 1.99.0-beta.8
[INFO] running `Command { std: CARGO_HOME="/workspace/cargo-home" RUSTUP_HOME="/workspace/rustup-home" "/workspace/cargo-home/bin/cargo" "+1.99.0-beta.8" "metadata" "--manifest-path" "Cargo.toml" "--no-deps", kill_on_drop: false }`
[INFO] crate crates.io crate dace 0.3.1 already has a lockfile, it will not be regenerated
[INFO] running `Command { std: CARGO_HOME="/workspace/cargo-home" RUSTUP_HOME="/workspace/rustup-home" "/workspace/cargo-home/bin/cargo" "+1.99.0-beta.8" "fetch" "--manifest-path" "Cargo.toml", kill_on_drop: false }`
[INFO] [stderr]     Updating crates.io index
[INFO] [stderr]  Downloading crates ...
[INFO] [stderr]   Downloaded openblas-src v0.10.16
[INFO] [stderr]   Downloaded ndarray-linalg v0.18.1
[INFO] [stderr]   Downloaded openblas-build v0.10.16
[INFO] [stderr]   Downloaded katexit v0.1.5
[INFO] [stderr]   Downloaded intel-mkl-src v0.8.1
[INFO] [stderr]   Downloaded lax v0.18.1
[INFO] [stderr]   Downloaded ocipkg v0.2.9
[INFO] [stderr]   Downloaded oci-spec v0.6.7
[INFO] [stderr]   Downloaded cauchy v0.4.0
[INFO] [stderr]   Downloaded intel-mkl-tool v0.8.1
[INFO] [stderr]   Downloaded auto_ops v0.3.0
[INFO] [stderr]   Downloaded netlib-src v0.9.0
[INFO] [stderr]   Downloaded lapack-sys v0.15.0
[INFO] running `Command { std: "docker" "create" "-v" "/var/lib/crater-agent-workspace/builds/worker-5-tc1/source:/opt/rustwide/workdir:ro,Z" "-v" "/var/lib/crater-agent-workspace/builds/worker-5-tc1/target:/opt/rustwide/target:rw,Z" "-v" "/var/lib/crater-agent-workspace/cargo-home:/opt/rustwide/cargo-home:ro,Z" "-v" "/var/lib/crater-agent-workspace/rustup-home:/opt/rustwide/rustup-home:ro,Z" "-m" "1610612736" "--network" "none" "ghcr.io/rust-lang/crates-build-env/linux@sha256:77db811e55d90add9212f6832c23229e3de5f1c1f9905e8cb07319ea15df73ac" "sleep" "infinity", kill_on_drop: false }`
[INFO] [stdout] 90b488a3cfc2477aaf5045dcbc0ffbd0916aa680e8e1d168c1d61cb42a0c4da5
[INFO] running `Command { std: "docker" "start" "90b488a3cfc2477aaf5045dcbc0ffbd0916aa680e8e1d168c1d61cb42a0c4da5", kill_on_drop: false }`
[INFO] running `Command { std: "docker" "inspect" "90b488a3cfc2477aaf5045dcbc0ffbd0916aa680e8e1d168c1d61cb42a0c4da5", kill_on_drop: false }`
[INFO] running `Command { std: "docker" "exec" "-e" "SOURCE_DIR=/opt/rustwide/workdir" "-e" "CARGO_HOME=/opt/rustwide/cargo-home" "-e" "RUSTUP_HOME=/opt/rustwide/rustup-home" "-e" "CARGO_TARGET_DIR=/opt/rustwide/target" "-w" "/opt/rustwide/workdir" "--user" "0:0" "90b488a3cfc2477aaf5045dcbc0ffbd0916aa680e8e1d168c1d61cb42a0c4da5" "/opt/rustwide/cargo-home/bin/cargo" "+1.99.0-beta.8" "metadata" "--no-deps" "--format-version=1", kill_on_drop: false }`
[INFO] running `Command { std: "docker" "inspect" "90b488a3cfc2477aaf5045dcbc0ffbd0916aa680e8e1d168c1d61cb42a0c4da5", kill_on_drop: false }`
[INFO] running `Command { std: "docker" "exec" "-e" "SOURCE_DIR=/opt/rustwide/workdir" "-e" "CARGO_HOME=/opt/rustwide/cargo-home" "-e" "RUSTUP_HOME=/opt/rustwide/rustup-home" "-e" "CARGO_TARGET_DIR=/opt/rustwide/target" "-e" "CARGO_INCREMENTAL=0" "-e" "RUST_BACKTRACE=full" "-e" "RUSTFLAGS=--cap-lints=warn" "-e" "RUSTDOCFLAGS=--cap-lints=warn" "-w" "/opt/rustwide/workdir" "--user" "0:0" "90b488a3cfc2477aaf5045dcbc0ffbd0916aa680e8e1d168c1d61cb42a0c4da5" "/opt/rustwide/cargo-home/bin/cargo" "+1.99.0-beta.8" "build" "--frozen" "--message-format=json" "--release", kill_on_drop: false }`
[INFO] [stderr]    Compiling zerocopy v0.8.55
[INFO] [stderr]    Compiling thiserror v2.0.19
[INFO] [stderr]    Compiling auto_ops v0.3.0
[INFO] [stderr]    Compiling num-traits v0.2.19
[INFO] [stderr]    Compiling matrixmultiply v0.3.11
[INFO] [stderr]    Compiling cc v1.4.0
[INFO] [stderr]    Compiling cblas-sys v0.1.4
[INFO] [stderr]    Compiling lapack-sys v0.15.0
[INFO] [stderr]    Compiling rand_core v0.6.4
[INFO] [stderr]    Compiling serde v1.0.229
[INFO] [stderr]    Compiling syn v3.0.3
[INFO] [stderr]    Compiling syn v2.0.119
[INFO] [stderr]    Compiling cmake v0.1.58
[INFO] [stderr]    Compiling num-integer v0.1.46
[INFO] [stderr]    Compiling approx v0.5.1
[INFO] [stderr]    Compiling dace v0.3.1 (/opt/rustwide/workdir)
[INFO] [stderr]    Compiling thiserror-impl v2.0.19
[INFO] [stderr]    Compiling katexit v0.1.5
[INFO] [stderr]    Compiling ppv-lite86 v0.2.21
[INFO] [stderr]    Compiling rand_chacha v0.3.1
[INFO] [stderr]    Compiling rand v0.8.7
[INFO] [stderr]    Compiling num-complex v0.4.6
[INFO] [stderr]    Compiling cauchy v0.4.0
[INFO] [stderr]    Compiling ndarray v0.17.2
[INFO] [stderr]    Compiling lax v0.18.1
[INFO] [stderr]    Compiling ndarray-linalg v0.18.1
[INFO] [stderr]     Finished `release` profile [optimized] target(s) in 30.56s
[INFO] running `Command { std: "docker" "inspect" "90b488a3cfc2477aaf5045dcbc0ffbd0916aa680e8e1d168c1d61cb42a0c4da5", kill_on_drop: false }`
[INFO] running `Command { std: "docker" "exec" "-e" "SOURCE_DIR=/opt/rustwide/workdir" "-e" "CARGO_HOME=/opt/rustwide/cargo-home" "-e" "RUSTUP_HOME=/opt/rustwide/rustup-home" "-e" "CARGO_TARGET_DIR=/opt/rustwide/target" "-e" "CARGO_INCREMENTAL=0" "-e" "RUST_BACKTRACE=full" "-e" "RUSTFLAGS=--cap-lints=warn" "-e" "RUSTDOCFLAGS=--cap-lints=warn" "-w" "/opt/rustwide/workdir" "--user" "0:0" "90b488a3cfc2477aaf5045dcbc0ffbd0916aa680e8e1d168c1d61cb42a0c4da5" "/opt/rustwide/cargo-home/bin/cargo" "+1.99.0-beta.8" "test" "--frozen" "--no-run" "--message-format=json" "--release", kill_on_drop: false }`
[INFO] [stderr]    Compiling pastey v0.2.3
[INFO] [stderr]    Compiling dace v0.3.1 (/opt/rustwide/workdir)
[INFO] [stdout] error: linking with `cc` failed: exit status: 1
[INFO] [stdout]   |
[INFO] [stdout]   = note:  "cc" "-m64" "/opt/rustwide/target/release/examples/rustcVOs2pW/symbols.o" "<2 object files omitted>" "-Wl,--as-needed" "-Wl,-Bstatic" "/opt/rustwide/target/release/deps/{libdace-8d8376eaf82fae25,libndarray_linalg-ff172495d3e125de,liblax-85bbc46f1482ff95,liblapack_sys-307282f44224c341,libthiserror-252084d2d85720c9,libcauchy-76844af4f815e1bf,libndarray-105da50b307510d2,libmatrixmultiply-8716246a8352628b,libapprox-125520d5c7455bf3,libnum_complex-ec4d52ef35eff981,libserde-7048e06194ec431f,libserde_core-2831f2261da3e922,librand-45615778a0fa5efb,librand_chacha-a143d69acc6ffed9,libppv_lite86-f4e35c3b86dc246b,libzerocopy-6edba33d89dad52a,librand_core-3cd15686b35d848b,libgetrandom-8ac55e05f88309f8,libcfg_if-6d8dca19095bb388,libnum_integer-26a086fb636f7d4e,libnum_traits-e3a070e9a3cdac24,librawpointer-e637704b8109ab79,libcblas_sys-f9df51df3e57bbac,liblibc-a0996e9cad7bedd7,libauto_ops-d4a2444d7a349815}.rlib" "<sysroot>/lib/rustlib/x86_64-unknown-linux-gnu/lib/{libstd-*,libpanic_unwind-*,libobject-*,libmemchr-*,libaddr2line-*,libgimli-*,libcfg_if-*,librustc_demangle-*,libstd_detect-*,libhashbrown-*,librustc_std_workspace_alloc-*,libminiz_oxide-*,libadler2-*,libunwind-*,liblibc-*,librustc_std_workspace_core-*,liballoc-*,libcore-*,libcompiler_builtins-*}.rlib" "-Wl,-Bdynamic" "-lgcc_s" "-lutil" "-lrt" "-lpthread" "-lm" "-ldl" "-lc" "-L" "/opt/rustwide/target/release/examples/rustcVOs2pW/raw-dylibs" "-B<sysroot>/lib/rustlib/x86_64-unknown-linux-gnu/bin/gcc-ld" "-fuse-ld=lld" "-Wl,--eh-frame-hdr" "-Wl,-z,noexecstack" "-L" "/opt/rustwide/target/release/build/dace-45c9b79865bacf02/out/lib" "-L" "<sysroot>/lib/rustlib/x86_64-unknown-linux-gnu/lib" "-o" "/opt/rustwide/target/release/examples/example_1_09-0c55b054e4e0d7c8" "-Wl,--gc-sections" "-pie" "-Wl,-z,relro,-z,now" "-Wl,-O1" "-Wl,--strip-debug" "-nodefaultlibs"
[INFO] [stdout]   = note: some arguments are omitted. use `--verbose` to show all linker arguments
[INFO] [stdout]   = note: rust-lld: error: undefined symbol: dgetri_
[INFO] [stdout]           >>> referenced by lax.1b29261b8b30735d-cgu.04
[INFO] [stdout]           >>>               lax-85bbc46f1482ff95.lax.1b29261b8b30735d-cgu.04.rcgu.o:(<f64 as lax::Lapack>::inv) in archive /opt/rustwide/target/release/deps/liblax-85bbc46f1482ff95.rlib
[INFO] [stdout]           >>> referenced by lax.1b29261b8b30735d-cgu.03
[INFO] [stdout]           >>>               lax-85bbc46f1482ff95.lax.1b29261b8b30735d-cgu.03.rcgu.o:(<lax::solve::InvWork<f64> as lax::solve::InvWorkImpl>::new) in archive /opt/rustwide/target/release/deps/liblax-85bbc46f1482ff95.rlib
[INFO] [stdout]           
[INFO] [stdout]           rust-lld: error: undefined symbol: dgetrf_
[INFO] [stdout]           >>> referenced by lax.1b29261b8b30735d-cgu.03
[INFO] [stdout]           >>>               lax-85bbc46f1482ff95.lax.1b29261b8b30735d-cgu.03.rcgu.o:(<f64 as lax::solve::LuImpl>::lu) in archive /opt/rustwide/target/release/deps/liblax-85bbc46f1482ff95.rlib
[INFO] [stdout]           collect2: error: ld returned 1 exit status
[INFO] [stdout]           
[INFO] [stdout] 
[INFO] [stdout] 
[INFO] [stderr] error: could not compile `dace` (example "example_1_09") due to 1 previous error
[INFO] [stderr] warning: build failed, waiting for other jobs to finish...
[INFO] [stdout] error: linking with `cc` failed: exit status: 1
[INFO] [stdout]   |
[INFO] [stdout]   = note:  "cc" "-m64" "/opt/rustwide/target/release/examples/rustcY1ivPY/symbols.o" "<2 object files omitted>" "-Wl,--as-needed" "-Wl,-Bstatic" "/opt/rustwide/target/release/deps/{libdace-8d8376eaf82fae25,libndarray_linalg-ff172495d3e125de,liblax-85bbc46f1482ff95,liblapack_sys-307282f44224c341,libthiserror-252084d2d85720c9,libcauchy-76844af4f815e1bf,libndarray-105da50b307510d2,libmatrixmultiply-8716246a8352628b,libapprox-125520d5c7455bf3,libnum_complex-ec4d52ef35eff981,libserde-7048e06194ec431f,libserde_core-2831f2261da3e922,librand-45615778a0fa5efb,librand_chacha-a143d69acc6ffed9,libppv_lite86-f4e35c3b86dc246b,libzerocopy-6edba33d89dad52a,librand_core-3cd15686b35d848b,libgetrandom-8ac55e05f88309f8,libcfg_if-6d8dca19095bb388,libnum_integer-26a086fb636f7d4e,libnum_traits-e3a070e9a3cdac24,librawpointer-e637704b8109ab79,libcblas_sys-f9df51df3e57bbac,liblibc-a0996e9cad7bedd7,libauto_ops-d4a2444d7a349815}.rlib" "<sysroot>/lib/rustlib/x86_64-unknown-linux-gnu/lib/{libstd-*,libpanic_unwind-*,libobject-*,libmemchr-*,libaddr2line-*,libgimli-*,libcfg_if-*,librustc_demangle-*,libstd_detect-*,libhashbrown-*,librustc_std_workspace_alloc-*,libminiz_oxide-*,libadler2-*,libunwind-*,liblibc-*,librustc_std_workspace_core-*,liballoc-*,libcore-*,libcompiler_builtins-*}.rlib" "-Wl,-Bdynamic" "-lgcc_s" "-lutil" "-lrt" "-lpthread" "-lm" "-ldl" "-lc" "-L" "/opt/rustwide/target/release/examples/rustcY1ivPY/raw-dylibs" "-B<sysroot>/lib/rustlib/x86_64-unknown-linux-gnu/bin/gcc-ld" "-fuse-ld=lld" "-Wl,--eh-frame-hdr" "-Wl,-z,noexecstack" "-L" "/opt/rustwide/target/release/build/dace-45c9b79865bacf02/out/lib" "-L" "<sysroot>/lib/rustlib/x86_64-unknown-linux-gnu/lib" "-o" "/opt/rustwide/target/release/examples/example_1_10-eff0f6df2a113630" "-Wl,--gc-sections" "-pie" "-Wl,-z,relro,-z,now" "-Wl,-O1" "-Wl,--strip-debug" "-nodefaultlibs"
[INFO] [stdout]   = note: some arguments are omitted. use `--verbose` to show all linker arguments
[INFO] [stdout]   = note: rust-lld: error: undefined symbol: dgetri_
[INFO] [stdout]           >>> referenced by lax.1b29261b8b30735d-cgu.04
[INFO] [stdout]           >>>               lax-85bbc46f1482ff95.lax.1b29261b8b30735d-cgu.04.rcgu.o:(<f64 as lax::Lapack>::inv) in archive /opt/rustwide/target/release/deps/liblax-85bbc46f1482ff95.rlib
[INFO] [stdout]           >>> referenced by lax.1b29261b8b30735d-cgu.03
[INFO] [stdout]           >>>               lax-85bbc46f1482ff95.lax.1b29261b8b30735d-cgu.03.rcgu.o:(<lax::solve::InvWork<f64> as lax::solve::InvWorkImpl>::new) in archive /opt/rustwide/target/release/deps/liblax-85bbc46f1482ff95.rlib
[INFO] [stdout]           
[INFO] [stdout]           rust-lld: error: undefined symbol: dgetrf_
[INFO] [stdout]           >>> referenced by lax.1b29261b8b30735d-cgu.03
[INFO] [stdout]           >>>               lax-85bbc46f1482ff95.lax.1b29261b8b30735d-cgu.03.rcgu.o:(<f64 as lax::solve::LuImpl>::lu) in archive /opt/rustwide/target/release/deps/liblax-85bbc46f1482ff95.rlib
[INFO] [stdout]           collect2: error: ld returned 1 exit status
[INFO] [stdout]           
[INFO] [stdout] 
[INFO] [stdout] 
[INFO] [stderr] error: could not compile `dace` (example "example_1_10") due to 1 previous error
[INFO] [stdout] error: linking with `cc` failed: exit status: 1
[INFO] [stdout]   |
[INFO] [stdout]   = note:  "cc" "-m64" "/opt/rustwide/target/release/deps/rustckKfHwj/symbols.o" "<5 object files omitted>" "-Wl,--as-needed" "-Wl,-Bstatic" "<sysroot>/lib/rustlib/x86_64-unknown-linux-gnu/lib/{libtest-*,libgetopts-*,librustc_std_workspace_std-*}.rlib" "/opt/rustwide/target/release/deps/{libdace-8d8376eaf82fae25,libndarray_linalg-ff172495d3e125de,liblax-85bbc46f1482ff95,liblapack_sys-307282f44224c341,libthiserror-252084d2d85720c9,libcauchy-76844af4f815e1bf,libndarray-105da50b307510d2,libmatrixmultiply-8716246a8352628b,libapprox-125520d5c7455bf3,libnum_complex-ec4d52ef35eff981,libserde-7048e06194ec431f,libserde_core-2831f2261da3e922,librand-45615778a0fa5efb,librand_chacha-a143d69acc6ffed9,libppv_lite86-f4e35c3b86dc246b,libzerocopy-6edba33d89dad52a,librand_core-3cd15686b35d848b,libgetrandom-8ac55e05f88309f8,libcfg_if-6d8dca19095bb388,libnum_integer-26a086fb636f7d4e,libnum_traits-e3a070e9a3cdac24,librawpointer-e637704b8109ab79,libcblas_sys-f9df51df3e57bbac,liblibc-a0996e9cad7bedd7,libauto_ops-d4a2444d7a349815}.rlib" "<sysroot>/lib/rustlib/x86_64-unknown-linux-gnu/lib/{libstd-*,libpanic_unwind-*,libobject-*,libmemchr-*,libaddr2line-*,libgimli-*,libcfg_if-*,librustc_demangle-*,libstd_detect-*,libhashbrown-*,librustc_std_workspace_alloc-*,libminiz_oxide-*,libadler2-*,libunwind-*,liblibc-*,librustc_std_workspace_core-*,liballoc-*,libcore-*,libcompiler_builtins-*}.rlib" "-Wl,-Bdynamic" "-lgcc_s" "-lutil" "-lrt" "-lpthread" "-lm" "-ldl" "-lc" "-L" "/opt/rustwide/target/release/deps/rustckKfHwj/raw-dylibs" "-B<sysroot>/lib/rustlib/x86_64-unknown-linux-gnu/bin/gcc-ld" "-fuse-ld=lld" "-Wl,--eh-frame-hdr" "-Wl,-z,noexecstack" "-L" "/opt/rustwide/target/release/build/dace-45c9b79865bacf02/out/lib" "-L" "<sysroot>/lib/rustlib/x86_64-unknown-linux-gnu/lib" "-o" "/opt/rustwide/target/release/deps/dot-abe60a6cbe7fbaca" "-Wl,--gc-sections" "-pie" "-Wl,-z,relro,-z,now" "-Wl,-O1" "-Wl,--strip-debug" "-nodefaultlibs"
[INFO] [stdout]   = note: some arguments are omitted. use `--verbose` to show all linker arguments
[INFO] [stdout]   = note: rust-lld: error: undefined symbol: cblas_ddot
[INFO] [stdout]           >>> referenced by dace.13ed84b93b091571-cgu.01
[INFO] [stdout]           >>>               dace-8d8376eaf82fae25.dace.13ed84b93b091571-cgu.01.rcgu.o:(<ndarray::ArrayRef<f64, ndarray::dimension::dim::Dim<[usize; 1]>>>::dot_impl) in archive /opt/rustwide/target/release/deps/libdace-8d8376eaf82fae25.rlib
[INFO] [stdout]           >>> referenced by dace.13ed84b93b091571-cgu.00
[INFO] [stdout]           >>>               dace-8d8376eaf82fae25.dace.13ed84b93b091571-cgu.00.rcgu.o:(<ndarray::zip::Zip<(ndarray::iterators::AxisIter<f64, ndarray::dimension::dim::Dim<[usize; 1]>>, ndarray::ArrayBase<ndarray::RawViewRepr<*mut f64>, ndarray::dimension::dim::Dim<[usize; 1]>, f64>), ndarray::dimension::dim::Dim<[usize; 1]>>>::for_each::<ndarray::linalg::impl_linalg::general_mat_vec_mul_impl<f64>::{closure#1}>) in archive /opt/rustwide/target/release/deps/libdace-8d8376eaf82fae25.rlib
[INFO] [stdout]           
[INFO] [stdout]           rust-lld: error: undefined symbol: cblas_dgemm
[INFO] [stdout]           >>> referenced by dace.13ed84b93b091571-cgu.07
[INFO] [stdout]           >>>               dace-8d8376eaf82fae25.dace.13ed84b93b091571-cgu.07.rcgu.o:(ndarray::linalg::impl_linalg::mat_mul_impl::<f64>) in archive /opt/rustwide/target/release/deps/libdace-8d8376eaf82fae25.rlib
[INFO] [stdout]           
[INFO] [stdout]           rust-lld: error: undefined symbol: cblas_dgemv
[INFO] [stdout]           >>> referenced by dace.13ed84b93b091571-cgu.07
[INFO] [stdout]           >>>               dace-8d8376eaf82fae25.dace.13ed84b93b091571-cgu.07.rcgu.o:(ndarray::linalg::impl_linalg::general_mat_vec_mul_impl::<f64>) in archive /opt/rustwide/target/release/deps/libdace-8d8376eaf82fae25.rlib
[INFO] [stdout]           collect2: error: ld returned 1 exit status
[INFO] [stdout]           
[INFO] [stdout] 
[INFO] [stdout] 
[INFO] [stderr] error: could not compile `dace` (test "dot") due to 1 previous error
[INFO] running `Command { std: "docker" "inspect" "90b488a3cfc2477aaf5045dcbc0ffbd0916aa680e8e1d168c1d61cb42a0c4da5", kill_on_drop: false }`
[INFO] running `Command { std: "docker" "rm" "-f" "90b488a3cfc2477aaf5045dcbc0ffbd0916aa680e8e1d168c1d61cb42a0c4da5", kill_on_drop: false }`
[INFO] [stdout] 90b488a3cfc2477aaf5045dcbc0ffbd0916aa680e8e1d168c1d61cb42a0c4da5
