[INFO] fetching crate d4-cryptominisat-sys 0.1.5...
[INFO] testing d4-cryptominisat-sys-0.1.5 against 1.99.0-beta.8+cargoflags=--release for beta-release-1.100-2
[INFO] extracting crate d4-cryptominisat-sys 0.1.5 into /workspace/builds/worker-6-tc1/source
[INFO] started tweaking crates.io crate d4-cryptominisat-sys 0.1.5
[INFO] finished tweaking crates.io crate d4-cryptominisat-sys 0.1.5
[INFO] tweaked toml for crates.io crate d4-cryptominisat-sys 0.1.5 written to /workspace/builds/worker-6-tc1/source/Cargo.toml
[INFO] validating manifest of crates.io crate d4-cryptominisat-sys 0.1.5 on toolchain 1.99.0-beta.8
[INFO] running `Command { std: CARGO_HOME="/workspace/cargo-home" RUSTUP_HOME="/workspace/rustup-home" "/workspace/cargo-home/bin/cargo" "+1.99.0-beta.8" "metadata" "--manifest-path" "Cargo.toml" "--no-deps", kill_on_drop: false }`
[INFO] running `Command { std: CARGO_HOME="/workspace/cargo-home" RUSTUP_HOME="/workspace/rustup-home" "/workspace/cargo-home/bin/cargo" "+1.99.0-beta.8" "generate-lockfile" "--manifest-path" "Cargo.toml", kill_on_drop: false }`
[INFO] [stderr]     Updating crates.io index
[INFO] [stderr]      Locking 6 packages to highest compatible versions
[INFO] running `Command { std: CARGO_HOME="/workspace/cargo-home" RUSTUP_HOME="/workspace/rustup-home" "/workspace/cargo-home/bin/cargo" "+1.99.0-beta.8" "fetch" "--manifest-path" "Cargo.toml", kill_on_drop: false }`
[INFO] [stderr]  Downloading crates ...
[INFO] [stderr]   Downloaded d4-cadiback-sys v0.1.1
[INFO] [stderr]   Downloaded d4-cadical-sys v0.1.1
[INFO] running `Command { std: "docker" "create" "-v" "/var/lib/crater-agent-workspace/builds/worker-6-tc1/source:/opt/rustwide/workdir:ro,Z" "-v" "/var/lib/crater-agent-workspace/builds/worker-6-tc1/target:/opt/rustwide/target:rw,Z" "-v" "/var/lib/crater-agent-workspace/cargo-home:/opt/rustwide/cargo-home:ro,Z" "-v" "/var/lib/crater-agent-workspace/rustup-home:/opt/rustwide/rustup-home:ro,Z" "-m" "1610612736" "--network" "none" "ghcr.io/rust-lang/crates-build-env/linux@sha256:77db811e55d90add9212f6832c23229e3de5f1c1f9905e8cb07319ea15df73ac" "sleep" "infinity", kill_on_drop: false }`
[INFO] [stdout] 4d487900a0a5b376273b908c8e5ffa0cdcb1bea023aff72b1b672c397333a786
[INFO] running `Command { std: "docker" "start" "4d487900a0a5b376273b908c8e5ffa0cdcb1bea023aff72b1b672c397333a786", kill_on_drop: false }`
[INFO] running `Command { std: "docker" "inspect" "4d487900a0a5b376273b908c8e5ffa0cdcb1bea023aff72b1b672c397333a786", kill_on_drop: false }`
[INFO] running `Command { std: "docker" "exec" "-e" "SOURCE_DIR=/opt/rustwide/workdir" "-e" "CARGO_HOME=/opt/rustwide/cargo-home" "-e" "RUSTUP_HOME=/opt/rustwide/rustup-home" "-e" "CARGO_TARGET_DIR=/opt/rustwide/target" "-w" "/opt/rustwide/workdir" "--user" "0:0" "4d487900a0a5b376273b908c8e5ffa0cdcb1bea023aff72b1b672c397333a786" "/opt/rustwide/cargo-home/bin/cargo" "+1.99.0-beta.8" "metadata" "--no-deps" "--format-version=1", kill_on_drop: false }`
[INFO] running `Command { std: "docker" "inspect" "4d487900a0a5b376273b908c8e5ffa0cdcb1bea023aff72b1b672c397333a786", kill_on_drop: false }`
[INFO] running `Command { std: "docker" "exec" "-e" "SOURCE_DIR=/opt/rustwide/workdir" "-e" "CARGO_HOME=/opt/rustwide/cargo-home" "-e" "RUSTUP_HOME=/opt/rustwide/rustup-home" "-e" "CARGO_TARGET_DIR=/opt/rustwide/target" "-e" "CARGO_INCREMENTAL=0" "-e" "RUST_BACKTRACE=full" "-e" "RUSTFLAGS=--cap-lints=warn" "-e" "RUSTDOCFLAGS=--cap-lints=warn" "-w" "/opt/rustwide/workdir" "--user" "0:0" "4d487900a0a5b376273b908c8e5ffa0cdcb1bea023aff72b1b672c397333a786" "/opt/rustwide/cargo-home/bin/cargo" "+1.99.0-beta.8" "build" "--frozen" "--message-format=json" "--release", kill_on_drop: false }`
[INFO] [stderr]    Compiling cmake v0.1.58
[INFO] [stderr]    Compiling d4-cadical-sys v0.1.1
[INFO] [stderr]    Compiling d4-cadiback-sys v0.1.1
[INFO] [stderr]    Compiling d4-cryptominisat-sys v0.1.5 (/opt/rustwide/workdir)
[INFO] [stderr] error: failed to run custom build command for `d4-cadical-sys v0.1.1`
[INFO] [stderr] note: To improve backtraces for build dependencies, set the CARGO_PROFILE_RELEASE_BUILD_OVERRIDE_DEBUG=true environment variable to enable debug information generation.
[INFO] [stderr] 
[INFO] [stderr] Caused by:
[INFO] [stderr]   process didn't exit successfully: `/opt/rustwide/target/release/build/d4-cadical-sys-504840761b2f8305/build-script-build` (exit status: 101)
[INFO] [stderr]   --- stdout
[INFO] [stderr]   CMAKE_TOOLCHAIN_FILE_x86_64-unknown-linux-gnu = None
[INFO] [stderr]   CMAKE_TOOLCHAIN_FILE_x86_64_unknown_linux_gnu = None
[INFO] [stderr]   HOST_CMAKE_TOOLCHAIN_FILE = None
[INFO] [stderr]   CMAKE_TOOLCHAIN_FILE = None
[INFO] [stderr]   CMAKE_GENERATOR_x86_64-unknown-linux-gnu = None
[INFO] [stderr]   CMAKE_GENERATOR_x86_64_unknown_linux_gnu = None
[INFO] [stderr]   HOST_CMAKE_GENERATOR = None
[INFO] [stderr]   CMAKE_GENERATOR = None
[INFO] [stderr]   CMAKE_PREFIX_PATH_x86_64-unknown-linux-gnu = None
[INFO] [stderr]   CMAKE_PREFIX_PATH_x86_64_unknown_linux_gnu = None
[INFO] [stderr]   HOST_CMAKE_PREFIX_PATH = None
[INFO] [stderr]   CMAKE_PREFIX_PATH = None
[INFO] [stderr]   CMAKE_x86_64-unknown-linux-gnu = None
[INFO] [stderr]   CMAKE_x86_64_unknown_linux_gnu = None
[INFO] [stderr]   HOST_CMAKE = None
[INFO] [stderr]   CMAKE = None
[INFO] [stderr]   -- The CXX compiler identification is GNU 15.2.0
[INFO] [stderr]   -- Detecting CXX compiler ABI info
[INFO] [stderr]   -- Detecting CXX compiler ABI info - done
[INFO] [stderr]   -- Check for working CXX compiler: /usr/bin/c++ - skipped
[INFO] [stderr]   -- Detecting CXX compile features
[INFO] [stderr]   -- Detecting CXX compile features - done
[INFO] [stderr]   -- Configuring done (0.7s)
[INFO] [stderr]   -- Generating done (0.0s)
[INFO] [stderr]   -- Build files have been written to: /opt/rustwide/target/release/build/d4-cadical-sys-54c5b6ecf3b92c4e/out/build
[INFO] [stderr]   [  1%] Building CXX object CMakeFiles/libcadical.dir/src/analyze.cpp.o
[INFO] [stderr]   [  2%] Building CXX object CMakeFiles/libcadical.dir/src/arena.cpp.o
[INFO] [stderr]   [  3%] Building CXX object CMakeFiles/libcadical.dir/src/assume.cpp.o
[INFO] [stderr]   [  4%] Building CXX object CMakeFiles/libcadical.dir/src/averages.cpp.o
[INFO] [stderr]   [  6%] Building CXX object CMakeFiles/libcadical.dir/src/ccadical.cpp.o
[INFO] [stderr]   [  7%] Building CXX object CMakeFiles/libcadical.dir/src/bins.cpp.o
[INFO] [stderr]   [  9%] Building CXX object CMakeFiles/libcadical.dir/src/block.cpp.o
[INFO] [stderr]   [  9%] Building CXX object CMakeFiles/libcadical.dir/src/backward.cpp.o
[INFO] [stderr]   [ 10%] Building CXX object CMakeFiles/libcadical.dir/src/compact.cpp.o
[INFO] [stderr]   [ 12%] Building CXX object CMakeFiles/libcadical.dir/src/checker.cpp.o
[INFO] [stderr]   [ 13%] Building CXX object CMakeFiles/libcadical.dir/src/collect.cpp.o
[INFO] [stderr]   [ 14%] Building CXX object CMakeFiles/libcadical.dir/src/clause.cpp.o
[INFO] [stderr]   [ 17%] Building CXX object CMakeFiles/libcadical.dir/src/config.cpp.o
[INFO] [stderr]   [ 18%] Building CXX object CMakeFiles/libcadical.dir/src/condition.cpp.o
[INFO] [stderr]   [ 15%] Building CXX object CMakeFiles/libcadical.dir/src/backtrack.cpp.o
[INFO] [stderr]   [ 19%] Building CXX object CMakeFiles/libcadical.dir/src/constrain.cpp.o
[INFO] [stderr]   [ 20%] Building CXX object CMakeFiles/libcadical.dir/src/contract.cpp.o
[INFO] [stderr] 
[INFO] [stderr]   --- stderr
[INFO] [stderr]   running: cd "/opt/rustwide/target/release/build/d4-cadical-sys-54c5b6ecf3b92c4e/out/build" && CMAKE_PREFIX_PATH="" LC_ALL="C" "cmake" "/opt/rustwide/cargo-home/registry/src/index.crates.io-1949cf8c6b5b557f/d4-cadical-sys-0.1.1/cadical" "-B" "/opt/rustwide/target/release/build/d4-cadical-sys-54c5b6ecf3b92c4e/out/build" "-DCMAKE_INSTALL_PREFIX=/opt/rustwide/target/release/build/d4-cadical-sys-54c5b6ecf3b92c4e/out" "-DCMAKE_C_FLAGS= -ffunction-sections -fdata-sections -fPIC -m64 -w" "-DCMAKE_C_COMPILER=/usr/bin/cc" "-DCMAKE_CXX_FLAGS= -ffunction-sections -fdata-sections -fPIC -m64 -w" "-DCMAKE_CXX_COMPILER=/usr/bin/c++" "-DCMAKE_ASM_FLAGS= -ffunction-sections -fdata-sections -fPIC -m64 -w" "-DCMAKE_ASM_COMPILER=/usr/bin/cc" "-DCMAKE_BUILD_TYPE=Release"
[INFO] [stderr]   CMake Warning:
[INFO] [stderr]     Manually-specified variables were not used by the project:
[INFO] [stderr] 
[INFO] [stderr]       CMAKE_ASM_COMPILER
[INFO] [stderr]       CMAKE_ASM_FLAGS
[INFO] [stderr]       CMAKE_C_COMPILER
[INFO] [stderr]       CMAKE_C_FLAGS
[INFO] [stderr] 
[INFO] [stderr] 
[INFO] [stderr]   running: cd "/opt/rustwide/target/release/build/d4-cadical-sys-54c5b6ecf3b92c4e/out/build" && LC_ALL="C" MAKEFLAGS="-j --jobserver-fds=4,5 --jobserver-auth=4,5" "cmake" "--build" "/opt/rustwide/target/release/build/d4-cadical-sys-54c5b6ecf3b92c4e/out/build" "--target" "install" "--config" "Release"
[INFO] [stderr]   c++: fatal error: Killed signal terminated program cc1plus
[INFO] [stderr]   compilation terminated.
[INFO] [stderr]   gmake[2]: *** [CMakeFiles/libcadical.dir/build.make:233: CMakeFiles/libcadical.dir/src/collect.cpp.o] Error 1
[INFO] [stderr]   gmake[2]: *** Waiting for unfinished jobs....
[INFO] [stderr]   c++: fatal error: Killed signal terminated program cc1plus
[INFO] [stderr]   compilation terminated.
[INFO] [stderr]   gmake[2]: *** [CMakeFiles/libcadical.dir/build.make:93: CMakeFiles/libcadical.dir/src/arena.cpp.o] Error 1
[INFO] [stderr]   c++: fatal error: Killed signal terminated program cc1plus
[INFO] [stderr]   compilation terminated.
[INFO] [stderr]   gmake[2]: *** [CMakeFiles/libcadical.dir/build.make:261: CMakeFiles/libcadical.dir/src/condition.cpp.o] Error 1
[INFO] [stderr]   c++: fatal error: Killed signal terminated program cc1plus
[INFO] [stderr]   compilation terminated.
[INFO] [stderr]   gmake[2]: *** [CMakeFiles/libcadical.dir/build.make:205: CMakeFiles/libcadical.dir/src/checker.cpp.o] Error 1
[INFO] [stderr]   c++: fatal error: Killed signal terminated program cc1plus
[INFO] [stderr]   compilation terminated.
[INFO] [stderr]   gmake[2]: *** [CMakeFiles/libcadical.dir/build.make:79: CMakeFiles/libcadical.dir/src/analyze.cpp.o] Error 1
[INFO] [stderr]   c++: fatal error: Killed signal terminated program cc1plus
[INFO] [stderr]   compilation terminated.
[INFO] [stderr]   gmake[2]: *** [CMakeFiles/libcadical.dir/build.make:107: CMakeFiles/libcadical.dir/src/assume.cpp.o] Error 1
[INFO] [stderr]   gmake[1]: *** [CMakeFiles/Makefile2:87: CMakeFiles/libcadical.dir/all] Error 2
[INFO] [stderr]   gmake: *** [Makefile:136: all] Error 2
[INFO] [stderr] 
[INFO] [stderr]   thread 'main' (142) panicked at /opt/rustwide/cargo-home/registry/src/index.crates.io-1949cf8c6b5b557f/cmake-0.1.58/src/lib.rs:1132:5:
[INFO] [stderr] 
[INFO] [stderr]   command did not execute successfully, got: exit status: 2
[INFO] [stderr] 
[INFO] [stderr]   build script failed, must exit now
[INFO] [stderr]   stack backtrace:
[INFO] [stderr]      0:     0x61d9d47a0351 - <<std[70759c8f55707aa4]::sys::backtrace::BacktraceLock>::print::DisplayBacktrace as core[df12db4294e9bfd3]::fmt::Display>::fmt
[INFO] [stderr]      1:     0x61d9d47b44ca - core[df12db4294e9bfd3]::fmt::write
[INFO] [stderr]      2:     0x61d9d47a5ebc - <std[70759c8f55707aa4]::sys::stdio::unix::Stderr as core[df12db4294e9bfd3]::io::write::Write>::write_fmt
[INFO] [stderr]      3:     0x61d9d477ece6 - std[70759c8f55707aa4]::panicking::default_hook::{closure#0}
[INFO] [stderr]      4:     0x61d9d479b171 - std[70759c8f55707aa4]::panicking::default_hook
[INFO] [stderr]      5:     0x61d9d479b32b - std[70759c8f55707aa4]::panicking::panic_with_hook
[INFO] [stderr]      6:     0x61d9d477ed92 - std[70759c8f55707aa4]::panicking::panic_handler::{closure#0}
[INFO] [stderr]      7:     0x61d9d4777a59 - std[70759c8f55707aa4]::sys::backtrace::__rust_end_short_backtrace::<std[70759c8f55707aa4]::panicking::panic_handler::{closure#0}, !>
[INFO] [stderr]      8:     0x61d9d477f5ad - __rustc[8fa7c3cbc660c2b3]::rust_begin_unwind
[INFO] [stderr]      9:     0x61d9d47b4c3c - core[df12db4294e9bfd3]::panicking::panic_fmt
[INFO] [stderr]     10:     0x61d9d46f25e7 - cmake[7e771a39bb3c34a8]::fail
[INFO] [stderr]     11:     0x61d9d46f2273 - cmake[7e771a39bb3c34a8]::run
[INFO] [stderr]     12:     0x61d9d46f8245 - <cmake[7e771a39bb3c34a8]::Config>::build
[INFO] [stderr]     13:     0x61d9d46e9255 - cmake[7e771a39bb3c34a8]::build::<&str>
[INFO] [stderr]     14:     0x61d9d46ea2e2 - build_script_build[75a8c42214add0f1]::main
[INFO] [stderr]     15:     0x61d9d46ea903 - <fn() as core[df12db4294e9bfd3]::ops::function::FnOnce<()>>::call_once
[INFO] [stderr]     16:     0x61d9d46ea286 - std[70759c8f55707aa4]::sys::backtrace::__rust_begin_short_backtrace::<fn(), ()>
[INFO] [stderr]     17:     0x61d9d46ea299 - std[70759c8f55707aa4]::rt::lang_start::<()>::{closure#0}
[INFO] [stderr]     18:     0x61d9d479a099 - std[70759c8f55707aa4]::rt::lang_start_internal
[INFO] [stderr]     19:     0x61d9d46e9e11 - std[70759c8f55707aa4]::rt::lang_start::<()>
[INFO] [stderr]     20:     0x61d9d46ea975 - main
[INFO] [stderr]     21:     0x708d548f2601 - <unknown>
[INFO] [stderr]     22:     0x708d548f2718 - __libc_start_main
[INFO] [stderr]     23:     0x61d9d46e9135 - _start
[INFO] [stderr]     24:                0x0 - <unknown>
[INFO] running `Command { std: "docker" "inspect" "4d487900a0a5b376273b908c8e5ffa0cdcb1bea023aff72b1b672c397333a786", kill_on_drop: false }`
[INFO] running `Command { std: "docker" "rm" "-f" "4d487900a0a5b376273b908c8e5ffa0cdcb1bea023aff72b1b672c397333a786", kill_on_drop: false }`
[INFO] [stdout] 4d487900a0a5b376273b908c8e5ffa0cdcb1bea023aff72b1b672c397333a786
