[INFO] fetching crate czkawka_gui_orbtk 1.5.1...
[INFO] testing czkawka_gui_orbtk-1.5.1 against 1.99.0-beta.8+cargoflags=--release for beta-release-1.100-2
[INFO] extracting crate czkawka_gui_orbtk 1.5.1 into /workspace/builds/worker-1-tc1/source
[INFO] started tweaking crates.io crate czkawka_gui_orbtk 1.5.1
[INFO] finished tweaking crates.io crate czkawka_gui_orbtk 1.5.1
[INFO] tweaked toml for crates.io crate czkawka_gui_orbtk 1.5.1 written to /workspace/builds/worker-1-tc1/source/Cargo.toml
[INFO] validating manifest of crates.io crate czkawka_gui_orbtk 1.5.1 on toolchain 1.99.0-beta.8
[INFO] running `Command { std: CARGO_HOME="/workspace/cargo-home" RUSTUP_HOME="/workspace/rustup-home" "/workspace/cargo-home/bin/cargo" "+1.99.0-beta.8" "metadata" "--manifest-path" "Cargo.toml" "--no-deps", kill_on_drop: false }`
[INFO] crate crates.io crate czkawka_gui_orbtk 1.5.1 already has a lockfile, it will not be regenerated
[INFO] running `Command { std: CARGO_HOME="/workspace/cargo-home" RUSTUP_HOME="/workspace/rustup-home" "/workspace/cargo-home/bin/cargo" "+1.99.0-beta.8" "fetch" "--manifest-path" "Cargo.toml", kill_on_drop: false }`
[INFO] [stderr]     Blocking waiting for file lock on package cache
[INFO] [stderr]     Updating crates.io index
[INFO] [stderr]     Blocking waiting for file lock on package cache
[INFO] [stderr]  Downloading crates ...
[INFO] [stderr]   Downloaded serde_derive v1.0.118
[INFO] [stderr]   Downloaded orbtk-widgets v0.3.1-alpha3
[INFO] [stderr]   Downloaded rust_decimal v1.8.1
[INFO] [stderr]   Downloaded wasm-bindgen-shared v0.2.69
[INFO] [stderr]   Downloaded orbtk-shell v0.3.1-alpha3
[INFO] [stderr]   Downloaded wasm-bindgen-macro v0.2.69
[INFO] [stderr]   Downloaded orbtk-render v0.3.1-alpha3
[INFO] [stderr]   Downloaded wayland-scanner v0.25.0
[INFO] [stderr]   Downloaded orbtk-utils v0.3.1-alpha3
[INFO] [stderr]   Downloaded orbtk-theming v0.3.1-alpha3
[INFO] [stderr]   Downloaded wayland-sys v0.25.0
[INFO] [stderr]   Downloaded spin_sleep v1.0.0
[INFO] [stderr]   Downloaded sw-composite v0.7.14
[INFO] [stderr]   Downloaded wayland-cursor v0.25.0
[INFO] [stderr]   Downloaded cast v0.2.3
[INFO] [stderr]   Downloaded orbtk-proc-macros v0.3.1-alpha3
[INFO] [stderr]   Downloaded case v1.0.0
[INFO] [stderr]   Downloaded orbtk-tree v0.3.1-alpha3
[INFO] [stderr]   Downloaded dces v0.3.0
[INFO] [stderr]   Downloaded dirs v3.0.1
[INFO] [stderr]   Downloaded dirs-sys v0.3.5
[INFO] [stderr]   Downloaded derive_more v0.9.0
[INFO] [stderr]   Downloaded quote v0.4.2
[INFO] [stderr]   Downloaded transpose v0.2.0
[INFO] [stderr]   Downloaded strength_reduce v0.2.3
[INFO] [stderr]   Downloaded transpose v0.1.0
[INFO] [stderr]   Downloaded humansize v1.1.0
[INFO] [stderr]   Downloaded serde v1.0.118
[INFO] [stderr]   Downloaded wasm-bindgen-macro-support v0.2.69
[INFO] [stderr]   Downloaded once_cell v1.5.2
[INFO] [stderr]   Downloaded xkbcommon-sys v0.7.4
[INFO] [stderr]   Downloaded xkb v0.2.1
[INFO] [stderr]   Downloaded wayland-commons v0.25.0
[INFO] [stderr]   Downloaded bytemuck v1.4.1
[INFO] [stderr]   Downloaded libloading v0.6.6
[INFO] [stderr]   Downloaded smallvec v1.5.1
[INFO] [stderr]   Downloaded czkawka_core v1.5.1
[INFO] [stderr]   Downloaded img_hash v3.1.0
[INFO] [stderr]   Downloaded rustfft v3.0.1
[INFO] [stderr]   Downloaded futures-channel v0.3.8
[INFO] [stderr]   Downloaded futures-executor v0.3.8
[INFO] [stderr]   Downloaded ron v0.6.2
[INFO] [stderr]   Downloaded derive_more v0.99.11
[INFO] [stderr]   Downloaded wasm-bindgen-backend v0.2.69
[INFO] [stderr]   Downloaded raqote v0.8.0
[INFO] [stderr]   Downloaded lyon_geom v0.15.3
[INFO] [stderr]   Downloaded euclid v0.20.14
[INFO] [stderr]   Downloaded weezl v0.1.3
[INFO] [stderr]   Downloaded minifb v0.17.0
[INFO] [stderr]   Downloaded wayland-client v0.25.0
[INFO] [stderr]   Downloaded orbtk-api v0.3.1-alpha3
[INFO] [stderr]   Downloaded proc-macro2 v0.2.3
[INFO] [stderr]   Downloaded rustdct v0.4.0
[INFO] [stderr]   Downloaded futures v0.3.8
[INFO] [stderr]   Downloaded futures-task v0.3.8
[INFO] [stderr]   Downloaded futures-sink v0.3.8
[INFO] [stderr]   Downloaded futures-macro v0.3.8
[INFO] [stderr]   Downloaded futures-io v0.3.8
[INFO] [stderr]   Downloaded futures-core v0.3.8
[INFO] [stderr]   Downloaded subtle v2.3.0
[INFO] [stderr]   Downloaded bk-tree v0.3.0
[INFO] [stderr]   Downloaded thiserror-impl v1.0.22
[INFO] [stderr]   Downloaded mp4ameta_proc v0.1.1
[INFO] [stderr]   Downloaded encoding_index_tests v0.1.4
[INFO] [stderr]   Downloaded encoding-index-singlebyte v1.20141219.5
[INFO] [stderr]   Downloaded audiotags-dev-macro v0.1.4
[INFO] [stderr]   Downloaded pin-project v1.0.2
[INFO] [stderr]   Downloaded pin-project-internal v1.0.2
[INFO] [stderr]   Downloaded thiserror v1.0.22
[INFO] [stderr]   Downloaded mp4ameta v0.6.1
[INFO] [stderr]   Downloaded metaflac v0.2.4
[INFO] [stderr]   Downloaded id3 v0.5.1
[INFO] [stderr]   Downloaded wayland-protocols v0.25.0
[INFO] [stderr]   Downloaded flate2 v1.0.19
[INFO] [stderr]   Downloaded encoding v0.2.33
[INFO] [stderr]   Downloaded encoding-index-japanese v1.20141219.5
[INFO] [stderr]   Downloaded serde_json v1.0.60
[INFO] [stderr]   Downloaded sdl2 v0.32.2
[INFO] [stderr]   Downloaded wasm-bindgen v0.2.69
[INFO] [stderr]   Downloaded syn v0.12.15
[INFO] [stderr]   Downloaded encoding-index-korean v1.20141219.5
[INFO] [stderr]   Downloaded blake3 v0.3.7
[INFO] [stderr]   Downloaded encoding-index-tradchinese v1.20141219.5
[INFO] [stderr]   Downloaded encoding-index-simpchinese v1.20141219.5
[INFO] [stderr]   Downloaded image v0.23.12
[INFO] [stderr]   Downloaded futures-util v0.3.8
[INFO] [stderr]   Downloaded orbtk v0.3.1-alpha3
[INFO] [stderr]   Downloaded syn v1.0.54
[INFO] [stderr]   Downloaded sdl2-sys v0.32.6
[INFO] [stderr]   Downloaded libc v0.2.81
[INFO] [stderr]   Downloaded orbtk-theme v0.3.1-alpha3
[INFO] [stderr]   Downloaded orbclient v0.3.27
[INFO] [stderr]   Downloaded audiotags v0.2.7182
[INFO] running `Command { std: "docker" "create" "-v" "/var/lib/crater-agent-workspace/builds/worker-1-tc1/source:/opt/rustwide/workdir:ro,Z" "-v" "/var/lib/crater-agent-workspace/builds/worker-1-tc1/target:/opt/rustwide/target:rw,Z" "-v" "/var/lib/crater-agent-workspace/cargo-home:/opt/rustwide/cargo-home:ro,Z" "-v" "/var/lib/crater-agent-workspace/rustup-home:/opt/rustwide/rustup-home:ro,Z" "-m" "1610612736" "--network" "none" "ghcr.io/rust-lang/crates-build-env/linux@sha256:77db811e55d90add9212f6832c23229e3de5f1c1f9905e8cb07319ea15df73ac" "sleep" "infinity", kill_on_drop: false }`
[INFO] [stdout] 9d80bd824cdab31f4728c7fa06a5c96883275d88842b6f14f070b9aec102c657
[INFO] running `Command { std: "docker" "start" "9d80bd824cdab31f4728c7fa06a5c96883275d88842b6f14f070b9aec102c657", kill_on_drop: false }`
[INFO] running `Command { std: "docker" "inspect" "9d80bd824cdab31f4728c7fa06a5c96883275d88842b6f14f070b9aec102c657", kill_on_drop: false }`
[INFO] running `Command { std: "docker" "exec" "-e" "SOURCE_DIR=/opt/rustwide/workdir" "-e" "CARGO_HOME=/opt/rustwide/cargo-home" "-e" "RUSTUP_HOME=/opt/rustwide/rustup-home" "-e" "CARGO_TARGET_DIR=/opt/rustwide/target" "-w" "/opt/rustwide/workdir" "--user" "0:0" "9d80bd824cdab31f4728c7fa06a5c96883275d88842b6f14f070b9aec102c657" "/opt/rustwide/cargo-home/bin/cargo" "+1.99.0-beta.8" "metadata" "--no-deps" "--format-version=1", kill_on_drop: false }`
[INFO] running `Command { std: "docker" "inspect" "9d80bd824cdab31f4728c7fa06a5c96883275d88842b6f14f070b9aec102c657", kill_on_drop: false }`
[INFO] running `Command { std: "docker" "exec" "-e" "SOURCE_DIR=/opt/rustwide/workdir" "-e" "CARGO_HOME=/opt/rustwide/cargo-home" "-e" "RUSTUP_HOME=/opt/rustwide/rustup-home" "-e" "CARGO_TARGET_DIR=/opt/rustwide/target" "-e" "CARGO_INCREMENTAL=0" "-e" "RUST_BACKTRACE=full" "-e" "RUSTFLAGS=--cap-lints=warn" "-e" "RUSTDOCFLAGS=--cap-lints=warn" "-w" "/opt/rustwide/workdir" "--user" "0:0" "9d80bd824cdab31f4728c7fa06a5c96883275d88842b6f14f070b9aec102c657" "/opt/rustwide/cargo-home/bin/cargo" "+1.99.0-beta.8" "build" "--frozen" "--message-format=json" "--release", kill_on_drop: false }`
[INFO] [stderr]    Compiling libc v0.2.81
[INFO] [stderr]    Compiling syn v1.0.54
[INFO] [stderr]    Compiling num-traits v0.2.14
[INFO] [stderr]    Compiling byteorder v1.3.4
[INFO] [stderr]    Compiling crossbeam-utils v0.8.1
[INFO] [stderr]    Compiling memoffset v0.6.1
[INFO] [stderr]    Compiling crc32fast v1.2.1
[INFO] [stderr]    Compiling const_fn v0.4.3
[INFO] [stderr]    Compiling num-integer v0.1.44
[INFO] [stderr]    Compiling serde_derive v1.0.118
[INFO] [stderr]    Compiling miniz_oxide v0.4.3
[INFO] [stderr]    Compiling once_cell v1.5.2
[INFO] [stderr]    Compiling serde v1.0.118
[INFO] [stderr]    Compiling rayon-core v1.9.0
[INFO] [stderr]    Compiling quote v1.0.7
[INFO] [stderr]    Compiling adler v0.2.3
[INFO] [stderr]    Compiling xml-rs v0.8.3
[INFO] [stderr]    Compiling rayon v1.5.0
[INFO] [stderr]    Compiling pkg-config v0.3.19
[INFO] [stderr]    Compiling libloading v0.6.6
[INFO] [stderr]    Compiling getrandom v0.1.15
[INFO] [stderr]    Compiling nix v0.17.0
[INFO] [stderr]    Compiling cc v1.0.66
[INFO] [stderr]    Compiling num-iter v0.1.42
[INFO] [stderr]    Compiling dlib v0.4.2
[INFO] [stderr]    Compiling num-rational v0.3.2
[INFO] [stderr]    Compiling maybe-uninit v2.0.0
[INFO] [stderr]    Compiling weezl v0.1.3
[INFO] [stderr]    Compiling wayland-sys v0.25.0
[INFO] [stderr]    Compiling miniz_oxide v0.3.7
[INFO] [stderr]    Compiling arrayvec v0.5.2
[INFO] [stderr]    Compiling encoding_index_tests v0.1.4
[INFO] [stderr]    Compiling base64 v0.12.3
[INFO] [stderr]    Compiling smallvec v1.5.1
[INFO] [stderr]    Compiling xkbcommon-sys v0.7.4
[INFO] [stderr]    Compiling wayland-scanner v0.25.0
[INFO] [stderr]    Compiling deflate v0.8.6
[INFO] [stderr]    Compiling rustc_version v0.2.3
[INFO] [stderr]    Compiling bytemuck v1.4.1
[INFO] [stderr]    Compiling gif v0.11.1
[INFO] [stderr]    Compiling cast v0.2.3
[INFO] [stderr]    Compiling deflate v0.7.20
[INFO] [stderr]    Compiling x11-dl v2.18.5
[INFO] [stderr]    Compiling typenum v1.12.0
[INFO] [stderr]    Compiling crossbeam-epoch v0.9.1
[INFO] [stderr]    Compiling crossbeam-channel v0.5.0
[INFO] [stderr]    Compiling unicode-xid v0.1.0
[INFO] [stderr]    Compiling generic-array v0.14.4
[INFO] [stderr]    Compiling proc-macro2 v0.2.3
[INFO] [stderr]    Compiling crossbeam-deque v0.8.0
[INFO] [stderr]    Compiling png v0.16.7
[INFO] [stderr]    Compiling euclid v0.20.14
[INFO] [stderr]    Compiling png v0.15.3
[INFO] [stderr]    Compiling minifb v0.17.0
[INFO] [stderr]    Compiling num_cpus v1.13.0
[INFO] [stderr]    Compiling rand_core v0.5.1
[INFO] [stderr]    Compiling wayland-client v0.25.0
[INFO] [stderr]    Compiling wayland-protocols v0.25.0
[INFO] [stderr]    Compiling rand_chacha v0.2.2
[INFO] [stderr]    Compiling approx v0.3.2
[INFO] [stderr]    Compiling ordered-float v1.1.1
[INFO] [stderr]    Compiling rand v0.7.3
[INFO] [stderr]    Compiling stb_truetype v0.3.1
[INFO] [stderr]    Compiling num-complex v0.2.4
[INFO] [stderr]    Compiling proc-macro-nested v0.1.6
[INFO] [stderr]    Compiling lyon_geom v0.15.3
[INFO] [stderr]    Compiling sw-composite v0.7.14
[INFO] [stderr]    Compiling typed-arena v2.0.1
[INFO] [stderr]    Compiling memchr v2.3.4
[INFO] [stderr]    Compiling remove_dir_all v0.5.3
[INFO] [stderr]    Compiling rusttype v0.8.3
[INFO] [stderr]    Compiling xkb v0.2.1
[INFO] [stderr]    Compiling raw-window-handle v0.3.3
[INFO] [stderr]    Compiling quote v0.4.2
[INFO] [stderr]    Compiling log v0.4.11
[INFO] [stderr]    Compiling strength_reduce v0.2.3
[INFO] [stderr]    Compiling futures-sink v0.3.8
[INFO] [stderr]    Compiling raqote v0.8.0
[INFO] [stderr]    Compiling futures-core v0.3.8
[INFO] [stderr]    Compiling syn v0.12.15
[INFO] [stderr]    Compiling futures-channel v0.3.8
[INFO] [stderr]    Compiling dirs-sys v0.3.5
[INFO] [stderr]    Compiling encoding-index-korean v1.20141219.5
[INFO] [stderr]    Compiling encoding-index-simpchinese v1.20141219.5
[INFO] [stderr]    Compiling encoding-index-japanese v1.20141219.5
[INFO] [stderr]    Compiling encoding-index-singlebyte v1.20141219.5
[INFO] [stderr]    Compiling tempfile v3.1.0
[INFO] [stderr]    Compiling encoding-index-tradchinese v1.20141219.5
[INFO] [stderr]    Compiling futures-task v0.3.8
[INFO] [stderr]    Compiling crossbeam-utils v0.7.2
[INFO] [stderr]    Compiling futures-io v0.3.8
[INFO] [stderr]    Compiling spin_sleep v1.0.0
[INFO] [stderr]    Compiling dces v0.3.0
[INFO] [stderr]    Compiling transpose v0.1.0
[INFO] [stderr]    Compiling case v1.0.0
[INFO] [stderr]    Compiling encoding v0.2.33
[INFO] [stderr]    Compiling dirs v3.0.1
[INFO] [stderr]    Compiling flate2 v1.0.19
[INFO] [stderr]    Compiling rustfft v3.0.1
[INFO] [stderr]    Compiling blake3 v0.3.7
[INFO] [stderr]    Compiling hex v0.4.2
[INFO] [stdout] error[E0310]: the parameter type `E` may not live long enough
[INFO] [stdout]   --> /opt/rustwide/cargo-home/registry/src/index.crates.io-1949cf8c6b5b557f/dces-0.3.0/src/world.rs:30:13
[INFO] [stdout]    |
[INFO] [stdout] 30 | /             cleanup_system
[INFO] [stdout] 31 | |                 .system
[INFO] [stdout] 32 | |                 .run(&mut self.entity_component_manager);
[INFO] [stdout]    | |                                                        ^
[INFO] [stdout]    | |                                                        |
[INFO] [stdout]    | |________________________________________________________the parameter type `E` must be valid for the static lifetime...
[INFO] [stdout]    |                                                          ...so that the type `E` will meet its required lifetime bounds
[INFO] [stdout]    |
[INFO] [stdout] help: consider adding an explicit lifetime bound
[INFO] [stdout]    |
[INFO] [stdout] 25 |     E: EntityStore + 'static,
[INFO] [stdout]    |                    +++++++++
[INFO] [stdout] 
[INFO] [stdout] 
[INFO] [stdout] error[E0310]: the parameter type `C` may not live long enough
[INFO] [stdout]   --> /opt/rustwide/cargo-home/registry/src/index.crates.io-1949cf8c6b5b557f/dces-0.3.0/src/world.rs:30:13
[INFO] [stdout]    |
[INFO] [stdout] 30 | /             cleanup_system
[INFO] [stdout] 31 | |                 .system
[INFO] [stdout] 32 | |                 .run(&mut self.entity_component_manager);
[INFO] [stdout]    | |                                                        ^
[INFO] [stdout]    | |                                                        |
[INFO] [stdout]    | |________________________________________________________the parameter type `C` must be valid for the static lifetime...
[INFO] [stdout]    |                                                          ...so that the type `C` will meet its required lifetime bounds
[INFO] [stdout]    |
[INFO] [stdout] help: consider adding an explicit lifetime bound
[INFO] [stdout]    |
[INFO] [stdout] 26 |     C: ComponentStore + 'static
[INFO] [stdout]    |                       +++++++++
[INFO] [stdout] 
[INFO] [stdout] 
[INFO] [stdout] error[E0310]: the parameter type `Ctx` may not live long enough
[INFO] [stdout]   --> /opt/rustwide/cargo-home/registry/src/index.crates.io-1949cf8c6b5b557f/dces-0.3.0/src/world.rs:30:13
[INFO] [stdout]    |
[INFO] [stdout] 30 | /             cleanup_system
[INFO] [stdout] 31 | |                 .system
[INFO] [stdout] 32 | |                 .run(&mut self.entity_component_manager);
[INFO] [stdout]    | |                                                        ^
[INFO] [stdout]    | |                                                        |
[INFO] [stdout]    | |________________________________________________________the parameter type `Ctx` must be valid for the static lifetime...
[INFO] [stdout]    |                                                          ...so that the type `Ctx` will meet its required lifetime bounds
[INFO] [stdout]    |
[INFO] [stdout] help: consider adding an explicit lifetime bound
[INFO] [stdout]    |
[INFO] [stdout] 23 | impl<E, C, Ctx: 'static> Drop for World<E, C, Ctx>
[INFO] [stdout]    |               +++++++++
[INFO] [stdout] 
[INFO] [stdout] 
[INFO] [stdout] error[E0310]: the parameter type `E` may not live long enough
[INFO] [stdout]    --> /opt/rustwide/cargo-home/registry/src/index.crates.io-1949cf8c6b5b557f/dces-0.3.0/src/world.rs:115:17
[INFO] [stdout]     |
[INFO] [stdout] 115 |                 init_system.system.run(&mut self.entity_component_manager);
[INFO] [stdout]     |                 ^^^^^^^^^^^^^^^^^^^^^^^^^^^^^^^^^^^^^^^^^^^^^^^^^^^^^^^^^^
[INFO] [stdout]     |                 |
[INFO] [stdout]     |                 the parameter type `E` must be valid for the static lifetime...
[INFO] [stdout]     |                 ...so that the type `E` will meet its required lifetime bounds
[INFO] [stdout]     |
[INFO] [stdout] help: consider adding an explicit lifetime bound
[INFO] [stdout]     |
[INFO] [stdout]  46 |     E: EntityStore + 'static,
[INFO] [stdout]     |                    +++++++++
[INFO] [stdout] 
[INFO] [stdout] 
[INFO] [stdout] error[E0310]: the parameter type `C` may not live long enough
[INFO] [stdout]    --> /opt/rustwide/cargo-home/registry/src/index.crates.io-1949cf8c6b5b557f/dces-0.3.0/src/world.rs:115:17
[INFO] [stdout]     |
[INFO] [stdout] 115 |                 init_system.system.run(&mut self.entity_component_manager);
[INFO] [stdout]     |                 ^^^^^^^^^^^^^^^^^^^^^^^^^^^^^^^^^^^^^^^^^^^^^^^^^^^^^^^^^^
[INFO] [stdout]     |                 |
[INFO] [stdout]     |                 the parameter type `C` must be valid for the static lifetime...
[INFO] [stdout]     |                 ...so that the type `C` will meet its required lifetime bounds
[INFO] [stdout]     |
[INFO] [stdout] help: consider adding an explicit lifetime bound
[INFO] [stdout]     |
[INFO] [stdout]  47 |     C: ComponentStore + 'static
[INFO] [stdout]     |                       +++++++++
[INFO] [stdout] 
[INFO] [stdout] 
[INFO] [stdout] error[E0310]: the parameter type `Ctx` may not live long enough
[INFO] [stdout]    --> /opt/rustwide/cargo-home/registry/src/index.crates.io-1949cf8c6b5b557f/dces-0.3.0/src/world.rs:115:17
[INFO] [stdout]     |
[INFO] [stdout] 115 |                 init_system.system.run(&mut self.entity_component_manager);
[INFO] [stdout]     |                 ^^^^^^^^^^^^^^^^^^^^^^^^^^^^^^^^^^^^^^^^^^^^^^^^^^^^^^^^^^
[INFO] [stdout]     |                 |
[INFO] [stdout]     |                 the parameter type `Ctx` must be valid for the static lifetime...
[INFO] [stdout]     |                 ...so that the type `Ctx` will meet its required lifetime bounds
[INFO] [stdout]     |
[INFO] [stdout] help: consider adding an explicit lifetime bound
[INFO] [stdout]     |
[INFO] [stdout]  44 | impl<E, C, Ctx: 'static> World<E, C, Ctx>
[INFO] [stdout]     |               +++++++++
[INFO] [stdout] 
[INFO] [stdout] 
[INFO] [stdout] error[E0310]: the parameter type `E` may not live long enough
[INFO] [stdout]    --> /opt/rustwide/cargo-home/registry/src/index.crates.io-1949cf8c6b5b557f/dces-0.3.0/src/world.rs:123:17
[INFO] [stdout]     |
[INFO] [stdout] 123 | /                 self.system_store
[INFO] [stdout] 124 | |                     .borrow_entity_system(*system)
[INFO] [stdout] 125 | |                     .unwrap()
[INFO] [stdout] 126 | |                     .system
[INFO] [stdout] 127 | |                     .run(&mut self.entity_component_manager);
[INFO] [stdout]     | |                                                            ^
[INFO] [stdout]     | |                                                            |
[INFO] [stdout]     | |____________________________________________________________the parameter type `E` must be valid for the static lifetime...
[INFO] [stdout]     |                                                              ...so that the type `E` will meet its required lifetime bounds
[INFO] [stdout]     |
[INFO] [stdout] help: consider adding an explicit lifetime bound
[INFO] [stdout]     |
[INFO] [stdout]  46 |     E: EntityStore + 'static,
[INFO] [stdout]     |                    +++++++++
[INFO] [stdout] 
[INFO] [stdout] 
[INFO] [stdout] error[E0310]: the parameter type `C` may not live long enough
[INFO] [stdout]    --> /opt/rustwide/cargo-home/registry/src/index.crates.io-1949cf8c6b5b557f/dces-0.3.0/src/world.rs:123:17
[INFO] [stdout]     |
[INFO] [stdout] 123 | /                 self.system_store
[INFO] [stdout] 124 | |                     .borrow_entity_system(*system)
[INFO] [stdout] 125 | |                     .unwrap()
[INFO] [stdout] 126 | |                     .system
[INFO] [stdout] 127 | |                     .run(&mut self.entity_component_manager);
[INFO] [stdout]     | |                                                            ^
[INFO] [stdout]     | |                                                            |
[INFO] [stdout]     | |____________________________________________________________the parameter type `C` must be valid for the static lifetime...
[INFO] [stdout]     |                                                              ...so that the type `C` will meet its required lifetime bounds
[INFO] [stdout]     |
[INFO] [stdout] help: consider adding an explicit lifetime bound
[INFO] [stdout]     |
[INFO] [stdout]  47 |     C: ComponentStore + 'static
[INFO] [stdout]     |                       +++++++++
[INFO] [stdout] 
[INFO] [stdout] 
[INFO] [stdout] error[E0310]: the parameter type `Ctx` may not live long enough
[INFO] [stdout]    --> /opt/rustwide/cargo-home/registry/src/index.crates.io-1949cf8c6b5b557f/dces-0.3.0/src/world.rs:123:17
[INFO] [stdout]     |
[INFO] [stdout] 123 | /                 self.system_store
[INFO] [stdout] 124 | |                     .borrow_entity_system(*system)
[INFO] [stdout] 125 | |                     .unwrap()
[INFO] [stdout] 126 | |                     .system
[INFO] [stdout] 127 | |                     .run(&mut self.entity_component_manager);
[INFO] [stdout]     | |                                                            ^
[INFO] [stdout]     | |                                                            |
[INFO] [stdout]     | |____________________________________________________________the parameter type `Ctx` must be valid for the static lifetime...
[INFO] [stdout]     |                                                              ...so that the type `Ctx` will meet its required lifetime bounds
[INFO] [stdout]     |
[INFO] [stdout] help: consider adding an explicit lifetime bound
[INFO] [stdout]     |
[INFO] [stdout]  44 | impl<E, C, Ctx: 'static> World<E, C, Ctx>
[INFO] [stdout]     |               +++++++++
[INFO] [stdout] 
[INFO] [stdout] 
[INFO] [stdout] error[E0310]: the parameter type `E` may not live long enough
[INFO] [stdout]    --> /opt/rustwide/cargo-home/registry/src/index.crates.io-1949cf8c6b5b557f/dces-0.3.0/src/world.rs:136:17
[INFO] [stdout]     |
[INFO] [stdout] 136 |                 init_system.system.run_with_context(&mut self.entity_component_manager, ctx);
[INFO] [stdout]     |                 ^^^^^^^^^^^^^^^^^^^^^^^^^^^^^^^^^^^^^^^^^^^^^^^^^^^^^^^^^^^^^^^^^^^^^^^^^^^^
[INFO] [stdout]     |                 |
[INFO] [stdout]     |                 the parameter type `E` must be valid for the static lifetime...
[INFO] [stdout]     |                 ...so that the type `E` will meet its required lifetime bounds
[INFO] [stdout]     |
[INFO] [stdout] help: consider adding an explicit lifetime bound
[INFO] [stdout]     |
[INFO] [stdout]  46 |     E: EntityStore + 'static,
[INFO] [stdout]     |                    +++++++++
[INFO] [stdout] 
[INFO] [stdout] 
[INFO] [stdout] error[E0310]: the parameter type `C` may not live long enough
[INFO] [stdout]    --> /opt/rustwide/cargo-home/registry/src/index.crates.io-1949cf8c6b5b557f/dces-0.3.0/src/world.rs:136:17
[INFO] [stdout]     |
[INFO] [stdout] 136 |                 init_system.system.run_with_context(&mut self.entity_component_manager, ctx);
[INFO] [stdout]     |                 ^^^^^^^^^^^^^^^^^^^^^^^^^^^^^^^^^^^^^^^^^^^^^^^^^^^^^^^^^^^^^^^^^^^^^^^^^^^^
[INFO] [stdout]     |                 |
[INFO] [stdout]     |                 the parameter type `C` must be valid for the static lifetime...
[INFO] [stdout]     |                 ...so that the type `C` will meet its required lifetime bounds
[INFO] [stdout]     |
[INFO] [stdout] help: consider adding an explicit lifetime bound
[INFO] [stdout]     |
[INFO] [stdout]  47 |     C: ComponentStore + 'static
[INFO] [stdout]     |                       +++++++++
[INFO] [stdout] 
[INFO] [stdout] 
[INFO] [stdout] error[E0310]: the parameter type `Ctx` may not live long enough
[INFO] [stdout]    --> /opt/rustwide/cargo-home/registry/src/index.crates.io-1949cf8c6b5b557f/dces-0.3.0/src/world.rs:136:17
[INFO] [stdout]     |
[INFO] [stdout] 136 |                 init_system.system.run_with_context(&mut self.entity_component_manager, ctx);
[INFO] [stdout]     |                 ^^^^^^^^^^^^^^^^^^^^^^^^^^^^^^^^^^^^^^^^^^^^^^^^^^^^^^^^^^^^^^^^^^^^^^^^^^^^
[INFO] [stdout]     |                 |
[INFO] [stdout]     |                 the parameter type `Ctx` must be valid for the static lifetime...
[INFO] [stdout]     |                 ...so that the type `Ctx` will meet its required lifetime bounds
[INFO] [stdout]     |
[INFO] [stdout] help: consider adding an explicit lifetime bound
[INFO] [stdout]     |
[INFO] [stdout]  44 | impl<E, C, Ctx: 'static> World<E, C, Ctx>
[INFO] [stdout]     |               +++++++++
[INFO] [stdout] 
[INFO] [stdout] 
[INFO] [stdout] error[E0310]: the parameter type `E` may not live long enough
[INFO] [stdout]    --> /opt/rustwide/cargo-home/registry/src/index.crates.io-1949cf8c6b5b557f/dces-0.3.0/src/world.rs:144:17
[INFO] [stdout]     |
[INFO] [stdout] 144 | /                 self.system_store
[INFO] [stdout] 145 | |                     .borrow_entity_system(*system)
[INFO] [stdout] 146 | |                     .unwrap()
[INFO] [stdout] 147 | |                     .system
[INFO] [stdout] 148 | |                     .run_with_context(&mut self.entity_component_manager, ctx);
[INFO] [stdout]     | |                                                                              ^
[INFO] [stdout]     | |                                                                              |
[INFO] [stdout]     | |______________________________________________________________________________the parameter type `E` must be valid for the static lifetime...
[INFO] [stdout]     |                                                                                ...so that the type `E` will meet its required lifetime bounds
[INFO] [stdout]     |
[INFO] [stdout] help: consider adding an explicit lifetime bound
[INFO] [stdout]     |
[INFO] [stdout]  46 |     E: EntityStore + 'static,
[INFO] [stdout]     |                    +++++++++
[INFO] [stdout] 
[INFO] [stdout] 
[INFO] [stdout] error[E0310]: the parameter type `C` may not live long enough
[INFO] [stdout]    --> /opt/rustwide/cargo-home/registry/src/index.crates.io-1949cf8c6b5b557f/dces-0.3.0/src/world.rs:144:17
[INFO] [stdout]     |
[INFO] [stdout] 144 | /                 self.system_store
[INFO] [stdout] 145 | |                     .borrow_entity_system(*system)
[INFO] [stdout] 146 | |                     .unwrap()
[INFO] [stdout] 147 | |                     .system
[INFO] [stdout] 148 | |                     .run_with_context(&mut self.entity_component_manager, ctx);
[INFO] [stdout]     | |                                                                              ^
[INFO] [stdout]     | |                                                                              |
[INFO] [stdout]     | |______________________________________________________________________________the parameter type `C` must be valid for the static lifetime...
[INFO] [stdout]     |                                                                                ...so that the type `C` will meet its required lifetime bounds
[INFO] [stdout]     |
[INFO] [stdout] help: consider adding an explicit lifetime bound
[INFO] [stdout]     |
[INFO] [stdout]  47 |     C: ComponentStore + 'static
[INFO] [stdout]     |                       +++++++++
[INFO] [stdout] 
[INFO] [stdout] 
[INFO] [stdout] error[E0310]: the parameter type `Ctx` may not live long enough
[INFO] [stdout]    --> /opt/rustwide/cargo-home/registry/src/index.crates.io-1949cf8c6b5b557f/dces-0.3.0/src/world.rs:144:17
[INFO] [stdout]     |
[INFO] [stdout] 144 | /                 self.system_store
[INFO] [stdout] 145 | |                     .borrow_entity_system(*system)
[INFO] [stdout] 146 | |                     .unwrap()
[INFO] [stdout] 147 | |                     .system
[INFO] [stdout] 148 | |                     .run_with_context(&mut self.entity_component_manager, ctx);
[INFO] [stdout]     | |                                                                              ^
[INFO] [stdout]     | |                                                                              |
[INFO] [stdout]     | |______________________________________________________________________________the parameter type `Ctx` must be valid for the static lifetime...
[INFO] [stdout]     |                                                                                ...so that the type `Ctx` will meet its required lifetime bounds
[INFO] [stdout]     |
[INFO] [stdout] help: consider adding an explicit lifetime bound
[INFO] [stdout]     |
[INFO] [stdout]  44 | impl<E, C, Ctx: 'static> World<E, C, Ctx>
[INFO] [stdout]     |               +++++++++
[INFO] [stdout] 
[INFO] [stdout] 
[INFO] [stdout] For more information about this error, try `rustc --explain E0310`.
[INFO] [stdout] 
[INFO] [stderr] error: could not compile `dces` (lib) due to 15 previous errors
[INFO] [stderr] warning: build failed, waiting for other jobs to finish...
[INFO] running `Command { std: "docker" "inspect" "9d80bd824cdab31f4728c7fa06a5c96883275d88842b6f14f070b9aec102c657", kill_on_drop: false }`
[INFO] running `Command { std: "docker" "rm" "-f" "9d80bd824cdab31f4728c7fa06a5c96883275d88842b6f14f070b9aec102c657", kill_on_drop: false }`
[INFO] [stdout] 9d80bd824cdab31f4728c7fa06a5c96883275d88842b6f14f070b9aec102c657
