[INFO] fetching crate cydia-substrate-rs 0.1.0...
[INFO] testing cydia-substrate-rs-0.1.0 against 1.100.0-beta.1+cargoflags=--release for beta-release-1.100-2
[INFO] extracting crate cydia-substrate-rs 0.1.0 into /workspace/builds/worker-3-tc2/source
[INFO] started tweaking crates.io crate cydia-substrate-rs 0.1.0
[INFO] removed 0 missing examples
[INFO] finished tweaking crates.io crate cydia-substrate-rs 0.1.0
[INFO] tweaked toml for crates.io crate cydia-substrate-rs 0.1.0 written to /workspace/builds/worker-3-tc2/source/Cargo.toml
[INFO] validating manifest of crates.io crate cydia-substrate-rs 0.1.0 on toolchain 1.100.0-beta.1
[INFO] running `Command { std: CARGO_HOME="/workspace/cargo-home" RUSTUP_HOME="/workspace/rustup-home" "/workspace/cargo-home/bin/cargo" "+1.100.0-beta.1" "metadata" "--manifest-path" "Cargo.toml" "--no-deps", kill_on_drop: false }`
[INFO] crate crates.io crate cydia-substrate-rs 0.1.0 already has a lockfile, it will not be regenerated
[INFO] running `Command { std: CARGO_HOME="/workspace/cargo-home" RUSTUP_HOME="/workspace/rustup-home" "/workspace/cargo-home/bin/cargo" "+1.100.0-beta.1" "fetch" "--manifest-path" "Cargo.toml", kill_on_drop: false }`
[INFO] running `Command { std: "docker" "create" "-v" "/var/lib/crater-agent-workspace/builds/worker-3-tc2/source:/opt/rustwide/workdir:ro,Z" "-v" "/var/lib/crater-agent-workspace/builds/worker-3-tc2/target:/opt/rustwide/target:rw,Z" "-v" "/var/lib/crater-agent-workspace/cargo-home:/opt/rustwide/cargo-home:ro,Z" "-v" "/var/lib/crater-agent-workspace/rustup-home:/opt/rustwide/rustup-home:ro,Z" "-m" "1610612736" "--network" "none" "ghcr.io/rust-lang/crates-build-env/linux@sha256:77db811e55d90add9212f6832c23229e3de5f1c1f9905e8cb07319ea15df73ac" "sleep" "infinity", kill_on_drop: false }`
[INFO] [stdout] 3626c7c9848f3e1ae58dd3f8030d5de8b540497a90712d9ff031fca1b5b7e7d7
[INFO] running `Command { std: "docker" "start" "3626c7c9848f3e1ae58dd3f8030d5de8b540497a90712d9ff031fca1b5b7e7d7", kill_on_drop: false }`
[INFO] running `Command { std: "docker" "inspect" "3626c7c9848f3e1ae58dd3f8030d5de8b540497a90712d9ff031fca1b5b7e7d7", kill_on_drop: false }`
[INFO] running `Command { std: "docker" "exec" "-e" "SOURCE_DIR=/opt/rustwide/workdir" "-e" "CARGO_HOME=/opt/rustwide/cargo-home" "-e" "RUSTUP_HOME=/opt/rustwide/rustup-home" "-e" "CARGO_TARGET_DIR=/opt/rustwide/target" "-w" "/opt/rustwide/workdir" "--user" "0:0" "3626c7c9848f3e1ae58dd3f8030d5de8b540497a90712d9ff031fca1b5b7e7d7" "/opt/rustwide/cargo-home/bin/cargo" "+1.100.0-beta.1" "metadata" "--no-deps" "--format-version=1", kill_on_drop: false }`
[INFO] running `Command { std: "docker" "inspect" "3626c7c9848f3e1ae58dd3f8030d5de8b540497a90712d9ff031fca1b5b7e7d7", kill_on_drop: false }`
[INFO] running `Command { std: "docker" "exec" "-e" "SOURCE_DIR=/opt/rustwide/workdir" "-e" "CARGO_HOME=/opt/rustwide/cargo-home" "-e" "RUSTUP_HOME=/opt/rustwide/rustup-home" "-e" "CARGO_TARGET_DIR=/opt/rustwide/target" "-e" "CARGO_INCREMENTAL=0" "-e" "RUST_BACKTRACE=full" "-e" "RUSTFLAGS=--cap-lints=warn" "-e" "RUSTDOCFLAGS=--cap-lints=warn" "-w" "/opt/rustwide/workdir" "--user" "0:0" "3626c7c9848f3e1ae58dd3f8030d5de8b540497a90712d9ff031fca1b5b7e7d7" "/opt/rustwide/cargo-home/bin/cargo" "+1.100.0-beta.1" "build" "--frozen" "--message-format=json" "--release", kill_on_drop: false }`
[INFO] [stderr]    Compiling syn v2.0.117
[INFO] [stderr]    Compiling thiserror-impl v2.0.18
[INFO] [stderr]    Compiling tracing-attributes v0.1.31
[INFO] [stderr]    Compiling tracing v0.1.44
[INFO] [stderr]    Compiling thiserror v2.0.18
[INFO] [stderr]    Compiling cydia-substrate-rs v0.1.0 (/opt/rustwide/workdir)
[INFO] [stderr]     Finished `release` profile [optimized] target(s) in 9.43s
[INFO] running `Command { std: "docker" "inspect" "3626c7c9848f3e1ae58dd3f8030d5de8b540497a90712d9ff031fca1b5b7e7d7", kill_on_drop: false }`
[INFO] running `Command { std: "docker" "exec" "-e" "SOURCE_DIR=/opt/rustwide/workdir" "-e" "CARGO_HOME=/opt/rustwide/cargo-home" "-e" "RUSTUP_HOME=/opt/rustwide/rustup-home" "-e" "CARGO_TARGET_DIR=/opt/rustwide/target" "-e" "CARGO_INCREMENTAL=0" "-e" "RUST_BACKTRACE=full" "-e" "RUSTFLAGS=--cap-lints=warn" "-e" "RUSTDOCFLAGS=--cap-lints=warn" "-w" "/opt/rustwide/workdir" "--user" "0:0" "3626c7c9848f3e1ae58dd3f8030d5de8b540497a90712d9ff031fca1b5b7e7d7" "/opt/rustwide/cargo-home/bin/cargo" "+1.100.0-beta.1" "test" "--frozen" "--no-run" "--message-format=json" "--release", kill_on_drop: false }`
[INFO] [stderr]    Compiling cydia-substrate-rs v0.1.0 (/opt/rustwide/workdir)
[INFO] [stdout] error[E0432]: unresolved import `substrate`
[INFO] [stdout]  --> examples/basic_hook.rs:1:5
[INFO] [stdout]   |
[INFO] [stdout] 1 | use substrate::hook_function;
[INFO] [stdout]   |     ^^^^^^^^^ use of unresolved module or unlinked crate `substrate`
[INFO] [stdout]   |
[INFO] [stdout]   = help: if you wanted to use a crate named `substrate`, use `cargo add substrate` to add it to your `Cargo.toml`
[INFO] [stdout] 
[INFO] [stdout] 
[INFO] [stderr] error: could not compile `cydia-substrate-rs` (example "basic_hook") due to 1 previous error
[INFO] [stdout] For more information about this error, try `rustc --explain E0432`.
[INFO] [stdout] 
[INFO] [stderr] warning: build failed, waiting for other jobs to finish...
[INFO] [stderr] error: could not compile `cydia-substrate-rs` (example "hook_library_function") due to 1 previous error
[INFO] [stdout] error[E0432]: unresolved import `substrate`
[INFO] [stdout]  --> examples/hook_library_function.rs:1:5
[INFO] [stdout]   |
[INFO] [stdout] 1 | use substrate::{hook_function, find_symbol};
[INFO] [stdout]   |     ^^^^^^^^^ use of unresolved module or unlinked crate `substrate`
[INFO] [stdout]   |
[INFO] [stdout]   = help: if you wanted to use a crate named `substrate`, use `cargo add substrate` to add it to your `Cargo.toml`
[INFO] [stdout] 
[INFO] [stdout] 
[INFO] [stdout] For more information about this error, try `rustc --explain E0432`.
[INFO] [stdout] 
[INFO] [stdout] error[E0432]: unresolved import `substrate`
[INFO] [stdout]  --> examples/symbol_lookup.rs:1:5
[INFO] [stdout]   |
[INFO] [stdout] 1 | use substrate::{find_symbol, find_lib_base};
[INFO] [stdout]   |     ^^^^^^^^^ use of unresolved module or unlinked crate `substrate`
[INFO] [stdout]   |
[INFO] [stdout]   = help: if you wanted to use a crate named `substrate`, use `cargo add substrate` to add it to your `Cargo.toml`
[INFO] [stdout] 
[INFO] [stdout] 
[INFO] [stdout] For more information about this error, try `rustc --explain E0432`.
[INFO] [stdout] 
[INFO] [stderr] error: could not compile `cydia-substrate-rs` (example "symbol_lookup") due to 1 previous error
[INFO] [stdout] error[E0433]: cannot find module or crate `substrate` in this scope
[INFO] [stdout]   --> examples/ms_hook.rs:29:9
[INFO] [stdout]    |
[INFO] [stdout] 29 |         substrate::MSHookFunction(
[INFO] [stdout]    |         ^^^^^^^^^ use of unresolved module or unlinked crate `substrate`
[INFO] [stdout]    |
[INFO] [stdout]    = help: if you wanted to use a crate named `substrate`, use `cargo add substrate` to add it to your `Cargo.toml`
[INFO] [stdout] 
[INFO] [stdout] 
[INFO] [stdout] error[E0433]: cannot find module or crate `substrate` in this scope
[INFO] [stdout]   --> examples/ms_hook.rs:40:26
[INFO] [stdout]    |
[INFO] [stdout] 40 |     let width = unsafe { substrate::MSGetInstructionWidth(target_func as *mut libc::c_void) };
[INFO] [stdout]    |                          ^^^^^^^^^ use of unresolved module or unlinked crate `substrate`
[INFO] [stdout]    |
[INFO] [stdout]    = help: if you wanted to use a crate named `substrate`, use `cargo add substrate` to add it to your `Cargo.toml`
[INFO] [stdout] 
[INFO] [stdout] 
[INFO] [stdout] error[E0433]: cannot find module or crate `substrate` in this scope
[INFO] [stdout]   --> examples/ms_hook.rs:45:27
[INFO] [stdout]    |
[INFO] [stdout] 45 |     let handle = unsafe { substrate::MSGetImageByName(libc_name.as_ptr()) };
[INFO] [stdout]    |                           ^^^^^^^^^ use of unresolved module or unlinked crate `substrate`
[INFO] [stdout]    |
[INFO] [stdout]    = help: if you wanted to use a crate named `substrate`, use `cargo add substrate` to add it to your `Cargo.toml`
[INFO] [stdout] 
[INFO] [stdout] 
[INFO] [stdout] error[E0433]: cannot find module or crate `substrate` in this scope
[INFO] [stdout]   --> examples/ms_hook.rs:50:36
[INFO] [stdout]    |
[INFO] [stdout] 50 |         let malloc_addr = unsafe { substrate::MSFindSymbol(handle, malloc_name.as_ptr()) };
[INFO] [stdout]    |                                    ^^^^^^^^^ use of unresolved module or unlinked crate `substrate`
[INFO] [stdout]    |
[INFO] [stdout]    = help: if you wanted to use a crate named `substrate`, use `cargo add substrate` to add it to your `Cargo.toml`
[INFO] [stdout] 
[INFO] [stdout] 
[INFO] [stdout] error[E0433]: cannot find module or crate `substrate` in this scope
[INFO] [stdout]   --> examples/ms_hook.rs:54:34
[INFO] [stdout]    |
[INFO] [stdout] 54 |         let free_addr = unsafe { substrate::MSFindSymbol(handle, free_name.as_ptr()) };
[INFO] [stdout]    |                                  ^^^^^^^^^ use of unresolved module or unlinked crate `substrate`
[INFO] [stdout]    |
[INFO] [stdout]    = help: if you wanted to use a crate named `substrate`, use `cargo add substrate` to add it to your `Cargo.toml`
[INFO] [stdout] 
[INFO] [stdout] 
[INFO] [stdout] For more information about this error, try `rustc --explain E0433`.
[INFO] [stdout] 
[INFO] [stderr] error: could not compile `cydia-substrate-rs` (example "ms_hook") due to 5 previous errors
[INFO] [stdout] error[E0433]: cannot find module or crate `substrate` in this scope
[INFO] [stdout]   --> examples/jni_hook.rs:41:27
[INFO] [stdout]    |
[INFO] [stdout] 41 |     let handle = unsafe { substrate::MSGetImageByName(c"libgame.so".as_ptr()) };
[INFO] [stdout]    |                           ^^^^^^^^^ use of unresolved module or unlinked crate `substrate`
[INFO] [stdout]    |
[INFO] [stdout]    = help: if you wanted to use a crate named `substrate`, use `cargo add substrate` to add it to your `Cargo.toml`
[INFO] [stdout] 
[INFO] [stdout] 
[INFO] [stdout] error[E0433]: cannot find module or crate `substrate` in this scope
[INFO] [stdout]   --> examples/jni_hook.rs:43:28
[INFO] [stdout]    |
[INFO] [stdout] 43 |         let sym = unsafe { substrate::MSFindSymbol(handle, c"game_get_score".as_ptr()) };
[INFO] [stdout]    |                            ^^^^^^^^^ use of unresolved module or unlinked crate `substrate`
[INFO] [stdout]    |
[INFO] [stdout]    = help: if you wanted to use a crate named `substrate`, use `cargo add substrate` to add it to your `Cargo.toml`
[INFO] [stdout] 
[INFO] [stdout] 
[INFO] [stdout] error[E0433]: cannot find module or crate `substrate` in this scope
[INFO] [stdout]   --> examples/jni_hook.rs:46:17
[INFO] [stdout]    |
[INFO] [stdout] 46 |                 substrate::MSHookFunction(
[INFO] [stdout]    |                 ^^^^^^^^^ use of unresolved module or unlinked crate `substrate`
[INFO] [stdout]    |
[INFO] [stdout]    = help: if you wanted to use a crate named `substrate`, use `cargo add substrate` to add it to your `Cargo.toml`
[INFO] [stdout] 
[INFO] [stdout] 
[INFO] [stdout] error[E0433]: cannot find module or crate `substrate` in this scope
[INFO] [stdout]   --> examples/jni_hook.rs:77:27
[INFO] [stdout]    |
[INFO] [stdout] 77 |         if let Ok(addr) = substrate::find_symbol(pid, "game_get_health", "libgame.so") {
[INFO] [stdout]    |                           ^^^^^^^^^ use of unresolved module or unlinked crate `substrate`
[INFO] [stdout]    |
[INFO] [stdout]    = help: if you wanted to use a crate named `substrate`, use `cargo add substrate` to add it to your `Cargo.toml`
[INFO] [stdout] 
[INFO] [stdout] 
[INFO] [stdout] error[E0433]: cannot find module or crate `substrate` in this scope
[INFO] [stdout]   --> examples/jni_hook.rs:79:17
[INFO] [stdout]    |
[INFO] [stdout] 79 |                 substrate::MSHookFunction(
[INFO] [stdout]    |                 ^^^^^^^^^ use of unresolved module or unlinked crate `substrate`
[INFO] [stdout]    |
[INFO] [stdout]    = help: if you wanted to use a crate named `substrate`, use `cargo add substrate` to add it to your `Cargo.toml`
[INFO] [stdout] 
[INFO] [stdout] 
[INFO] [stdout] For more information about this error, try `rustc --explain E0433`.
[INFO] [stdout] 
[INFO] [stderr] error: could not compile `cydia-substrate-rs` (example "jni_hook") due to 5 previous errors
[INFO] running `Command { std: "docker" "inspect" "3626c7c9848f3e1ae58dd3f8030d5de8b540497a90712d9ff031fca1b5b7e7d7", kill_on_drop: false }`
[INFO] running `Command { std: "docker" "rm" "-f" "3626c7c9848f3e1ae58dd3f8030d5de8b540497a90712d9ff031fca1b5b7e7d7", kill_on_drop: false }`
[INFO] [stdout] 3626c7c9848f3e1ae58dd3f8030d5de8b540497a90712d9ff031fca1b5b7e7d7
