[INFO] fetching crate cyclonec 1.0.0...
[INFO] testing cyclonec-1.0.0 against 1.99.0-beta.8+cargoflags=--release for beta-release-1.100-2
[INFO] extracting crate cyclonec 1.0.0 into /workspace/builds/worker-3-tc1/source
[INFO] started tweaking crates.io crate cyclonec 1.0.0
[INFO] removed 0 missing tests
[INFO] finished tweaking crates.io crate cyclonec 1.0.0
[INFO] tweaked toml for crates.io crate cyclonec 1.0.0 written to /workspace/builds/worker-3-tc1/source/Cargo.toml
[INFO] validating manifest of crates.io crate cyclonec 1.0.0 on toolchain 1.99.0-beta.8
[INFO] running `Command { std: CARGO_HOME="/workspace/cargo-home" RUSTUP_HOME="/workspace/rustup-home" "/workspace/cargo-home/bin/cargo" "+1.99.0-beta.8" "metadata" "--manifest-path" "Cargo.toml" "--no-deps", kill_on_drop: false }`
[INFO] crate crates.io crate cyclonec 1.0.0 already has a lockfile, it will not be regenerated
[INFO] running `Command { std: CARGO_HOME="/workspace/cargo-home" RUSTUP_HOME="/workspace/rustup-home" "/workspace/cargo-home/bin/cargo" "+1.99.0-beta.8" "fetch" "--manifest-path" "Cargo.toml", kill_on_drop: false }`
[INFO] running `Command { std: "docker" "create" "-v" "/var/lib/crater-agent-workspace/builds/worker-3-tc1/source:/opt/rustwide/workdir:ro,Z" "-v" "/var/lib/crater-agent-workspace/builds/worker-3-tc1/target:/opt/rustwide/target:rw,Z" "-v" "/var/lib/crater-agent-workspace/cargo-home:/opt/rustwide/cargo-home:ro,Z" "-v" "/var/lib/crater-agent-workspace/rustup-home:/opt/rustwide/rustup-home:ro,Z" "-m" "1610612736" "--network" "none" "ghcr.io/rust-lang/crates-build-env/linux@sha256:77db811e55d90add9212f6832c23229e3de5f1c1f9905e8cb07319ea15df73ac" "sleep" "infinity", kill_on_drop: false }`
[INFO] [stdout] 3966b554a6e4a41f8985d82745191cc7ebd3b6ee245c81f508b556a5fc068b86
[INFO] running `Command { std: "docker" "start" "3966b554a6e4a41f8985d82745191cc7ebd3b6ee245c81f508b556a5fc068b86", kill_on_drop: false }`
[INFO] running `Command { std: "docker" "inspect" "3966b554a6e4a41f8985d82745191cc7ebd3b6ee245c81f508b556a5fc068b86", kill_on_drop: false }`
[INFO] running `Command { std: "docker" "exec" "-e" "SOURCE_DIR=/opt/rustwide/workdir" "-e" "CARGO_HOME=/opt/rustwide/cargo-home" "-e" "RUSTUP_HOME=/opt/rustwide/rustup-home" "-e" "CARGO_TARGET_DIR=/opt/rustwide/target" "-w" "/opt/rustwide/workdir" "--user" "0:0" "3966b554a6e4a41f8985d82745191cc7ebd3b6ee245c81f508b556a5fc068b86" "/opt/rustwide/cargo-home/bin/cargo" "+1.99.0-beta.8" "metadata" "--no-deps" "--format-version=1", kill_on_drop: false }`
[INFO] running `Command { std: "docker" "inspect" "3966b554a6e4a41f8985d82745191cc7ebd3b6ee245c81f508b556a5fc068b86", kill_on_drop: false }`
[INFO] running `Command { std: "docker" "exec" "-e" "SOURCE_DIR=/opt/rustwide/workdir" "-e" "CARGO_HOME=/opt/rustwide/cargo-home" "-e" "RUSTUP_HOME=/opt/rustwide/rustup-home" "-e" "CARGO_TARGET_DIR=/opt/rustwide/target" "-e" "CARGO_INCREMENTAL=0" "-e" "RUST_BACKTRACE=full" "-e" "RUSTFLAGS=--cap-lints=warn" "-e" "RUSTDOCFLAGS=--cap-lints=warn" "-w" "/opt/rustwide/workdir" "--user" "0:0" "3966b554a6e4a41f8985d82745191cc7ebd3b6ee245c81f508b556a5fc068b86" "/opt/rustwide/cargo-home/bin/cargo" "+1.99.0-beta.8" "build" "--frozen" "--message-format=json" "--release", kill_on_drop: false }`
[INFO] [stderr]    Compiling proc-macro2 v1.0.107
[INFO] [stderr]    Compiling unicode-ident v1.0.24
[INFO] [stderr]    Compiling prettyplease v0.2.37
[INFO] [stderr]    Compiling quote v1.0.47
[INFO] [stderr]    Compiling syn v2.0.119
[INFO] [stderr]    Compiling cyclonec v1.0.0 (/opt/rustwide/workdir)
[INFO] [stderr]     Finished `release` profile [optimized] target(s) in 47.43s
[INFO] running `Command { std: "docker" "inspect" "3966b554a6e4a41f8985d82745191cc7ebd3b6ee245c81f508b556a5fc068b86", kill_on_drop: false }`
[INFO] running `Command { std: "docker" "exec" "-e" "SOURCE_DIR=/opt/rustwide/workdir" "-e" "CARGO_HOME=/opt/rustwide/cargo-home" "-e" "RUSTUP_HOME=/opt/rustwide/rustup-home" "-e" "CARGO_TARGET_DIR=/opt/rustwide/target" "-e" "CARGO_INCREMENTAL=0" "-e" "RUST_BACKTRACE=full" "-e" "RUSTFLAGS=--cap-lints=warn" "-e" "RUSTDOCFLAGS=--cap-lints=warn" "-w" "/opt/rustwide/workdir" "--user" "0:0" "3966b554a6e4a41f8985d82745191cc7ebd3b6ee245c81f508b556a5fc068b86" "/opt/rustwide/cargo-home/bin/cargo" "+1.99.0-beta.8" "test" "--frozen" "--no-run" "--message-format=json" "--release", kill_on_drop: false }`
[INFO] [stderr]    Compiling cyclonec v1.0.0 (/opt/rustwide/workdir)
[INFO] [stdout] error[E0432]: unresolved import `cyclone_runtime`
[INFO] [stdout]  --> tests/generated.rs:9:5
[INFO] [stdout]   |
[INFO] [stdout] 9 | use cyclone_runtime::{from_bytes, to_bytes};
[INFO] [stdout]   |     ^^^^^^^^^^^^^^^ use of unresolved module or unlinked crate `cyclone_runtime`
[INFO] [stdout]   |
[INFO] [stdout]   = help: if you wanted to use a crate named `cyclone_runtime`, use `cargo add cyclone_runtime` to add it to your `Cargo.toml`
[INFO] [stdout] 
[INFO] [stdout] 
[INFO] [stdout] error[E0432]: unresolved import `cyclone_codegen_rust`
[INFO] [stdout]  --> tests/fixtures/player.rs:3:5
[INFO] [stdout]   |
[INFO] [stdout] 3 | use cyclone_codegen_rust::Network;
[INFO] [stdout]   |     ^^^^^^^^^^^^^^^^^^^^ use of unresolved module or unlinked crate `cyclone_codegen_rust`
[INFO] [stdout]   |
[INFO] [stdout]   = help: if you wanted to use a crate named `cyclone_codegen_rust`, use `cargo add cyclone_codegen_rust` to add it to your `Cargo.toml`
[INFO] [stdout] 
[INFO] [stdout] 
[INFO] [stdout] error: cannot find attribute `network` in this scope
[INFO] [stdout]  --> tests/fixtures/player.rs:7:3
[INFO] [stdout]   |
[INFO] [stdout] 7 | #[network(external)]
[INFO] [stdout]   |   ^^^^^^^
[INFO] [stdout] 
[INFO] [stdout] 
[INFO] [stdout] error: cannot find attribute `network` in this scope
[INFO] [stdout]  --> tests/fixtures/player.rs:9:7
[INFO] [stdout]   |
[INFO] [stdout] 9 |     #[network(f32)]
[INFO] [stdout]   |       ^^^^^^^
[INFO] [stdout] 
[INFO] [stdout] 
[INFO] [stdout] error: cannot find attribute `network` in this scope
[INFO] [stdout]   --> tests/fixtures/player.rs:11:7
[INFO] [stdout]    |
[INFO] [stdout] 11 |     #[network(f32)]
[INFO] [stdout]    |       ^^^^^^^
[INFO] [stdout] 
[INFO] [stdout] 
[INFO] [stdout] error: cannot find attribute `network` in this scope
[INFO] [stdout]   --> tests/fixtures/player.rs:13:7
[INFO] [stdout]    |
[INFO] [stdout] 13 |     #[network(f32)]
[INFO] [stdout]    |       ^^^^^^^
[INFO] [stdout] 
[INFO] [stdout] 
[INFO] [stdout] error: cannot find attribute `network` in this scope
[INFO] [stdout]   --> tests/fixtures/player.rs:19:3
[INFO] [stdout]    |
[INFO] [stdout] 19 | #[network(external)]
[INFO] [stdout]    |   ^^^^^^^
[INFO] [stdout] 
[INFO] [stdout] 
[INFO] [stdout] error: cannot find attribute `network` in this scope
[INFO] [stdout]   --> tests/fixtures/player.rs:21:7
[INFO] [stdout]    |
[INFO] [stdout] 21 |     #[network(u32)]
[INFO] [stdout]    |       ^^^^^^^
[INFO] [stdout] 
[INFO] [stdout] 
[INFO] [stdout] error: cannot find attribute `network` in this scope
[INFO] [stdout]   --> tests/fixtures/player.rs:23:7
[INFO] [stdout]    |
[INFO] [stdout] 23 |     #[network(string)]
[INFO] [stdout]    |       ^^^^^^^
[INFO] [stdout] 
[INFO] [stdout] 
[INFO] [stdout] error: cannot find attribute `network` in this scope
[INFO] [stdout]   --> tests/fixtures/player.rs:25:7
[INFO] [stdout]    |
[INFO] [stdout] 25 |     #[network(Vector3)]
[INFO] [stdout]    |       ^^^^^^^
[INFO] [stdout] 
[INFO] [stdout] 
[INFO] [stdout] error: cannot find attribute `network` in this scope
[INFO] [stdout]   --> tests/fixtures/player.rs:27:7
[INFO] [stdout]    |
[INFO] [stdout] 27 |     #[network(Array<u32>)]
[INFO] [stdout]    |       ^^^^^^^
[INFO] [stdout] 
[INFO] [stdout] 
[INFO] [stdout] error: cannot find attribute `network` in this scope
[INFO] [stdout]   --> tests/fixtures/player.rs:29:7
[INFO] [stdout]    |
[INFO] [stdout] 29 |     #[network(bool)]
[INFO] [stdout]    |       ^^^^^^^
[INFO] [stdout] 
[INFO] [stdout] 
[INFO] [stdout] error: cannot find attribute `network` in this scope
[INFO] [stdout]   --> tests/fixtures/player.rs:38:7
[INFO] [stdout]    |
[INFO] [stdout] 38 |     #[network(u32)]
[INFO] [stdout]    |       ^^^^^^^
[INFO] [stdout] 
[INFO] [stdout] 
[INFO] [stdout] error: cannot find attribute `network` in this scope
[INFO] [stdout]   --> tests/fixtures/player.rs:40:7
[INFO] [stdout]    |
[INFO] [stdout] 40 |     #[network(string)]
[INFO] [stdout]    |       ^^^^^^^
[INFO] [stdout] 
[INFO] [stdout] 
[INFO] [stdout] error: cannot find attribute `network` in this scope
[INFO] [stdout]   --> tests/fixtures/player.rs:42:7
[INFO] [stdout]    |
[INFO] [stdout] 42 |     #[network(Vector3)]
[INFO] [stdout]    |       ^^^^^^^
[INFO] [stdout] 
[INFO] [stdout] 
[INFO] [stdout] error: cannot find attribute `network` in this scope
[INFO] [stdout]   --> tests/fixtures/player.rs:44:7
[INFO] [stdout]    |
[INFO] [stdout] 44 |     #[network(Array<u32>)]
[INFO] [stdout]    |       ^^^^^^^
[INFO] [stdout] 
[INFO] [stdout] 
[INFO] [stdout] error: cannot find attribute `network` in this scope
[INFO] [stdout]   --> tests/fixtures/player.rs:46:7
[INFO] [stdout]    |
[INFO] [stdout] 46 |     #[network(bool)]
[INFO] [stdout]    |       ^^^^^^^
[INFO] [stdout] 
[INFO] [stdout] 
[INFO] [stdout] error: cannot find attribute `network` in this scope
[INFO] [stdout]   --> tests/fixtures/player.rs:54:7
[INFO] [stdout]    |
[INFO] [stdout] 54 |     #[network(u32)]
[INFO] [stdout]    |       ^^^^^^^
[INFO] [stdout] 
[INFO] [stdout] 
[INFO] [stdout] error[E0433]: cannot find `cyclone_runtime` in the list of imported crates
[INFO] [stdout]   --> tests/fixtures/player.codec.rs:12:8
[INFO] [stdout]    |
[INFO] [stdout] 12 | impl ::cyclone_runtime::Encode for Vector3 {
[INFO] [stdout]    |        ^^^^^^^^^^^^^^^ could not find `cyclone_runtime` in the list of imported crates
[INFO] [stdout] 
[INFO] [stdout] 
[INFO] [stdout] error[E0433]: cannot find `cyclone_runtime` in the list of imported crates
[INFO] [stdout]   --> tests/fixtures/player.codec.rs:13:37
[INFO] [stdout]    |
[INFO] [stdout] 13 |     fn encode(&self, writer: &mut ::cyclone_runtime::Writer) {
[INFO] [stdout]    |                                     ^^^^^^^^^^^^^^^ could not find `cyclone_runtime` in the list of imported crates
[INFO] [stdout] 
[INFO] [stdout] 
[INFO] [stdout] error[E0433]: cannot find `cyclone_runtime` in the list of imported crates
[INFO] [stdout]   --> tests/fixtures/player.codec.rs:20:8
[INFO] [stdout]    |
[INFO] [stdout] 20 | impl ::cyclone_runtime::Decode for Vector3 {
[INFO] [stdout]    |        ^^^^^^^^^^^^^^^ could not find `cyclone_runtime` in the list of imported crates
[INFO] [stdout] 
[INFO] [stdout] 
[INFO] [stdout] error[E0433]: cannot find `cyclone_runtime` in the list of imported crates
[INFO] [stdout]   --> tests/fixtures/player.codec.rs:22:24
[INFO] [stdout]    |
[INFO] [stdout] 22 |         reader: &mut ::cyclone_runtime::Reader<'_>,
[INFO] [stdout]    |                        ^^^^^^^^^^^^^^^ could not find `cyclone_runtime` in the list of imported crates
[INFO] [stdout] 
[INFO] [stdout] 
[INFO] [stdout] error[E0433]: cannot find `cyclone_runtime` in the list of imported crates
[INFO] [stdout]   --> tests/fixtures/player.codec.rs:23:41
[INFO] [stdout]    |
[INFO] [stdout] 23 |     ) -> ::core::result::Result<Self, ::cyclone_runtime::DecodeError> {
[INFO] [stdout]    |                                         ^^^^^^^^^^^^^^^ could not find `cyclone_runtime` in the list of imported crates
[INFO] [stdout] 
[INFO] [stdout] 
[INFO] [stdout] error[E0433]: cannot find `cyclone_runtime` in the list of imported crates
[INFO] [stdout]   --> tests/fixtures/player.codec.rs:32:8
[INFO] [stdout]    |
[INFO] [stdout] 32 | impl ::cyclone_runtime::Encode for Player {
[INFO] [stdout]    |        ^^^^^^^^^^^^^^^ could not find `cyclone_runtime` in the list of imported crates
[INFO] [stdout] 
[INFO] [stdout] 
[INFO] [stdout] error[E0433]: cannot find `cyclone_runtime` in the list of imported crates
[INFO] [stdout]   --> tests/fixtures/player.codec.rs:33:37
[INFO] [stdout]    |
[INFO] [stdout] 33 |     fn encode(&self, writer: &mut ::cyclone_runtime::Writer) {
[INFO] [stdout]    |                                     ^^^^^^^^^^^^^^^ could not find `cyclone_runtime` in the list of imported crates
[INFO] [stdout] 
[INFO] [stdout] 
[INFO] [stdout] error[E0433]: cannot find `cyclone_runtime` in the list of imported crates
[INFO] [stdout]   --> tests/fixtures/player.codec.rs:36:23
[INFO] [stdout]    |
[INFO] [stdout] 36 |         <Vector3 as ::cyclone_runtime::Encode>::encode(&self.position, writer);
[INFO] [stdout]    |                       ^^^^^^^^^^^^^^^ could not find `cyclone_runtime` in the list of imported crates
[INFO] [stdout] 
[INFO] [stdout] 
[INFO] [stdout] error[E0433]: cannot find `cyclone_runtime` in the list of imported crates
[INFO] [stdout]   --> tests/fixtures/player.codec.rs:45:8
[INFO] [stdout]    |
[INFO] [stdout] 45 | impl ::cyclone_runtime::Decode for Player {
[INFO] [stdout]    |        ^^^^^^^^^^^^^^^ could not find `cyclone_runtime` in the list of imported crates
[INFO] [stdout] 
[INFO] [stdout] 
[INFO] [stdout] error[E0433]: cannot find `cyclone_runtime` in the list of imported crates
[INFO] [stdout]   --> tests/fixtures/player.codec.rs:47:24
[INFO] [stdout]    |
[INFO] [stdout] 47 |         reader: &mut ::cyclone_runtime::Reader<'_>,
[INFO] [stdout]    |                        ^^^^^^^^^^^^^^^ could not find `cyclone_runtime` in the list of imported crates
[INFO] [stdout] 
[INFO] [stdout] 
[INFO] [stdout] error[E0433]: cannot find `cyclone_runtime` in the list of imported crates
[INFO] [stdout]   --> tests/fixtures/player.codec.rs:48:41
[INFO] [stdout]    |
[INFO] [stdout] 48 |     ) -> ::core::result::Result<Self, ::cyclone_runtime::DecodeError> {
[INFO] [stdout]    |                                         ^^^^^^^^^^^^^^^ could not find `cyclone_runtime` in the list of imported crates
[INFO] [stdout] 
[INFO] [stdout] 
[INFO] [stdout] error[E0433]: cannot find `cyclone_runtime` in the list of imported crates
[INFO] [stdout]   --> tests/fixtures/player.codec.rs:52:37
[INFO] [stdout]    |
[INFO] [stdout] 52 |             position: <Vector3 as ::cyclone_runtime::Decode>::decode(reader)?,
[INFO] [stdout]    |                                     ^^^^^^^^^^^^^^^ could not find `cyclone_runtime` in the list of imported crates
[INFO] [stdout] 
[INFO] [stdout] 
[INFO] [stderr] error: could not compile `cyclonec` (test "generated") due to 30 previous errors
[INFO] [stdout] Some errors have detailed explanations: E0432, E0433.
[INFO] [stdout] 
[INFO] [stderr] warning: build failed, waiting for other jobs to finish...
[INFO] [stdout] For more information about an error, try `rustc --explain E0432`.
[INFO] [stdout] 
[INFO] running `Command { std: "docker" "inspect" "3966b554a6e4a41f8985d82745191cc7ebd3b6ee245c81f508b556a5fc068b86", kill_on_drop: false }`
[INFO] running `Command { std: "docker" "rm" "-f" "3966b554a6e4a41f8985d82745191cc7ebd3b6ee245c81f508b556a5fc068b86", kill_on_drop: false }`
[INFO] [stdout] 3966b554a6e4a41f8985d82745191cc7ebd3b6ee245c81f508b556a5fc068b86
