[INFO] fetching crate cyberex 0.3.48...
[INFO] testing cyberex-0.3.48 against 1.99.0-beta.8+cargoflags=--release for beta-release-1.100-2
[INFO] extracting crate cyberex 0.3.48 into /workspace/builds/worker-2-tc1/source
[INFO] started tweaking crates.io crate cyberex 0.3.48
[INFO] removed 0 missing tests
[INFO] finished tweaking crates.io crate cyberex 0.3.48
[INFO] tweaked toml for crates.io crate cyberex 0.3.48 written to /workspace/builds/worker-2-tc1/source/Cargo.toml
[INFO] validating manifest of crates.io crate cyberex 0.3.48 on toolchain 1.99.0-beta.8
[INFO] running `Command { std: CARGO_HOME="/workspace/cargo-home" RUSTUP_HOME="/workspace/rustup-home" "/workspace/cargo-home/bin/cargo" "+1.99.0-beta.8" "metadata" "--manifest-path" "Cargo.toml" "--no-deps", kill_on_drop: false }`
[INFO] crate crates.io crate cyberex 0.3.48 already has a lockfile, it will not be regenerated
[INFO] running `Command { std: CARGO_HOME="/workspace/cargo-home" RUSTUP_HOME="/workspace/rustup-home" "/workspace/cargo-home/bin/cargo" "+1.99.0-beta.8" "fetch" "--manifest-path" "Cargo.toml", kill_on_drop: false }`
[INFO] [stderr]     Updating crates.io index
[INFO] [stderr]  Downloading crates ...
[INFO] [stderr]   Downloaded derive-newtype v0.2.3
[INFO] [stderr]   Downloaded dateparser v0.2.1
[INFO] [stderr]   Downloaded newtype v0.2.1
[INFO] [stderr]   Downloaded cyberex_xasync v0.1.3
[INFO] [stderr]   Downloaded cyberex_macro v0.1.4
[INFO] [stderr]   Downloaded xasync-macro v0.1.6
[INFO] [stderr]   Downloaded enum-rename v0.1.4
[INFO] running `Command { std: "docker" "create" "-v" "/var/lib/crater-agent-workspace/builds/worker-2-tc1/source:/opt/rustwide/workdir:ro,Z" "-v" "/var/lib/crater-agent-workspace/builds/worker-2-tc1/target:/opt/rustwide/target:rw,Z" "-v" "/var/lib/crater-agent-workspace/cargo-home:/opt/rustwide/cargo-home:ro,Z" "-v" "/var/lib/crater-agent-workspace/rustup-home:/opt/rustwide/rustup-home:ro,Z" "-m" "1610612736" "--network" "none" "ghcr.io/rust-lang/crates-build-env/linux@sha256:77db811e55d90add9212f6832c23229e3de5f1c1f9905e8cb07319ea15df73ac" "sleep" "infinity", kill_on_drop: false }`
[INFO] [stdout] 678bbd7c8659af13adc01de9a20d5e3d0da1b178bc6bc1bf5e0d6fbf6b4f5858
[INFO] running `Command { std: "docker" "start" "678bbd7c8659af13adc01de9a20d5e3d0da1b178bc6bc1bf5e0d6fbf6b4f5858", kill_on_drop: false }`
[INFO] running `Command { std: "docker" "inspect" "678bbd7c8659af13adc01de9a20d5e3d0da1b178bc6bc1bf5e0d6fbf6b4f5858", kill_on_drop: false }`
[INFO] running `Command { std: "docker" "exec" "-e" "SOURCE_DIR=/opt/rustwide/workdir" "-e" "CARGO_HOME=/opt/rustwide/cargo-home" "-e" "RUSTUP_HOME=/opt/rustwide/rustup-home" "-e" "CARGO_TARGET_DIR=/opt/rustwide/target" "-w" "/opt/rustwide/workdir" "--user" "0:0" "678bbd7c8659af13adc01de9a20d5e3d0da1b178bc6bc1bf5e0d6fbf6b4f5858" "/opt/rustwide/cargo-home/bin/cargo" "+1.99.0-beta.8" "metadata" "--no-deps" "--format-version=1", kill_on_drop: false }`
[INFO] running `Command { std: "docker" "inspect" "678bbd7c8659af13adc01de9a20d5e3d0da1b178bc6bc1bf5e0d6fbf6b4f5858", kill_on_drop: false }`
[INFO] running `Command { std: "docker" "exec" "-e" "SOURCE_DIR=/opt/rustwide/workdir" "-e" "CARGO_HOME=/opt/rustwide/cargo-home" "-e" "RUSTUP_HOME=/opt/rustwide/rustup-home" "-e" "CARGO_TARGET_DIR=/opt/rustwide/target" "-e" "CARGO_INCREMENTAL=0" "-e" "RUST_BACKTRACE=full" "-e" "RUSTFLAGS=--cap-lints=warn" "-e" "RUSTDOCFLAGS=--cap-lints=warn" "-w" "/opt/rustwide/workdir" "--user" "0:0" "678bbd7c8659af13adc01de9a20d5e3d0da1b178bc6bc1bf5e0d6fbf6b4f5858" "/opt/rustwide/cargo-home/bin/cargo" "+1.99.0-beta.8" "build" "--frozen" "--message-format=json" "--release", kill_on_drop: false }`
[INFO] [stderr]    Compiling proc-macro2 v0.4.30
[INFO] [stderr]    Compiling syn v0.15.44
[INFO] [stderr]    Compiling anyhow v1.0.98
[INFO] [stderr]    Compiling quote v0.6.13
[INFO] [stderr]    Compiling derive-newtype v0.2.3
[INFO] [stderr]    Compiling newtype v0.2.1
[INFO] [stderr]    Compiling cyberex v0.3.48 (/opt/rustwide/workdir)
[INFO] [stderr]     Finished `release` profile [optimized] target(s) in 4.62s
[INFO] running `Command { std: "docker" "inspect" "678bbd7c8659af13adc01de9a20d5e3d0da1b178bc6bc1bf5e0d6fbf6b4f5858", kill_on_drop: false }`
[INFO] running `Command { std: "docker" "exec" "-e" "SOURCE_DIR=/opt/rustwide/workdir" "-e" "CARGO_HOME=/opt/rustwide/cargo-home" "-e" "RUSTUP_HOME=/opt/rustwide/rustup-home" "-e" "CARGO_TARGET_DIR=/opt/rustwide/target" "-e" "CARGO_INCREMENTAL=0" "-e" "RUST_BACKTRACE=full" "-e" "RUSTFLAGS=--cap-lints=warn" "-e" "RUSTDOCFLAGS=--cap-lints=warn" "-w" "/opt/rustwide/workdir" "--user" "0:0" "678bbd7c8659af13adc01de9a20d5e3d0da1b178bc6bc1bf5e0d6fbf6b4f5858" "/opt/rustwide/cargo-home/bin/cargo" "+1.99.0-beta.8" "test" "--frozen" "--no-run" "--message-format=json" "--release", kill_on_drop: false }`
[INFO] [stderr]    Compiling quote v1.0.42
[INFO] [stderr]    Compiling serde_core v1.0.225
[INFO] [stderr]    Compiling serde_json v1.0.145
[INFO] [stderr]    Compiling mio v1.0.4
[INFO] [stderr]    Compiling memchr v2.7.5
[INFO] [stderr]    Compiling parking_lot_core v0.9.11
[INFO] [stderr]    Compiling syn v2.0.111
[INFO] [stderr]    Compiling parking_lot v0.12.4
[INFO] [stderr]    Compiling tokio-macros v2.5.0
[INFO] [stderr]    Compiling tokio v1.45.1
[INFO] [stderr]    Compiling cyberex v0.3.48 (/opt/rustwide/workdir)
[INFO] [stdout] warning: unused import: `xfs::cargo_path::get_project_root_path`
[INFO] [stdout]  --> tests/test_chunk_by.rs:7:9
[INFO] [stdout]   |
[INFO] [stdout] 7 |         xfs::cargo_path::get_project_root_path,
[INFO] [stdout]   |         ^^^^^^^^^^^^^^^^^^^^^^^^^^^^^^^^^^^^^^
[INFO] [stdout]   |
[INFO] [stdout]   = note: `#[warn(unused_imports)]` (part of `#[warn(unused)]`) on by default
[INFO] [stdout] 
[INFO] [stdout] 
[INFO] [stdout] error[E0432]: unresolved import `cyberex::define_newtype_with_default_str`
[INFO] [stdout]  --> tests/test_serde.rs:1:5
[INFO] [stdout]   |
[INFO] [stdout] 1 | use cyberex::define_newtype_with_default_str;
[INFO] [stdout]   |     ^^^^^^^^^-------------------------------
[INFO] [stdout]   |              |
[INFO] [stdout]   |              no `define_newtype_with_default_str` in the root
[INFO] [stdout] 
[INFO] [stdout] 
[INFO] [stderr] error: could not compile `cyberex` (test "test_serde") due to 3 previous errors
[INFO] [stdout] error[E0433]: cannot find type `HlsFilePath` in this scope
[INFO] [stdout]  --> tests/test_serde.rs:7:16
[INFO] [stdout]   |
[INFO] [stdout] 7 |     let path = HlsFilePath::default();
[INFO] [stdout]   |                ^^^^^^^^^^^ use of undeclared type `HlsFilePath`
[INFO] [stdout] 
[INFO] [stdout] 
[INFO] [stderr] warning: build failed, waiting for other jobs to finish...
[INFO] [stdout] error[E0433]: cannot find type `HlsFilePath` in this scope
[INFO] [stdout]  --> tests/test_serde.rs:8:22
[INFO] [stdout]   |
[INFO] [stdout] 8 |     assert_eq!(path, HlsFilePath::from("wwwrs".to_string()));
[INFO] [stdout]   |                      ^^^^^^^^^^^ use of undeclared type `HlsFilePath`
[INFO] [stdout] 
[INFO] [stdout] 
[INFO] [stdout] Some errors have detailed explanations: E0432, E0433.
[INFO] [stdout] 
[INFO] [stdout] For more information about an error, try `rustc --explain E0432`.
[INFO] [stdout] 
[INFO] [stdout] error[E0432]: unresolved import `cyberex::ActorMessage`
[INFO] [stdout]  --> tests/drive_actor_tests.rs:3:5
[INFO] [stdout]   |
[INFO] [stdout] 3 | use cyberex::ActorMessage;
[INFO] [stdout]   |     ^^^^^^^^^------------
[INFO] [stdout]   |              |
[INFO] [stdout]   |              no `ActorMessage` in the root
[INFO] [stdout] 
[INFO] [stdout] 
[INFO] [stdout] For more information about this error, try `rustc --explain E0432`.
[INFO] [stdout] 
[INFO] [stdout] error[E0433]: cannot find `xtime` in `cyberex`
[INFO] [stdout]   --> tests/test_xtime.rs:3:5
[INFO] [stdout]    |
[INFO] [stdout]  3 |     xtime::datatime::{XTime, XTimeStrFormat},
[INFO] [stdout]    |     ^^^^^ could not find `xtime` in `cyberex`
[INFO] [stdout]    |
[INFO] [stdout] note: found an item that was configured out
[INFO] [stdout]   --> src/lib.rs:16:9
[INFO] [stdout]    |
[INFO] [stdout] 15 | #[cfg(feature = "time")]
[INFO] [stdout]    |       ---------------- the item is gated behind the `time` feature
[INFO] [stdout] 16 | pub mod xtime;
[INFO] [stdout]    |         ^^^^^
[INFO] [stdout] 
[INFO] [stdout] 
[INFO] [stderr] error: could not compile `cyberex` (test "drive_actor_tests") due to 1 previous error
[INFO] [stdout] error[E0432]: unresolved import `cyberex::custom_format_xtime`
[INFO] [stdout]  --> tests/test_xtime.rs:2:5
[INFO] [stdout]   |
[INFO] [stdout] 2 |     custom_format_xtime,
[INFO] [stdout]   |     ^^^^^^^^^^^^^^^^^^^ no `custom_format_xtime` in the root
[INFO] [stdout] 
[INFO] [stdout] 
[INFO] [stdout] error[E0432]: unresolved import `serde`
[INFO] [stdout]  --> tests/test_xtime.rs:5:5
[INFO] [stdout]   |
[INFO] [stdout] 5 | use serde::{Deserialize, Serialize};
[INFO] [stdout]   |     ^^^^^ use of unresolved module or unlinked crate `serde`
[INFO] [stdout]   |
[INFO] [stdout]   = help: if you wanted to use a crate named `serde`, use `cargo add serde` to add it to your `Cargo.toml`
[INFO] [stdout] 
[INFO] [stdout] 
[INFO] [stdout] error[E0432]: unresolved import `serde_with`
[INFO] [stdout]  --> tests/test_xtime.rs:6:5
[INFO] [stdout]   |
[INFO] [stdout] 6 | use serde_with::serde_as;
[INFO] [stdout]   |     ^^^^^^^^^^ use of unresolved module or unlinked crate `serde_with`
[INFO] [stdout]   |
[INFO] [stdout]   = help: if you wanted to use a crate named `serde_with`, use `cargo add serde_with` to add it to your `Cargo.toml`
[INFO] [stdout] 
[INFO] [stdout] 
[INFO] [stdout] error[E0432]: unresolved import `cyberex::async_call`
[INFO] [stdout]   --> tests/test_xasync.rs:4:9
[INFO] [stdout]    |
[INFO] [stdout]  4 |     use cyberex::async_call;
[INFO] [stdout]    |         ^^^^^^^^^----------
[INFO] [stdout]    |                  |
[INFO] [stdout]    |                  no `async_call` in the root
[INFO] [stdout]    |
[INFO] [stdout] note: found an item that was configured out
[INFO] [stdout]   --> src/lib.rs:19:25
[INFO] [stdout]    |
[INFO] [stdout] 18 | #[cfg(feature = "enable-async")]
[INFO] [stdout]    |       ------------------------ the item is gated behind the `enable-async` feature
[INFO] [stdout] 19 | pub use cyberex_xasync::async_call;
[INFO] [stdout]    |                         ^^^^^^^^^^
[INFO] [stdout] 
[INFO] [stdout] 
[INFO] [stdout] error[E0432]: unresolved import `cyberex::EnumRenames`
[INFO] [stdout]  --> tests/derive_tests.rs:3:5
[INFO] [stdout]   |
[INFO] [stdout] 3 | use cyberex::EnumRenames;
[INFO] [stdout]   |     ^^^^^^^^^-----------
[INFO] [stdout]   |              |
[INFO] [stdout]   |              no `EnumRenames` in the root
[INFO] [stdout] 
[INFO] [stdout] 
[INFO] [stdout] error[E0277]: the trait bound `MyTime: serde::Deserialize<'de>` is not satisfied
[INFO] [stdout]     --> tests/test_xtime.rs:20:27
[INFO] [stdout]      |
[INFO] [stdout]   20 |     let my_time: MyTime = serde_json::from_str(json_str).unwrap();
[INFO] [stdout]      |                           ^^^^^^^^^^^^^^^^^^^^^^^^^^^^^^ unsatisfied trait bound
[INFO] [stdout]      |
[INFO] [stdout] help: the trait `serde_core::de::Deserialize<'_>` is not implemented for `MyTime`
[INFO] [stdout]     --> tests/test_xtime.rs:14:5
[INFO] [stdout]      |
[INFO] [stdout]   14 |     struct MyTime {
[INFO] [stdout]      |     ^^^^^^^^^^^^^
[INFO] [stdout]      = note: for local types consider adding `#[derive(serde::Deserialize)]` to your `MyTime` type
[INFO] [stdout]      = note: for types from other crates check whether the crate offers a `serde` feature flag
[INFO] [stdout]      = help: the following other types implement trait `serde_core::de::Deserialize<'de>`:
[INFO] [stdout]                &'a Path
[INFO] [stdout]                &'a [u8]
[INFO] [stdout]                &'a str
[INFO] [stdout]                ()
[INFO] [stdout]                (T,)
[INFO] [stdout]                (T0, T1)
[INFO] [stdout]                (T0, T1, T2)
[INFO] [stdout]                (T0, T1, T2, T3)
[INFO] [stdout]              and 140 others
[INFO] [stdout] note: required by a bound in `serde_json::from_str`
[INFO] [stdout]     --> /opt/rustwide/cargo-home/registry/src/index.crates.io-1949cf8c6b5b557f/serde_json-1.0.145/src/de.rs:2699:8
[INFO] [stdout]      |
[INFO] [stdout] 2697 | pub fn from_str<'a, T>(s: &'a str) -> Result<T>
[INFO] [stdout]      |        -------- required by a bound in this function
[INFO] [stdout] 2698 | where
[INFO] [stdout] 2699 |     T: de::Deserialize<'a>,
[INFO] [stdout]      |        ^^^^^^^^^^^^^^^^^^^ required by this bound in `from_str`
[INFO] [stdout] 
[INFO] [stdout] 
[INFO] [stdout] error[E0277]: the trait bound `MyTime: serde::Serialize` is not satisfied
[INFO] [stdout]     --> tests/test_xtime.rs:22:38
[INFO] [stdout]      |
[INFO] [stdout]   22 |     assert_eq!(serde_json::to_string(&my_time).unwrap(), json_str);
[INFO] [stdout]      |                --------------------- ^^^^^^^^ unsatisfied trait bound
[INFO] [stdout]      |                |
[INFO] [stdout]      |                required by a bound introduced by this call
[INFO] [stdout]      |
[INFO] [stdout] help: the trait `serde_core::ser::Serialize` is not implemented for `MyTime`
[INFO] [stdout]     --> tests/test_xtime.rs:14:5
[INFO] [stdout]      |
[INFO] [stdout]   14 |     struct MyTime {
[INFO] [stdout]      |     ^^^^^^^^^^^^^
[INFO] [stdout]      = note: for local types consider adding `#[derive(serde::Serialize)]` to your `MyTime` type
[INFO] [stdout]      = note: for types from other crates check whether the crate offers a `serde` feature flag
[INFO] [stdout]      = help: the following other types implement trait `serde_core::ser::Serialize`:
[INFO] [stdout]                &'a T
[INFO] [stdout]                &'a mut T
[INFO] [stdout]                ()
[INFO] [stdout]                (T,)
[INFO] [stdout]                (T0, T1)
[INFO] [stdout]                (T0, T1, T2)
[INFO] [stdout]                (T0, T1, T2, T3)
[INFO] [stdout]                (T0, T1, T2, T3, T4)
[INFO] [stdout]              and 128 others
[INFO] [stdout] note: required by a bound in `serde_json::to_string`
[INFO] [stdout]     --> /opt/rustwide/cargo-home/registry/src/index.crates.io-1949cf8c6b5b557f/serde_json-1.0.145/src/ser.rs:2247:17
[INFO] [stdout]      |
[INFO] [stdout] 2245 | pub fn to_string<T>(value: &T) -> Result<String>
[INFO] [stdout]      |        --------- required by a bound in this function
[INFO] [stdout] 2246 | where
[INFO] [stdout] 2247 |     T: ?Sized + Serialize,
[INFO] [stdout]      |                 ^^^^^^^^^ required by this bound in `to_string`
[INFO] [stdout] 
[INFO] [stdout] 
[INFO] [stdout] Some errors have detailed explanations: E0277, E0432, E0433.
[INFO] [stdout] 
[INFO] [stdout] For more information about an error, try `rustc --explain E0277`.
[INFO] [stdout] 
[INFO] [stdout] For more information about this error, try `rustc --explain E0432`.
[INFO] [stdout] 
[INFO] [stderr] error: could not compile `cyberex` (test "derive_tests") due to 1 previous error
[INFO] [stdout] For more information about this error, try `rustc --explain E0432`.
[INFO] [stdout] 
[INFO] [stderr] error: could not compile `cyberex` (test "test_xtime") due to 6 previous errors
[INFO] [stderr] error: could not compile `cyberex` (test "test_xasync") due to 1 previous error
[INFO] running `Command { std: "docker" "inspect" "678bbd7c8659af13adc01de9a20d5e3d0da1b178bc6bc1bf5e0d6fbf6b4f5858", kill_on_drop: false }`
[INFO] running `Command { std: "docker" "rm" "-f" "678bbd7c8659af13adc01de9a20d5e3d0da1b178bc6bc1bf5e0d6fbf6b4f5858", kill_on_drop: false }`
[INFO] [stdout] 678bbd7c8659af13adc01de9a20d5e3d0da1b178bc6bc1bf5e0d6fbf6b4f5858
