[INFO] fetching crate cw721-roles 2.6.0...
[INFO] testing cw721-roles-2.6.0 against 1.100.0-beta.1+cargoflags=--release for beta-release-1.100-2
[INFO] extracting crate cw721-roles 2.6.0 into /workspace/builds/worker-1-tc2/source
[INFO] started tweaking crates.io crate cw721-roles 2.6.0
[INFO] removed 0 missing examples
[INFO] finished tweaking crates.io crate cw721-roles 2.6.0
[INFO] tweaked toml for crates.io crate cw721-roles 2.6.0 written to /workspace/builds/worker-1-tc2/source/Cargo.toml
[INFO] validating manifest of crates.io crate cw721-roles 2.6.0 on toolchain 1.100.0-beta.1
[INFO] running `Command { std: CARGO_HOME="/workspace/cargo-home" RUSTUP_HOME="/workspace/rustup-home" "/workspace/cargo-home/bin/cargo" "+1.100.0-beta.1" "metadata" "--manifest-path" "Cargo.toml" "--no-deps", kill_on_drop: false }`
[INFO] crate crates.io crate cw721-roles 2.6.0 already has a lockfile, it will not be regenerated
[INFO] running `Command { std: CARGO_HOME="/workspace/cargo-home" RUSTUP_HOME="/workspace/rustup-home" "/workspace/cargo-home/bin/cargo" "+1.100.0-beta.1" "fetch" "--manifest-path" "Cargo.toml", kill_on_drop: false }`
[INFO] [stderr]     Blocking waiting for file lock on package cache
[INFO] [stderr]     Blocking waiting for file lock on package cache
[INFO] running `Command { std: "docker" "create" "-v" "/var/lib/crater-agent-workspace/builds/worker-1-tc2/source:/opt/rustwide/workdir:ro,Z" "-v" "/var/lib/crater-agent-workspace/builds/worker-1-tc2/target:/opt/rustwide/target:rw,Z" "-v" "/var/lib/crater-agent-workspace/cargo-home:/opt/rustwide/cargo-home:ro,Z" "-v" "/var/lib/crater-agent-workspace/rustup-home:/opt/rustwide/rustup-home:ro,Z" "-m" "1610612736" "--network" "none" "ghcr.io/rust-lang/crates-build-env/linux@sha256:77db811e55d90add9212f6832c23229e3de5f1c1f9905e8cb07319ea15df73ac" "sleep" "infinity", kill_on_drop: false }`
[INFO] [stdout] 806f116e87405f432ffbd0ed16ec0534d29beaff40c70bea378a931985514bb5
[INFO] running `Command { std: "docker" "start" "806f116e87405f432ffbd0ed16ec0534d29beaff40c70bea378a931985514bb5", kill_on_drop: false }`
[INFO] running `Command { std: "docker" "inspect" "806f116e87405f432ffbd0ed16ec0534d29beaff40c70bea378a931985514bb5", kill_on_drop: false }`
[INFO] running `Command { std: "docker" "exec" "-e" "SOURCE_DIR=/opt/rustwide/workdir" "-e" "CARGO_HOME=/opt/rustwide/cargo-home" "-e" "RUSTUP_HOME=/opt/rustwide/rustup-home" "-e" "CARGO_TARGET_DIR=/opt/rustwide/target" "-w" "/opt/rustwide/workdir" "--user" "0:0" "806f116e87405f432ffbd0ed16ec0534d29beaff40c70bea378a931985514bb5" "/opt/rustwide/cargo-home/bin/cargo" "+1.100.0-beta.1" "metadata" "--no-deps" "--format-version=1", kill_on_drop: false }`
[INFO] running `Command { std: "docker" "inspect" "806f116e87405f432ffbd0ed16ec0534d29beaff40c70bea378a931985514bb5", kill_on_drop: false }`
[INFO] running `Command { std: "docker" "exec" "-e" "SOURCE_DIR=/opt/rustwide/workdir" "-e" "CARGO_HOME=/opt/rustwide/cargo-home" "-e" "RUSTUP_HOME=/opt/rustwide/rustup-home" "-e" "CARGO_TARGET_DIR=/opt/rustwide/target" "-e" "CARGO_INCREMENTAL=0" "-e" "RUST_BACKTRACE=full" "-e" "RUSTFLAGS=--cap-lints=warn" "-e" "RUSTDOCFLAGS=--cap-lints=warn" "-w" "/opt/rustwide/workdir" "--user" "0:0" "806f116e87405f432ffbd0ed16ec0534d29beaff40c70bea378a931985514bb5" "/opt/rustwide/cargo-home/bin/cargo" "+1.100.0-beta.1" "build" "--frozen" "--message-format=json" "--release", kill_on_drop: false }`
[INFO] [stderr]    Compiling zeroize v1.8.1
[INFO] [stderr]    Compiling generic-array v0.14.7
[INFO] [stderr]    Compiling libc v0.2.155
[INFO] [stderr]    Compiling serde v1.0.204
[INFO] [stderr]    Compiling ahash v0.7.8
[INFO] [stderr]    Compiling cpufeatures v0.2.12
[INFO] [stderr]    Compiling once_cell v1.19.0
[INFO] [stderr]    Compiling serde_json v1.0.120
[INFO] [stderr]    Compiling thiserror v1.0.63
[INFO] [stderr]    Compiling byteorder v1.5.0
[INFO] [stderr]    Compiling schemars v0.8.21
[INFO] [stderr]    Compiling bech32 v0.9.1
[INFO] [stderr]    Compiling forward_ref v1.0.0
[INFO] [stderr]    Compiling bnum v0.10.0
[INFO] [stderr]    Compiling syn v2.0.72
[INFO] [stderr]    Compiling syn v1.0.109
[INFO] [stderr]    Compiling semver v1.0.23
[INFO] [stderr]    Compiling der v0.7.9
[INFO] [stderr]    Compiling spki v0.7.3
[INFO] [stderr]    Compiling getrandom v0.2.15
[INFO] [stderr]    Compiling block-buffer v0.10.4
[INFO] [stderr]    Compiling crypto-common v0.1.6
[INFO] [stderr]    Compiling digest v0.9.0
[INFO] [stderr]    Compiling sec1 v0.7.3
[INFO] [stderr]    Compiling block-buffer v0.9.0
[INFO] [stderr]    Compiling rand_core v0.6.4
[INFO] [stderr]    Compiling pkcs8 v0.10.2
[INFO] [stderr]    Compiling curve25519-dalek v3.2.0
[INFO] [stderr]    Compiling sha2 v0.9.9
[INFO] [stderr]    Compiling digest v0.10.7
[INFO] [stderr]    Compiling ff v0.13.0
[INFO] [stderr]    Compiling crypto-bigint v0.5.5
[INFO] [stderr]    Compiling group v0.13.0
[INFO] [stderr]    Compiling hmac v0.12.1
[INFO] [stderr]    Compiling signature v2.2.0
[INFO] [stderr]    Compiling sha2 v0.10.8
[INFO] [stderr]    Compiling hashbrown v0.12.3
[INFO] [stderr]    Compiling rfc6979 v0.4.0
[INFO] [stderr]    Compiling serde_derive_internals v0.29.1
[INFO] [stderr]    Compiling elliptic-curve v0.13.8
[INFO] [stderr]    Compiling serde_derive v1.0.204
[INFO] [stderr]    Compiling thiserror-impl v1.0.63
[INFO] [stderr]    Compiling schemars_derive v0.8.21
[INFO] [stderr]    Compiling ecdsa v0.16.9
[INFO] [stderr]    Compiling cosmwasm-derive v1.5.5
[INFO] [stderr]    Compiling derivative v2.2.0
[INFO] [stderr]    Compiling cosmwasm-schema-derive v1.5.5
[INFO] [stderr]    Compiling cw-ownable-derive v0.5.1
[INFO] [stderr]    Compiling k256 v0.13.1
[INFO] [stderr]    Compiling ed25519-zebra v3.1.0
[INFO] [stderr]    Compiling serde-json-wasm v0.5.2
[INFO] [stderr]    Compiling cosmwasm-crypto v1.5.5
[INFO] [stderr]    Compiling cosmwasm-std v1.5.5
[INFO] [stderr]    Compiling cosmwasm-schema v1.5.5
[INFO] [stderr]    Compiling cw-storage-plus v1.2.0
[INFO] [stderr]    Compiling cw-storage-plus v0.16.0
[INFO] [stderr]    Compiling cw-address-like v1.0.4
[INFO] [stderr]    Compiling cw2 v0.16.0
[INFO] [stderr]    Compiling cw-utils v0.16.0
[INFO] [stderr]    Compiling cw2 v1.1.2
[INFO] [stderr]    Compiling cw4 v1.1.2
[INFO] [stderr]    Compiling cw-utils v1.0.3
[INFO] [stderr]    Compiling cw721 v0.16.0
[INFO] [stderr]    Compiling cw-ownable v0.5.1
[INFO] [stderr]    Compiling cw-controllers v1.1.2
[INFO] [stderr]    Compiling cw721 v0.18.0
[INFO] [stderr]    Compiling dao-cw721-extensions v2.6.0
[INFO] [stderr]    Compiling cw721-base v0.16.0
[INFO] [stderr]    Compiling cw721-base v0.18.0
[INFO] [stderr]    Compiling cw721-roles v2.6.0 (/opt/rustwide/workdir)
[INFO] [stderr]     Finished `release` profile [optimized] target(s) in 1m 11s
[INFO] running `Command { std: "docker" "inspect" "806f116e87405f432ffbd0ed16ec0534d29beaff40c70bea378a931985514bb5", kill_on_drop: false }`
[INFO] running `Command { std: "docker" "exec" "-e" "SOURCE_DIR=/opt/rustwide/workdir" "-e" "CARGO_HOME=/opt/rustwide/cargo-home" "-e" "RUSTUP_HOME=/opt/rustwide/rustup-home" "-e" "CARGO_TARGET_DIR=/opt/rustwide/target" "-e" "CARGO_INCREMENTAL=0" "-e" "RUST_BACKTRACE=full" "-e" "RUSTFLAGS=--cap-lints=warn" "-e" "RUSTDOCFLAGS=--cap-lints=warn" "-w" "/opt/rustwide/workdir" "--user" "0:0" "806f116e87405f432ffbd0ed16ec0534d29beaff40c70bea378a931985514bb5" "/opt/rustwide/cargo-home/bin/cargo" "+1.100.0-beta.1" "test" "--frozen" "--no-run" "--message-format=json" "--release", kill_on_drop: false }`
[INFO] [stderr]    Compiling cw721-roles v2.6.0 (/opt/rustwide/workdir)
[INFO] [stdout] error[E0433]: cannot find module or crate `dao_testing` in this scope
[INFO] [stdout]  --> src/tests.rs:6:5
[INFO] [stdout]   |
[INFO] [stdout] 6 | use dao_testing::contracts::{cw721_roles_contract, dao_voting_cw721_staked_contract};
[INFO] [stdout]   |     ^^^^^^^^^^^ use of unresolved module or unlinked crate `dao_testing`
[INFO] [stdout]   |
[INFO] [stdout]   = help: if you wanted to use a crate named `dao_testing`, use `cargo add dao_testing` to add it to your `Cargo.toml`
[INFO] [stdout] 
[INFO] [stdout] 
[INFO] [stdout] error[E0433]: cannot find module or crate `dao_voting_cw721_staked` in this scope
[INFO] [stdout]  --> src/tests.rs:7:5
[INFO] [stdout]   |
[INFO] [stdout] 7 | use dao_voting_cw721_staked::msg::{InstantiateMsg as Cw721StakedInstantiateMsg, NftContract};
[INFO] [stdout]   |     ^^^^^^^^^^^^^^^^^^^^^^^ use of unresolved module or unlinked crate `dao_voting_cw721_staked`
[INFO] [stdout]   |
[INFO] [stdout]   = help: if you wanted to use a crate named `dao_voting_cw721_staked`, use `cargo add dao_voting_cw721_staked` to add it to your `Cargo.toml`
[INFO] [stdout] 
[INFO] [stdout] 
[INFO] [stdout] error[E0432]: unresolved import `cw_multi_test`
[INFO] [stdout]  --> src/tests.rs:4:5
[INFO] [stdout]   |
[INFO] [stdout] 4 | use cw_multi_test::{App, Executor};
[INFO] [stdout]   |     ^^^^^^^^^^^^^ use of unresolved module or unlinked crate `cw_multi_test`
[INFO] [stdout]   |
[INFO] [stdout]   = help: if you wanted to use a crate named `cw_multi_test`, use `cargo add cw_multi_test` to add it to your `Cargo.toml`
[INFO] [stdout] 
[INFO] [stdout] 
[INFO] [stdout] Some errors have detailed explanations: E0432, E0433.
[INFO] [stdout] 
[INFO] [stdout] For more information about an error, try `rustc --explain E0432`.
[INFO] [stdout] 
[INFO] [stderr] error: could not compile `cw721-roles` (lib test) due to 3 previous errors
[INFO] [stderr] warning: build failed, waiting for other jobs to finish...
[INFO] running `Command { std: "docker" "inspect" "806f116e87405f432ffbd0ed16ec0534d29beaff40c70bea378a931985514bb5", kill_on_drop: false }`
[INFO] running `Command { std: "docker" "rm" "-f" "806f116e87405f432ffbd0ed16ec0534d29beaff40c70bea378a931985514bb5", kill_on_drop: false }`
[INFO] [stdout] 806f116e87405f432ffbd0ed16ec0534d29beaff40c70bea378a931985514bb5
